HEX
Server: nginx/1.18.0
System: Linux vcwordpress 5.15.0-174-generic #184-Ubuntu SMP Fri Mar 13 18:41:50 UTC 2026 x86_64
User: root (0)
PHP: 7.4.33
Disabled: pcntl_alarm,pcntl_fork,pcntl_waitpid,pcntl_wait,pcntl_wifexited,pcntl_wifstopped,pcntl_wifsignaled,pcntl_wifcontinued,pcntl_wexitstatus,pcntl_wtermsig,pcntl_wstopsig,pcntl_signal,pcntl_signal_get_handler,pcntl_signal_dispatch,pcntl_get_last_error,pcntl_strerror,pcntl_sigprocmask,pcntl_sigwaitinfo,pcntl_sigtimedwait,pcntl_exec,pcntl_getpriority,pcntl_setpriority,pcntl_async_signals,pcntl_unshare,
Upload Files
File: /var/log/nginx/access.log.1
78.142.18.172 - - [29/May/2026:00:00:04 +0000] "GET /wp-login.php HTTP/1.1" 200 1857 "-" "Mozilla/5.0 (X11; Linux x86_64) AppleWebKit/537.36 (KHTML, like Gecko) Chrome/133.0.0.0 Safari/537.36"
134.209.147.209 - - [29/May/2026:00:00:10 +0000] "POST /wp-cron.php?doing_wp_cron=1780012810.1694788932800292968750 HTTP/1.1" 200 31 "-" "WordPress/6.9.4; https://laracopilot.stgviitor.com"
35.233.46.64 - - [29/May/2026:00:00:10 +0000] "GET /wp-login.php HTTP/1.1" 200 2008 "-" "Mozilla/5.0 (Windows NT 10.0; Win64; x64) AppleWebKit/537.36 (KHTML, like Gecko) Chrome/133.0.0.0 Safari/537.36 Edg/133.0.0.0"
78.142.18.172 - - [29/May/2026:00:00:10 +0000] "POST /wp-login.php HTTP/1.1" 200 2016 "https://stg.everycred.com/wp-login.php" "Mozilla/5.0 (X11; Linux x86_64) AppleWebKit/537.36 (KHTML, like Gecko) Chrome/133.0.0.0 Safari/537.36"
78.47.173.76 - - [29/May/2026:00:00:11 +0000] "HEAD / HTTP/1.1" 301 0 "https://viitor.cloud" "Mozilla/5.0+(compatible; UptimeRobot/2.0; http://www.uptimerobot.com/)"
35.233.46.64 - - [29/May/2026:00:00:12 +0000] "POST /wp-login.php HTTP/1.1" 200 2145 "https://laracopilot.stgviitor.com/wp-login.php" "Mozilla/5.0 (Windows NT 10.0; Win64; x64) AppleWebKit/537.36 (KHTML, like Gecko) Chrome/133.0.0.0 Safari/537.36 Edg/133.0.0.0"
134.209.147.209 - - [29/May/2026:00:00:23 +0000] "POST /wp-cron.php?doing_wp_cron=1780012823.6912720203399658203125 HTTP/1.1" 200 31 "-" "WordPress/6.5.3; https://vcstore.viitorcloud.co"
49.12.3.147 - - [29/May/2026:00:00:23 +0000] "GET /wp-login.php HTTP/1.1" 200 1770 "-" "Mozilla/5.0 (X11; CrOS x86_64 14541.0.0) AppleWebKit/537.36 (KHTML, like Gecko) Chrome/133.0.0.0 Safari/537.36"
49.12.3.147 - - [29/May/2026:00:00:24 +0000] "POST /wp-login.php HTTP/1.1" 200 1913 "https://vcstore.viitorcloud.co/wp-login.php" "Mozilla/5.0 (X11; CrOS x86_64 14541.0.0) AppleWebKit/537.36 (KHTML, like Gecko) Chrome/133.0.0.0 Safari/537.36"
121.200.216.55 - - [29/May/2026:00:00:25 +0000] "GET /wp-login.php HTTP/1.1" 200 1770 "-" "Mozilla/5.0 (X11; Ubuntu; Linux x86_64; rv:133.0) Gecko/20100101 Firefox/133.0"
82.223.24.195 - - [29/May/2026:00:00:26 +0000] "GET /wp-login.php HTTP/1.1" 200 1770 "-" "Mozilla/5.0 (X11; Linux x86_64; rv:133.0) Gecko/20100101 Firefox/133.0"
121.200.216.55 - - [29/May/2026:00:00:26 +0000] "POST /wp-login.php HTTP/1.1" 200 1913 "https://vcstore.viitorcloud.co/wp-login.php" "Mozilla/5.0 (X11; Ubuntu; Linux x86_64; rv:133.0) Gecko/20100101 Firefox/133.0"
82.223.24.195 - - [29/May/2026:00:00:28 +0000] "POST /wp-login.php HTTP/1.1" 200 1913 "https://vcstore.viitorcloud.co/wp-login.php" "Mozilla/5.0 (X11; Linux x86_64; rv:133.0) Gecko/20100101 Firefox/133.0"
172.70.188.187 - - [29/May/2026:00:00:30 +0000] "GET /wp-login.php HTTP/1.1" 200 1770 "-" "Mozilla/5.0 (X11; Ubuntu; Linux x86_64; rv:133.0) Gecko/20100101 Firefox/133.0"
162.158.108.24 - - [29/May/2026:00:00:31 +0000] "POST /wp-login.php HTTP/1.1" 200 1913 "https://vcstore.viitorcloud.com/wp-login.php" "Mozilla/5.0 (X11; Ubuntu; Linux x86_64; rv:133.0) Gecko/20100101 Firefox/133.0"
172.70.188.187 - - [29/May/2026:00:00:35 +0000] "GET /wp-login.php HTTP/1.1" 200 1770 "-" "Mozilla/5.0 (X11; CrOS x86_64 14541.0.0) AppleWebKit/537.36 (KHTML, like Gecko) Chrome/133.0.0.0 Safari/537.36"
134.209.147.209 - - [29/May/2026:00:00:35 +0000] "GET /wp-content/plugins/lifeline-plugin/assets/data/font-awesome-5.json HTTP/1.1" 200 13009 "-" "WordPress/7.0; https://bharti-foundation.stgviitor.com"
134.209.147.209 - - [29/May/2026:00:00:35 +0000] "GET /wp-content/plugins/lifeline-plugin/assets/data/font-awesome-5.json HTTP/1.1" 200 13009 "-" "WordPress/7.0; https://bharti-foundation.stgviitor.com"
134.209.147.209 - - [29/May/2026:00:00:35 +0000] "GET /wp-content/plugins/lifeline-plugin/assets/json/social-profile.json HTTP/1.1" 200 4033 "-" "WordPress/7.0; https://bharti-foundation.stgviitor.com"
134.209.147.209 - - [29/May/2026:00:00:35 +0000] "GET /wp-content/plugins/lifeline-plugin/assets/data/font-awesome-5.json HTTP/1.1" 200 13009 "-" "WordPress/7.0; https://bharti-foundation.stgviitor.com"
162.240.52.198 - - [29/May/2026:00:00:35 +0000] "GET /wp-login.php HTTP/1.1" 200 2044 "-" "Mozilla/5.0 (Windows NT 10.0; WOW64) AppleWebKit/537.36 (KHTML, like Gecko) Chrome/133.0.0.0 Safari/537.36"
172.69.165.27 - - [29/May/2026:00:00:35 +0000] "POST /wp-login.php HTTP/1.1" 200 1940 "https://vcstore.viitorcloud.com/wp-login.php" "Mozilla/5.0 (X11; CrOS x86_64 14541.0.0) AppleWebKit/537.36 (KHTML, like Gecko) Chrome/133.0.0.0 Safari/537.36"
134.209.147.209 - - [29/May/2026:00:00:36 +0000] "GET /wp-content/plugins/lifeline-plugin/assets/data/font-awesome-5.json HTTP/1.1" 200 13009 "-" "WordPress/7.0; https://bharti-foundation.stgviitor.com"
134.209.147.209 - - [29/May/2026:00:00:36 +0000] "GET /wp-content/plugins/lifeline-plugin/assets/data/font-awesome-5.json HTTP/1.1" 200 13009 "-" "WordPress/7.0; https://bharti-foundation.stgviitor.com"
134.209.147.209 - - [29/May/2026:00:00:36 +0000] "GET /wp-content/plugins/lifeline-plugin/assets/json/social-profile.json HTTP/1.1" 200 4033 "-" "WordPress/7.0; https://bharti-foundation.stgviitor.com"
134.209.147.209 - - [29/May/2026:00:00:36 +0000] "GET /wp-content/plugins/lifeline-plugin/assets/data/font-awesome-5.json HTTP/1.1" 200 13009 "-" "WordPress/7.0; https://bharti-foundation.stgviitor.com"
162.240.52.198 - - [29/May/2026:00:00:36 +0000] "POST /wp-login.php HTTP/1.1" 200 2206 "https://bharti-foundation.stgviitor.com/wp-login.php" "Mozilla/5.0 (Windows NT 10.0; WOW64) AppleWebKit/537.36 (KHTML, like Gecko) Chrome/133.0.0.0 Safari/537.36"
82.223.24.195 - - [29/May/2026:00:00:37 +0000] "GET /wp-login.php HTTP/1.1" 200 1770 "-" "Mozilla/5.0 (Windows NT 10.0) AppleWebKit/537.36 (KHTML, like Gecko) Chrome/133.0.0.0 Safari/537.36"
82.223.24.195 - - [29/May/2026:00:00:37 +0000] "POST /wp-login.php HTTP/1.1" 200 1940 "https://vcstore.viitorcloud.co/wp-login.php" "Mozilla/5.0 (Windows NT 10.0) AppleWebKit/537.36 (KHTML, like Gecko) Chrome/133.0.0.0 Safari/537.36"
172.70.93.17 - - [29/May/2026:00:00:41 +0000] "GET /wp-login.php HTTP/1.1" 200 1770 "-" "Mozilla/5.0 (X11; Fedora; Linux x86_64) AppleWebKit/537.36 (KHTML, like Gecko) Chrome/133.0.0.0 Safari/537.36"
108.162.226.21 - - [29/May/2026:00:00:47 +0000] "POST /wp-login.php HTTP/1.1" 200 1940 "https://vcstore.viitorcloud.com/wp-login.php" "Mozilla/5.0 (X11; Fedora; Linux x86_64) AppleWebKit/537.36 (KHTML, like Gecko) Chrome/133.0.0.0 Safari/537.36"
144.126.139.83 - - [29/May/2026:00:00:49 +0000] "GET /wp-login.php HTTP/1.1" 200 1770 "-" "Mozilla/5.0 (Macintosh; Intel Mac OS X 11_7_10) AppleWebKit/537.36 (KHTML, like Gecko) Chrome/133.0.0.0 Safari/537.36"
144.126.139.83 - - [29/May/2026:00:00:50 +0000] "POST /wp-login.php HTTP/1.1" 200 1906 "https://vcstore.viitorcloud.co/wp-login.php" "Mozilla/5.0 (Macintosh; Intel Mac OS X 11_7_10) AppleWebKit/537.36 (KHTML, like Gecko) Chrome/133.0.0.0 Safari/537.36"
113.173.233.15 - - [29/May/2026:00:00:51 +0000] "GET /blog/red-baron-ett-spannande-fard-via-luftstridernas-varld/ HTTP/1.1" 301 5 "-" "Mozilla/5.0 (Macintosh; Intel Mac OS X 10_9_3) AppleWebKit/537.36 (KHTML, like Gecko) Chrome/35.0.1916.47 Safari/537.36"
113.173.233.15 - - [29/May/2026:00:00:51 +0000] "GET /red-baron-ett-spannande-fard-via-luftstridernas-varld/ HTTP/1.1" 200 17281 "-" "Mozilla/5.0 (Macintosh; Intel Mac OS X 10_9_3) AppleWebKit/537.36 (KHTML, like Gecko) Chrome/35.0.1916.47 Safari/537.36"
78.142.18.172 - - [29/May/2026:00:00:56 +0000] "GET /wp-login.php HTTP/1.1" 200 1770 "-" "Mozilla/5.0 (Macintosh; Intel Mac OS X 10_15_7) AppleWebKit/537.36 (KHTML, like Gecko) Chrome/133.0.0.0 Safari/537.36 Edg/133.0.0.0"
78.142.18.172 - - [29/May/2026:00:00:58 +0000] "POST /wp-login.php HTTP/1.1" 200 1906 "https://vcstore.viitorcloud.co/wp-login.php" "Mozilla/5.0 (Macintosh; Intel Mac OS X 10_15_7) AppleWebKit/537.36 (KHTML, like Gecko) Chrome/133.0.0.0 Safari/537.36 Edg/133.0.0.0"
162.158.88.153 - - [29/May/2026:00:01:03 +0000] "GET /wp-login.php HTTP/1.1" 499 0 "-" "Mozilla/5.0 (Windows NT 10.0; Win64; x64) AppleWebKit/537.36 (KHTML, like Gecko) Chrome/133.0.0.0 Safari/537.36 Edg/133.0.0.0"
162.158.88.152 - - [29/May/2026:00:01:04 +0000] "GET /wp-login.php HTTP/1.1" 499 0 "-" "Mozilla/5.0 (Windows NT 10.0; Win64; x64) AppleWebKit/537.36 (KHTML, like Gecko) Chrome/133.0.0.0 Safari/537.36"
162.158.106.142 - - [29/May/2026:00:01:19 +0000] "GET /wp-login.php HTTP/1.1" 499 0 "-" "Mozilla/5.0 (X11; Linux x86_64; rv:133.0) Gecko/20100101 Firefox/133.0"
172.69.165.27 - wadminw_w34ima [29/May/2026:00:01:23 +0000] "GET /wp-json/wp/v2/users/me HTTP/1.1" 401 107 "-" "Mozilla/5.0 (Windows NT 10.0; Win64; x64) AppleWebKit/537.36 (KHTML, like Gecko) Chrome/133.0.0.0 Safari/537.36"
162.158.108.24 - wadminw_w34ima [29/May/2026:00:01:23 +0000] "GET /wp-json/wp/v2/users/me HTTP/1.1" 401 107 "-" "Mozilla/5.0 (Windows NT 10.0; Win64; x64) AppleWebKit/537.36 (KHTML, like Gecko) Chrome/133.0.0.0 Safari/537.36 Edg/133.0.0.0"
37.27.106.115 - - [29/May/2026:00:01:27 +0000] "GET /hugo-casino-din-komplette-guide-omkring-gaming-oplevelser-og-prmier/ HTTP/1.1" 200 18244 "-" "Screaming Frog SEO Spider/19.8"
37.27.106.115 - - [29/May/2026:00:01:27 +0000] "GET /acebet-casino-din-kompletta-guide-till-spelande-och-vinnare/ HTTP/1.1" 200 17319 "-" "Screaming Frog SEO Spider/19.8"
37.27.106.115 - - [29/May/2026:00:01:27 +0000] "GET /mrpunter-casino-din-egen-komplette-guide-til-spillerfaring-og-utbetalinger/ HTTP/1.1" 200 18071 "-" "Screaming Frog SEO Spider/19.8"
37.27.106.115 - - [29/May/2026:00:01:28 +0000] "GET /browinner-spel-casino-er-fullstandiga-vagledning-om-spannande-spelaventyr/ HTTP/1.1" 200 17758 "-" "Screaming Frog SEO Spider/19.8"
37.27.106.115 - - [29/May/2026:00:01:28 +0000] "GET /spybet-kasino-komplett-oversikt-til-spillopplevelse-og-services/ HTTP/1.1" 200 17315 "-" "Screaming Frog SEO Spider/19.8"
37.27.106.115 - - [29/May/2026:00:01:28 +0000] "GET /scarawins-sivusto-kattava-opas-pelialustaan-ja-pelielamykseen/ HTTP/1.1" 200 17093 "-" "Screaming Frog SEO Spider/19.8"
37.27.106.115 - - [29/May/2026:00:01:28 +0000] "GET /winbeast-pelikokemuksen-tuore-taso-suomalaisille-asiakkaille/ HTTP/1.1" 200 17530 "-" "Screaming Frog SEO Spider/19.8"
162.158.190.3 - Trendygital.com [29/May/2026:00:01:35 +0000] "GET /wp-json/wp/v2/users/me HTTP/1.1" 499 0 "-" "Mozilla/5.0 (X11; Linux x86_64; rv:133.0) Gecko/20100101 Firefox/133.0"
134.209.147.209 - - [29/May/2026:00:01:47 +0000] "POST /wp-cron.php?doing_wp_cron=1780012907.5072228908538818359375 HTTP/1.1" 200 31 "-" "WordPress/6.6.1; https://newfaith.focalat.com"
213.171.208.232 - - [29/May/2026:00:01:47 +0000] "GET /wp-login.php HTTP/1.1" 200 2033 "-" "Mozilla/5.0 (Windows NT 10.0) AppleWebKit/537.36 (KHTML, like Gecko) Chrome/133.0.0.0 Safari/537.36"
213.171.208.232 - - [29/May/2026:00:01:48 +0000] "POST /wp-login.php HTTP/1.1" 200 2196 "https://newfaith.focalat.com/wp-login.php" "Mozilla/5.0 (Windows NT 10.0) AppleWebKit/537.36 (KHTML, like Gecko) Chrome/133.0.0.0 Safari/537.36"
134.209.147.209 - - [29/May/2026:00:01:58 +0000] "POST /wp-cron.php?doing_wp_cron=1780012918.6771950721740722656250 HTTP/1.1" 200 31 "-" "WordPress/6.9.1; https://e-tdr.com"
178.77.180.80 - - [29/May/2026:00:01:58 +0000] "POST /xmlrpc.php HTTP/1.1" 200 415 "-" "Jetpack/13.0; WordPress/6.2; http://site96828205.com"
178.77.180.80 - - [29/May/2026:00:02:08 +0000] "POST /xmlrpc.php HTTP/1.1" 200 415 "-" "Jetpack by WordPress.com (Jetpack 12.1; WordPress 6.1)"
134.209.147.209 - - [29/May/2026:00:02:18 +0000] "POST /wp-cron.php?doing_wp_cron=1780012938.8867669105529785156250 HTTP/1.1" 200 31 "-" "WordPress/6.9.1; https://e-tdr.com"
178.77.180.80 - - [29/May/2026:00:02:18 +0000] "POST /xmlrpc.php HTTP/1.1" 200 415 "-" "Jetpack by WordPress.com"
178.77.180.80 - - [29/May/2026:00:02:29 +0000] "POST /xmlrpc.php HTTP/1.1" 200 415 "-" "Jetpack/12.0; WordPress/6.3; http://site98910011.com"
178.77.180.80 - - [29/May/2026:00:02:39 +0000] "POST /xmlrpc.php HTTP/1.1" 200 415 "-" "WordPress.com; https://wordpress.com"
178.77.180.80 - - [29/May/2026:00:02:50 +0000] "POST /xmlrpc.php HTTP/1.1" 200 415 "-" "Jetpack/13.0; WordPress/6.1; http://site44034465.com"
121.200.216.55 - - [29/May/2026:00:02:57 +0000] "GET /wp-login.php HTTP/1.1" 200 1770 "-" "Mozilla/5.0 (X11; Ubuntu; Linux x86_64; rv:133.0) Gecko/20100101 Firefox/133.0"
121.200.216.55 - - [29/May/2026:00:03:00 +0000] "POST /wp-login.php HTTP/1.1" 200 1932 "https://vcstore.viitorcloud.co/wp-login.php" "Mozilla/5.0 (X11; Ubuntu; Linux x86_64; rv:133.0) Gecko/20100101 Firefox/133.0"
178.77.180.80 - - [29/May/2026:00:03:00 +0000] "POST /xmlrpc.php HTTP/1.1" 200 415 "-" "Jetpack by WordPress.com"
134.209.147.209 - - [29/May/2026:00:03:11 +0000] "POST /wp-cron.php?doing_wp_cron=1780012991.4115910530090332031250 HTTP/1.1" 200 31 "-" "WordPress/6.9.1; https://e-tdr.com"
178.77.180.80 - - [29/May/2026:00:03:11 +0000] "POST /xmlrpc.php HTTP/1.1" 200 415 "-" "Jetpack by WordPress.com"
180.245.232.11 - - [29/May/2026:00:03:16 +0000] "GET /wp-login.php HTTP/1.1" 200 1770 "-" "Mozilla/5.0 (Windows NT 10.0; Win64; x64) AppleWebKit/537.36 (KHTML, like Gecko) Chrome/120.0.0.0 Safari/537.36"
180.245.232.11 - - [29/May/2026:00:03:16 +0000] "POST /wp-login.php HTTP/1.1" 302 5 "-" "Mozilla/5.0 (Windows NT 10.0; Win64; x64) AppleWebKit/537.36 (KHTML, like Gecko) Chrome/120.0.0.0 Safari/537.36"
180.245.232.11 - - [29/May/2026:00:03:17 +0000] "GET /wp-admin/ HTTP/1.1" 200 18477 "-" "Mozilla/5.0 (Windows NT 10.0; Win64; x64) AppleWebKit/537.36 (KHTML, like Gecko) Chrome/120.0.0.0 Safari/537.36"
180.245.232.11 - - [29/May/2026:00:03:18 +0000] "GET /wp-admin/plugin-install.php HTTP/1.1" 200 14519 "-" "Mozilla/5.0 (Windows NT 10.0; Win64; x64) AppleWebKit/537.36 (KHTML, like Gecko) Chrome/120.0.0.0 Safari/537.36"
178.77.180.80 - - [29/May/2026:00:03:21 +0000] "POST /xmlrpc.php HTTP/1.1" 200 415 "-" "Jetpack by WordPress.com (Jetpack 12.5; WordPress 6.4)"
178.77.180.80 - - [29/May/2026:00:03:32 +0000] "POST /xmlrpc.php HTTP/1.1" 200 415 "-" "WordPress.com; https://wordpress.com"
104.22.66.51 - - [29/May/2026:00:03:33 +0000] "GET /wp-login.php HTTP/1.1" 200 1770 "-" "Mozilla/5.0 (Macintosh; Intel Mac OS X 13_6_1) AppleWebKit/537.36 (KHTML, like Gecko) Chrome/120.0.0.0 Safari/537.36"
162.158.108.25 - - [29/May/2026:00:03:34 +0000] "GET /wp-login.php HTTP/1.1" 200 1770 "-" "Mozilla/5.0 (X11; Ubuntu; Linux x86_64) AppleWebKit/537.36 (KHTML, like Gecko) Chrome/120.0.0.0 Safari/537.36"
172.69.166.16 - - [29/May/2026:00:03:34 +0000] "GET /wp-admin/ HTTP/1.1" 302 5 "https://www.bing.com/" "Mozilla/5.0 (X11; Linux x86_64) AppleWebKit/537.36 (KHTML, like Gecko) Chrome/121.0.0.0 Safari/537.36"
62.60.130.231 - - [29/May/2026:00:03:35 +0000] "GET /wp-login.php?redirect_to=https%3A%2F%2Fvcstore.viitorcloud.com%2Fwp-admin%2F&reauth=1 HTTP/1.1" 200 1774 "https://www.bing.com/" "Mozilla/5.0 (X11; Linux x86_64) AppleWebKit/537.36 (KHTML, like Gecko) Chrome/121.0.0.0 Safari/537.36"
172.69.165.27 - - [29/May/2026:00:03:35 +0000] "GET /?author=1 HTTP/1.1" 200 3767 "-" "Mozilla/5.0 (Windows NT 10.0; Win64; x64) AppleWebKit/537.36 (KHTML, like Gecko) Chrome/118.0.0.0 Safari/537.36"
104.23.175.94 - - [29/May/2026:00:03:36 +0000] "GET /?author=2 HTTP/1.1" 404 3717 "-" "Mozilla/5.0 (Macintosh; Intel Mac OS X 13_6_1) AppleWebKit/605.1.15 (KHTML, like Gecko) Version/17.1 Safari/605.1.15"
162.158.170.53 - - [29/May/2026:00:03:36 +0000] "GET /?author=3 HTTP/1.1" 200 3775 "https://www.bing.com/" "Mozilla/5.0 (Windows NT 11.0; Win64; x64) AppleWebKit/537.36 (KHTML, like Gecko) Chrome/119.0.0.0 Safari/537.36"
172.71.82.141 - - [29/May/2026:00:03:36 +0000] "GET /?author=4 HTTP/1.1" 200 3784 "-" "Mozilla/5.0 (Macintosh; Intel Mac OS X 10_15_7) AppleWebKit/537.36 (KHTML, like Gecko) Chrome/120.0.0.0 Safari/537.36"
172.69.176.62 - - [29/May/2026:00:03:37 +0000] "GET /?author=5 HTTP/1.1" 200 3777 "https://wordpress.org/" "Mozilla/5.0 (Macintosh; Intel Mac OS X 13_6_1) AppleWebKit/537.36 (KHTML, like Gecko) Chrome/120.0.0.0 Safari/537.36"
172.69.165.27 - - [29/May/2026:00:03:37 +0000] "GET /wp-json/wp/v2/users HTTP/1.1" 200 470 "-" "Mozilla/5.0 (Windows NT 11.0; Win64; x64; rv:118.0) Gecko/20100101 Firefox/118.0"
172.69.166.16 - - [29/May/2026:00:03:37 +0000] "POST /wp-login.php HTTP/1.1" 200 1933 "https://vcstore.viitorcloud.com/wp-login.php" "Mozilla/5.0 (Macintosh; Intel Mac OS X 13_6_1) AppleWebKit/605.1.15 (KHTML, like Gecko) Version/17.1 Safari/605.1.15"
172.70.208.116 - - [29/May/2026:00:03:38 +0000] "GET /wp-admin/index.php HTTP/1.1" 302 5 "https://vcstore.viitorcloud.com/wp-login.php" "Mozilla/5.0 (Macintosh; Intel Mac OS X 10_15_7) AppleWebKit/537.36 (KHTML, like Gecko) Chrome/121.0.0.0 Safari/537.36"
62.60.130.231 - - [29/May/2026:00:03:38 +0000] "GET /wp-login.php?redirect_to=https%3A%2F%2Fvcstore.viitorcloud.com%2Fwp-admin%2Findex.php&reauth=1 HTTP/1.1" 200 1776 "https://vcstore.viitorcloud.com/wp-login.php" "Mozilla/5.0 (Macintosh; Intel Mac OS X 10_15_7) AppleWebKit/537.36 (KHTML, like Gecko) Chrome/121.0.0.0 Safari/537.36"
108.162.226.21 - - [29/May/2026:00:03:38 +0000] "POST /wp-login.php HTTP/1.1" 200 1936 "https://vcstore.viitorcloud.com/wp-login.php" "Mozilla/5.0 (Windows NT 11.0; Win64; x64; rv:121.0) Gecko/20100101 Firefox/121.0"
172.70.93.16 - - [29/May/2026:00:03:39 +0000] "GET /wp-admin/index.php HTTP/1.1" 302 5 "https://vcstore.viitorcloud.com/wp-login.php" "Mozilla/5.0 (Windows NT 10.0; Win64; x64; rv:119.0) Gecko/20100101 Firefox/119.0"
62.60.130.231 - - [29/May/2026:00:03:39 +0000] "GET /wp-login.php?redirect_to=https%3A%2F%2Fvcstore.viitorcloud.com%2Fwp-admin%2Findex.php&reauth=1 HTTP/1.1" 200 1776 "https://vcstore.viitorcloud.com/wp-login.php" "Mozilla/5.0 (Windows NT 10.0; Win64; x64; rv:119.0) Gecko/20100101 Firefox/119.0"
108.162.226.21 - - [29/May/2026:00:03:39 +0000] "POST /wp-login.php HTTP/1.1" 200 1871 "https://vcstore.viitorcloud.com/wp-login.php" "Mozilla/5.0 (Macintosh; Intel Mac OS X 13_6_1) AppleWebKit/605.1.15 (KHTML, like Gecko) Version/17.1 Safari/605.1.15"
104.23.175.94 - - [29/May/2026:00:03:40 +0000] "GET /wp-admin/index.php HTTP/1.1" 302 5 "https://vcstore.viitorcloud.com/wp-login.php" "Mozilla/5.0 (Macintosh; Intel Mac OS X 13_6_1) AppleWebKit/605.1.15 (KHTML, like Gecko) Version/17.0 Safari/605.1.15"
62.60.130.231 - - [29/May/2026:00:03:40 +0000] "GET /wp-login.php?redirect_to=https%3A%2F%2Fvcstore.viitorcloud.com%2Fwp-admin%2Findex.php&reauth=1 HTTP/1.1" 200 1776 "https://vcstore.viitorcloud.com/wp-login.php" "Mozilla/5.0 (Macintosh; Intel Mac OS X 13_6_1) AppleWebKit/605.1.15 (KHTML, like Gecko) Version/17.0 Safari/605.1.15"
172.71.124.45 - - [29/May/2026:00:03:40 +0000] "POST /wp-login.php HTTP/1.1" 200 1929 "https://vcstore.viitorcloud.com/wp-login.php" "Mozilla/5.0 (Macintosh; Intel Mac OS X 10_15_7) AppleWebKit/537.36 (KHTML, like Gecko) Chrome/120.0.0.0 Safari/537.36"
104.23.175.94 - - [29/May/2026:00:03:41 +0000] "GET /wp-admin/index.php HTTP/1.1" 302 5 "https://vcstore.viitorcloud.com/wp-login.php" "Mozilla/5.0 (Macintosh; Intel Mac OS X 13_6_1) AppleWebKit/537.36 (KHTML, like Gecko) Chrome/121.0.0.0 Safari/537.36"
62.60.130.231 - - [29/May/2026:00:03:41 +0000] "GET /wp-login.php?redirect_to=https%3A%2F%2Fvcstore.viitorcloud.com%2Fwp-admin%2Findex.php&reauth=1 HTTP/1.1" 200 1776 "https://vcstore.viitorcloud.com/wp-login.php" "Mozilla/5.0 (Macintosh; Intel Mac OS X 13_6_1) AppleWebKit/537.36 (KHTML, like Gecko) Chrome/121.0.0.0 Safari/537.36"
104.22.66.51 - - [29/May/2026:00:03:41 +0000] "POST /wp-login.php HTTP/1.1" 200 1931 "https://vcstore.viitorcloud.com/wp-login.php" "Mozilla/5.0 (X11; Linux x86_64) AppleWebKit/537.36 (KHTML, like Gecko) Chrome/119.0.0.0 Safari/537.36"
172.71.124.45 - - [29/May/2026:00:03:41 +0000] "GET /wp-admin/index.php HTTP/1.1" 302 5 "https://vcstore.viitorcloud.com/wp-login.php" "Mozilla/5.0 (Macintosh; Intel Mac OS X 13_6_1) AppleWebKit/605.1.15 (KHTML, like Gecko) Version/17.1 Safari/605.1.15"
62.60.130.231 - - [29/May/2026:00:03:42 +0000] "GET /wp-login.php?redirect_to=https%3A%2F%2Fvcstore.viitorcloud.com%2Fwp-admin%2Findex.php&reauth=1 HTTP/1.1" 200 1776 "https://vcstore.viitorcloud.com/wp-login.php" "Mozilla/5.0 (Macintosh; Intel Mac OS X 13_6_1) AppleWebKit/605.1.15 (KHTML, like Gecko) Version/17.1 Safari/605.1.15"
172.70.188.187 - - [29/May/2026:00:03:42 +0000] "POST /wp-login.php HTTP/1.1" 200 1932 "https://vcstore.viitorcloud.com/wp-login.php" "Mozilla/5.0 (Macintosh; Intel Mac OS X 10_15_7) AppleWebKit/605.1.15 (KHTML, like Gecko) Version/17.2 Safari/605.1.15"
172.70.188.187 - - [29/May/2026:00:03:42 +0000] "GET /wp-admin/index.php HTTP/1.1" 302 5 "https://vcstore.viitorcloud.com/wp-login.php" "Mozilla/5.0 (Windows NT 11.0; Win64; x64) AppleWebKit/537.36 (KHTML, like Gecko) Chrome/119.0.0.0 Safari/537.36"
178.77.180.80 - - [29/May/2026:00:03:42 +0000] "POST /xmlrpc.php HTTP/1.1" 200 415 "-" "WordPress.com; https://wordpress.com"
62.60.130.231 - - [29/May/2026:00:03:43 +0000] "GET /wp-login.php?redirect_to=https%3A%2F%2Fvcstore.viitorcloud.com%2Fwp-admin%2Findex.php&reauth=1 HTTP/1.1" 200 1776 "https://vcstore.viitorcloud.com/wp-login.php" "Mozilla/5.0 (Windows NT 11.0; Win64; x64) AppleWebKit/537.36 (KHTML, like Gecko) Chrome/119.0.0.0 Safari/537.36"
162.158.108.25 - - [29/May/2026:00:03:43 +0000] "POST /wp-login.php HTTP/1.1" 200 1871 "https://vcstore.viitorcloud.com/wp-login.php" "Mozilla/5.0 (Macintosh; Intel Mac OS X 13_6_1) AppleWebKit/537.36 (KHTML, like Gecko) Chrome/118.0.0.0 Safari/537.36"
172.69.166.16 - - [29/May/2026:00:03:43 +0000] "GET /wp-admin/index.php HTTP/1.1" 302 5 "https://vcstore.viitorcloud.com/wp-login.php" "Mozilla/5.0 (X11; Ubuntu; Linux x86_64) AppleWebKit/537.36 (KHTML, like Gecko) Chrome/120.0.0.0 Safari/537.36"
62.60.130.231 - - [29/May/2026:00:03:44 +0000] "GET /wp-login.php?redirect_to=https%3A%2F%2Fvcstore.viitorcloud.com%2Fwp-admin%2Findex.php&reauth=1 HTTP/1.1" 200 1776 "https://vcstore.viitorcloud.com/wp-login.php" "Mozilla/5.0 (X11; Ubuntu; Linux x86_64) AppleWebKit/537.36 (KHTML, like Gecko) Chrome/120.0.0.0 Safari/537.36"
162.158.88.152 - - [29/May/2026:00:03:44 +0000] "POST /wp-login.php HTTP/1.1" 200 1932 "https://vcstore.viitorcloud.com/wp-login.php" "Mozilla/5.0 (Macintosh; Intel Mac OS X 10_15_7; rv:120.0) Gecko/20100101 Firefox/120.0"
172.71.82.141 - - [29/May/2026:00:03:44 +0000] "GET /wp-admin/index.php HTTP/1.1" 302 5 "https://vcstore.viitorcloud.com/wp-login.php" "Mozilla/5.0 (X11; Linux x86_64) AppleWebKit/537.36 (KHTML, like Gecko) Chrome/121.0.0.0 Safari/537.36"
62.60.130.231 - - [29/May/2026:00:03:45 +0000] "GET /wp-login.php?redirect_to=https%3A%2F%2Fvcstore.viitorcloud.com%2Fwp-admin%2Findex.php&reauth=1 HTTP/1.1" 200 1776 "https://vcstore.viitorcloud.com/wp-login.php" "Mozilla/5.0 (X11; Linux x86_64) AppleWebKit/537.36 (KHTML, like Gecko) Chrome/121.0.0.0 Safari/537.36"
162.158.170.53 - - [29/May/2026:00:03:45 +0000] "POST /wp-login.php HTTP/1.1" 200 1933 "https://vcstore.viitorcloud.com/wp-login.php" "Mozilla/5.0 (Macintosh; Intel Mac OS X 13_6_1; rv:118.0) Gecko/20100101 Firefox/118.0"
108.162.226.21 - - [29/May/2026:00:03:45 +0000] "GET /wp-admin/index.php HTTP/1.1" 302 5 "https://vcstore.viitorcloud.com/wp-login.php" "Mozilla/5.0 (X11; Ubuntu; Linux x86_64) AppleWebKit/537.36 (KHTML, like Gecko) Chrome/118.0.0.0 Safari/537.36"
62.60.130.231 - - [29/May/2026:00:03:46 +0000] "GET /wp-login.php?redirect_to=https%3A%2F%2Fvcstore.viitorcloud.com%2Fwp-admin%2Findex.php&reauth=1 HTTP/1.1" 200 1776 "https://vcstore.viitorcloud.com/wp-login.php" "Mozilla/5.0 (X11; Ubuntu; Linux x86_64) AppleWebKit/537.36 (KHTML, like Gecko) Chrome/118.0.0.0 Safari/537.36"
172.69.166.16 - - [29/May/2026:00:03:46 +0000] "POST /wp-login.php HTTP/1.1" 200 1927 "https://vcstore.viitorcloud.com/wp-login.php" "Mozilla/5.0 (Windows NT 10.0; Win64; x64) AppleWebKit/537.36 (KHTML, like Gecko) Chrome/119.0.0.0 Safari/537.36"
108.162.226.21 - - [29/May/2026:00:03:46 +0000] "GET /wp-admin/index.php HTTP/1.1" 302 5 "https://vcstore.viitorcloud.com/wp-login.php" "Mozilla/5.0 (Macintosh; Intel Mac OS X 13_6_1; rv:120.0) Gecko/20100101 Firefox/120.0"
62.60.130.231 - - [29/May/2026:00:03:46 +0000] "GET /wp-login.php?redirect_to=https%3A%2F%2Fvcstore.viitorcloud.com%2Fwp-admin%2Findex.php&reauth=1 HTTP/1.1" 200 1776 "https://vcstore.viitorcloud.com/wp-login.php" "Mozilla/5.0 (Macintosh; Intel Mac OS X 13_6_1; rv:120.0) Gecko/20100101 Firefox/120.0"
172.68.164.91 - - [29/May/2026:00:03:47 +0000] "POST /wp-login.php HTTP/1.1" 200 1933 "https://vcstore.viitorcloud.com/wp-login.php" "Mozilla/5.0 (Macintosh; Intel Mac OS X 10_15_7) AppleWebKit/605.1.15 (KHTML, like Gecko) Version/17.2 Safari/605.1.15"
104.22.66.51 - - [29/May/2026:00:03:47 +0000] "GET /wp-admin/index.php HTTP/1.1" 302 5 "https://vcstore.viitorcloud.com/wp-login.php" "Mozilla/5.0 (Macintosh; Intel Mac OS X 13_6_1) AppleWebKit/605.1.15 (KHTML, like Gecko) Version/17.2 Safari/605.1.15"
62.60.130.231 - - [29/May/2026:00:03:47 +0000] "GET /wp-login.php?redirect_to=https%3A%2F%2Fvcstore.viitorcloud.com%2Fwp-admin%2Findex.php&reauth=1 HTTP/1.1" 200 1776 "https://vcstore.viitorcloud.com/wp-login.php" "Mozilla/5.0 (Macintosh; Intel Mac OS X 13_6_1) AppleWebKit/605.1.15 (KHTML, like Gecko) Version/17.2 Safari/605.1.15"
172.69.165.27 - - [29/May/2026:00:03:48 +0000] "POST /wp-login.php HTTP/1.1" 200 1931 "https://vcstore.viitorcloud.com/wp-login.php" "Mozilla/5.0 (Windows NT 11.0; Win64; x64; rv:121.0) Gecko/20100101 Firefox/121.0"
172.70.188.187 - - [29/May/2026:00:03:48 +0000] "GET /wp-admin/index.php HTTP/1.1" 302 5 "https://vcstore.viitorcloud.com/wp-login.php" "Mozilla/5.0 (Macintosh; Intel Mac OS X 10_15_7) AppleWebKit/605.1.15 (KHTML, like Gecko) Version/16.6 Safari/605.1.15"
62.60.130.231 - - [29/May/2026:00:03:48 +0000] "GET /wp-login.php?redirect_to=https%3A%2F%2Fvcstore.viitorcloud.com%2Fwp-admin%2Findex.php&reauth=1 HTTP/1.1" 200 1776 "https://vcstore.viitorcloud.com/wp-login.php" "Mozilla/5.0 (Macintosh; Intel Mac OS X 10_15_7) AppleWebKit/605.1.15 (KHTML, like Gecko) Version/16.6 Safari/605.1.15"
172.70.93.16 - - [29/May/2026:00:03:48 +0000] "POST /wp-login.php HTTP/1.1" 200 1933 "https://vcstore.viitorcloud.com/wp-login.php" "Mozilla/5.0 (Macintosh; Intel Mac OS X 13_6_1) AppleWebKit/537.36 (KHTML, like Gecko) Chrome/118.0.0.0 Safari/537.36"
172.70.93.16 - - [29/May/2026:00:03:49 +0000] "GET /wp-admin/index.php HTTP/1.1" 302 5 "https://vcstore.viitorcloud.com/wp-login.php" "Mozilla/5.0 (X11; Linux x86_64) AppleWebKit/537.36 (KHTML, like Gecko) Chrome/119.0.0.0 Safari/537.36"
62.60.130.231 - - [29/May/2026:00:03:49 +0000] "GET /wp-login.php?redirect_to=https%3A%2F%2Fvcstore.viitorcloud.com%2Fwp-admin%2Findex.php&reauth=1 HTTP/1.1" 200 1776 "https://vcstore.viitorcloud.com/wp-login.php" "Mozilla/5.0 (X11; Linux x86_64) AppleWebKit/537.36 (KHTML, like Gecko) Chrome/119.0.0.0 Safari/537.36"
172.69.165.27 - - [29/May/2026:00:03:49 +0000] "POST /wp-login.php HTTP/1.1" 200 1931 "https://vcstore.viitorcloud.com/wp-login.php" "Mozilla/5.0 (Windows NT 11.0; Win64; x64) AppleWebKit/537.36 (KHTML, like Gecko) Chrome/120.0.0.0 Safari/537.36"
104.22.66.51 - - [29/May/2026:00:03:49 +0000] "GET /wp-admin/index.php HTTP/1.1" 302 5 "https://vcstore.viitorcloud.com/wp-login.php" "Mozilla/5.0 (Macintosh; Intel Mac OS X 10_15_7) AppleWebKit/605.1.15 (KHTML, like Gecko) Version/17.1 Safari/605.1.15"
62.60.130.231 - - [29/May/2026:00:03:50 +0000] "GET /wp-login.php?redirect_to=https%3A%2F%2Fvcstore.viitorcloud.com%2Fwp-admin%2Findex.php&reauth=1 HTTP/1.1" 200 1776 "https://vcstore.viitorcloud.com/wp-login.php" "Mozilla/5.0 (Macintosh; Intel Mac OS X 10_15_7) AppleWebKit/605.1.15 (KHTML, like Gecko) Version/17.1 Safari/605.1.15"
104.23.175.94 - - [29/May/2026:00:03:50 +0000] "POST /wp-login.php HTTP/1.1" 200 1930 "https://vcstore.viitorcloud.com/wp-login.php" "Mozilla/5.0 (X11; Linux x86_64) AppleWebKit/537.36 (KHTML, like Gecko) Chrome/118.0.0.0 Safari/537.36"
162.158.108.25 - - [29/May/2026:00:03:50 +0000] "GET /wp-admin/index.php HTTP/1.1" 302 5 "https://vcstore.viitorcloud.com/wp-login.php" "Mozilla/5.0 (Windows NT 11.0; Win64; x64; rv:120.0) Gecko/20100101 Firefox/120.0"
62.60.130.231 - - [29/May/2026:00:03:51 +0000] "GET /wp-login.php?redirect_to=https%3A%2F%2Fvcstore.viitorcloud.com%2Fwp-admin%2Findex.php&reauth=1 HTTP/1.1" 200 1776 "https://vcstore.viitorcloud.com/wp-login.php" "Mozilla/5.0 (Windows NT 11.0; Win64; x64; rv:120.0) Gecko/20100101 Firefox/120.0"
162.158.170.53 - - [29/May/2026:00:03:51 +0000] "POST /wp-login.php HTTP/1.1" 200 1935 "https://vcstore.viitorcloud.com/wp-login.php" "Mozilla/5.0 (Macintosh; Intel Mac OS X 13_6_1) AppleWebKit/537.36 (KHTML, like Gecko) Chrome/118.0.0.0 Safari/537.36"
162.158.190.3 - - [29/May/2026:00:03:51 +0000] "GET /wp-admin/index.php HTTP/1.1" 302 5 "https://vcstore.viitorcloud.com/wp-login.php" "Mozilla/5.0 (Windows NT 10.0; Win64; x64) AppleWebKit/537.36 (KHTML, like Gecko) Chrome/120.0.0.0 Safari/537.36"
62.60.130.231 - - [29/May/2026:00:03:52 +0000] "GET /wp-login.php?redirect_to=https%3A%2F%2Fvcstore.viitorcloud.com%2Fwp-admin%2Findex.php&reauth=1 HTTP/1.1" 200 1776 "https://vcstore.viitorcloud.com/wp-login.php" "Mozilla/5.0 (Windows NT 10.0; Win64; x64) AppleWebKit/537.36 (KHTML, like Gecko) Chrome/120.0.0.0 Safari/537.36"
162.158.170.53 - - [29/May/2026:00:03:52 +0000] "POST /wp-login.php HTTP/1.1" 200 1871 "https://vcstore.viitorcloud.com/wp-login.php" "Mozilla/5.0 (Windows NT 11.0; Win64; x64; rv:119.0) Gecko/20100101 Firefox/119.0"
172.70.93.16 - - [29/May/2026:00:03:53 +0000] "GET /wp-admin/index.php HTTP/1.1" 302 5 "https://vcstore.viitorcloud.com/wp-login.php" "Mozilla/5.0 (X11; Linux x86_64) AppleWebKit/537.36 (KHTML, like Gecko) Chrome/120.0.0.0 Safari/537.36"
62.60.130.231 - - [29/May/2026:00:03:53 +0000] "GET /wp-login.php?redirect_to=https%3A%2F%2Fvcstore.viitorcloud.com%2Fwp-admin%2Findex.php&reauth=1 HTTP/1.1" 200 1776 "https://vcstore.viitorcloud.com/wp-login.php" "Mozilla/5.0 (X11; Linux x86_64) AppleWebKit/537.36 (KHTML, like Gecko) Chrome/120.0.0.0 Safari/537.36"
134.209.147.209 - - [29/May/2026:00:03:53 +0000] "POST /wp-cron.php?doing_wp_cron=1780013033.3922460079193115234375 HTTP/1.1" 200 31 "-" "WordPress/6.9.1; https://e-tdr.com"
178.77.180.80 - - [29/May/2026:00:03:53 +0000] "POST /xmlrpc.php HTTP/1.1" 200 415 "-" "Jetpack by WordPress.com"
162.158.88.152 - - [29/May/2026:00:03:53 +0000] "POST /wp-login.php HTTP/1.1" 200 1931 "https://vcstore.viitorcloud.com/wp-login.php" "Mozilla/5.0 (Macintosh; Intel Mac OS X 13_6_1) AppleWebKit/537.36 (KHTML, like Gecko) Chrome/119.0.0.0 Safari/537.36"
172.68.164.91 - - [29/May/2026:00:03:54 +0000] "GET /wp-admin/index.php HTTP/1.1" 302 5 "https://vcstore.viitorcloud.com/wp-login.php" "Mozilla/5.0 (Windows NT 11.0; Win64; x64; rv:120.0) Gecko/20100101 Firefox/120.0"
62.60.130.231 - - [29/May/2026:00:03:54 +0000] "GET /wp-login.php?redirect_to=https%3A%2F%2Fvcstore.viitorcloud.com%2Fwp-admin%2Findex.php&reauth=1 HTTP/1.1" 200 1776 "https://vcstore.viitorcloud.com/wp-login.php" "Mozilla/5.0 (Windows NT 11.0; Win64; x64; rv:120.0) Gecko/20100101 Firefox/120.0"
172.69.166.16 - - [29/May/2026:00:03:55 +0000] "POST /wp-login.php HTTP/1.1" 200 1929 "https://vcstore.viitorcloud.com/wp-login.php" "Mozilla/5.0 (Macintosh; Intel Mac OS X 13_6_1) AppleWebKit/605.1.15 (KHTML, like Gecko) Version/17.2 Safari/605.1.15"
104.23.175.94 - - [29/May/2026:00:03:55 +0000] "GET /wp-admin/index.php HTTP/1.1" 302 5 "https://vcstore.viitorcloud.com/wp-login.php" "Mozilla/5.0 (X11; Ubuntu; Linux x86_64) AppleWebKit/537.36 (KHTML, like Gecko) Chrome/119.0.0.0 Safari/537.36"
62.60.130.231 - - [29/May/2026:00:03:55 +0000] "GET /wp-login.php?redirect_to=https%3A%2F%2Fvcstore.viitorcloud.com%2Fwp-admin%2Findex.php&reauth=1 HTTP/1.1" 200 1776 "https://vcstore.viitorcloud.com/wp-login.php" "Mozilla/5.0 (X11; Ubuntu; Linux x86_64) AppleWebKit/537.36 (KHTML, like Gecko) Chrome/119.0.0.0 Safari/537.36"
162.158.88.152 - - [29/May/2026:00:03:55 +0000] "POST /wp-login.php HTTP/1.1" 200 1871 "https://vcstore.viitorcloud.com/wp-login.php" "Mozilla/5.0 (Macintosh; Intel Mac OS X 13_6_1) AppleWebKit/537.36 (KHTML, like Gecko) Chrome/121.0.0.0 Safari/537.36"
172.70.188.187 - - [29/May/2026:00:03:56 +0000] "GET /wp-admin/index.php HTTP/1.1" 302 5 "https://vcstore.viitorcloud.com/wp-login.php" "Mozilla/5.0 (X11; Linux x86_64) AppleWebKit/537.36 (KHTML, like Gecko) Chrome/121.0.0.0 Safari/537.36"
62.60.130.231 - - [29/May/2026:00:03:56 +0000] "GET /wp-login.php?redirect_to=https%3A%2F%2Fvcstore.viitorcloud.com%2Fwp-admin%2Findex.php&reauth=1 HTTP/1.1" 200 1776 "https://vcstore.viitorcloud.com/wp-login.php" "Mozilla/5.0 (X11; Linux x86_64) AppleWebKit/537.36 (KHTML, like Gecko) Chrome/121.0.0.0 Safari/537.36"
172.69.176.62 - - [29/May/2026:00:03:56 +0000] "POST /wp-login.php HTTP/1.1" 200 1930 "https://vcstore.viitorcloud.com/wp-login.php" "Mozilla/5.0 (Macintosh; Intel Mac OS X 10_15_7) AppleWebKit/605.1.15 (KHTML, like Gecko) Version/17.0 Safari/605.1.15"
172.69.166.16 - - [29/May/2026:00:03:57 +0000] "GET /wp-admin/index.php HTTP/1.1" 302 5 "https://vcstore.viitorcloud.com/wp-login.php" "Mozilla/5.0 (Macintosh; Intel Mac OS X 13_6_1; rv:120.0) Gecko/20100101 Firefox/120.0"
62.60.130.231 - - [29/May/2026:00:03:57 +0000] "GET /wp-login.php?redirect_to=https%3A%2F%2Fvcstore.viitorcloud.com%2Fwp-admin%2Findex.php&reauth=1 HTTP/1.1" 200 1776 "https://vcstore.viitorcloud.com/wp-login.php" "Mozilla/5.0 (Macintosh; Intel Mac OS X 13_6_1; rv:120.0) Gecko/20100101 Firefox/120.0"
172.70.93.16 - - [29/May/2026:00:03:57 +0000] "POST /wp-login.php HTTP/1.1" 200 1931 "https://vcstore.viitorcloud.com/wp-login.php" "Mozilla/5.0 (Macintosh; Intel Mac OS X 10_15_7) AppleWebKit/605.1.15 (KHTML, like Gecko) Version/17.0 Safari/605.1.15"
104.22.66.51 - - [29/May/2026:00:03:58 +0000] "GET /wp-admin/index.php HTTP/1.1" 302 5 "https://vcstore.viitorcloud.com/wp-login.php" "Mozilla/5.0 (Macintosh; Intel Mac OS X 10_15_7) AppleWebKit/537.36 (KHTML, like Gecko) Chrome/120.0.0.0 Safari/537.36"
62.60.130.231 - - [29/May/2026:00:03:58 +0000] "GET /wp-login.php?redirect_to=https%3A%2F%2Fvcstore.viitorcloud.com%2Fwp-admin%2Findex.php&reauth=1 HTTP/1.1" 200 1776 "https://vcstore.viitorcloud.com/wp-login.php" "Mozilla/5.0 (Macintosh; Intel Mac OS X 10_15_7) AppleWebKit/537.36 (KHTML, like Gecko) Chrome/120.0.0.0 Safari/537.36"
172.70.208.116 - - [29/May/2026:00:03:58 +0000] "POST /wp-login.php HTTP/1.1" 200 1929 "https://vcstore.viitorcloud.com/wp-login.php" "Mozilla/5.0 (Windows NT 10.0; Win64; x64) AppleWebKit/537.36 (KHTML, like Gecko) Chrome/119.0.0.0 Safari/537.36"
172.68.164.91 - - [29/May/2026:00:03:58 +0000] "GET /wp-admin/index.php HTTP/1.1" 302 5 "https://vcstore.viitorcloud.com/wp-login.php" "Mozilla/5.0 (Macintosh; Intel Mac OS X 13_6_1) AppleWebKit/537.36 (KHTML, like Gecko) Chrome/120.0.0.0 Safari/537.36"
62.60.130.231 - - [29/May/2026:00:03:59 +0000] "GET /wp-login.php?redirect_to=https%3A%2F%2Fvcstore.viitorcloud.com%2Fwp-admin%2Findex.php&reauth=1 HTTP/1.1" 200 1776 "https://vcstore.viitorcloud.com/wp-login.php" "Mozilla/5.0 (Macintosh; Intel Mac OS X 13_6_1) AppleWebKit/537.36 (KHTML, like Gecko) Chrome/120.0.0.0 Safari/537.36"
162.158.170.53 - - [29/May/2026:00:03:59 +0000] "POST /wp-login.php HTTP/1.1" 200 1871 "https://vcstore.viitorcloud.com/wp-login.php" "Mozilla/5.0 (Macintosh; Intel Mac OS X 13_6_1; rv:119.0) Gecko/20100101 Firefox/119.0"
104.23.175.94 - - [29/May/2026:00:03:59 +0000] "GET /wp-admin/index.php HTTP/1.1" 302 5 "https://vcstore.viitorcloud.com/wp-login.php" "Mozilla/5.0 (X11; Linux x86_64) AppleWebKit/537.36 (KHTML, like Gecko) Chrome/120.0.0.0 Safari/537.36"
62.60.130.231 - - [29/May/2026:00:03:59 +0000] "GET /wp-login.php?redirect_to=https%3A%2F%2Fvcstore.viitorcloud.com%2Fwp-admin%2Findex.php&reauth=1 HTTP/1.1" 200 1776 "https://vcstore.viitorcloud.com/wp-login.php" "Mozilla/5.0 (X11; Linux x86_64) AppleWebKit/537.36 (KHTML, like Gecko) Chrome/120.0.0.0 Safari/537.36"
162.158.108.25 - - [29/May/2026:00:04:00 +0000] "POST /wp-login.php HTTP/1.1" 200 1929 "https://vcstore.viitorcloud.com/wp-login.php" "Mozilla/5.0 (X11; Ubuntu; Linux x86_64) AppleWebKit/537.36 (KHTML, like Gecko) Chrome/118.0.0.0 Safari/537.36"
162.158.88.152 - - [29/May/2026:00:04:00 +0000] "GET /wp-admin/index.php HTTP/1.1" 302 5 "https://vcstore.viitorcloud.com/wp-login.php" "Mozilla/5.0 (Windows NT 11.0; Win64; x64; rv:120.0) Gecko/20100101 Firefox/120.0"
62.60.130.231 - - [29/May/2026:00:04:00 +0000] "GET /wp-login.php?redirect_to=https%3A%2F%2Fvcstore.viitorcloud.com%2Fwp-admin%2Findex.php&reauth=1 HTTP/1.1" 200 1776 "https://vcstore.viitorcloud.com/wp-login.php" "Mozilla/5.0 (Windows NT 11.0; Win64; x64; rv:120.0) Gecko/20100101 Firefox/120.0"
104.22.66.51 - - [29/May/2026:00:04:01 +0000] "POST /wp-login.php HTTP/1.1" 200 1931 "https://vcstore.viitorcloud.com/wp-login.php" "Mozilla/5.0 (Macintosh; Intel Mac OS X 10_15_7) AppleWebKit/537.36 (KHTML, like Gecko) Chrome/119.0.0.0 Safari/537.36"
172.70.208.116 - - [29/May/2026:00:04:01 +0000] "GET /wp-admin/index.php HTTP/1.1" 302 5 "https://vcstore.viitorcloud.com/wp-login.php" "Mozilla/5.0 (Macintosh; Intel Mac OS X 10_15_7) AppleWebKit/537.36 (KHTML, like Gecko) Chrome/119.0.0.0 Safari/537.36"
62.60.130.231 - - [29/May/2026:00:04:01 +0000] "GET /wp-login.php?redirect_to=https%3A%2F%2Fvcstore.viitorcloud.com%2Fwp-admin%2Findex.php&reauth=1 HTTP/1.1" 200 1776 "https://vcstore.viitorcloud.com/wp-login.php" "Mozilla/5.0 (Macintosh; Intel Mac OS X 10_15_7) AppleWebKit/537.36 (KHTML, like Gecko) Chrome/119.0.0.0 Safari/537.36"
162.158.170.53 - - [29/May/2026:00:04:02 +0000] "POST /wp-login.php HTTP/1.1" 200 1928 "https://vcstore.viitorcloud.com/wp-login.php" "Mozilla/5.0 (Macintosh; Intel Mac OS X 10_15_7) AppleWebKit/605.1.15 (KHTML, like Gecko) Version/17.1 Safari/605.1.15"
162.158.88.152 - - [29/May/2026:00:04:02 +0000] "GET /wp-admin/index.php HTTP/1.1" 302 5 "https://vcstore.viitorcloud.com/wp-login.php" "Mozilla/5.0 (Macintosh; Intel Mac OS X 10_15_7; rv:121.0) Gecko/20100101 Firefox/121.0"
62.60.130.231 - - [29/May/2026:00:04:02 +0000] "GET /wp-login.php?redirect_to=https%3A%2F%2Fvcstore.viitorcloud.com%2Fwp-admin%2Findex.php&reauth=1 HTTP/1.1" 200 1776 "https://vcstore.viitorcloud.com/wp-login.php" "Mozilla/5.0 (Macintosh; Intel Mac OS X 10_15_7; rv:121.0) Gecko/20100101 Firefox/121.0"
172.70.188.187 - - [29/May/2026:00:04:03 +0000] "POST /wp-login.php HTTP/1.1" 200 1933 "https://vcstore.viitorcloud.com/wp-login.php" "Mozilla/5.0 (Windows NT 11.0; Win64; x64; rv:119.0) Gecko/20100101 Firefox/119.0"
162.158.170.53 - - [29/May/2026:00:04:03 +0000] "GET /wp-admin/index.php HTTP/1.1" 302 5 "https://vcstore.viitorcloud.com/wp-login.php" "Mozilla/5.0 (Windows NT 10.0; Win64; x64) AppleWebKit/537.36 (KHTML, like Gecko) Chrome/121.0.0.0 Safari/537.36"
62.60.130.231 - - [29/May/2026:00:04:03 +0000] "GET /wp-login.php?redirect_to=https%3A%2F%2Fvcstore.viitorcloud.com%2Fwp-admin%2Findex.php&reauth=1 HTTP/1.1" 200 1776 "https://vcstore.viitorcloud.com/wp-login.php" "Mozilla/5.0 (Windows NT 10.0; Win64; x64) AppleWebKit/537.36 (KHTML, like Gecko) Chrome/121.0.0.0 Safari/537.36"
178.77.180.80 - - [29/May/2026:00:04:03 +0000] "POST /xmlrpc.php HTTP/1.1" 200 415 "-" "WordPress.com; https://wordpress.com"
104.23.175.94 - - [29/May/2026:00:04:03 +0000] "POST /wp-login.php HTTP/1.1" 200 1936 "https://vcstore.viitorcloud.com/wp-login.php" "Mozilla/5.0 (Windows NT 11.0; Win64; x64; rv:121.0) Gecko/20100101 Firefox/121.0"
172.70.208.116 - - [29/May/2026:00:04:04 +0000] "GET /wp-admin/index.php HTTP/1.1" 302 5 "https://vcstore.viitorcloud.com/wp-login.php" "Mozilla/5.0 (Macintosh; Intel Mac OS X 10_15_7; rv:119.0) Gecko/20100101 Firefox/119.0"
62.60.130.231 - - [29/May/2026:00:04:04 +0000] "GET /wp-login.php?redirect_to=https%3A%2F%2Fvcstore.viitorcloud.com%2Fwp-admin%2Findex.php&reauth=1 HTTP/1.1" 200 1776 "https://vcstore.viitorcloud.com/wp-login.php" "Mozilla/5.0 (Macintosh; Intel Mac OS X 10_15_7; rv:119.0) Gecko/20100101 Firefox/119.0"
172.70.93.16 - - [29/May/2026:00:04:04 +0000] "POST /wp-login.php HTTP/1.1" 302 5 "https://vcstore.viitorcloud.com/wp-login.php" "Mozilla/5.0 (Windows NT 11.0; Win64; x64; rv:121.0) Gecko/20100101 Firefox/121.0"
104.23.175.94 - - [29/May/2026:00:04:05 +0000] "GET /wp-admin/index.php HTTP/1.1" 200 18453 "https://vcstore.viitorcloud.com/wp-login.php" "Mozilla/5.0 (Macintosh; Intel Mac OS X 13_6_1; rv:118.0) Gecko/20100101 Firefox/118.0"
172.70.208.116 - - [29/May/2026:00:04:05 +0000] "GET /wp-admin/profile.php HTTP/1.1" 200 14890 "https://vcstore.viitorcloud.com/wp-login.php" "Mozilla/5.0 (Macintosh; Intel Mac OS X 13_6_1; rv:118.0) Gecko/20100101 Firefox/118.0"
134.209.147.209 - - [29/May/2026:00:04:05 +0000] "POST /wp-cron.php?doing_wp_cron=1780013045.7874240875244140625000 HTTP/1.1" 200 31 "-" "WordPress/6.5.3; https://vcstore.stgviitor.com"
160.250.186.220 - - [29/May/2026:00:04:05 +0000] "GET /wp-login.php HTTP/1.1" 200 1831 "-" "Mozilla/5.0 (X11; Ubuntu; Linux x86_64; rv:133.0) Gecko/20100101 Firefox/133.0"
172.69.176.62 - - [29/May/2026:00:04:06 +0000] "GET /wp-admin/edit.php HTTP/1.1" 200 16658 "https://vcstore.viitorcloud.com/wp-login.php" "Mozilla/5.0 (Macintosh; Intel Mac OS X 13_6_1; rv:118.0) Gecko/20100101 Firefox/118.0"
160.250.186.220 - - [29/May/2026:00:04:06 +0000] "POST /wp-login.php HTTP/1.1" 200 1991 "https://vcstore.stgviitor.com/wp-login.php" "Mozilla/5.0 (X11; Ubuntu; Linux x86_64; rv:133.0) Gecko/20100101 Firefox/133.0"
104.23.175.94 - - [29/May/2026:00:04:07 +0000] "GET /wp-admin/plugins.php HTTP/1.1" 200 15520 "https://vcstore.viitorcloud.com/wp-login.php" "Mozilla/5.0 (Macintosh; Intel Mac OS X 13_6_1; rv:118.0) Gecko/20100101 Firefox/118.0"
162.158.108.25 - - [29/May/2026:00:04:07 +0000] "GET /wp-admin/index.php HTTP/1.1" 200 18453 "https://vcstore.viitorcloud.com/wp-login.php" "Mozilla/5.0 (Macintosh; Intel Mac OS X 13_6_1; rv:118.0) Gecko/20100101 Firefox/118.0"
162.158.106.143 - - [29/May/2026:00:04:08 +0000] "GET /wp-admin/profile.php HTTP/1.1" 200 14885 "https://vcstore.viitorcloud.com/wp-login.php" "Mozilla/5.0 (Macintosh; Intel Mac OS X 13_6_1; rv:118.0) Gecko/20100101 Firefox/118.0"
104.23.175.94 - - [29/May/2026:00:04:08 +0000] "GET /wp-admin/edit.php HTTP/1.1" 200 16658 "https://vcstore.viitorcloud.com/wp-login.php" "Mozilla/5.0 (Macintosh; Intel Mac OS X 13_6_1; rv:118.0) Gecko/20100101 Firefox/118.0"
162.158.190.3 - - [29/May/2026:00:04:10 +0000] "GET /wp-admin/plugins.php HTTP/1.1" 200 15521 "https://vcstore.viitorcloud.com/wp-login.php" "Mozilla/5.0 (Macintosh; Intel Mac OS X 13_6_1; rv:118.0) Gecko/20100101 Firefox/118.0"
172.71.82.141 - - [29/May/2026:00:04:10 +0000] "GET /wp-admin/index.php HTTP/1.1" 200 18452 "https://vcstore.viitorcloud.com/wp-login.php" "Mozilla/5.0 (Macintosh; Intel Mac OS X 13_6_1; rv:118.0) Gecko/20100101 Firefox/118.0"
108.162.226.21 - - [29/May/2026:00:04:10 +0000] "GET /wp-admin/profile.php HTTP/1.1" 200 14885 "https://vcstore.viitorcloud.com/wp-login.php" "Mozilla/5.0 (Macintosh; Intel Mac OS X 13_6_1; rv:118.0) Gecko/20100101 Firefox/118.0"
172.69.166.16 - - [29/May/2026:00:04:11 +0000] "GET /wp-admin/edit.php HTTP/1.1" 200 16658 "https://vcstore.viitorcloud.com/wp-login.php" "Mozilla/5.0 (Macintosh; Intel Mac OS X 13_6_1; rv:118.0) Gecko/20100101 Firefox/118.0"
104.22.66.51 - - [29/May/2026:00:04:11 +0000] "GET /wp-admin/plugins.php HTTP/1.1" 200 15521 "https://vcstore.viitorcloud.com/wp-login.php" "Mozilla/5.0 (Macintosh; Intel Mac OS X 13_6_1; rv:118.0) Gecko/20100101 Firefox/118.0"
172.70.93.16 - - [29/May/2026:00:04:12 +0000] "POST /wp-login.php HTTP/1.1" 200 1932 "https://vcstore.viitorcloud.com/wp-login.php" "Mozilla/5.0 (Windows NT 11.0; Win64; x64; rv:119.0) Gecko/20100101 Firefox/119.0"
172.71.124.45 - - [29/May/2026:00:04:12 +0000] "GET /wp-admin/index.php HTTP/1.1" 200 18453 "https://vcstore.viitorcloud.com/wp-login.php" "Mozilla/5.0 (Windows NT 11.0; Win64; x64) AppleWebKit/537.36 (KHTML, like Gecko) Chrome/119.0.0.0 Safari/537.36"
172.70.208.116 - - [29/May/2026:00:04:12 +0000] "GET /wp-admin/profile.php HTTP/1.1" 200 14882 "https://vcstore.viitorcloud.com/wp-login.php" "Mozilla/5.0 (Windows NT 11.0; Win64; x64) AppleWebKit/537.36 (KHTML, like Gecko) Chrome/119.0.0.0 Safari/537.36"
172.71.82.141 - - [29/May/2026:00:04:13 +0000] "GET /wp-admin/edit.php HTTP/1.1" 200 16658 "https://vcstore.viitorcloud.com/wp-login.php" "Mozilla/5.0 (Windows NT 11.0; Win64; x64) AppleWebKit/537.36 (KHTML, like Gecko) Chrome/119.0.0.0 Safari/537.36"
162.158.170.53 - - [29/May/2026:00:04:13 +0000] "GET /wp-admin/plugins.php HTTP/1.1" 200 15521 "https://vcstore.viitorcloud.com/wp-login.php" "Mozilla/5.0 (Windows NT 11.0; Win64; x64) AppleWebKit/537.36 (KHTML, like Gecko) Chrome/119.0.0.0 Safari/537.36"
162.158.190.3 - - [29/May/2026:00:04:13 +0000] "GET /wp-admin/index.php HTTP/1.1" 200 18452 "https://vcstore.viitorcloud.com/wp-login.php" "Mozilla/5.0 (Windows NT 11.0; Win64; x64) AppleWebKit/537.36 (KHTML, like Gecko) Chrome/119.0.0.0 Safari/537.36"
162.158.108.25 - - [29/May/2026:00:04:14 +0000] "GET /wp-admin/profile.php HTTP/1.1" 200 14883 "https://vcstore.viitorcloud.com/wp-login.php" "Mozilla/5.0 (Windows NT 11.0; Win64; x64) AppleWebKit/537.36 (KHTML, like Gecko) Chrome/119.0.0.0 Safari/537.36"
134.209.147.209 - - [29/May/2026:00:04:14 +0000] "POST /wp-cron.php?doing_wp_cron=1780013054.4264841079711914062500 HTTP/1.1" 200 31 "-" "WordPress/6.9.1; https://e-tdr.com"
178.77.180.80 - - [29/May/2026:00:04:14 +0000] "POST /xmlrpc.php HTTP/1.1" 200 415 "-" "Jetpack/12.5; WordPress/6.2; http://site74363736.com"
162.158.190.3 - - [29/May/2026:00:04:14 +0000] "GET /wp-admin/edit.php HTTP/1.1" 200 16658 "https://vcstore.viitorcloud.com/wp-login.php" "Mozilla/5.0 (Windows NT 11.0; Win64; x64) AppleWebKit/537.36 (KHTML, like Gecko) Chrome/119.0.0.0 Safari/537.36"
162.158.106.143 - - [29/May/2026:00:04:15 +0000] "GET /wp-admin/plugins.php HTTP/1.1" 200 15521 "https://vcstore.viitorcloud.com/wp-login.php" "Mozilla/5.0 (Windows NT 11.0; Win64; x64) AppleWebKit/537.36 (KHTML, like Gecko) Chrome/119.0.0.0 Safari/537.36"
172.70.93.16 - - [29/May/2026:00:04:15 +0000] "POST /wp-login.php HTTP/1.1" 200 1933 "https://vcstore.viitorcloud.com/wp-login.php" "Mozilla/5.0 (Windows NT 10.0; Win64; x64; rv:121.0) Gecko/20100101 Firefox/121.0"
162.158.108.25 - - [29/May/2026:00:04:16 +0000] "GET /wp-admin/index.php HTTP/1.1" 200 18453 "https://vcstore.viitorcloud.com/wp-login.php" "Mozilla/5.0 (Windows NT 10.0; Win64; x64; rv:120.0) Gecko/20100101 Firefox/120.0"
172.69.166.16 - - [29/May/2026:00:04:17 +0000] "GET /wp-admin/profile.php HTTP/1.1" 200 14881 "https://vcstore.viitorcloud.com/wp-login.php" "Mozilla/5.0 (Windows NT 10.0; Win64; x64; rv:120.0) Gecko/20100101 Firefox/120.0"
108.162.226.21 - - [29/May/2026:00:04:17 +0000] "GET /wp-admin/edit.php HTTP/1.1" 200 16659 "https://vcstore.viitorcloud.com/wp-login.php" "Mozilla/5.0 (Windows NT 10.0; Win64; x64; rv:120.0) Gecko/20100101 Firefox/120.0"
172.69.165.27 - - [29/May/2026:00:04:17 +0000] "GET /wp-admin/plugins.php HTTP/1.1" 200 15521 "https://vcstore.viitorcloud.com/wp-login.php" "Mozilla/5.0 (Windows NT 10.0; Win64; x64; rv:120.0) Gecko/20100101 Firefox/120.0"
104.23.175.94 - - [29/May/2026:00:04:18 +0000] "GET /wp-admin/index.php HTTP/1.1" 200 18453 "https://vcstore.viitorcloud.com/wp-login.php" "Mozilla/5.0 (Windows NT 10.0; Win64; x64; rv:120.0) Gecko/20100101 Firefox/120.0"
172.70.93.16 - - [29/May/2026:00:04:18 +0000] "GET /wp-admin/profile.php HTTP/1.1" 200 14882 "https://vcstore.viitorcloud.com/wp-login.php" "Mozilla/5.0 (Windows NT 10.0; Win64; x64; rv:120.0) Gecko/20100101 Firefox/120.0"
108.162.226.21 - - [29/May/2026:00:04:19 +0000] "GET /wp-admin/edit.php HTTP/1.1" 200 16659 "https://vcstore.viitorcloud.com/wp-login.php" "Mozilla/5.0 (Windows NT 10.0; Win64; x64; rv:120.0) Gecko/20100101 Firefox/120.0"
162.158.108.25 - - [29/May/2026:00:04:19 +0000] "GET /wp-admin/plugins.php HTTP/1.1" 200 15521 "https://vcstore.viitorcloud.com/wp-login.php" "Mozilla/5.0 (Windows NT 10.0; Win64; x64; rv:120.0) Gecko/20100101 Firefox/120.0"
172.71.124.45 - - [29/May/2026:00:04:19 +0000] "POST /wp-login.php HTTP/1.1" 302 5 "https://vcstore.viitorcloud.com/wp-login.php" "Mozilla/5.0 (Macintosh; Intel Mac OS X 10_15_7) AppleWebKit/537.36 (KHTML, like Gecko) Chrome/118.0.0.0 Safari/537.36"
172.71.82.141 - - [29/May/2026:00:04:20 +0000] "GET /wp-admin/index.php HTTP/1.1" 200 18466 "https://vcstore.viitorcloud.com/wp-login.php" "Mozilla/5.0 (Windows NT 10.0; Win64; x64) AppleWebKit/537.36 (KHTML, like Gecko) Chrome/121.0.0.0 Safari/537.36"
172.71.82.141 - - [29/May/2026:00:04:20 +0000] "GET /wp-admin/profile.php HTTP/1.1" 200 14873 "https://vcstore.viitorcloud.com/wp-login.php" "Mozilla/5.0 (Windows NT 10.0; Win64; x64) AppleWebKit/537.36 (KHTML, like Gecko) Chrome/121.0.0.0 Safari/537.36"
104.23.175.94 - - [29/May/2026:00:04:20 +0000] "GET /wp-admin/edit.php HTTP/1.1" 200 16625 "https://vcstore.viitorcloud.com/wp-login.php" "Mozilla/5.0 (Windows NT 10.0; Win64; x64) AppleWebKit/537.36 (KHTML, like Gecko) Chrome/121.0.0.0 Safari/537.36"
172.69.165.27 - - [29/May/2026:00:04:21 +0000] "GET /wp-admin/plugins.php HTTP/1.1" 200 15529 "https://vcstore.viitorcloud.com/wp-login.php" "Mozilla/5.0 (Windows NT 10.0; Win64; x64) AppleWebKit/537.36 (KHTML, like Gecko) Chrome/121.0.0.0 Safari/537.36"
