172.68.164.91 - - [29/May/2026:00:05:35 +0000] "GET /wp-admin/plugins.php HTTP/1.1" 200 15521 "https://vcstore.viitorcloud.com/wp-login.php" "Mozilla/5.0 (Windows NT 10.0; Win64; x64) AppleWebKit/537.36 (KHTML, like Gecko) Chrome/118.0.0.0 Safari/537.36"
104.23.175.94 - - [29/May/2026:00:05:35 +0000] "GET /wp-admin/index.php HTTP/1.1" 200 18661 "https://vcstore.viitorcloud.com/wp-login.php" "Mozilla/5.0 (Windows NT 10.0; Win64; x64) AppleWebKit/537.36 (KHTML, like Gecko) Chrome/118.0.0.0 Safari/537.36"
172.69.166.17 - - [29/May/2026:00:05:35 +0000] "GET /wp-admin/profile.php HTTP/1.1" 200 14881 "https://vcstore.viitorcloud.com/wp-login.php" "Mozilla/5.0 (Windows NT 10.0; Win64; x64) AppleWebKit/537.36 (KHTML, like Gecko) Chrome/118.0.0.0 Safari/537.36"
172.71.82.141 - - [29/May/2026:00:05:36 +0000] "GET /wp-admin/edit.php HTTP/1.1" 200 16637 "https://vcstore.viitorcloud.com/wp-login.php" "Mozilla/5.0 (Windows NT 10.0; Win64; x64) AppleWebKit/537.36 (KHTML, like Gecko) Chrome/118.0.0.0 Safari/537.36"
172.69.166.17 - - [29/May/2026:00:05:36 +0000] "GET /wp-admin/plugins.php HTTP/1.1" 200 15520 "https://vcstore.viitorcloud.com/wp-login.php" "Mozilla/5.0 (Windows NT 10.0; Win64; x64) AppleWebKit/537.36 (KHTML, like Gecko) Chrome/118.0.0.0 Safari/537.36"
162.158.108.25 - - [29/May/2026:00:05:37 +0000] "POST /wp-login.php HTTP/1.1" 200 1902 "https://vcstore.viitorcloud.com/wp-login.php" "Mozilla/5.0 (Macintosh; Intel Mac OS X 13_6_1; rv:121.0) Gecko/20100101 Firefox/121.0"
104.23.175.94 - - [29/May/2026:00:05:37 +0000] "GET /wp-admin/index.php HTTP/1.1" 200 18661 "https://vcstore.viitorcloud.com/wp-login.php" "Mozilla/5.0 (X11; Linux x86_64) AppleWebKit/537.36 (KHTML, like Gecko) Chrome/121.0.0.0 Safari/537.36"
104.23.175.94 - - [29/May/2026:00:05:37 +0000] "GET /wp-admin/profile.php HTTP/1.1" 200 14881 "https://vcstore.viitorcloud.com/wp-login.php" "Mozilla/5.0 (X11; Linux x86_64) AppleWebKit/537.36 (KHTML, like Gecko) Chrome/121.0.0.0 Safari/537.36"
172.69.166.17 - - [29/May/2026:00:05:38 +0000] "GET /wp-admin/edit.php HTTP/1.1" 200 16637 "https://vcstore.viitorcloud.com/wp-login.php" "Mozilla/5.0 (X11; Linux x86_64) AppleWebKit/537.36 (KHTML, like Gecko) Chrome/121.0.0.0 Safari/537.36"
178.77.180.80 - - [29/May/2026:00:05:38 +0000] "POST /xmlrpc.php HTTP/1.1" 200 415 "-" "Jetpack by WordPress.com"
172.70.208.116 - - [29/May/2026:00:05:38 +0000] "GET /wp-admin/plugins.php HTTP/1.1" 200 15521 "https://vcstore.viitorcloud.com/wp-login.php" "Mozilla/5.0 (X11; Linux x86_64) AppleWebKit/537.36 (KHTML, like Gecko) Chrome/121.0.0.0 Safari/537.36"
162.158.106.143 - - [29/May/2026:00:05:39 +0000] "GET /wp-admin/index.php HTTP/1.1" 200 18661 "https://vcstore.viitorcloud.com/wp-login.php" "Mozilla/5.0 (X11; Linux x86_64) AppleWebKit/537.36 (KHTML, like Gecko) Chrome/121.0.0.0 Safari/537.36"
162.158.190.4 - - [29/May/2026:00:05:39 +0000] "GET /wp-admin/profile.php HTTP/1.1" 200 14882 "https://vcstore.viitorcloud.com/wp-login.php" "Mozilla/5.0 (X11; Linux x86_64) AppleWebKit/537.36 (KHTML, like Gecko) Chrome/121.0.0.0 Safari/537.36"
172.71.82.141 - - [29/May/2026:00:05:39 +0000] "GET /wp-admin/edit.php HTTP/1.1" 200 16637 "https://vcstore.viitorcloud.com/wp-login.php" "Mozilla/5.0 (X11; Linux x86_64) AppleWebKit/537.36 (KHTML, like Gecko) Chrome/121.0.0.0 Safari/537.36"
162.158.190.4 - - [29/May/2026:00:05:40 +0000] "GET /wp-admin/plugins.php HTTP/1.1" 200 15521 "https://vcstore.viitorcloud.com/wp-login.php" "Mozilla/5.0 (X11; Linux x86_64) AppleWebKit/537.36 (KHTML, like Gecko) Chrome/121.0.0.0 Safari/537.36"
172.69.176.62 - - [29/May/2026:00:05:40 +0000] "POST /wp-login.php HTTP/1.1" 200 1902 "https://vcstore.viitorcloud.com/wp-login.php" "Mozilla/5.0 (Windows NT 11.0; Win64; x64) AppleWebKit/537.36 (KHTML, like Gecko) Chrome/119.0.0.0 Safari/537.36"
172.69.166.17 - - [29/May/2026:00:05:41 +0000] "GET /wp-admin/index.php HTTP/1.1" 200 18661 "https://vcstore.viitorcloud.com/wp-login.php" "Mozilla/5.0 (Windows NT 11.0; Win64; x64) AppleWebKit/537.36 (KHTML, like Gecko) Chrome/120.0.0.0 Safari/537.36"
172.69.176.62 - - [29/May/2026:00:05:41 +0000] "GET /wp-admin/profile.php HTTP/1.1" 200 14879 "https://vcstore.viitorcloud.com/wp-login.php" "Mozilla/5.0 (Windows NT 11.0; Win64; x64) AppleWebKit/537.36 (KHTML, like Gecko) Chrome/120.0.0.0 Safari/537.36"
162.158.170.53 - - [29/May/2026:00:05:41 +0000] "GET /wp-admin/edit.php HTTP/1.1" 200 16637 "https://vcstore.viitorcloud.com/wp-login.php" "Mozilla/5.0 (Windows NT 11.0; Win64; x64) AppleWebKit/537.36 (KHTML, like Gecko) Chrome/120.0.0.0 Safari/537.36"
162.158.170.53 - - [29/May/2026:00:05:42 +0000] "GET /wp-admin/plugins.php HTTP/1.1" 200 15520 "https://vcstore.viitorcloud.com/wp-login.php" "Mozilla/5.0 (Windows NT 11.0; Win64; x64) AppleWebKit/537.36 (KHTML, like Gecko) Chrome/120.0.0.0 Safari/537.36"
104.23.175.94 - - [29/May/2026:00:05:42 +0000] "GET /wp-admin/index.php HTTP/1.1" 200 18660 "https://vcstore.viitorcloud.com/wp-login.php" "Mozilla/5.0 (Windows NT 11.0; Win64; x64) AppleWebKit/537.36 (KHTML, like Gecko) Chrome/120.0.0.0 Safari/537.36"
172.71.82.141 - - [29/May/2026:00:05:43 +0000] "GET /wp-admin/profile.php HTTP/1.1" 200 14881 "https://vcstore.viitorcloud.com/wp-login.php" "Mozilla/5.0 (Windows NT 11.0; Win64; x64) AppleWebKit/537.36 (KHTML, like Gecko) Chrome/120.0.0.0 Safari/537.36"
104.23.175.94 - - [29/May/2026:00:05:43 +0000] "GET /wp-admin/edit.php HTTP/1.1" 200 16637 "https://vcstore.viitorcloud.com/wp-login.php" "Mozilla/5.0 (Windows NT 11.0; Win64; x64) AppleWebKit/537.36 (KHTML, like Gecko) Chrome/120.0.0.0 Safari/537.36"
162.158.170.53 - - [29/May/2026:00:05:43 +0000] "GET /wp-admin/plugins.php HTTP/1.1" 200 15521 "https://vcstore.viitorcloud.com/wp-login.php" "Mozilla/5.0 (Windows NT 11.0; Win64; x64) AppleWebKit/537.36 (KHTML, like Gecko) Chrome/120.0.0.0 Safari/537.36"
162.158.190.4 - - [29/May/2026:00:05:44 +0000] "POST /wp-login.php HTTP/1.1" 200 1902 "https://vcstore.viitorcloud.com/wp-login.php" "Mozilla/5.0 (X11; Linux x86_64) AppleWebKit/537.36 (KHTML, like Gecko) Chrome/120.0.0.0 Safari/537.36"
162.158.106.143 - - [29/May/2026:00:05:44 +0000] "GET /wp-admin/index.php HTTP/1.1" 200 18660 "https://vcstore.viitorcloud.com/wp-login.php" "Mozilla/5.0 (Macintosh; Intel Mac OS X 13_6_1) AppleWebKit/537.36 (KHTML, like Gecko) Chrome/121.0.0.0 Safari/537.36"
172.70.93.16 - - [29/May/2026:00:05:44 +0000] "GET /wp-admin/profile.php HTTP/1.1" 200 14882 "https://vcstore.viitorcloud.com/wp-login.php" "Mozilla/5.0 (Macintosh; Intel Mac OS X 13_6_1) AppleWebKit/537.36 (KHTML, like Gecko) Chrome/121.0.0.0 Safari/537.36"
162.158.106.143 - - [29/May/2026:00:05:45 +0000] "GET /wp-admin/edit.php HTTP/1.1" 200 16637 "https://vcstore.viitorcloud.com/wp-login.php" "Mozilla/5.0 (Macintosh; Intel Mac OS X 13_6_1) AppleWebKit/537.36 (KHTML, like Gecko) Chrome/121.0.0.0 Safari/537.36"
172.70.93.16 - - [29/May/2026:00:05:45 +0000] "GET /wp-admin/plugins.php HTTP/1.1" 200 15521 "https://vcstore.viitorcloud.com/wp-login.php" "Mozilla/5.0 (Macintosh; Intel Mac OS X 13_6_1) AppleWebKit/537.36 (KHTML, like Gecko) Chrome/121.0.0.0 Safari/537.36"
172.68.164.91 - - [29/May/2026:00:05:46 +0000] "GET /wp-admin/index.php HTTP/1.1" 200 18660 "https://vcstore.viitorcloud.com/wp-login.php" "Mozilla/5.0 (Macintosh; Intel Mac OS X 13_6_1) AppleWebKit/537.36 (KHTML, like Gecko) Chrome/121.0.0.0 Safari/537.36"
104.23.175.94 - - [29/May/2026:00:05:46 +0000] "GET /wp-admin/profile.php HTTP/1.1" 200 14881 "https://vcstore.viitorcloud.com/wp-login.php" "Mozilla/5.0 (Macintosh; Intel Mac OS X 13_6_1) AppleWebKit/537.36 (KHTML, like Gecko) Chrome/121.0.0.0 Safari/537.36"
108.162.226.21 - - [29/May/2026:00:05:46 +0000] "GET /wp-admin/edit.php HTTP/1.1" 200 16637 "https://vcstore.viitorcloud.com/wp-login.php" "Mozilla/5.0 (Macintosh; Intel Mac OS X 13_6_1) AppleWebKit/537.36 (KHTML, like Gecko) Chrome/121.0.0.0 Safari/537.36"
172.70.93.16 - - [29/May/2026:00:05:47 +0000] "GET /wp-admin/plugins.php HTTP/1.1" 200 15521 "https://vcstore.viitorcloud.com/wp-login.php" "Mozilla/5.0 (Macintosh; Intel Mac OS X 13_6_1) AppleWebKit/537.36 (KHTML, like Gecko) Chrome/121.0.0.0 Safari/537.36"
172.70.188.187 - - [29/May/2026:00:05:48 +0000] "POST /wp-login.php HTTP/1.1" 200 1902 "https://vcstore.viitorcloud.com/wp-login.php" "Mozilla/5.0 (Windows NT 10.0; Win64; x64) AppleWebKit/537.36 (KHTML, like Gecko) Chrome/120.0.0.0 Safari/537.36"
172.69.176.62 - - [29/May/2026:00:05:48 +0000] "GET /wp-admin/index.php HTTP/1.1" 200 18661 "https://vcstore.viitorcloud.com/wp-login.php" "Mozilla/5.0 (Macintosh; Intel Mac OS X 13_6_1; rv:118.0) Gecko/20100101 Firefox/118.0"
162.158.106.143 - - [29/May/2026:00:05:48 +0000] "GET /wp-admin/profile.php HTTP/1.1" 200 14880 "https://vcstore.viitorcloud.com/wp-login.php" "Mozilla/5.0 (Macintosh; Intel Mac OS X 13_6_1; rv:118.0) Gecko/20100101 Firefox/118.0"
178.77.180.80 - - [29/May/2026:00:05:49 +0000] "POST /xmlrpc.php HTTP/1.1" 200 415 "-" "Jetpack by WordPress.com (Jetpack 12.0; WordPress 6.2)"
172.70.93.16 - - [29/May/2026:00:05:49 +0000] "GET /wp-admin/edit.php HTTP/1.1" 200 16638 "https://vcstore.viitorcloud.com/wp-login.php" "Mozilla/5.0 (Macintosh; Intel Mac OS X 13_6_1; rv:118.0) Gecko/20100101 Firefox/118.0"
162.158.190.4 - - [29/May/2026:00:05:49 +0000] "GET /wp-admin/plugins.php HTTP/1.1" 200 15521 "https://vcstore.viitorcloud.com/wp-login.php" "Mozilla/5.0 (Macintosh; Intel Mac OS X 13_6_1; rv:118.0) Gecko/20100101 Firefox/118.0"
162.158.106.143 - - [29/May/2026:00:05:50 +0000] "GET /wp-admin/index.php HTTP/1.1" 200 18661 "https://vcstore.viitorcloud.com/wp-login.php" "Mozilla/5.0 (Macintosh; Intel Mac OS X 13_6_1; rv:118.0) Gecko/20100101 Firefox/118.0"
172.71.82.141 - - [29/May/2026:00:05:50 +0000] "GET /wp-admin/profile.php HTTP/1.1" 200 14880 "https://vcstore.viitorcloud.com/wp-login.php" "Mozilla/5.0 (Macintosh; Intel Mac OS X 13_6_1; rv:118.0) Gecko/20100101 Firefox/118.0"
172.70.93.16 - - [29/May/2026:00:05:50 +0000] "GET /wp-admin/edit.php HTTP/1.1" 200 16637 "https://vcstore.viitorcloud.com/wp-login.php" "Mozilla/5.0 (Macintosh; Intel Mac OS X 13_6_1; rv:118.0) Gecko/20100101 Firefox/118.0"
91.107.163.59 - - [29/May/2026:00:05:51 +0000] "POST /cgi-bin/.%2e/.%2e/.%2e/.%2e/.%2e/.%2e/.%2e/.%2e/.%2e/.%2e/bin/sh HTTP/1.1" 400 150 "-" "-"
104.22.66.51 - - [29/May/2026:00:05:51 +0000] "GET /wp-admin/plugins.php HTTP/1.1" 200 15521 "https://vcstore.viitorcloud.com/wp-login.php" "Mozilla/5.0 (Macintosh; Intel Mac OS X 13_6_1; rv:118.0) Gecko/20100101 Firefox/118.0"
91.107.163.59 - - [29/May/2026:00:05:51 +0000] "POST /cgi-bin/%%32%65%%32%65/%%32%65%%32%65/%%32%65%%32%65/%%32%65%%32%65/%%32%65%%32%65/%%32%65%%32%65/%%32%65%%32%65/bin/sh HTTP/1.1" 400 150 "-" "-"
162.158.88.152 - - [29/May/2026:00:05:51 +0000] "POST /wp-login.php HTTP/1.1" 200 1899 "https://vcstore.viitorcloud.com/wp-login.php" "Mozilla/5.0 (Windows NT 10.0; Win64; x64; rv:120.0) Gecko/20100101 Firefox/120.0"
134.209.147.209 - - [29/May/2026:00:05:52 +0000] "GET /wp-content/plugins/lifeline-plugin/assets/data/font-awesome-5.json HTTP/1.1" 200 13009 "-" "WordPress/7.0; https://bharti-foundation.stgviitor.com"
172.69.176.62 - - [29/May/2026:00:05:52 +0000] "GET /wp-admin/index.php HTTP/1.1" 200 18660 "https://vcstore.viitorcloud.com/wp-login.php" "Mozilla/5.0 (Macintosh; Intel Mac OS X 13_6_1) AppleWebKit/537.36 (KHTML, like Gecko) Chrome/120.0.0.0 Safari/537.36"
134.209.147.209 - - [29/May/2026:00:05:52 +0000] "GET /wp-content/plugins/lifeline-plugin/assets/data/font-awesome-5.json HTTP/1.1" 200 13009 "-" "WordPress/7.0; https://bharti-foundation.stgviitor.com"
134.209.147.209 - - [29/May/2026:00:05:52 +0000] "GET /wp-content/plugins/lifeline-plugin/assets/json/social-profile.json HTTP/1.1" 200 4033 "-" "WordPress/7.0; https://bharti-foundation.stgviitor.com"
134.209.147.209 - - [29/May/2026:00:05:52 +0000] "GET /wp-content/plugins/lifeline-plugin/assets/data/font-awesome-5.json HTTP/1.1" 200 13009 "-" "WordPress/7.0; https://bharti-foundation.stgviitor.com"
162.158.108.25 - - [29/May/2026:00:05:52 +0000] "GET /wp-admin/profile.php HTTP/1.1" 200 14880 "https://vcstore.viitorcloud.com/wp-login.php" "Mozilla/5.0 (Macintosh; Intel Mac OS X 13_6_1) AppleWebKit/537.36 (KHTML, like Gecko) Chrome/120.0.0.0 Safari/537.36"
172.68.164.91 - - [29/May/2026:00:05:52 +0000] "GET /wp-admin/edit.php HTTP/1.1" 200 16636 "https://vcstore.viitorcloud.com/wp-login.php" "Mozilla/5.0 (Macintosh; Intel Mac OS X 13_6_1) AppleWebKit/537.36 (KHTML, like Gecko) Chrome/120.0.0.0 Safari/537.36"
134.209.147.209 - - [29/May/2026:00:05:53 +0000] "POST /wp-cron.php?doing_wp_cron=1780013153.1080849170684814453125 HTTP/1.1" 200 31 "-" "WordPress/7.0; https://bharti-foundation.stgviitor.com"
91.107.163.59 - - [29/May/2026:00:05:53 +0000] "POST /hello.world?%ADd+allow_url_include%3d1+%ADd+auto_prepend_file%3dphp://input HTTP/1.1" 200 107364 "-" "libredtail-http"
134.209.147.209 - - [29/May/2026:00:05:53 +0000] "GET /wp-content/plugins/lifeline-plugin/assets/data/font-awesome-5.json HTTP/1.1" 200 13009 "-" "WordPress/7.0; https://bharti-foundation.stgviitor.com"
134.209.147.209 - - [29/May/2026:00:05:53 +0000] "GET /wp-content/plugins/lifeline-plugin/assets/data/font-awesome-5.json HTTP/1.1" 200 13009 "-" "WordPress/7.0; https://bharti-foundation.stgviitor.com"
172.68.164.91 - - [29/May/2026:00:05:53 +0000] "GET /wp-admin/plugins.php HTTP/1.1" 200 15521 "https://vcstore.viitorcloud.com/wp-login.php" "Mozilla/5.0 (Macintosh; Intel Mac OS X 13_6_1) AppleWebKit/537.36 (KHTML, like Gecko) Chrome/120.0.0.0 Safari/537.36"
134.209.147.209 - - [29/May/2026:00:05:53 +0000] "GET /wp-content/plugins/lifeline-plugin/assets/json/social-profile.json HTTP/1.1" 200 4033 "-" "WordPress/7.0; https://bharti-foundation.stgviitor.com"
134.209.147.209 - - [29/May/2026:00:05:53 +0000] "GET /wp-content/plugins/lifeline-plugin/assets/data/font-awesome-5.json HTTP/1.1" 200 13009 "-" "WordPress/7.0; https://bharti-foundation.stgviitor.com"
162.158.106.143 - - [29/May/2026:00:05:53 +0000] "GET /wp-admin/index.php HTTP/1.1" 200 18661 "https://vcstore.viitorcloud.com/wp-login.php" "Mozilla/5.0 (Macintosh; Intel Mac OS X 13_6_1) AppleWebKit/537.36 (KHTML, like Gecko) Chrome/120.0.0.0 Safari/537.36"
172.70.208.116 - - [29/May/2026:00:05:54 +0000] "GET /wp-admin/profile.php HTTP/1.1" 200 14884 "https://vcstore.viitorcloud.com/wp-login.php" "Mozilla/5.0 (Macintosh; Intel Mac OS X 13_6_1) AppleWebKit/537.36 (KHTML, like Gecko) Chrome/120.0.0.0 Safari/537.36"
172.70.93.16 - - [29/May/2026:00:05:54 +0000] "GET /wp-admin/edit.php HTTP/1.1" 200 16637 "https://vcstore.viitorcloud.com/wp-login.php" "Mozilla/5.0 (Macintosh; Intel Mac OS X 13_6_1) AppleWebKit/537.36 (KHTML, like Gecko) Chrome/120.0.0.0 Safari/537.36"
104.23.175.94 - - [29/May/2026:00:05:54 +0000] "GET /wp-admin/plugins.php HTTP/1.1" 200 15521 "https://vcstore.viitorcloud.com/wp-login.php" "Mozilla/5.0 (Macintosh; Intel Mac OS X 13_6_1) AppleWebKit/537.36 (KHTML, like Gecko) Chrome/120.0.0.0 Safari/537.36"
172.71.124.45 - - [29/May/2026:00:05:55 +0000] "POST /wp-login.php HTTP/1.1" 200 1899 "https://vcstore.viitorcloud.com/wp-login.php" "Mozilla/5.0 (Macintosh; Intel Mac OS X 10_15_7) AppleWebKit/537.36 (KHTML, like Gecko) Chrome/121.0.0.0 Safari/537.36"
172.69.165.27 - - [29/May/2026:00:05:55 +0000] "GET /wp-admin/index.php HTTP/1.1" 200 18661 "https://vcstore.viitorcloud.com/wp-login.php" "Mozilla/5.0 (Macintosh; Intel Mac OS X 13_6_1) AppleWebKit/605.1.15 (KHTML, like Gecko) Version/17.2 Safari/605.1.15"
172.71.82.141 - - [29/May/2026:00:05:55 +0000] "GET /wp-admin/profile.php HTTP/1.1" 200 14882 "https://vcstore.viitorcloud.com/wp-login.php" "Mozilla/5.0 (Macintosh; Intel Mac OS X 13_6_1) AppleWebKit/605.1.15 (KHTML, like Gecko) Version/17.2 Safari/605.1.15"
172.70.188.187 - - [29/May/2026:00:05:56 +0000] "GET /wp-admin/edit.php HTTP/1.1" 200 16637 "https://vcstore.viitorcloud.com/wp-login.php" "Mozilla/5.0 (Macintosh; Intel Mac OS X 13_6_1) AppleWebKit/605.1.15 (KHTML, like Gecko) Version/17.2 Safari/605.1.15"
162.158.88.152 - - [29/May/2026:00:05:56 +0000] "GET /wp-admin/plugins.php HTTP/1.1" 200 15520 "https://vcstore.viitorcloud.com/wp-login.php" "Mozilla/5.0 (Macintosh; Intel Mac OS X 13_6_1) AppleWebKit/605.1.15 (KHTML, like Gecko) Version/17.2 Safari/605.1.15"
162.158.108.25 - - [29/May/2026:00:05:57 +0000] "GET /wp-admin/index.php HTTP/1.1" 200 18661 "https://vcstore.viitorcloud.com/wp-login.php" "Mozilla/5.0 (Macintosh; Intel Mac OS X 13_6_1) AppleWebKit/605.1.15 (KHTML, like Gecko) Version/17.2 Safari/605.1.15"
172.69.166.17 - - [29/May/2026:00:05:57 +0000] "GET /wp-admin/profile.php HTTP/1.1" 200 14879 "https://vcstore.viitorcloud.com/wp-login.php" "Mozilla/5.0 (Macintosh; Intel Mac OS X 13_6_1) AppleWebKit/605.1.15 (KHTML, like Gecko) Version/17.2 Safari/605.1.15"
162.158.106.143 - - [29/May/2026:00:05:58 +0000] "GET /wp-admin/edit.php HTTP/1.1" 200 16637 "https://vcstore.viitorcloud.com/wp-login.php" "Mozilla/5.0 (Macintosh; Intel Mac OS X 13_6_1) AppleWebKit/605.1.15 (KHTML, like Gecko) Version/17.2 Safari/605.1.15"
172.70.188.187 - - [29/May/2026:00:05:58 +0000] "GET /wp-admin/plugins.php HTTP/1.1" 200 15521 "https://vcstore.viitorcloud.com/wp-login.php" "Mozilla/5.0 (Macintosh; Intel Mac OS X 13_6_1) AppleWebKit/605.1.15 (KHTML, like Gecko) Version/17.2 Safari/605.1.15"
162.158.170.53 - - [29/May/2026:00:05:58 +0000] "POST /wp-login.php HTTP/1.1" 200 1899 "https://vcstore.viitorcloud.com/wp-login.php" "Mozilla/5.0 (Windows NT 10.0; Win64; x64) AppleWebKit/537.36 (KHTML, like Gecko) Chrome/121.0.0.0 Safari/537.36"
172.69.166.17 - - [29/May/2026:00:05:59 +0000] "GET /wp-admin/index.php HTTP/1.1" 200 18661 "https://vcstore.viitorcloud.com/wp-login.php" "Mozilla/5.0 (Windows NT 11.0; Win64; x64; rv:121.0) Gecko/20100101 Firefox/121.0"
172.69.165.27 - - [29/May/2026:00:05:59 +0000] "GET /wp-admin/profile.php HTTP/1.1" 200 14879 "https://vcstore.viitorcloud.com/wp-login.php" "Mozilla/5.0 (Windows NT 11.0; Win64; x64; rv:121.0) Gecko/20100101 Firefox/121.0"
178.77.180.80 - - [29/May/2026:00:05:59 +0000] "POST /xmlrpc.php HTTP/1.1" 200 415 "-" "Jetpack by WordPress.com (Jetpack 12.1; WordPress 6.4)"
162.158.108.25 - - [29/May/2026:00:05:59 +0000] "GET /wp-admin/edit.php HTTP/1.1" 200 16637 "https://vcstore.viitorcloud.com/wp-login.php" "Mozilla/5.0 (Windows NT 11.0; Win64; x64; rv:121.0) Gecko/20100101 Firefox/121.0"
172.69.166.17 - - [29/May/2026:00:06:00 +0000] "GET /wp-admin/plugins.php HTTP/1.1" 200 15521 "https://vcstore.viitorcloud.com/wp-login.php" "Mozilla/5.0 (Windows NT 11.0; Win64; x64; rv:121.0) Gecko/20100101 Firefox/121.0"
172.70.93.16 - - [29/May/2026:00:06:00 +0000] "GET /wp-admin/index.php HTTP/1.1" 200 18661 "https://vcstore.viitorcloud.com/wp-login.php" "Mozilla/5.0 (Windows NT 11.0; Win64; x64; rv:121.0) Gecko/20100101 Firefox/121.0"
162.158.108.25 - - [29/May/2026:00:06:01 +0000] "GET /wp-admin/profile.php HTTP/1.1" 200 14881 "https://vcstore.viitorcloud.com/wp-login.php" "Mozilla/5.0 (Windows NT 11.0; Win64; x64; rv:121.0) Gecko/20100101 Firefox/121.0"
162.158.190.4 - - [29/May/2026:00:06:01 +0000] "GET /wp-admin/edit.php HTTP/1.1" 200 16637 "https://vcstore.viitorcloud.com/wp-login.php" "Mozilla/5.0 (Windows NT 11.0; Win64; x64; rv:121.0) Gecko/20100101 Firefox/121.0"
104.22.66.51 - - [29/May/2026:00:06:01 +0000] "GET /wp-admin/plugins.php HTTP/1.1" 200 15521 "https://vcstore.viitorcloud.com/wp-login.php" "Mozilla/5.0 (Windows NT 11.0; Win64; x64; rv:121.0) Gecko/20100101 Firefox/121.0"
104.22.66.51 - - [29/May/2026:00:06:02 +0000] "POST /wp-login.php HTTP/1.1" 200 1899 "https://vcstore.viitorcloud.com/wp-login.php" "Mozilla/5.0 (Windows NT 10.0; Win64; x64) AppleWebKit/537.36 (KHTML, like Gecko) Chrome/119.0.0.0 Safari/537.36"
104.22.66.51 - - [29/May/2026:00:06:02 +0000] "GET /wp-admin/index.php HTTP/1.1" 200 18660 "https://vcstore.viitorcloud.com/wp-login.php" "Mozilla/5.0 (Windows NT 10.0; Win64; x64) AppleWebKit/537.36 (KHTML, like Gecko) Chrome/121.0.0.0 Safari/537.36"
172.69.176.62 - - [29/May/2026:00:06:03 +0000] "GET /wp-admin/profile.php HTTP/1.1" 200 14881 "https://vcstore.viitorcloud.com/wp-login.php" "Mozilla/5.0 (Windows NT 10.0; Win64; x64) AppleWebKit/537.36 (KHTML, like Gecko) Chrome/121.0.0.0 Safari/537.36"
172.68.164.91 - - [29/May/2026:00:06:03 +0000] "GET /wp-admin/edit.php HTTP/1.1" 200 16637 "https://vcstore.viitorcloud.com/wp-login.php" "Mozilla/5.0 (Windows NT 10.0; Win64; x64) AppleWebKit/537.36 (KHTML, like Gecko) Chrome/121.0.0.0 Safari/537.36"
162.158.108.25 - - [29/May/2026:00:06:03 +0000] "GET /wp-admin/plugins.php HTTP/1.1" 200 15521 "https://vcstore.viitorcloud.com/wp-login.php" "Mozilla/5.0 (Windows NT 10.0; Win64; x64) AppleWebKit/537.36 (KHTML, like Gecko) Chrome/121.0.0.0 Safari/537.36"
172.70.208.116 - - [29/May/2026:00:06:04 +0000] "GET /wp-admin/index.php HTTP/1.1" 200 18661 "https://vcstore.viitorcloud.com/wp-login.php" "Mozilla/5.0 (Windows NT 10.0; Win64; x64) AppleWebKit/537.36 (KHTML, like Gecko) Chrome/121.0.0.0 Safari/537.36"
108.162.226.21 - - [29/May/2026:00:06:04 +0000] "GET /wp-admin/profile.php HTTP/1.1" 200 14880 "https://vcstore.viitorcloud.com/wp-login.php" "Mozilla/5.0 (Windows NT 10.0; Win64; x64) AppleWebKit/537.36 (KHTML, like Gecko) Chrome/121.0.0.0 Safari/537.36"
172.68.164.91 - - [29/May/2026:00:06:04 +0000] "GET /wp-admin/edit.php HTTP/1.1" 200 16637 "https://vcstore.viitorcloud.com/wp-login.php" "Mozilla/5.0 (Windows NT 10.0; Win64; x64) AppleWebKit/537.36 (KHTML, like Gecko) Chrome/121.0.0.0 Safari/537.36"
172.68.164.91 - - [29/May/2026:00:06:05 +0000] "GET /wp-admin/plugins.php HTTP/1.1" 200 15521 "https://vcstore.viitorcloud.com/wp-login.php" "Mozilla/5.0 (Windows NT 10.0; Win64; x64) AppleWebKit/537.36 (KHTML, like Gecko) Chrome/121.0.0.0 Safari/537.36"
162.158.106.143 - - [29/May/2026:00:06:05 +0000] "POST /wp-login.php HTTP/1.1" 200 1899 "https://vcstore.viitorcloud.com/wp-login.php" "Mozilla/5.0 (Macintosh; Intel Mac OS X 13_6_1) AppleWebKit/537.36 (KHTML, like Gecko) Chrome/120.0.0.0 Safari/537.36"
162.158.88.152 - - [29/May/2026:00:06:06 +0000] "GET /wp-admin/index.php HTTP/1.1" 200 18660 "https://vcstore.viitorcloud.com/wp-login.php" "Mozilla/5.0 (X11; Linux x86_64) AppleWebKit/537.36 (KHTML, like Gecko) Chrome/118.0.0.0 Safari/537.36"
162.158.108.25 - - [29/May/2026:00:06:06 +0000] "GET /wp-admin/profile.php HTTP/1.1" 200 14881 "https://vcstore.viitorcloud.com/wp-login.php" "Mozilla/5.0 (X11; Linux x86_64) AppleWebKit/537.36 (KHTML, like Gecko) Chrome/118.0.0.0 Safari/537.36"
104.23.175.94 - - [29/May/2026:00:06:06 +0000] "GET /wp-admin/edit.php HTTP/1.1" 200 16637 "https://vcstore.viitorcloud.com/wp-login.php" "Mozilla/5.0 (X11; Linux x86_64) AppleWebKit/537.36 (KHTML, like Gecko) Chrome/118.0.0.0 Safari/537.36"
172.70.208.116 - - [29/May/2026:00:06:07 +0000] "GET /wp-admin/plugins.php HTTP/1.1" 200 15521 "https://vcstore.viitorcloud.com/wp-login.php" "Mozilla/5.0 (X11; Linux x86_64) AppleWebKit/537.36 (KHTML, like Gecko) Chrome/118.0.0.0 Safari/537.36"
104.22.66.51 - - [29/May/2026:00:06:07 +0000] "GET /wp-admin/index.php HTTP/1.1" 200 18661 "https://vcstore.viitorcloud.com/wp-login.php" "Mozilla/5.0 (X11; Linux x86_64) AppleWebKit/537.36 (KHTML, like Gecko) Chrome/118.0.0.0 Safari/537.36"
104.22.66.51 - - [29/May/2026:00:06:07 +0000] "GET /wp-admin/profile.php HTTP/1.1" 200 14878 "https://vcstore.viitorcloud.com/wp-login.php" "Mozilla/5.0 (X11; Linux x86_64) AppleWebKit/537.36 (KHTML, like Gecko) Chrome/118.0.0.0 Safari/537.36"
172.69.165.27 - - [29/May/2026:00:06:08 +0000] "GET /wp-admin/edit.php HTTP/1.1" 200 16637 "https://vcstore.viitorcloud.com/wp-login.php" "Mozilla/5.0 (X11; Linux x86_64) AppleWebKit/537.36 (KHTML, like Gecko) Chrome/118.0.0.0 Safari/537.36"
162.158.106.143 - - [29/May/2026:00:06:08 +0000] "GET /wp-admin/plugins.php HTTP/1.1" 200 15521 "https://vcstore.viitorcloud.com/wp-login.php" "Mozilla/5.0 (X11; Linux x86_64) AppleWebKit/537.36 (KHTML, like Gecko) Chrome/118.0.0.0 Safari/537.36"
172.71.124.45 - - [29/May/2026:00:06:09 +0000] "POST /wp-login.php HTTP/1.1" 200 1899 "https://vcstore.viitorcloud.com/wp-login.php" "Mozilla/5.0 (X11; Ubuntu; Linux x86_64) AppleWebKit/537.36 (KHTML, like Gecko) Chrome/121.0.0.0 Safari/537.36"
172.70.93.16 - - [29/May/2026:00:06:09 +0000] "GET /wp-admin/index.php HTTP/1.1" 200 18660 "https://vcstore.viitorcloud.com/wp-login.php" "Mozilla/5.0 (Macintosh; Intel Mac OS X 13_6_1; rv:121.0) Gecko/20100101 Firefox/121.0"
172.69.166.17 - - [29/May/2026:00:06:09 +0000] "GET /wp-admin/profile.php HTTP/1.1" 200 14880 "https://vcstore.viitorcloud.com/wp-login.php" "Mozilla/5.0 (Macintosh; Intel Mac OS X 13_6_1; rv:121.0) Gecko/20100101 Firefox/121.0"
178.77.180.80 - - [29/May/2026:00:06:10 +0000] "POST /xmlrpc.php HTTP/1.1" 200 415 "-" "WordPress.com; https://wordpress.com"
162.158.170.53 - - [29/May/2026:00:06:10 +0000] "GET /wp-admin/edit.php HTTP/1.1" 200 16637 "https://vcstore.viitorcloud.com/wp-login.php" "Mozilla/5.0 (Macintosh; Intel Mac OS X 13_6_1; rv:121.0) Gecko/20100101 Firefox/121.0"
162.158.170.53 - - [29/May/2026:00:06:10 +0000] "GET /wp-admin/plugins.php HTTP/1.1" 200 15521 "https://vcstore.viitorcloud.com/wp-login.php" "Mozilla/5.0 (Macintosh; Intel Mac OS X 13_6_1; rv:121.0) Gecko/20100101 Firefox/121.0"
172.69.166.17 - - [29/May/2026:00:06:11 +0000] "GET /wp-admin/index.php HTTP/1.1" 200 18661 "https://vcstore.viitorcloud.com/wp-login.php" "Mozilla/5.0 (Macintosh; Intel Mac OS X 13_6_1; rv:121.0) Gecko/20100101 Firefox/121.0"
172.68.164.91 - - [29/May/2026:00:06:11 +0000] "GET /wp-admin/profile.php HTTP/1.1" 200 14881 "https://vcstore.viitorcloud.com/wp-login.php" "Mozilla/5.0 (Macintosh; Intel Mac OS X 13_6_1; rv:121.0) Gecko/20100101 Firefox/121.0"
162.158.88.152 - - [29/May/2026:00:06:11 +0000] "GET /wp-admin/edit.php HTTP/1.1" 200 16637 "https://vcstore.viitorcloud.com/wp-login.php" "Mozilla/5.0 (Macintosh; Intel Mac OS X 13_6_1; rv:121.0) Gecko/20100101 Firefox/121.0"
172.68.164.91 - - [29/May/2026:00:06:12 +0000] "GET /wp-admin/plugins.php HTTP/1.1" 200 15520 "https://vcstore.viitorcloud.com/wp-login.php" "Mozilla/5.0 (Macintosh; Intel Mac OS X 13_6_1; rv:121.0) Gecko/20100101 Firefox/121.0"
108.162.226.21 - - [29/May/2026:00:06:12 +0000] "POST /wp-login.php HTTP/1.1" 200 1899 "https://vcstore.viitorcloud.com/wp-login.php" "Mozilla/5.0 (Windows NT 11.0; Win64; x64) AppleWebKit/537.36 (KHTML, like Gecko) Chrome/118.0.0.0 Safari/537.36"
172.68.164.91 - - [29/May/2026:00:06:13 +0000] "GET /wp-admin/index.php HTTP/1.1" 200 18661 "https://vcstore.viitorcloud.com/wp-login.php" "Mozilla/5.0 (Macintosh; Intel Mac OS X 13_6_1) AppleWebKit/605.1.15 (KHTML, like Gecko) Version/17.1 Safari/605.1.15"
172.69.165.27 - - [29/May/2026:00:06:13 +0000] "GET /wp-admin/profile.php HTTP/1.1" 200 14881 "https://vcstore.viitorcloud.com/wp-login.php" "Mozilla/5.0 (Macintosh; Intel Mac OS X 13_6_1) AppleWebKit/605.1.15 (KHTML, like Gecko) Version/17.1 Safari/605.1.15"
172.70.93.16 - - [29/May/2026:00:06:14 +0000] "GET /wp-admin/edit.php HTTP/1.1" 200 16638 "https://vcstore.viitorcloud.com/wp-login.php" "Mozilla/5.0 (Macintosh; Intel Mac OS X 13_6_1) AppleWebKit/605.1.15 (KHTML, like Gecko) Version/17.1 Safari/605.1.15"
172.69.165.27 - - [29/May/2026:00:06:14 +0000] "GET /wp-admin/plugins.php HTTP/1.1" 200 15521 "https://vcstore.viitorcloud.com/wp-login.php" "Mozilla/5.0 (Macintosh; Intel Mac OS X 13_6_1) AppleWebKit/605.1.15 (KHTML, like Gecko) Version/17.1 Safari/605.1.15"
162.158.170.53 - - [29/May/2026:00:06:14 +0000] "GET /wp-admin/index.php HTTP/1.1" 200 18661 "https://vcstore.viitorcloud.com/wp-login.php" "Mozilla/5.0 (Macintosh; Intel Mac OS X 13_6_1) AppleWebKit/605.1.15 (KHTML, like Gecko) Version/17.1 Safari/605.1.15"
172.70.93.16 - - [29/May/2026:00:06:15 +0000] "GET /wp-admin/profile.php HTTP/1.1" 200 14881 "https://vcstore.viitorcloud.com/wp-login.php" "Mozilla/5.0 (Macintosh; Intel Mac OS X 13_6_1) AppleWebKit/605.1.15 (KHTML, like Gecko) Version/17.1 Safari/605.1.15"
162.158.108.25 - - [29/May/2026:00:06:15 +0000] "GET /wp-admin/edit.php HTTP/1.1" 200 16637 "https://vcstore.viitorcloud.com/wp-login.php" "Mozilla/5.0 (Macintosh; Intel Mac OS X 13_6_1) AppleWebKit/605.1.15 (KHTML, like Gecko) Version/17.1 Safari/605.1.15"
104.22.66.51 - - [29/May/2026:00:06:16 +0000] "GET /wp-admin/plugins.php HTTP/1.1" 200 15520 "https://vcstore.viitorcloud.com/wp-login.php" "Mozilla/5.0 (Macintosh; Intel Mac OS X 13_6_1) AppleWebKit/605.1.15 (KHTML, like Gecko) Version/17.1 Safari/605.1.15"
172.69.166.17 - - [29/May/2026:00:06:16 +0000] "POST /wp-login.php HTTP/1.1" 200 1899 "https://vcstore.viitorcloud.com/wp-login.php" "Mozilla/5.0 (Macintosh; Intel Mac OS X 13_6_1) AppleWebKit/605.1.15 (KHTML, like Gecko) Version/17.0 Safari/605.1.15"
172.71.124.45 - - [29/May/2026:00:06:16 +0000] "GET /wp-admin/index.php HTTP/1.1" 200 18660 "https://vcstore.viitorcloud.com/wp-login.php" "Mozilla/5.0 (Macintosh; Intel Mac OS X 13_6_1) AppleWebKit/605.1.15 (KHTML, like Gecko) Version/16.6 Safari/605.1.15"
172.69.166.17 - - [29/May/2026:00:06:17 +0000] "GET /wp-admin/profile.php HTTP/1.1" 200 14879 "https://vcstore.viitorcloud.com/wp-login.php" "Mozilla/5.0 (Macintosh; Intel Mac OS X 13_6_1) AppleWebKit/605.1.15 (KHTML, like Gecko) Version/16.6 Safari/605.1.15"
162.158.88.152 - - [29/May/2026:00:06:17 +0000] "GET /wp-admin/edit.php HTTP/1.1" 200 16638 "https://vcstore.viitorcloud.com/wp-login.php" "Mozilla/5.0 (Macintosh; Intel Mac OS X 13_6_1) AppleWebKit/605.1.15 (KHTML, like Gecko) Version/16.6 Safari/605.1.15"
172.69.165.27 - - [29/May/2026:00:06:18 +0000] "GET /wp-admin/plugins.php HTTP/1.1" 200 15521 "https://vcstore.viitorcloud.com/wp-login.php" "Mozilla/5.0 (Macintosh; Intel Mac OS X 13_6_1) AppleWebKit/605.1.15 (KHTML, like Gecko) Version/16.6 Safari/605.1.15"
134.209.147.209 - - [29/May/2026:00:06:18 +0000] "POST /wp-cron.php?doing_wp_cron=1780013178.2531719207763671875000 HTTP/1.1" 200 31 "-" "WordPress/6.6.1; https://newfaith.focalat.com"
150.230.215.243 - - [29/May/2026:00:06:18 +0000] "GET /wp-login.php HTTP/1.1" 200 2033 "-" "Mozilla/5.0 (Macintosh; Intel Mac OS X 10_15_7) AppleWebKit/537.36 (KHTML, like Gecko) Chrome/133.0.0.0 Safari/537.36 Edg/133.0.0.0"
162.158.190.4 - - [29/May/2026:00:06:18 +0000] "GET /wp-admin/index.php HTTP/1.1" 200 18660 "https://vcstore.viitorcloud.com/wp-login.php" "Mozilla/5.0 (Macintosh; Intel Mac OS X 13_6_1) AppleWebKit/605.1.15 (KHTML, like Gecko) Version/16.6 Safari/605.1.15"
172.69.165.27 - - [29/May/2026:00:06:18 +0000] "GET /wp-admin/profile.php HTTP/1.1" 200 14879 "https://vcstore.viitorcloud.com/wp-login.php" "Mozilla/5.0 (Macintosh; Intel Mac OS X 13_6_1) AppleWebKit/605.1.15 (KHTML, like Gecko) Version/16.6 Safari/605.1.15"
172.68.164.91 - - [29/May/2026:00:06:19 +0000] "GET /wp-admin/edit.php HTTP/1.1" 200 16638 "https://vcstore.viitorcloud.com/wp-login.php" "Mozilla/5.0 (Macintosh; Intel Mac OS X 13_6_1) AppleWebKit/605.1.15 (KHTML, like Gecko) Version/16.6 Safari/605.1.15"
162.158.108.25 - - [29/May/2026:00:06:19 +0000] "GET /wp-admin/plugins.php HTTP/1.1" 200 15521 "https://vcstore.viitorcloud.com/wp-login.php" "Mozilla/5.0 (Macintosh; Intel Mac OS X 13_6_1) AppleWebKit/605.1.15 (KHTML, like Gecko) Version/16.6 Safari/605.1.15"
172.68.164.91 - - [29/May/2026:00:06:20 +0000] "POST /wp-login.php HTTP/1.1" 200 1899 "https://vcstore.viitorcloud.com/wp-login.php" "Mozilla/5.0 (Macintosh; Intel Mac OS X 13_6_1) AppleWebKit/605.1.15 (KHTML, like Gecko) Version/17.2 Safari/605.1.15"
172.71.124.45 - - [29/May/2026:00:06:20 +0000] "GET /wp-admin/index.php HTTP/1.1" 200 18661 "https://vcstore.viitorcloud.com/wp-login.php" "Mozilla/5.0 (X11; Ubuntu; Linux x86_64) AppleWebKit/537.36 (KHTML, like Gecko) Chrome/118.0.0.0 Safari/537.36"
134.209.147.209 - - [29/May/2026:00:06:20 +0000] "POST /wp-cron.php?doing_wp_cron=1780013180.6577789783477783203125 HTTP/1.1" 200 31 "-" "WordPress/6.9.1; https://e-tdr.com"
178.77.180.80 - - [29/May/2026:00:06:20 +0000] "POST /xmlrpc.php HTTP/1.1" 200 415 "-" "WordPress.com; https://wordpress.com"
162.158.106.143 - - [29/May/2026:00:06:20 +0000] "GET /wp-admin/profile.php HTTP/1.1" 200 14882 "https://vcstore.viitorcloud.com/wp-login.php" "Mozilla/5.0 (X11; Ubuntu; Linux x86_64) AppleWebKit/537.36 (KHTML, like Gecko) Chrome/118.0.0.0 Safari/537.36"
162.158.88.152 - - [29/May/2026:00:06:21 +0000] "GET /wp-admin/edit.php HTTP/1.1" 200 16637 "https://vcstore.viitorcloud.com/wp-login.php" "Mozilla/5.0 (X11; Ubuntu; Linux x86_64) AppleWebKit/537.36 (KHTML, like Gecko) Chrome/118.0.0.0 Safari/537.36"
222.165.190.235 - - [29/May/2026:00:06:21 +0000] "GET /wp-login.php HTTP/1.1" 200 2033 "-" "Mozilla/5.0 (Macintosh; Intel Mac OS X 14_7_4) AppleWebKit/537.36 (KHTML, like Gecko) Chrome/133.0.0.0 Safari/537.36"
172.70.188.187 - - [29/May/2026:00:06:21 +0000] "GET /wp-admin/plugins.php HTTP/1.1" 200 15521 "https://vcstore.viitorcloud.com/wp-login.php" "Mozilla/5.0 (X11; Ubuntu; Linux x86_64) AppleWebKit/537.36 (KHTML, like Gecko) Chrome/118.0.0.0 Safari/537.36"
172.70.188.187 - - [29/May/2026:00:06:22 +0000] "GET /wp-admin/index.php HTTP/1.1" 200 18660 "https://vcstore.viitorcloud.com/wp-login.php" "Mozilla/5.0 (X11; Ubuntu; Linux x86_64) AppleWebKit/537.36 (KHTML, like Gecko) Chrome/118.0.0.0 Safari/537.36"
162.158.106.143 - - [29/May/2026:00:06:22 +0000] "GET /wp-admin/profile.php HTTP/1.1" 200 14881 "https://vcstore.viitorcloud.com/wp-login.php" "Mozilla/5.0 (X11; Ubuntu; Linux x86_64) AppleWebKit/537.36 (KHTML, like Gecko) Chrome/118.0.0.0 Safari/537.36"
162.158.170.53 - - [29/May/2026:00:06:22 +0000] "GET /wp-admin/edit.php HTTP/1.1" 200 16636 "https://vcstore.viitorcloud.com/wp-login.php" "Mozilla/5.0 (X11; Ubuntu; Linux x86_64) AppleWebKit/537.36 (KHTML, like Gecko) Chrome/118.0.0.0 Safari/537.36"
172.70.208.116 - - [29/May/2026:00:06:23 +0000] "GET /wp-admin/plugins.php HTTP/1.1" 200 15521 "https://vcstore.viitorcloud.com/wp-login.php" "Mozilla/5.0 (X11; Ubuntu; Linux x86_64) AppleWebKit/537.36 (KHTML, like Gecko) Chrome/118.0.0.0 Safari/537.36"
108.162.226.21 - - [29/May/2026:00:06:23 +0000] "POST /wp-login.php HTTP/1.1" 200 1899 "https://vcstore.viitorcloud.com/wp-login.php" "Mozilla/5.0 (Macintosh; Intel Mac OS X 13_6_1; rv:118.0) Gecko/20100101 Firefox/118.0"
172.70.208.116 - - [29/May/2026:00:06:23 +0000] "GET /wp-admin/index.php HTTP/1.1" 200 18661 "https://vcstore.viitorcloud.com/wp-login.php" "Mozilla/5.0 (X11; Linux x86_64) AppleWebKit/537.36 (KHTML, like Gecko) Chrome/121.0.0.0 Safari/537.36"
162.158.106.143 - - [29/May/2026:00:06:24 +0000] "GET /wp-admin/profile.php HTTP/1.1" 200 14882 "https://vcstore.viitorcloud.com/wp-login.php" "Mozilla/5.0 (X11; Linux x86_64) AppleWebKit/537.36 (KHTML, like Gecko) Chrome/121.0.0.0 Safari/537.36"
172.69.166.17 - - [29/May/2026:00:06:24 +0000] "GET /wp-admin/edit.php HTTP/1.1" 200 16638 "https://vcstore.viitorcloud.com/wp-login.php" "Mozilla/5.0 (X11; Linux x86_64) AppleWebKit/537.36 (KHTML, like Gecko) Chrome/121.0.0.0 Safari/537.36"
162.158.170.53 - - [29/May/2026:00:06:25 +0000] "GET /wp-admin/plugins.php HTTP/1.1" 200 15521 "https://vcstore.viitorcloud.com/wp-login.php" "Mozilla/5.0 (X11; Linux x86_64) AppleWebKit/537.36 (KHTML, like Gecko) Chrome/121.0.0.0 Safari/537.36"
172.71.82.141 - - [29/May/2026:00:06:25 +0000] "GET /wp-admin/index.php HTTP/1.1" 200 18661 "https://vcstore.viitorcloud.com/wp-login.php" "Mozilla/5.0 (X11; Linux x86_64) AppleWebKit/537.36 (KHTML, like Gecko) Chrome/121.0.0.0 Safari/537.36"
162.158.88.152 - - [29/May/2026:00:06:26 +0000] "GET /wp-admin/profile.php HTTP/1.1" 200 14881 "https://vcstore.viitorcloud.com/wp-login.php" "Mozilla/5.0 (X11; Linux x86_64) AppleWebKit/537.36 (KHTML, like Gecko) Chrome/121.0.0.0 Safari/537.36"
162.158.108.25 - - [29/May/2026:00:06:26 +0000] "GET /wp-admin/edit.php HTTP/1.1" 200 16637 "https://vcstore.viitorcloud.com/wp-login.php" "Mozilla/5.0 (X11; Linux x86_64) AppleWebKit/537.36 (KHTML, like Gecko) Chrome/121.0.0.0 Safari/537.36"
172.71.124.45 - - [29/May/2026:00:06:27 +0000] "GET /wp-admin/plugins.php HTTP/1.1" 200 15520 "https://vcstore.viitorcloud.com/wp-login.php" "Mozilla/5.0 (X11; Linux x86_64) AppleWebKit/537.36 (KHTML, like Gecko) Chrome/121.0.0.0 Safari/537.36"
172.70.93.16 - - [29/May/2026:00:06:27 +0000] "POST /wp-login.php HTTP/1.1" 200 1908 "https://vcstore.viitorcloud.com/wp-login.php" "Mozilla/5.0 (Macintosh; Intel Mac OS X 13_6_1) AppleWebKit/605.1.15 (KHTML, like Gecko) Version/16.6 Safari/605.1.15"
162.158.108.25 - - [29/May/2026:00:06:27 +0000] "GET /wp-admin/index.php HTTP/1.1" 200 18661 "https://vcstore.viitorcloud.com/wp-login.php" "Mozilla/5.0 (Macintosh; Intel Mac OS X 13_6_1) AppleWebKit/605.1.15 (KHTML, like Gecko) Version/17.2 Safari/605.1.15"
172.71.82.141 - - [29/May/2026:00:06:28 +0000] "GET /wp-admin/profile.php HTTP/1.1" 200 14882 "https://vcstore.viitorcloud.com/wp-login.php" "Mozilla/5.0 (Macintosh; Intel Mac OS X 13_6_1) AppleWebKit/605.1.15 (KHTML, like Gecko) Version/17.2 Safari/605.1.15"
172.68.164.91 - - [29/May/2026:00:06:28 +0000] "GET /wp-admin/edit.php HTTP/1.1" 200 16638 "https://vcstore.viitorcloud.com/wp-login.php" "Mozilla/5.0 (Macintosh; Intel Mac OS X 13_6_1) AppleWebKit/605.1.15 (KHTML, like Gecko) Version/17.2 Safari/605.1.15"
108.162.226.21 - - [29/May/2026:00:06:28 +0000] "GET /wp-admin/plugins.php HTTP/1.1" 200 15521 "https://vcstore.viitorcloud.com/wp-login.php" "Mozilla/5.0 (Macintosh; Intel Mac OS X 13_6_1) AppleWebKit/605.1.15 (KHTML, like Gecko) Version/17.2 Safari/605.1.15"
172.71.124.45 - - [29/May/2026:00:06:29 +0000] "GET /wp-admin/index.php HTTP/1.1" 200 18661 "https://vcstore.viitorcloud.com/wp-login.php" "Mozilla/5.0 (Macintosh; Intel Mac OS X 13_6_1) AppleWebKit/605.1.15 (KHTML, like Gecko) Version/17.2 Safari/605.1.15"
162.158.106.143 - - [29/May/2026:00:06:29 +0000] "GET /wp-admin/profile.php HTTP/1.1" 200 14880 "https://vcstore.viitorcloud.com/wp-login.php" "Mozilla/5.0 (Macintosh; Intel Mac OS X 13_6_1) AppleWebKit/605.1.15 (KHTML, like Gecko) Version/17.2 Safari/605.1.15"
172.70.93.16 - - [29/May/2026:00:06:30 +0000] "GET /wp-admin/edit.php HTTP/1.1" 200 16638 "https://vcstore.viitorcloud.com/wp-login.php" "Mozilla/5.0 (Macintosh; Intel Mac OS X 13_6_1) AppleWebKit/605.1.15 (KHTML, like Gecko) Version/17.2 Safari/605.1.15"
162.158.108.25 - - [29/May/2026:00:06:30 +0000] "GET /wp-admin/plugins.php HTTP/1.1" 200 15521 "https://vcstore.viitorcloud.com/wp-login.php" "Mozilla/5.0 (Macintosh; Intel Mac OS X 13_6_1) AppleWebKit/605.1.15 (KHTML, like Gecko) Version/17.2 Safari/605.1.15"
172.69.176.62 - - [29/May/2026:00:06:30 +0000] "POST /wp-login.php HTTP/1.1" 200 1908 "https://vcstore.viitorcloud.com/wp-login.php" "Mozilla/5.0 (Windows NT 10.0; Win64; x64; rv:119.0) Gecko/20100101 Firefox/119.0"
162.158.108.25 - - [29/May/2026:00:06:31 +0000] "GET /wp-admin/index.php HTTP/1.1" 200 18661 "https://vcstore.viitorcloud.com/wp-login.php" "Mozilla/5.0 (X11; Linux x86_64) AppleWebKit/537.36 (KHTML, like Gecko) Chrome/120.0.0.0 Safari/537.36"
178.77.180.80 - - [29/May/2026:00:06:31 +0000] "POST /xmlrpc.php HTTP/1.1" 200 415 "-" "Jetpack by WordPress.com"
172.69.166.17 - - [29/May/2026:00:06:31 +0000] "GET /wp-admin/profile.php HTTP/1.1" 200 14880 "https://vcstore.viitorcloud.com/wp-login.php" "Mozilla/5.0 (X11; Linux x86_64) AppleWebKit/537.36 (KHTML, like Gecko) Chrome/120.0.0.0 Safari/537.36"
162.158.88.152 - - [29/May/2026:00:06:32 +0000] "GET /wp-admin/edit.php HTTP/1.1" 200 16636 "https://vcstore.viitorcloud.com/wp-login.php" "Mozilla/5.0 (X11; Linux x86_64) AppleWebKit/537.36 (KHTML, like Gecko) Chrome/120.0.0.0 Safari/537.36"
172.69.165.27 - - [29/May/2026:00:06:32 +0000] "GET /wp-admin/plugins.php HTTP/1.1" 200 15520 "https://vcstore.viitorcloud.com/wp-login.php" "Mozilla/5.0 (X11; Linux x86_64) AppleWebKit/537.36 (KHTML, like Gecko) Chrome/120.0.0.0 Safari/537.36"
172.68.164.91 - - [29/May/2026:00:06:32 +0000] "GET /wp-admin/index.php HTTP/1.1" 200 18660 "https://vcstore.viitorcloud.com/wp-login.php" "Mozilla/5.0 (X11; Linux x86_64) AppleWebKit/537.36 (KHTML, like Gecko) Chrome/120.0.0.0 Safari/537.36"
172.71.124.45 - - [29/May/2026:00:06:33 +0000] "GET /wp-admin/profile.php HTTP/1.1" 200 14882 "https://vcstore.viitorcloud.com/wp-login.php" "Mozilla/5.0 (X11; Linux x86_64) AppleWebKit/537.36 (KHTML, like Gecko) Chrome/120.0.0.0 Safari/537.36"
162.158.108.25 - - [29/May/2026:00:06:33 +0000] "GET /wp-admin/edit.php HTTP/1.1" 200 16637 "https://vcstore.viitorcloud.com/wp-login.php" "Mozilla/5.0 (X11; Linux x86_64) AppleWebKit/537.36 (KHTML, like Gecko) Chrome/120.0.0.0 Safari/537.36"
172.70.208.116 - - [29/May/2026:00:06:33 +0000] "GET /wp-admin/plugins.php HTTP/1.1" 200 15521 "https://vcstore.viitorcloud.com/wp-login.php" "Mozilla/5.0 (X11; Linux x86_64) AppleWebKit/537.36 (KHTML, like Gecko) Chrome/120.0.0.0 Safari/537.36"
162.158.88.152 - - [29/May/2026:00:06:34 +0000] "POST /wp-login.php HTTP/1.1" 200 1908 "https://vcstore.viitorcloud.com/wp-login.php" "Mozilla/5.0 (Macintosh; Intel Mac OS X 13_6_1) AppleWebKit/605.1.15 (KHTML, like Gecko) Version/16.6 Safari/605.1.15"
172.70.208.116 - - [29/May/2026:00:06:34 +0000] "GET /wp-admin/index.php HTTP/1.1" 200 18661 "https://vcstore.viitorcloud.com/wp-login.php" "Mozilla/5.0 (X11; Ubuntu; Linux x86_64) AppleWebKit/537.36 (KHTML, like Gecko) Chrome/121.0.0.0 Safari/537.36"
162.158.190.4 - - [29/May/2026:00:06:35 +0000] "GET /wp-admin/profile.php HTTP/1.1" 200 14881 "https://vcstore.viitorcloud.com/wp-login.php" "Mozilla/5.0 (X11; Ubuntu; Linux x86_64) AppleWebKit/537.36 (KHTML, like Gecko) Chrome/121.0.0.0 Safari/537.36"
172.70.208.116 - - [29/May/2026:00:06:35 +0000] "GET /wp-admin/edit.php HTTP/1.1" 200 16637 "https://vcstore.viitorcloud.com/wp-login.php" "Mozilla/5.0 (X11; Ubuntu; Linux x86_64) AppleWebKit/537.36 (KHTML, like Gecko) Chrome/121.0.0.0 Safari/537.36"
172.69.166.17 - - [29/May/2026:00:06:35 +0000] "GET /wp-admin/plugins.php HTTP/1.1" 200 15521 "https://vcstore.viitorcloud.com/wp-login.php" "Mozilla/5.0 (X11; Ubuntu; Linux x86_64) AppleWebKit/537.36 (KHTML, like Gecko) Chrome/121.0.0.0 Safari/537.36"
172.70.188.187 - - [29/May/2026:00:06:36 +0000] "GET /wp-admin/index.php HTTP/1.1" 200 18660 "https://vcstore.viitorcloud.com/wp-login.php" "Mozilla/5.0 (X11; Ubuntu; Linux x86_64) AppleWebKit/537.36 (KHTML, like Gecko) Chrome/121.0.0.0 Safari/537.36"
162.158.190.4 - - [29/May/2026:00:06:36 +0000] "GET /wp-admin/profile.php HTTP/1.1" 200 14880 "https://vcstore.viitorcloud.com/wp-login.php" "Mozilla/5.0 (X11; Ubuntu; Linux x86_64) AppleWebKit/537.36 (KHTML, like Gecko) Chrome/121.0.0.0 Safari/537.36"
172.71.82.141 - - [29/May/2026:00:06:37 +0000] "GET /wp-admin/edit.php HTTP/1.1" 200 16637 "https://vcstore.viitorcloud.com/wp-login.php" "Mozilla/5.0 (X11; Ubuntu; Linux x86_64) AppleWebKit/537.36 (KHTML, like Gecko) Chrome/121.0.0.0 Safari/537.36"
172.71.124.45 - - [29/May/2026:00:06:37 +0000] "GET /wp-admin/plugins.php HTTP/1.1" 200 15521 "https://vcstore.viitorcloud.com/wp-login.php" "Mozilla/5.0 (X11; Ubuntu; Linux x86_64) AppleWebKit/537.36 (KHTML, like Gecko) Chrome/121.0.0.0 Safari/537.36"
172.68.164.91 - - [29/May/2026:00:06:37 +0000] "POST /wp-login.php HTTP/1.1" 200 1908 "https://vcstore.viitorcloud.com/wp-login.php" "Mozilla/5.0 (Macintosh; Intel Mac OS X 13_6_1) AppleWebKit/605.1.15 (KHTML, like Gecko) Version/17.0 Safari/605.1.15"
172.69.165.27 - - [29/May/2026:00:06:38 +0000] "GET /wp-admin/index.php HTTP/1.1" 200 18661 "https://vcstore.viitorcloud.com/wp-login.php" "Mozilla/5.0 (Windows NT 11.0; Win64; x64; rv:121.0) Gecko/20100101 Firefox/121.0"
162.158.106.143 - - [29/May/2026:00:06:38 +0000] "GET /wp-admin/profile.php HTTP/1.1" 200 14882 "https://vcstore.viitorcloud.com/wp-login.php" "Mozilla/5.0 (Windows NT 11.0; Win64; x64; rv:121.0) Gecko/20100101 Firefox/121.0"
172.70.93.16 - - [29/May/2026:00:06:39 +0000] "GET /wp-admin/edit.php HTTP/1.1" 200 16638 "https://vcstore.viitorcloud.com/wp-login.php" "Mozilla/5.0 (Windows NT 11.0; Win64; x64; rv:121.0) Gecko/20100101 Firefox/121.0"
172.70.208.116 - - [29/May/2026:00:06:40 +0000] "GET /wp-admin/plugins.php HTTP/1.1" 200 15520 "https://vcstore.viitorcloud.com/wp-login.php" "Mozilla/5.0 (Windows NT 11.0; Win64; x64; rv:121.0) Gecko/20100101 Firefox/121.0"
172.68.164.91 - - [29/May/2026:00:06:40 +0000] "GET /wp-admin/index.php HTTP/1.1" 200 18661 "https://vcstore.viitorcloud.com/wp-login.php" "Mozilla/5.0 (Windows NT 11.0; Win64; x64; rv:121.0) Gecko/20100101 Firefox/121.0"
134.209.147.209 - - [29/May/2026:00:06:40 +0000] "POST /wp-cron.php?doing_wp_cron=1780013200.7718141078948974609375 HTTP/1.1" 200 31 "-" "WordPress/6.5.3; https://vcstore.stgviitor.com"
82.223.24.195 - - [29/May/2026:00:06:40 +0000] "GET /wp-login.php HTTP/1.1" 200 1831 "-" "Mozilla/5.0 (X11; Linux x86_64; rv:133.0) Gecko/20100101 Firefox/133.0"
162.158.106.142 - - [29/May/2026:00:06:40 +0000] "GET /wp-admin/profile.php HTTP/1.1" 200 14879 "https://vcstore.viitorcloud.com/wp-login.php" "Mozilla/5.0 (Windows NT 11.0; Win64; x64; rv:121.0) Gecko/20100101 Firefox/121.0"
82.223.24.195 - - [29/May/2026:00:06:41 +0000] "POST /wp-login.php HTTP/1.1" 200 1967 "https://vcstore.stgviitor.com/wp-login.php" "Mozilla/5.0 (X11; Linux x86_64; rv:133.0) Gecko/20100101 Firefox/133.0"
104.22.66.51 - - [29/May/2026:00:06:41 +0000] "GET /wp-admin/edit.php HTTP/1.1" 200 16637 "https://vcstore.viitorcloud.com/wp-login.php" "Mozilla/5.0 (Windows NT 11.0; Win64; x64; rv:121.0) Gecko/20100101 Firefox/121.0"
134.209.147.209 - - [29/May/2026:00:06:41 +0000] "POST /wp-cron.php?doing_wp_cron=1780013201.5770061016082763671875 HTTP/1.1" 200 31 "-" "WordPress/6.9.4; https://laracopilot.stgviitor.com"
213.171.208.62 - - [29/May/2026:00:06:41 +0000] "GET /wp-login.php HTTP/1.1" 200 2008 "-" "Mozilla/5.0 (Windows NT 10.0; Win64; x64; rv:133.0) Gecko/20100101 Firefox/133.0"
178.77.180.80 - - [29/May/2026:00:06:41 +0000] "POST /xmlrpc.php HTTP/1.1" 200 415 "-" "Jetpack/12.1; WordPress/6.3; http://site23168960.com"
172.70.208.116 - - [29/May/2026:00:06:41 +0000] "GET /wp-admin/plugins.php HTTP/1.1" 200 15521 "https://vcstore.viitorcloud.com/wp-login.php" "Mozilla/5.0 (Windows NT 11.0; Win64; x64; rv:121.0) Gecko/20100101 Firefox/121.0"
172.70.208.116 - - [29/May/2026:00:06:42 +0000] "POST /wp-login.php HTTP/1.1" 200 1908 "https://vcstore.viitorcloud.com/wp-login.php" "Mozilla/5.0 (Macintosh; Intel Mac OS X 13_6_1) AppleWebKit/537.36 (KHTML, like Gecko) Chrome/119.0.0.0 Safari/537.36"
213.171.208.62 - - [29/May/2026:00:06:43 +0000] "POST /wp-login.php HTTP/1.1" 200 2149 "https://laracopilot.stgviitor.com/wp-login.php" "Mozilla/5.0 (Windows NT 10.0; Win64; x64; rv:133.0) Gecko/20100101 Firefox/133.0"
172.70.188.187 - - [29/May/2026:00:06:43 +0000] "GET /wp-admin/index.php HTTP/1.1" 200 18660 "https://vcstore.viitorcloud.com/wp-login.php" "Mozilla/5.0 (Windows NT 10.0; Win64; x64; rv:119.0) Gecko/20100101 Firefox/119.0"
144.126.139.83 - - [29/May/2026:00:06:43 +0000] "GET /wp-login.php HTTP/1.1" 200 1831 "-" "Mozilla/5.0 (X11; CrOS x86_64 14541.0.0) AppleWebKit/537.36 (KHTML, like Gecko) Chrome/133.0.0.0 Safari/537.36"
172.69.165.27 - - [29/May/2026:00:06:43 +0000] "GET /wp-admin/profile.php HTTP/1.1" 200 14881 "https://vcstore.viitorcloud.com/wp-login.php" "Mozilla/5.0 (Windows NT 10.0; Win64; x64; rv:119.0) Gecko/20100101 Firefox/119.0"
162.158.106.142 - - [29/May/2026:00:06:44 +0000] "GET /wp-admin/edit.php HTTP/1.1" 200 16637 "https://vcstore.viitorcloud.com/wp-login.php" "Mozilla/5.0 (Windows NT 10.0; Win64; x64; rv:119.0) Gecko/20100101 Firefox/119.0"
172.68.164.91 - - [29/May/2026:00:06:44 +0000] "GET /wp-admin/plugins.php HTTP/1.1" 200 15521 "https://vcstore.viitorcloud.com/wp-login.php" "Mozilla/5.0 (Windows NT 10.0; Win64; x64; rv:119.0) Gecko/20100101 Firefox/119.0"
144.126.139.83 - - [29/May/2026:00:06:44 +0000] "POST /wp-login.php HTTP/1.1" 200 1967 "https://vcstore.stgviitor.com/wp-login.php" "Mozilla/5.0 (X11; CrOS x86_64 14541.0.0) AppleWebKit/537.36 (KHTML, like Gecko) Chrome/133.0.0.0 Safari/537.36"
172.69.165.27 - - [29/May/2026:00:06:45 +0000] "GET /wp-admin/index.php HTTP/1.1" 200 18661 "https://vcstore.viitorcloud.com/wp-login.php" "Mozilla/5.0 (Windows NT 10.0; Win64; x64; rv:119.0) Gecko/20100101 Firefox/119.0"
162.158.170.53 - - [29/May/2026:00:06:45 +0000] "GET /wp-admin/profile.php HTTP/1.1" 200 14881 "https://vcstore.viitorcloud.com/wp-login.php" "Mozilla/5.0 (Windows NT 10.0; Win64; x64; rv:119.0) Gecko/20100101 Firefox/119.0"
172.71.82.141 - - [29/May/2026:00:06:46 +0000] "GET /wp-admin/edit.php HTTP/1.1" 200 16637 "https://vcstore.viitorcloud.com/wp-login.php" "Mozilla/5.0 (Windows NT 10.0; Win64; x64; rv:119.0) Gecko/20100101 Firefox/119.0"
172.71.82.141 - - [29/May/2026:00:06:46 +0000] "GET /wp-admin/plugins.php HTTP/1.1" 200 15520 "https://vcstore.viitorcloud.com/wp-login.php" "Mozilla/5.0 (Windows NT 10.0; Win64; x64; rv:119.0) Gecko/20100101 Firefox/119.0"
162.158.190.4 - - [29/May/2026:00:06:47 +0000] "POST /wp-login.php HTTP/1.1" 200 1908 "https://vcstore.viitorcloud.com/wp-login.php" "Mozilla/5.0 (Macintosh; Intel Mac OS X 10_15_7) AppleWebKit/605.1.15 (KHTML, like Gecko) Version/17.1 Safari/605.1.15"
162.158.190.4 - - [29/May/2026:00:06:47 +0000] "GET /wp-admin/index.php HTTP/1.1" 200 18661 "https://vcstore.viitorcloud.com/wp-login.php" "Mozilla/5.0 (Windows NT 10.0; Win64; x64) AppleWebKit/537.36 (KHTML, like Gecko) Chrome/121.0.0.0 Safari/537.36"
108.162.226.21 - - [29/May/2026:00:06:47 +0000] "GET /wp-admin/profile.php HTTP/1.1" 200 14882 "https://vcstore.viitorcloud.com/wp-login.php" "Mozilla/5.0 (Windows NT 10.0; Win64; x64) AppleWebKit/537.36 (KHTML, like Gecko) Chrome/121.0.0.0 Safari/537.36"
162.158.170.53 - - [29/May/2026:00:06:48 +0000] "GET /wp-admin/edit.php HTTP/1.1" 200 16637 "https://vcstore.viitorcloud.com/wp-login.php" "Mozilla/5.0 (Windows NT 10.0; Win64; x64) AppleWebKit/537.36 (KHTML, like Gecko) Chrome/121.0.0.0 Safari/537.36"
