172.69.166.17 - - [29/May/2026:00:04:21 +0000] "GET /wp-admin/index.php HTTP/1.1" 200 18466 "https://vcstore.viitorcloud.com/wp-login.php" "Mozilla/5.0 (Windows NT 10.0; Win64; x64) AppleWebKit/537.36 (KHTML, like Gecko) Chrome/121.0.0.0 Safari/537.36"
172.69.176.62 - - [29/May/2026:00:04:22 +0000] "GET /wp-admin/profile.php HTTP/1.1" 200 14871 "https://vcstore.viitorcloud.com/wp-login.php" "Mozilla/5.0 (Windows NT 10.0; Win64; x64) AppleWebKit/537.36 (KHTML, like Gecko) Chrome/121.0.0.0 Safari/537.36"
162.158.190.3 - - [29/May/2026:00:04:22 +0000] "GET /wp-admin/edit.php HTTP/1.1" 200 16625 "https://vcstore.viitorcloud.com/wp-login.php" "Mozilla/5.0 (Windows NT 10.0; Win64; x64) AppleWebKit/537.36 (KHTML, like Gecko) Chrome/121.0.0.0 Safari/537.36"
172.70.93.16 - - [29/May/2026:00:04:23 +0000] "GET /wp-admin/plugins.php HTTP/1.1" 200 15529 "https://vcstore.viitorcloud.com/wp-login.php" "Mozilla/5.0 (Windows NT 10.0; Win64; x64) AppleWebKit/537.36 (KHTML, like Gecko) Chrome/121.0.0.0 Safari/537.36"
162.158.108.25 - - [29/May/2026:00:04:23 +0000] "GET /wp-admin/index.php HTTP/1.1" 200 18465 "https://vcstore.viitorcloud.com/wp-login.php" "Mozilla/5.0 (Windows NT 10.0; Win64; x64) AppleWebKit/537.36 (KHTML, like Gecko) Chrome/121.0.0.0 Safari/537.36"
172.69.176.62 - - [29/May/2026:00:04:23 +0000] "GET /wp-admin/profile.php HTTP/1.1" 200 14870 "https://vcstore.viitorcloud.com/wp-login.php" "Mozilla/5.0 (Windows NT 10.0; Win64; x64) AppleWebKit/537.36 (KHTML, like Gecko) Chrome/121.0.0.0 Safari/537.36"
172.68.164.91 - - [29/May/2026:00:04:24 +0000] "GET /wp-admin/edit.php HTTP/1.1" 200 16625 "https://vcstore.viitorcloud.com/wp-login.php" "Mozilla/5.0 (Windows NT 10.0; Win64; x64) AppleWebKit/537.36 (KHTML, like Gecko) Chrome/121.0.0.0 Safari/537.36"
178.77.180.80 - - [29/May/2026:00:04:24 +0000] "POST /xmlrpc.php HTTP/1.1" 200 415 "-" "Jetpack by WordPress.com"
172.70.93.16 - - [29/May/2026:00:04:25 +0000] "GET /wp-admin/plugins.php HTTP/1.1" 200 15529 "https://vcstore.viitorcloud.com/wp-login.php" "Mozilla/5.0 (Windows NT 10.0; Win64; x64) AppleWebKit/537.36 (KHTML, like Gecko) Chrome/121.0.0.0 Safari/537.36"
108.162.226.21 - - [29/May/2026:00:04:25 +0000] "POST /wp-login.php HTTP/1.1" 200 1933 "https://vcstore.viitorcloud.com/wp-login.php" "Mozilla/5.0 (Macintosh; Intel Mac OS X 10_15_7) AppleWebKit/537.36 (KHTML, like Gecko) Chrome/119.0.0.0 Safari/537.36"
162.158.190.4 - - [29/May/2026:00:04:25 +0000] "GET /wp-admin/index.php HTTP/1.1" 200 18465 "https://vcstore.viitorcloud.com/wp-login.php" "Mozilla/5.0 (Macintosh; Intel Mac OS X 10_15_7; rv:120.0) Gecko/20100101 Firefox/120.0"
108.162.226.21 - - [29/May/2026:00:04:26 +0000] "GET /wp-admin/profile.php HTTP/1.1" 200 14874 "https://vcstore.viitorcloud.com/wp-login.php" "Mozilla/5.0 (Macintosh; Intel Mac OS X 10_15_7; rv:120.0) Gecko/20100101 Firefox/120.0"
162.158.108.25 - - [29/May/2026:00:04:26 +0000] "GET /wp-admin/edit.php HTTP/1.1" 200 16625 "https://vcstore.viitorcloud.com/wp-login.php" "Mozilla/5.0 (Macintosh; Intel Mac OS X 10_15_7; rv:120.0) Gecko/20100101 Firefox/120.0"
162.158.190.4 - - [29/May/2026:00:04:27 +0000] "GET /wp-admin/plugins.php HTTP/1.1" 200 15529 "https://vcstore.viitorcloud.com/wp-login.php" "Mozilla/5.0 (Macintosh; Intel Mac OS X 10_15_7; rv:120.0) Gecko/20100101 Firefox/120.0"
172.70.93.16 - - [29/May/2026:00:04:27 +0000] "GET /wp-admin/index.php HTTP/1.1" 200 18466 "https://vcstore.viitorcloud.com/wp-login.php" "Mozilla/5.0 (Macintosh; Intel Mac OS X 10_15_7; rv:120.0) Gecko/20100101 Firefox/120.0"
162.158.106.143 - - [29/May/2026:00:04:27 +0000] "GET /wp-admin/profile.php HTTP/1.1" 200 14873 "https://vcstore.viitorcloud.com/wp-login.php" "Mozilla/5.0 (Macintosh; Intel Mac OS X 10_15_7; rv:120.0) Gecko/20100101 Firefox/120.0"
108.162.226.21 - - [29/May/2026:00:04:28 +0000] "GET /wp-admin/edit.php HTTP/1.1" 200 16625 "https://vcstore.viitorcloud.com/wp-login.php" "Mozilla/5.0 (Macintosh; Intel Mac OS X 10_15_7; rv:120.0) Gecko/20100101 Firefox/120.0"
172.68.164.91 - - [29/May/2026:00:04:28 +0000] "GET /wp-admin/plugins.php HTTP/1.1" 200 15529 "https://vcstore.viitorcloud.com/wp-login.php" "Mozilla/5.0 (Macintosh; Intel Mac OS X 10_15_7; rv:120.0) Gecko/20100101 Firefox/120.0"
172.69.166.17 - - [29/May/2026:00:04:28 +0000] "POST /wp-login.php HTTP/1.1" 302 5 "https://vcstore.viitorcloud.com/wp-login.php" "Mozilla/5.0 (Windows NT 11.0; Win64; x64) AppleWebKit/537.36 (KHTML, like Gecko) Chrome/120.0.0.0 Safari/537.36"
172.70.208.116 - - [29/May/2026:00:04:29 +0000] "GET /wp-admin/index.php HTTP/1.1" 200 18660 "https://vcstore.viitorcloud.com/wp-login.php" "Mozilla/5.0 (X11; Linux x86_64) AppleWebKit/537.36 (KHTML, like Gecko) Chrome/119.0.0.0 Safari/537.36"
172.69.165.27 - - [29/May/2026:00:04:29 +0000] "GET /wp-admin/profile.php HTTP/1.1" 200 14882 "https://vcstore.viitorcloud.com/wp-login.php" "Mozilla/5.0 (X11; Linux x86_64) AppleWebKit/537.36 (KHTML, like Gecko) Chrome/119.0.0.0 Safari/537.36"
172.70.188.187 - - [29/May/2026:00:04:30 +0000] "GET /wp-admin/edit.php HTTP/1.1" 200 16635 "https://vcstore.viitorcloud.com/wp-login.php" "Mozilla/5.0 (X11; Linux x86_64) AppleWebKit/537.36 (KHTML, like Gecko) Chrome/119.0.0.0 Safari/537.36"
162.158.170.53 - - [29/May/2026:00:04:30 +0000] "GET /wp-admin/plugins.php HTTP/1.1" 200 15518 "https://vcstore.viitorcloud.com/wp-login.php" "Mozilla/5.0 (X11; Linux x86_64) AppleWebKit/537.36 (KHTML, like Gecko) Chrome/119.0.0.0 Safari/537.36"
172.70.208.116 - - [29/May/2026:00:04:30 +0000] "GET /wp-admin/index.php HTTP/1.1" 200 18660 "https://vcstore.viitorcloud.com/wp-login.php" "Mozilla/5.0 (X11; Linux x86_64) AppleWebKit/537.36 (KHTML, like Gecko) Chrome/119.0.0.0 Safari/537.36"
172.69.166.17 - - [29/May/2026:00:04:31 +0000] "GET /wp-admin/profile.php HTTP/1.1" 200 14882 "https://vcstore.viitorcloud.com/wp-login.php" "Mozilla/5.0 (X11; Linux x86_64) AppleWebKit/537.36 (KHTML, like Gecko) Chrome/119.0.0.0 Safari/537.36"
172.70.188.187 - - [29/May/2026:00:04:31 +0000] "GET /wp-admin/edit.php HTTP/1.1" 200 16634 "https://vcstore.viitorcloud.com/wp-login.php" "Mozilla/5.0 (X11; Linux x86_64) AppleWebKit/537.36 (KHTML, like Gecko) Chrome/119.0.0.0 Safari/537.36"
172.70.93.16 - - [29/May/2026:00:04:32 +0000] "GET /wp-admin/plugins.php HTTP/1.1" 200 15517 "https://vcstore.viitorcloud.com/wp-login.php" "Mozilla/5.0 (X11; Linux x86_64) AppleWebKit/537.36 (KHTML, like Gecko) Chrome/119.0.0.0 Safari/537.36"
104.22.66.51 - - [29/May/2026:00:04:32 +0000] "GET /wp-admin/index.php HTTP/1.1" 200 18659 "https://vcstore.viitorcloud.com/wp-login.php" "Mozilla/5.0 (X11; Linux x86_64) AppleWebKit/537.36 (KHTML, like Gecko) Chrome/119.0.0.0 Safari/537.36"
172.68.164.91 - - [29/May/2026:00:04:32 +0000] "GET /wp-admin/profile.php HTTP/1.1" 200 14880 "https://vcstore.viitorcloud.com/wp-login.php" "Mozilla/5.0 (X11; Linux x86_64) AppleWebKit/537.36 (KHTML, like Gecko) Chrome/119.0.0.0 Safari/537.36"
172.71.124.45 - - [29/May/2026:00:04:33 +0000] "GET /wp-admin/edit.php HTTP/1.1" 200 16634 "https://vcstore.viitorcloud.com/wp-login.php" "Mozilla/5.0 (X11; Linux x86_64) AppleWebKit/537.36 (KHTML, like Gecko) Chrome/119.0.0.0 Safari/537.36"
172.70.208.116 - - [29/May/2026:00:04:33 +0000] "GET /wp-admin/plugins.php HTTP/1.1" 200 15518 "https://vcstore.viitorcloud.com/wp-login.php" "Mozilla/5.0 (X11; Linux x86_64) AppleWebKit/537.36 (KHTML, like Gecko) Chrome/119.0.0.0 Safari/537.36"
104.22.66.51 - - [29/May/2026:00:04:33 +0000] "POST /wp-login.php HTTP/1.1" 200 1934 "https://vcstore.viitorcloud.com/wp-login.php" "Mozilla/5.0 (X11; Ubuntu; Linux x86_64) AppleWebKit/537.36 (KHTML, like Gecko) Chrome/118.0.0.0 Safari/537.36"
172.69.166.17 - - [29/May/2026:00:04:34 +0000] "GET /wp-admin/index.php HTTP/1.1" 200 18659 "https://vcstore.viitorcloud.com/wp-login.php" "Mozilla/5.0 (Macintosh; Intel Mac OS X 10_15_7; rv:120.0) Gecko/20100101 Firefox/120.0"
104.23.175.94 - - [29/May/2026:00:04:34 +0000] "GET /wp-admin/profile.php HTTP/1.1" 200 14882 "https://vcstore.viitorcloud.com/wp-login.php" "Mozilla/5.0 (Macintosh; Intel Mac OS X 10_15_7; rv:120.0) Gecko/20100101 Firefox/120.0"
162.158.170.53 - - [29/May/2026:00:04:35 +0000] "GET /wp-admin/edit.php HTTP/1.1" 200 16634 "https://vcstore.viitorcloud.com/wp-login.php" "Mozilla/5.0 (Macintosh; Intel Mac OS X 10_15_7; rv:120.0) Gecko/20100101 Firefox/120.0"
178.77.180.80 - - [29/May/2026:00:04:35 +0000] "POST /xmlrpc.php HTTP/1.1" 200 415 "-" "Jetpack by WordPress.com (Jetpack 13.0; WordPress 6.1)"
172.68.164.91 - - [29/May/2026:00:04:35 +0000] "GET /wp-admin/plugins.php HTTP/1.1" 200 15518 "https://vcstore.viitorcloud.com/wp-login.php" "Mozilla/5.0 (Macintosh; Intel Mac OS X 10_15_7; rv:120.0) Gecko/20100101 Firefox/120.0"
172.69.176.62 - - [29/May/2026:00:04:35 +0000] "GET /wp-admin/index.php HTTP/1.1" 200 18660 "https://vcstore.viitorcloud.com/wp-login.php" "Mozilla/5.0 (Macintosh; Intel Mac OS X 10_15_7; rv:120.0) Gecko/20100101 Firefox/120.0"
172.71.82.141 - - [29/May/2026:00:04:36 +0000] "GET /wp-admin/profile.php HTTP/1.1" 200 14880 "https://vcstore.viitorcloud.com/wp-login.php" "Mozilla/5.0 (Macintosh; Intel Mac OS X 10_15_7; rv:120.0) Gecko/20100101 Firefox/120.0"
162.158.170.53 - - [29/May/2026:00:04:36 +0000] "GET /wp-admin/edit.php HTTP/1.1" 200 16633 "https://vcstore.viitorcloud.com/wp-login.php" "Mozilla/5.0 (Macintosh; Intel Mac OS X 10_15_7; rv:120.0) Gecko/20100101 Firefox/120.0"
162.158.170.53 - - [29/May/2026:00:04:37 +0000] "GET /wp-admin/plugins.php HTTP/1.1" 200 15518 "https://vcstore.viitorcloud.com/wp-login.php" "Mozilla/5.0 (Macintosh; Intel Mac OS X 10_15_7; rv:120.0) Gecko/20100101 Firefox/120.0"
162.158.108.25 - - [29/May/2026:00:04:37 +0000] "POST /wp-login.php HTTP/1.1" 200 1929 "https://vcstore.viitorcloud.com/wp-login.php" "Mozilla/5.0 (Macintosh; Intel Mac OS X 13_6_1) AppleWebKit/537.36 (KHTML, like Gecko) Chrome/121.0.0.0 Safari/537.36"
172.69.165.27 - - [29/May/2026:00:04:37 +0000] "GET /wp-admin/index.php HTTP/1.1" 200 18660 "https://vcstore.viitorcloud.com/wp-login.php" "Mozilla/5.0 (Macintosh; Intel Mac OS X 13_6_1) AppleWebKit/605.1.15 (KHTML, like Gecko) Version/16.6 Safari/605.1.15"
172.69.166.17 - - [29/May/2026:00:04:38 +0000] "GET /wp-admin/profile.php HTTP/1.1" 200 14881 "https://vcstore.viitorcloud.com/wp-login.php" "Mozilla/5.0 (Macintosh; Intel Mac OS X 13_6_1) AppleWebKit/605.1.15 (KHTML, like Gecko) Version/16.6 Safari/605.1.15"
172.68.164.91 - - [29/May/2026:00:04:38 +0000] "GET /wp-admin/edit.php HTTP/1.1" 200 16634 "https://vcstore.viitorcloud.com/wp-login.php" "Mozilla/5.0 (Macintosh; Intel Mac OS X 13_6_1) AppleWebKit/605.1.15 (KHTML, like Gecko) Version/16.6 Safari/605.1.15"
172.70.93.16 - - [29/May/2026:00:04:38 +0000] "GET /wp-admin/plugins.php HTTP/1.1" 200 15518 "https://vcstore.viitorcloud.com/wp-login.php" "Mozilla/5.0 (Macintosh; Intel Mac OS X 13_6_1) AppleWebKit/605.1.15 (KHTML, like Gecko) Version/16.6 Safari/605.1.15"
108.162.226.21 - - [29/May/2026:00:04:39 +0000] "GET /wp-admin/index.php HTTP/1.1" 200 18660 "https://vcstore.viitorcloud.com/wp-login.php" "Mozilla/5.0 (Macintosh; Intel Mac OS X 13_6_1) AppleWebKit/605.1.15 (KHTML, like Gecko) Version/16.6 Safari/605.1.15"
172.71.124.45 - - [29/May/2026:00:04:39 +0000] "GET /wp-admin/profile.php HTTP/1.1" 200 14882 "https://vcstore.viitorcloud.com/wp-login.php" "Mozilla/5.0 (Macintosh; Intel Mac OS X 13_6_1) AppleWebKit/605.1.15 (KHTML, like Gecko) Version/16.6 Safari/605.1.15"
172.71.82.141 - - [29/May/2026:00:04:40 +0000] "GET /wp-admin/edit.php HTTP/1.1" 200 16635 "https://vcstore.viitorcloud.com/wp-login.php" "Mozilla/5.0 (Macintosh; Intel Mac OS X 13_6_1) AppleWebKit/605.1.15 (KHTML, like Gecko) Version/16.6 Safari/605.1.15"
162.158.190.4 - - [29/May/2026:00:04:40 +0000] "GET /wp-admin/plugins.php HTTP/1.1" 200 15518 "https://vcstore.viitorcloud.com/wp-login.php" "Mozilla/5.0 (Macintosh; Intel Mac OS X 13_6_1) AppleWebKit/605.1.15 (KHTML, like Gecko) Version/16.6 Safari/605.1.15"
162.158.88.152 - - [29/May/2026:00:04:40 +0000] "POST /wp-login.php HTTP/1.1" 302 5 "https://vcstore.viitorcloud.com/wp-login.php" "Mozilla/5.0 (Macintosh; Intel Mac OS X 13_6_1) AppleWebKit/537.36 (KHTML, like Gecko) Chrome/119.0.0.0 Safari/537.36"
162.158.190.4 - - [29/May/2026:00:04:42 +0000] "GET /wp-admin/index.php HTTP/1.1" 200 18661 "https://vcstore.viitorcloud.com/wp-login.php" "Mozilla/5.0 (Macintosh; Intel Mac OS X 13_6_1) AppleWebKit/537.36 (KHTML, like Gecko) Chrome/119.0.0.0 Safari/537.36"
172.68.164.91 - - [29/May/2026:00:04:42 +0000] "GET /wp-admin/profile.php HTTP/1.1" 200 14881 "https://vcstore.viitorcloud.com/wp-login.php" "Mozilla/5.0 (Macintosh; Intel Mac OS X 13_6_1) AppleWebKit/537.36 (KHTML, like Gecko) Chrome/119.0.0.0 Safari/537.36"
104.22.66.51 - - [29/May/2026:00:04:42 +0000] "GET /wp-admin/edit.php HTTP/1.1" 200 16636 "https://vcstore.viitorcloud.com/wp-login.php" "Mozilla/5.0 (Macintosh; Intel Mac OS X 13_6_1) AppleWebKit/537.36 (KHTML, like Gecko) Chrome/119.0.0.0 Safari/537.36"
162.158.88.152 - - [29/May/2026:00:04:43 +0000] "GET /wp-admin/plugins.php HTTP/1.1" 200 15521 "https://vcstore.viitorcloud.com/wp-login.php" "Mozilla/5.0 (Macintosh; Intel Mac OS X 13_6_1) AppleWebKit/537.36 (KHTML, like Gecko) Chrome/119.0.0.0 Safari/537.36"
162.158.108.25 - - [29/May/2026:00:04:43 +0000] "GET /wp-admin/index.php HTTP/1.1" 200 18661 "https://vcstore.viitorcloud.com/wp-login.php" "Mozilla/5.0 (Macintosh; Intel Mac OS X 13_6_1) AppleWebKit/537.36 (KHTML, like Gecko) Chrome/119.0.0.0 Safari/537.36"
104.22.66.51 - - [29/May/2026:00:04:44 +0000] "GET /wp-admin/profile.php HTTP/1.1" 200 14880 "https://vcstore.viitorcloud.com/wp-login.php" "Mozilla/5.0 (Macintosh; Intel Mac OS X 13_6_1) AppleWebKit/537.36 (KHTML, like Gecko) Chrome/119.0.0.0 Safari/537.36"
162.158.106.143 - - [29/May/2026:00:04:44 +0000] "GET /wp-admin/edit.php HTTP/1.1" 200 16637 "https://vcstore.viitorcloud.com/wp-login.php" "Mozilla/5.0 (Macintosh; Intel Mac OS X 13_6_1) AppleWebKit/537.36 (KHTML, like Gecko) Chrome/119.0.0.0 Safari/537.36"
162.158.88.152 - - [29/May/2026:00:04:44 +0000] "GET /wp-admin/plugins.php HTTP/1.1" 200 15521 "https://vcstore.viitorcloud.com/wp-login.php" "Mozilla/5.0 (Macintosh; Intel Mac OS X 13_6_1) AppleWebKit/537.36 (KHTML, like Gecko) Chrome/119.0.0.0 Safari/537.36"
172.70.93.16 - - [29/May/2026:00:04:45 +0000] "GET /wp-admin/index.php HTTP/1.1" 200 18661 "https://vcstore.viitorcloud.com/wp-login.php" "Mozilla/5.0 (Macintosh; Intel Mac OS X 13_6_1) AppleWebKit/537.36 (KHTML, like Gecko) Chrome/119.0.0.0 Safari/537.36"
172.68.164.91 - - [29/May/2026:00:04:45 +0000] "GET /wp-admin/profile.php HTTP/1.1" 200 14882 "https://vcstore.viitorcloud.com/wp-login.php" "Mozilla/5.0 (Macintosh; Intel Mac OS X 13_6_1) AppleWebKit/537.36 (KHTML, like Gecko) Chrome/119.0.0.0 Safari/537.36"
178.77.180.80 - - [29/May/2026:00:04:45 +0000] "POST /xmlrpc.php HTTP/1.1" 200 415 "-" "Jetpack by WordPress.com"
172.68.164.91 - - [29/May/2026:00:04:45 +0000] "GET /wp-admin/edit.php HTTP/1.1" 200 16637 "https://vcstore.viitorcloud.com/wp-login.php" "Mozilla/5.0 (Macintosh; Intel Mac OS X 13_6_1) AppleWebKit/537.36 (KHTML, like Gecko) Chrome/119.0.0.0 Safari/537.36"
104.23.175.94 - - [29/May/2026:00:04:46 +0000] "GET /wp-admin/plugins.php HTTP/1.1" 200 15520 "https://vcstore.viitorcloud.com/wp-login.php" "Mozilla/5.0 (Macintosh; Intel Mac OS X 13_6_1) AppleWebKit/537.36 (KHTML, like Gecko) Chrome/119.0.0.0 Safari/537.36"
108.162.226.21 - - [29/May/2026:00:04:46 +0000] "POST /wp-login.php HTTP/1.1" 200 1929 "https://vcstore.viitorcloud.com/wp-login.php" "Mozilla/5.0 (Macintosh; Intel Mac OS X 13_6_1) AppleWebKit/537.36 (KHTML, like Gecko) Chrome/120.0.0.0 Safari/537.36"
172.71.82.141 - - [29/May/2026:00:04:47 +0000] "GET /wp-admin/index.php HTTP/1.1" 200 18661 "https://vcstore.viitorcloud.com/wp-login.php" "Mozilla/5.0 (X11; Ubuntu; Linux x86_64) AppleWebKit/537.36 (KHTML, like Gecko) Chrome/121.0.0.0 Safari/537.36"
172.71.82.141 - - [29/May/2026:00:04:47 +0000] "GET /wp-admin/profile.php HTTP/1.1" 200 14879 "https://vcstore.viitorcloud.com/wp-login.php" "Mozilla/5.0 (X11; Ubuntu; Linux x86_64) AppleWebKit/537.36 (KHTML, like Gecko) Chrome/121.0.0.0 Safari/537.36"
162.158.190.4 - - [29/May/2026:00:04:47 +0000] "GET /wp-admin/edit.php HTTP/1.1" 200 16637 "https://vcstore.viitorcloud.com/wp-login.php" "Mozilla/5.0 (X11; Ubuntu; Linux x86_64) AppleWebKit/537.36 (KHTML, like Gecko) Chrome/121.0.0.0 Safari/537.36"
172.70.188.187 - - [29/May/2026:00:04:48 +0000] "GET /wp-admin/plugins.php HTTP/1.1" 200 15521 "https://vcstore.viitorcloud.com/wp-login.php" "Mozilla/5.0 (X11; Ubuntu; Linux x86_64) AppleWebKit/537.36 (KHTML, like Gecko) Chrome/121.0.0.0 Safari/537.36"
162.158.88.152 - - [29/May/2026:00:04:48 +0000] "GET /wp-admin/index.php HTTP/1.1" 200 18661 "https://vcstore.viitorcloud.com/wp-login.php" "Mozilla/5.0 (X11; Ubuntu; Linux x86_64) AppleWebKit/537.36 (KHTML, like Gecko) Chrome/121.0.0.0 Safari/537.36"
104.23.175.94 - - [29/May/2026:00:04:49 +0000] "GET /wp-admin/profile.php HTTP/1.1" 200 14882 "https://vcstore.viitorcloud.com/wp-login.php" "Mozilla/5.0 (X11; Ubuntu; Linux x86_64) AppleWebKit/537.36 (KHTML, like Gecko) Chrome/121.0.0.0 Safari/537.36"
172.69.166.17 - - [29/May/2026:00:04:49 +0000] "GET /wp-admin/edit.php HTTP/1.1" 200 16637 "https://vcstore.viitorcloud.com/wp-login.php" "Mozilla/5.0 (X11; Ubuntu; Linux x86_64) AppleWebKit/537.36 (KHTML, like Gecko) Chrome/121.0.0.0 Safari/537.36"
104.23.175.94 - - [29/May/2026:00:04:49 +0000] "GET /wp-admin/plugins.php HTTP/1.1" 200 15521 "https://vcstore.viitorcloud.com/wp-login.php" "Mozilla/5.0 (X11; Ubuntu; Linux x86_64) AppleWebKit/537.36 (KHTML, like Gecko) Chrome/121.0.0.0 Safari/537.36"
134.209.147.209 - - [29/May/2026:00:04:49 +0000] "GET /wp-content/plugins/lifeline-plugin/assets/data/font-awesome-5.json HTTP/1.1" 200 13009 "-" "WordPress/7.0; https://bharti-foundation.stgviitor.com"
134.209.147.209 - - [29/May/2026:00:04:49 +0000] "GET /wp-content/plugins/lifeline-plugin/assets/data/font-awesome-5.json HTTP/1.1" 200 13009 "-" "WordPress/7.0; https://bharti-foundation.stgviitor.com"
134.209.147.209 - - [29/May/2026:00:04:50 +0000] "GET /wp-content/plugins/lifeline-plugin/assets/json/social-profile.json HTTP/1.1" 200 4033 "-" "WordPress/7.0; https://bharti-foundation.stgviitor.com"
134.209.147.209 - - [29/May/2026:00:04:50 +0000] "GET /wp-content/plugins/lifeline-plugin/assets/data/font-awesome-5.json HTTP/1.1" 200 13009 "-" "WordPress/7.0; https://bharti-foundation.stgviitor.com"
172.71.82.141 - - [29/May/2026:00:04:50 +0000] "POST /wp-login.php HTTP/1.1" 200 1932 "https://vcstore.viitorcloud.com/wp-login.php" "Mozilla/5.0 (Windows NT 10.0; Win64; x64; rv:121.0) Gecko/20100101 Firefox/121.0"
134.209.147.209 - - [29/May/2026:00:04:50 +0000] "POST /wp-cron.php?doing_wp_cron=1780013090.2771298885345458984375 HTTP/1.1" 200 31 "-" "WordPress/7.0; https://bharti-foundation.stgviitor.com"
78.142.18.172 - - [29/May/2026:00:04:50 +0000] "GET /wp-login.php HTTP/1.1" 200 2044 "-" "Mozilla/5.0 (Windows NT 10.0; Win64; x64) AppleWebKit/537.36 (KHTML, like Gecko) Chrome/133.0.0.0 Safari/537.36"
134.209.147.209 - - [29/May/2026:00:04:50 +0000] "GET /wp-content/plugins/lifeline-plugin/assets/data/font-awesome-5.json HTTP/1.1" 200 13009 "-" "WordPress/7.0; https://bharti-foundation.stgviitor.com"
134.209.147.209 - - [29/May/2026:00:04:50 +0000] "GET /wp-content/plugins/lifeline-plugin/assets/data/font-awesome-5.json HTTP/1.1" 200 13009 "-" "WordPress/7.0; https://bharti-foundation.stgviitor.com"
134.209.147.209 - - [29/May/2026:00:04:50 +0000] "GET /wp-content/plugins/lifeline-plugin/assets/json/social-profile.json HTTP/1.1" 200 4033 "-" "WordPress/7.0; https://bharti-foundation.stgviitor.com"
172.69.166.17 - - [29/May/2026:00:04:50 +0000] "GET /wp-admin/index.php HTTP/1.1" 200 18661 "https://vcstore.viitorcloud.com/wp-login.php" "Mozilla/5.0 (Windows NT 11.0; Win64; x64) AppleWebKit/537.36 (KHTML, like Gecko) Chrome/120.0.0.0 Safari/537.36"
134.209.147.209 - - [29/May/2026:00:04:50 +0000] "GET /wp-content/plugins/lifeline-plugin/assets/data/font-awesome-5.json HTTP/1.1" 200 13009 "-" "WordPress/7.0; https://bharti-foundation.stgviitor.com"
162.158.106.143 - - [29/May/2026:00:04:51 +0000] "GET /wp-admin/profile.php HTTP/1.1" 200 14881 "https://vcstore.viitorcloud.com/wp-login.php" "Mozilla/5.0 (Windows NT 11.0; Win64; x64) AppleWebKit/537.36 (KHTML, like Gecko) Chrome/120.0.0.0 Safari/537.36"
162.158.88.152 - - [29/May/2026:00:04:51 +0000] "GET /wp-admin/edit.php HTTP/1.1" 200 16637 "https://vcstore.viitorcloud.com/wp-login.php" "Mozilla/5.0 (Windows NT 11.0; Win64; x64) AppleWebKit/537.36 (KHTML, like Gecko) Chrome/120.0.0.0 Safari/537.36"
172.71.124.45 - - [29/May/2026:00:04:51 +0000] "GET /wp-admin/plugins.php HTTP/1.1" 200 15521 "https://vcstore.viitorcloud.com/wp-login.php" "Mozilla/5.0 (Windows NT 11.0; Win64; x64) AppleWebKit/537.36 (KHTML, like Gecko) Chrome/120.0.0.0 Safari/537.36"
172.71.124.45 - - [29/May/2026:00:04:52 +0000] "GET /wp-admin/index.php HTTP/1.1" 200 18660 "https://vcstore.viitorcloud.com/wp-login.php" "Mozilla/5.0 (Windows NT 11.0; Win64; x64) AppleWebKit/537.36 (KHTML, like Gecko) Chrome/120.0.0.0 Safari/537.36"
162.158.106.143 - - [29/May/2026:00:04:52 +0000] "GET /wp-admin/profile.php HTTP/1.1" 200 14879 "https://vcstore.viitorcloud.com/wp-login.php" "Mozilla/5.0 (Windows NT 11.0; Win64; x64) AppleWebKit/537.36 (KHTML, like Gecko) Chrome/120.0.0.0 Safari/537.36"
172.69.165.27 - - [29/May/2026:00:04:52 +0000] "GET /wp-admin/edit.php HTTP/1.1" 200 16636 "https://vcstore.viitorcloud.com/wp-login.php" "Mozilla/5.0 (Windows NT 11.0; Win64; x64) AppleWebKit/537.36 (KHTML, like Gecko) Chrome/120.0.0.0 Safari/537.36"
134.209.147.209 - - [29/May/2026:00:04:53 +0000] "GET /wp-content/plugins/lifeline-plugin/assets/data/font-awesome-5.json HTTP/1.1" 200 13009 "-" "WordPress/7.0; https://bharti-foundation.stgviitor.com"
134.209.147.209 - - [29/May/2026:00:04:53 +0000] "GET /wp-content/plugins/lifeline-plugin/assets/data/font-awesome-5.json HTTP/1.1" 200 13009 "-" "WordPress/7.0; https://bharti-foundation.stgviitor.com"
134.209.147.209 - - [29/May/2026:00:04:53 +0000] "GET /wp-content/plugins/lifeline-plugin/assets/json/social-profile.json HTTP/1.1" 200 4033 "-" "WordPress/7.0; https://bharti-foundation.stgviitor.com"
172.71.124.45 - - [29/May/2026:00:04:53 +0000] "GET /wp-admin/plugins.php HTTP/1.1" 200 15521 "https://vcstore.viitorcloud.com/wp-login.php" "Mozilla/5.0 (Windows NT 11.0; Win64; x64) AppleWebKit/537.36 (KHTML, like Gecko) Chrome/120.0.0.0 Safari/537.36"
134.209.147.209 - - [29/May/2026:00:04:53 +0000] "GET /wp-content/plugins/lifeline-plugin/assets/data/font-awesome-5.json HTTP/1.1" 200 13009 "-" "WordPress/7.0; https://bharti-foundation.stgviitor.com"
78.142.18.172 - - [29/May/2026:00:04:53 +0000] "POST /wp-login.php HTTP/1.1" 200 2206 "https://bharti-foundation.stgviitor.com/wp-login.php" "Mozilla/5.0 (Windows NT 10.0; Win64; x64) AppleWebKit/537.36 (KHTML, like Gecko) Chrome/133.0.0.0 Safari/537.36"
172.71.124.45 - - [29/May/2026:00:04:53 +0000] "POST /wp-login.php HTTP/1.1" 200 1929 "https://vcstore.viitorcloud.com/wp-login.php" "Mozilla/5.0 (Windows NT 10.0; Win64; x64; rv:120.0) Gecko/20100101 Firefox/120.0"
172.69.176.62 - - [29/May/2026:00:04:54 +0000] "GET /wp-admin/index.php HTTP/1.1" 200 18661 "https://vcstore.viitorcloud.com/wp-login.php" "Mozilla/5.0 (Macintosh; Intel Mac OS X 13_6_1) AppleWebKit/605.1.15 (KHTML, like Gecko) Version/16.6 Safari/605.1.15"
172.71.124.45 - - [29/May/2026:00:04:54 +0000] "GET /wp-admin/profile.php HTTP/1.1" 200 14882 "https://vcstore.viitorcloud.com/wp-login.php" "Mozilla/5.0 (Macintosh; Intel Mac OS X 13_6_1) AppleWebKit/605.1.15 (KHTML, like Gecko) Version/16.6 Safari/605.1.15"
172.71.82.141 - - [29/May/2026:00:04:54 +0000] "GET /wp-admin/edit.php HTTP/1.1" 200 16637 "https://vcstore.viitorcloud.com/wp-login.php" "Mozilla/5.0 (Macintosh; Intel Mac OS X 13_6_1) AppleWebKit/605.1.15 (KHTML, like Gecko) Version/16.6 Safari/605.1.15"
172.71.124.45 - - [29/May/2026:00:04:55 +0000] "GET /wp-admin/plugins.php HTTP/1.1" 200 15521 "https://vcstore.viitorcloud.com/wp-login.php" "Mozilla/5.0 (Macintosh; Intel Mac OS X 13_6_1) AppleWebKit/605.1.15 (KHTML, like Gecko) Version/16.6 Safari/605.1.15"
172.70.188.187 - - [29/May/2026:00:04:55 +0000] "GET /wp-admin/index.php HTTP/1.1" 200 18661 "https://vcstore.viitorcloud.com/wp-login.php" "Mozilla/5.0 (Macintosh; Intel Mac OS X 13_6_1) AppleWebKit/605.1.15 (KHTML, like Gecko) Version/16.6 Safari/605.1.15"
172.70.208.116 - - [29/May/2026:00:04:56 +0000] "GET /wp-admin/profile.php HTTP/1.1" 200 14880 "https://vcstore.viitorcloud.com/wp-login.php" "Mozilla/5.0 (Macintosh; Intel Mac OS X 13_6_1) AppleWebKit/605.1.15 (KHTML, like Gecko) Version/16.6 Safari/605.1.15"
178.77.180.80 - - [29/May/2026:00:04:56 +0000] "POST /xmlrpc.php HTTP/1.1" 200 415 "-" "Jetpack by WordPress.com (Jetpack 13.0; WordPress 6.3)"
172.71.82.141 - - [29/May/2026:00:04:56 +0000] "GET /wp-admin/edit.php HTTP/1.1" 200 16637 "https://vcstore.viitorcloud.com/wp-login.php" "Mozilla/5.0 (Macintosh; Intel Mac OS X 13_6_1) AppleWebKit/605.1.15 (KHTML, like Gecko) Version/16.6 Safari/605.1.15"
104.23.175.94 - - [29/May/2026:00:04:56 +0000] "GET /wp-admin/plugins.php HTTP/1.1" 200 15520 "https://vcstore.viitorcloud.com/wp-login.php" "Mozilla/5.0 (Macintosh; Intel Mac OS X 13_6_1) AppleWebKit/605.1.15 (KHTML, like Gecko) Version/16.6 Safari/605.1.15"
172.69.176.62 - - [29/May/2026:00:04:57 +0000] "POST /wp-login.php HTTP/1.1" 200 1930 "https://vcstore.viitorcloud.com/wp-login.php" "Mozilla/5.0 (Macintosh; Intel Mac OS X 13_6_1; rv:120.0) Gecko/20100101 Firefox/120.0"
172.71.124.45 - - [29/May/2026:00:04:57 +0000] "GET /wp-admin/index.php HTTP/1.1" 200 18661 "https://vcstore.viitorcloud.com/wp-login.php" "Mozilla/5.0 (Macintosh; Intel Mac OS X 10_15_7) AppleWebKit/537.36 (KHTML, like Gecko) Chrome/121.0.0.0 Safari/537.36"
172.70.208.116 - - [29/May/2026:00:04:57 +0000] "GET /wp-admin/profile.php HTTP/1.1" 200 14881 "https://vcstore.viitorcloud.com/wp-login.php" "Mozilla/5.0 (Macintosh; Intel Mac OS X 10_15_7) AppleWebKit/537.36 (KHTML, like Gecko) Chrome/121.0.0.0 Safari/537.36"
162.158.88.152 - - [29/May/2026:00:04:58 +0000] "GET /wp-admin/edit.php HTTP/1.1" 200 16637 "https://vcstore.viitorcloud.com/wp-login.php" "Mozilla/5.0 (Macintosh; Intel Mac OS X 10_15_7) AppleWebKit/537.36 (KHTML, like Gecko) Chrome/121.0.0.0 Safari/537.36"
104.22.66.51 - - [29/May/2026:00:04:58 +0000] "GET /wp-admin/plugins.php HTTP/1.1" 200 15521 "https://vcstore.viitorcloud.com/wp-login.php" "Mozilla/5.0 (Macintosh; Intel Mac OS X 10_15_7) AppleWebKit/537.36 (KHTML, like Gecko) Chrome/121.0.0.0 Safari/537.36"
104.22.66.51 - - [29/May/2026:00:04:59 +0000] "GET /wp-admin/index.php HTTP/1.1" 200 18661 "https://vcstore.viitorcloud.com/wp-login.php" "Mozilla/5.0 (Macintosh; Intel Mac OS X 10_15_7) AppleWebKit/537.36 (KHTML, like Gecko) Chrome/121.0.0.0 Safari/537.36"
172.69.165.27 - - [29/May/2026:00:04:59 +0000] "GET /wp-admin/profile.php HTTP/1.1" 200 14881 "https://vcstore.viitorcloud.com/wp-login.php" "Mozilla/5.0 (Macintosh; Intel Mac OS X 10_15_7) AppleWebKit/537.36 (KHTML, like Gecko) Chrome/121.0.0.0 Safari/537.36"
162.158.108.25 - - [29/May/2026:00:04:59 +0000] "GET /wp-admin/edit.php HTTP/1.1" 200 16637 "https://vcstore.viitorcloud.com/wp-login.php" "Mozilla/5.0 (Macintosh; Intel Mac OS X 10_15_7) AppleWebKit/537.36 (KHTML, like Gecko) Chrome/121.0.0.0 Safari/537.36"
104.22.66.51 - - [29/May/2026:00:05:00 +0000] "GET /wp-admin/plugins.php HTTP/1.1" 200 15521 "https://vcstore.viitorcloud.com/wp-login.php" "Mozilla/5.0 (Macintosh; Intel Mac OS X 10_15_7) AppleWebKit/537.36 (KHTML, like Gecko) Chrome/121.0.0.0 Safari/537.36"
162.158.106.143 - - [29/May/2026:00:05:00 +0000] "POST /wp-login.php HTTP/1.1" 200 1930 "https://vcstore.viitorcloud.com/wp-login.php" "Mozilla/5.0 (Windows NT 11.0; Win64; x64) AppleWebKit/537.36 (KHTML, like Gecko) Chrome/120.0.0.0 Safari/537.36"
172.68.164.91 - - [29/May/2026:00:05:00 +0000] "GET /wp-admin/index.php HTTP/1.1" 200 18661 "https://vcstore.viitorcloud.com/wp-login.php" "Mozilla/5.0 (Windows NT 11.0; Win64; x64; rv:120.0) Gecko/20100101 Firefox/120.0"
172.69.165.27 - - [29/May/2026:00:05:01 +0000] "GET /wp-admin/profile.php HTTP/1.1" 200 14882 "https://vcstore.viitorcloud.com/wp-login.php" "Mozilla/5.0 (Windows NT 11.0; Win64; x64; rv:120.0) Gecko/20100101 Firefox/120.0"
162.158.88.152 - - [29/May/2026:00:05:01 +0000] "GET /wp-admin/edit.php HTTP/1.1" 200 16637 "https://vcstore.viitorcloud.com/wp-login.php" "Mozilla/5.0 (Windows NT 11.0; Win64; x64; rv:120.0) Gecko/20100101 Firefox/120.0"
172.69.166.17 - - [29/May/2026:00:05:02 +0000] "GET /wp-admin/plugins.php HTTP/1.1" 200 15520 "https://vcstore.viitorcloud.com/wp-login.php" "Mozilla/5.0 (Windows NT 11.0; Win64; x64; rv:120.0) Gecko/20100101 Firefox/120.0"
162.158.108.25 - - [29/May/2026:00:05:02 +0000] "GET /wp-admin/index.php HTTP/1.1" 200 18660 "https://vcstore.viitorcloud.com/wp-login.php" "Mozilla/5.0 (Windows NT 11.0; Win64; x64; rv:120.0) Gecko/20100101 Firefox/120.0"
172.68.164.91 - - [29/May/2026:00:05:03 +0000] "GET /wp-admin/profile.php HTTP/1.1" 200 14881 "https://vcstore.viitorcloud.com/wp-login.php" "Mozilla/5.0 (Windows NT 11.0; Win64; x64; rv:120.0) Gecko/20100101 Firefox/120.0"
172.71.82.141 - - [29/May/2026:00:05:03 +0000] "GET /wp-admin/edit.php HTTP/1.1" 200 16637 "https://vcstore.viitorcloud.com/wp-login.php" "Mozilla/5.0 (Windows NT 11.0; Win64; x64; rv:120.0) Gecko/20100101 Firefox/120.0"
172.71.124.45 - - [29/May/2026:00:05:03 +0000] "GET /wp-admin/plugins.php HTTP/1.1" 200 15521 "https://vcstore.viitorcloud.com/wp-login.php" "Mozilla/5.0 (Windows NT 11.0; Win64; x64; rv:120.0) Gecko/20100101 Firefox/120.0"
172.68.164.91 - - [29/May/2026:00:05:04 +0000] "POST /wp-login.php HTTP/1.1" 200 1928 "https://vcstore.viitorcloud.com/wp-login.php" "Mozilla/5.0 (Macintosh; Intel Mac OS X 13_6_1) AppleWebKit/537.36 (KHTML, like Gecko) Chrome/119.0.0.0 Safari/537.36"
172.71.124.45 - - [29/May/2026:00:05:04 +0000] "GET /wp-admin/index.php HTTP/1.1" 200 18661 "https://vcstore.viitorcloud.com/wp-login.php" "Mozilla/5.0 (X11; Linux x86_64) AppleWebKit/537.36 (KHTML, like Gecko) Chrome/119.0.0.0 Safari/537.36"
172.68.164.91 - - [29/May/2026:00:05:05 +0000] "GET /wp-admin/profile.php HTTP/1.1" 200 14882 "https://vcstore.viitorcloud.com/wp-login.php" "Mozilla/5.0 (X11; Linux x86_64) AppleWebKit/537.36 (KHTML, like Gecko) Chrome/119.0.0.0 Safari/537.36"
162.158.108.25 - - [29/May/2026:00:05:05 +0000] "GET /wp-admin/edit.php HTTP/1.1" 200 16637 "https://vcstore.viitorcloud.com/wp-login.php" "Mozilla/5.0 (X11; Linux x86_64) AppleWebKit/537.36 (KHTML, like Gecko) Chrome/119.0.0.0 Safari/537.36"
162.158.88.152 - - [29/May/2026:00:05:06 +0000] "GET /wp-admin/plugins.php HTTP/1.1" 200 15520 "https://vcstore.viitorcloud.com/wp-login.php" "Mozilla/5.0 (X11; Linux x86_64) AppleWebKit/537.36 (KHTML, like Gecko) Chrome/119.0.0.0 Safari/537.36"
172.71.82.141 - - [29/May/2026:00:05:06 +0000] "GET /wp-admin/index.php HTTP/1.1" 200 18660 "https://vcstore.viitorcloud.com/wp-login.php" "Mozilla/5.0 (X11; Linux x86_64) AppleWebKit/537.36 (KHTML, like Gecko) Chrome/119.0.0.0 Safari/537.36"
178.77.180.80 - - [29/May/2026:00:05:06 +0000] "POST /xmlrpc.php HTTP/1.1" 200 415 "-" "Jetpack/13.0; WordPress/6.3; http://site52703112.com"
172.69.166.17 - - [29/May/2026:00:05:06 +0000] "GET /wp-admin/profile.php HTTP/1.1" 200 14879 "https://vcstore.viitorcloud.com/wp-login.php" "Mozilla/5.0 (X11; Linux x86_64) AppleWebKit/537.36 (KHTML, like Gecko) Chrome/119.0.0.0 Safari/537.36"
172.69.176.62 - - [29/May/2026:00:05:07 +0000] "GET /wp-admin/edit.php HTTP/1.1" 200 16637 "https://vcstore.viitorcloud.com/wp-login.php" "Mozilla/5.0 (X11; Linux x86_64) AppleWebKit/537.36 (KHTML, like Gecko) Chrome/119.0.0.0 Safari/537.36"
104.22.66.51 - - [29/May/2026:00:05:08 +0000] "GET /wp-admin/plugins.php HTTP/1.1" 200 15521 "https://vcstore.viitorcloud.com/wp-login.php" "Mozilla/5.0 (X11; Linux x86_64) AppleWebKit/537.36 (KHTML, like Gecko) Chrome/119.0.0.0 Safari/537.36"
172.70.208.116 - - [29/May/2026:00:05:08 +0000] "POST /wp-login.php HTTP/1.1" 200 1928 "https://vcstore.viitorcloud.com/wp-login.php" "Mozilla/5.0 (Macintosh; Intel Mac OS X 13_6_1) AppleWebKit/605.1.15 (KHTML, like Gecko) Version/17.1 Safari/605.1.15"
172.70.93.16 - - [29/May/2026:00:05:08 +0000] "GET /wp-admin/index.php HTTP/1.1" 200 18661 "https://vcstore.viitorcloud.com/wp-login.php" "Mozilla/5.0 (Macintosh; Intel Mac OS X 13_6_1) AppleWebKit/537.36 (KHTML, like Gecko) Chrome/118.0.0.0 Safari/537.36"
162.158.190.4 - - [29/May/2026:00:05:09 +0000] "GET /wp-admin/profile.php HTTP/1.1" 200 14879 "https://vcstore.viitorcloud.com/wp-login.php" "Mozilla/5.0 (Macintosh; Intel Mac OS X 13_6_1) AppleWebKit/537.36 (KHTML, like Gecko) Chrome/118.0.0.0 Safari/537.36"
162.158.106.143 - - [29/May/2026:00:05:09 +0000] "GET /wp-admin/edit.php HTTP/1.1" 200 16637 "https://vcstore.viitorcloud.com/wp-login.php" "Mozilla/5.0 (Macintosh; Intel Mac OS X 13_6_1) AppleWebKit/537.36 (KHTML, like Gecko) Chrome/118.0.0.0 Safari/537.36"
172.68.164.91 - - [29/May/2026:00:05:10 +0000] "GET /wp-admin/plugins.php HTTP/1.1" 200 15521 "https://vcstore.viitorcloud.com/wp-login.php" "Mozilla/5.0 (Macintosh; Intel Mac OS X 13_6_1) AppleWebKit/537.36 (KHTML, like Gecko) Chrome/118.0.0.0 Safari/537.36"
172.71.82.141 - - [29/May/2026:00:05:10 +0000] "GET /wp-admin/index.php HTTP/1.1" 200 18661 "https://vcstore.viitorcloud.com/wp-login.php" "Mozilla/5.0 (Macintosh; Intel Mac OS X 13_6_1) AppleWebKit/537.36 (KHTML, like Gecko) Chrome/118.0.0.0 Safari/537.36"
104.22.66.51 - - [29/May/2026:00:05:10 +0000] "GET /wp-admin/profile.php HTTP/1.1" 200 14880 "https://vcstore.viitorcloud.com/wp-login.php" "Mozilla/5.0 (Macintosh; Intel Mac OS X 13_6_1) AppleWebKit/537.36 (KHTML, like Gecko) Chrome/118.0.0.0 Safari/537.36"
162.158.108.25 - - [29/May/2026:00:05:11 +0000] "GET /wp-admin/edit.php HTTP/1.1" 200 16637 "https://vcstore.viitorcloud.com/wp-login.php" "Mozilla/5.0 (Macintosh; Intel Mac OS X 13_6_1) AppleWebKit/537.36 (KHTML, like Gecko) Chrome/118.0.0.0 Safari/537.36"
172.68.164.91 - - [29/May/2026:00:05:11 +0000] "GET /wp-admin/plugins.php HTTP/1.1" 200 15521 "https://vcstore.viitorcloud.com/wp-login.php" "Mozilla/5.0 (Macintosh; Intel Mac OS X 13_6_1) AppleWebKit/537.36 (KHTML, like Gecko) Chrome/118.0.0.0 Safari/537.36"
172.68.164.91 - - [29/May/2026:00:05:12 +0000] "POST /wp-login.php HTTP/1.1" 200 1935 "https://vcstore.viitorcloud.com/wp-login.php" "Mozilla/5.0 (Windows NT 10.0; Win64; x64; rv:119.0) Gecko/20100101 Firefox/119.0"
172.69.176.62 - - [29/May/2026:00:05:12 +0000] "GET /wp-admin/index.php HTTP/1.1" 200 18660 "https://vcstore.viitorcloud.com/wp-login.php" "Mozilla/5.0 (X11; Linux x86_64) AppleWebKit/537.36 (KHTML, like Gecko) Chrome/119.0.0.0 Safari/537.36"
108.162.226.21 - - [29/May/2026:00:05:12 +0000] "GET /wp-admin/profile.php HTTP/1.1" 200 14880 "https://vcstore.viitorcloud.com/wp-login.php" "Mozilla/5.0 (X11; Linux x86_64) AppleWebKit/537.36 (KHTML, like Gecko) Chrome/119.0.0.0 Safari/537.36"
172.68.164.91 - - [29/May/2026:00:05:13 +0000] "GET /wp-admin/edit.php HTTP/1.1" 200 16637 "https://vcstore.viitorcloud.com/wp-login.php" "Mozilla/5.0 (X11; Linux x86_64) AppleWebKit/537.36 (KHTML, like Gecko) Chrome/119.0.0.0 Safari/537.36"
162.158.106.143 - - [29/May/2026:00:05:13 +0000] "GET /wp-admin/plugins.php HTTP/1.1" 200 15521 "https://vcstore.viitorcloud.com/wp-login.php" "Mozilla/5.0 (X11; Linux x86_64) AppleWebKit/537.36 (KHTML, like Gecko) Chrome/119.0.0.0 Safari/537.36"
172.71.124.45 - - [29/May/2026:00:05:14 +0000] "GET /wp-admin/index.php HTTP/1.1" 200 18661 "https://vcstore.viitorcloud.com/wp-login.php" "Mozilla/5.0 (X11; Linux x86_64) AppleWebKit/537.36 (KHTML, like Gecko) Chrome/119.0.0.0 Safari/537.36"
104.22.66.51 - - [29/May/2026:00:05:14 +0000] "GET /wp-admin/profile.php HTTP/1.1" 200 14881 "https://vcstore.viitorcloud.com/wp-login.php" "Mozilla/5.0 (X11; Linux x86_64) AppleWebKit/537.36 (KHTML, like Gecko) Chrome/119.0.0.0 Safari/537.36"
172.70.93.16 - - [29/May/2026:00:05:14 +0000] "GET /wp-admin/edit.php HTTP/1.1" 200 16637 "https://vcstore.viitorcloud.com/wp-login.php" "Mozilla/5.0 (X11; Linux x86_64) AppleWebKit/537.36 (KHTML, like Gecko) Chrome/119.0.0.0 Safari/537.36"
162.158.190.4 - - [29/May/2026:00:05:15 +0000] "GET /wp-admin/plugins.php HTTP/1.1" 200 15521 "https://vcstore.viitorcloud.com/wp-login.php" "Mozilla/5.0 (X11; Linux x86_64) AppleWebKit/537.36 (KHTML, like Gecko) Chrome/119.0.0.0 Safari/537.36"
172.71.82.141 - - [29/May/2026:00:05:15 +0000] "POST /wp-login.php HTTP/1.1" 200 1902 "https://vcstore.viitorcloud.com/wp-login.php" "Mozilla/5.0 (Windows NT 11.0; Win64; x64) AppleWebKit/537.36 (KHTML, like Gecko) Chrome/120.0.0.0 Safari/537.36"
172.68.164.91 - - [29/May/2026:00:05:16 +0000] "GET /wp-admin/index.php HTTP/1.1" 200 18661 "https://vcstore.viitorcloud.com/wp-login.php" "Mozilla/5.0 (Macintosh; Intel Mac OS X 13_6_1) AppleWebKit/605.1.15 (KHTML, like Gecko) Version/17.1 Safari/605.1.15"
162.158.106.143 - - [29/May/2026:00:05:16 +0000] "GET /wp-admin/profile.php HTTP/1.1" 200 14880 "https://vcstore.viitorcloud.com/wp-login.php" "Mozilla/5.0 (Macintosh; Intel Mac OS X 13_6_1) AppleWebKit/605.1.15 (KHTML, like Gecko) Version/17.1 Safari/605.1.15"
104.23.175.94 - - [29/May/2026:00:05:16 +0000] "GET /wp-admin/edit.php HTTP/1.1" 200 16637 "https://vcstore.viitorcloud.com/wp-login.php" "Mozilla/5.0 (Macintosh; Intel Mac OS X 13_6_1) AppleWebKit/605.1.15 (KHTML, like Gecko) Version/17.1 Safari/605.1.15"
159.69.158.189 - - [29/May/2026:00:05:16 +0000] "HEAD / HTTP/1.1" 301 0 "https://viitor.cloud" "Mozilla/5.0+(compatible; UptimeRobot/2.0; http://www.uptimerobot.com/)"
172.71.124.45 - - [29/May/2026:00:05:17 +0000] "GET /wp-admin/plugins.php HTTP/1.1" 200 15521 "https://vcstore.viitorcloud.com/wp-login.php" "Mozilla/5.0 (Macintosh; Intel Mac OS X 13_6_1) AppleWebKit/605.1.15 (KHTML, like Gecko) Version/17.1 Safari/605.1.15"
134.209.147.209 - - [29/May/2026:00:05:17 +0000] "POST /wp-cron.php?doing_wp_cron=1780013117.4335520267486572265625 HTTP/1.1" 200 31 "-" "WordPress/6.9.1; https://e-tdr.com"
178.77.180.80 - - [29/May/2026:00:05:17 +0000] "POST /xmlrpc.php HTTP/1.1" 200 415 "-" "Jetpack by WordPress.com"
172.69.165.27 - - [29/May/2026:00:05:17 +0000] "GET /wp-admin/index.php HTTP/1.1" 200 18661 "https://vcstore.viitorcloud.com/wp-login.php" "Mozilla/5.0 (Macintosh; Intel Mac OS X 13_6_1) AppleWebKit/605.1.15 (KHTML, like Gecko) Version/17.1 Safari/605.1.15"
172.69.165.27 - - [29/May/2026:00:05:17 +0000] "GET /wp-admin/profile.php HTTP/1.1" 200 14881 "https://vcstore.viitorcloud.com/wp-login.php" "Mozilla/5.0 (Macintosh; Intel Mac OS X 13_6_1) AppleWebKit/605.1.15 (KHTML, like Gecko) Version/17.1 Safari/605.1.15"
172.68.164.91 - - [29/May/2026:00:05:18 +0000] "GET /wp-admin/edit.php HTTP/1.1" 200 16637 "https://vcstore.viitorcloud.com/wp-login.php" "Mozilla/5.0 (Macintosh; Intel Mac OS X 13_6_1) AppleWebKit/605.1.15 (KHTML, like Gecko) Version/17.1 Safari/605.1.15"
172.71.82.141 - - [29/May/2026:00:05:18 +0000] "GET /wp-admin/plugins.php HTTP/1.1" 200 15521 "https://vcstore.viitorcloud.com/wp-login.php" "Mozilla/5.0 (Macintosh; Intel Mac OS X 13_6_1) AppleWebKit/605.1.15 (KHTML, like Gecko) Version/17.1 Safari/605.1.15"
162.158.88.152 - - [29/May/2026:00:05:19 +0000] "POST /wp-login.php HTTP/1.1" 200 1902 "https://vcstore.viitorcloud.com/wp-login.php" "Mozilla/5.0 (Macintosh; Intel Mac OS X 10_15_7; rv:121.0) Gecko/20100101 Firefox/121.0"
172.70.188.187 - - [29/May/2026:00:05:19 +0000] "GET /wp-admin/index.php HTTP/1.1" 200 18661 "https://vcstore.viitorcloud.com/wp-login.php" "Mozilla/5.0 (Windows NT 11.0; Win64; x64; rv:120.0) Gecko/20100101 Firefox/120.0"
162.158.88.152 - - [29/May/2026:00:05:19 +0000] "GET /wp-admin/profile.php HTTP/1.1" 200 14880 "https://vcstore.viitorcloud.com/wp-login.php" "Mozilla/5.0 (Windows NT 11.0; Win64; x64; rv:120.0) Gecko/20100101 Firefox/120.0"
172.69.165.27 - - [29/May/2026:00:05:20 +0000] "GET /wp-admin/edit.php HTTP/1.1" 200 16637 "https://vcstore.viitorcloud.com/wp-login.php" "Mozilla/5.0 (Windows NT 11.0; Win64; x64; rv:120.0) Gecko/20100101 Firefox/120.0"
162.158.88.152 - - [29/May/2026:00:05:20 +0000] "GET /wp-admin/plugins.php HTTP/1.1" 200 15521 "https://vcstore.viitorcloud.com/wp-login.php" "Mozilla/5.0 (Windows NT 11.0; Win64; x64; rv:120.0) Gecko/20100101 Firefox/120.0"
162.158.88.152 - - [29/May/2026:00:05:21 +0000] "GET /wp-admin/index.php HTTP/1.1" 200 18661 "https://vcstore.viitorcloud.com/wp-login.php" "Mozilla/5.0 (Windows NT 11.0; Win64; x64; rv:120.0) Gecko/20100101 Firefox/120.0"
108.162.226.21 - - [29/May/2026:00:05:21 +0000] "GET /wp-admin/profile.php HTTP/1.1" 200 14882 "https://vcstore.viitorcloud.com/wp-login.php" "Mozilla/5.0 (Windows NT 11.0; Win64; x64; rv:120.0) Gecko/20100101 Firefox/120.0"
162.158.170.53 - - [29/May/2026:00:05:21 +0000] "GET /wp-admin/edit.php HTTP/1.1" 200 16637 "https://vcstore.viitorcloud.com/wp-login.php" "Mozilla/5.0 (Windows NT 11.0; Win64; x64; rv:120.0) Gecko/20100101 Firefox/120.0"
172.69.165.27 - - [29/May/2026:00:05:22 +0000] "GET /wp-admin/plugins.php HTTP/1.1" 200 15520 "https://vcstore.viitorcloud.com/wp-login.php" "Mozilla/5.0 (Windows NT 11.0; Win64; x64; rv:120.0) Gecko/20100101 Firefox/120.0"
172.70.208.116 - - [29/May/2026:00:05:22 +0000] "POST /wp-login.php HTTP/1.1" 200 1902 "https://vcstore.viitorcloud.com/wp-login.php" "Mozilla/5.0 (X11; Ubuntu; Linux x86_64) AppleWebKit/537.36 (KHTML, like Gecko) Chrome/121.0.0.0 Safari/537.36"
162.158.106.143 - - [29/May/2026:00:05:22 +0000] "GET /wp-admin/index.php HTTP/1.1" 200 18660 "https://vcstore.viitorcloud.com/wp-login.php" "Mozilla/5.0 (Windows NT 10.0; Win64; x64; rv:118.0) Gecko/20100101 Firefox/118.0"
172.69.176.62 - - [29/May/2026:00:05:23 +0000] "GET /wp-admin/profile.php HTTP/1.1" 200 14882 "https://vcstore.viitorcloud.com/wp-login.php" "Mozilla/5.0 (Windows NT 10.0; Win64; x64; rv:118.0) Gecko/20100101 Firefox/118.0"
172.69.176.62 - - [29/May/2026:00:05:23 +0000] "GET /wp-admin/edit.php HTTP/1.1" 200 16637 "https://vcstore.viitorcloud.com/wp-login.php" "Mozilla/5.0 (Windows NT 10.0; Win64; x64; rv:118.0) Gecko/20100101 Firefox/118.0"
172.70.188.187 - - [29/May/2026:00:05:24 +0000] "GET /wp-admin/plugins.php HTTP/1.1" 200 15521 "https://vcstore.viitorcloud.com/wp-login.php" "Mozilla/5.0 (Windows NT 10.0; Win64; x64; rv:118.0) Gecko/20100101 Firefox/118.0"
162.158.106.143 - - [29/May/2026:00:05:24 +0000] "GET /wp-admin/index.php HTTP/1.1" 200 18661 "https://vcstore.viitorcloud.com/wp-login.php" "Mozilla/5.0 (Windows NT 10.0; Win64; x64; rv:118.0) Gecko/20100101 Firefox/118.0"
104.23.175.94 - - [29/May/2026:00:05:24 +0000] "GET /wp-admin/profile.php HTTP/1.1" 200 14882 "https://vcstore.viitorcloud.com/wp-login.php" "Mozilla/5.0 (Windows NT 10.0; Win64; x64; rv:118.0) Gecko/20100101 Firefox/118.0"
172.70.188.187 - - [29/May/2026:00:05:25 +0000] "GET /wp-admin/edit.php HTTP/1.1" 200 16637 "https://vcstore.viitorcloud.com/wp-login.php" "Mozilla/5.0 (Windows NT 10.0; Win64; x64; rv:118.0) Gecko/20100101 Firefox/118.0"
172.69.166.17 - - [29/May/2026:00:05:25 +0000] "GET /wp-admin/plugins.php HTTP/1.1" 200 15521 "https://vcstore.viitorcloud.com/wp-login.php" "Mozilla/5.0 (Windows NT 10.0; Win64; x64; rv:118.0) Gecko/20100101 Firefox/118.0"
172.69.176.62 - - [29/May/2026:00:05:26 +0000] "POST /wp-login.php HTTP/1.1" 200 1902 "https://vcstore.viitorcloud.com/wp-login.php" "Mozilla/5.0 (Macintosh; Intel Mac OS X 10_15_7) AppleWebKit/537.36 (KHTML, like Gecko) Chrome/120.0.0.0 Safari/537.36"
172.71.124.45 - - [29/May/2026:00:05:26 +0000] "GET /wp-admin/index.php HTTP/1.1" 200 18660 "https://vcstore.viitorcloud.com/wp-login.php" "Mozilla/5.0 (Windows NT 11.0; Win64; x64) AppleWebKit/537.36 (KHTML, like Gecko) Chrome/121.0.0.0 Safari/537.36"
162.158.106.143 - - [29/May/2026:00:05:27 +0000] "GET /wp-admin/profile.php HTTP/1.1" 200 14881 "https://vcstore.viitorcloud.com/wp-login.php" "Mozilla/5.0 (Windows NT 11.0; Win64; x64) AppleWebKit/537.36 (KHTML, like Gecko) Chrome/121.0.0.0 Safari/537.36"
172.68.164.91 - - [29/May/2026:00:05:27 +0000] "GET /wp-admin/edit.php HTTP/1.1" 200 16637 "https://vcstore.viitorcloud.com/wp-login.php" "Mozilla/5.0 (Windows NT 11.0; Win64; x64) AppleWebKit/537.36 (KHTML, like Gecko) Chrome/121.0.0.0 Safari/537.36"
178.77.180.80 - - [29/May/2026:00:05:28 +0000] "POST /xmlrpc.php HTTP/1.1" 200 415 "-" "Jetpack/12.0; WordPress/6.4; http://site40560531.com"
162.158.88.152 - - [29/May/2026:00:05:28 +0000] "GET /wp-admin/plugins.php HTTP/1.1" 200 15521 "https://vcstore.viitorcloud.com/wp-login.php" "Mozilla/5.0 (Windows NT 11.0; Win64; x64) AppleWebKit/537.36 (KHTML, like Gecko) Chrome/121.0.0.0 Safari/537.36"
104.22.66.51 - - [29/May/2026:00:05:28 +0000] "GET /wp-admin/index.php HTTP/1.1" 200 18661 "https://vcstore.viitorcloud.com/wp-login.php" "Mozilla/5.0 (Windows NT 11.0; Win64; x64) AppleWebKit/537.36 (KHTML, like Gecko) Chrome/121.0.0.0 Safari/537.36"
172.68.164.91 - - [29/May/2026:00:05:29 +0000] "GET /wp-admin/profile.php HTTP/1.1" 200 14881 "https://vcstore.viitorcloud.com/wp-login.php" "Mozilla/5.0 (Windows NT 11.0; Win64; x64) AppleWebKit/537.36 (KHTML, like Gecko) Chrome/121.0.0.0 Safari/537.36"
162.158.170.53 - - [29/May/2026:00:05:29 +0000] "GET /wp-admin/edit.php HTTP/1.1" 200 16637 "https://vcstore.viitorcloud.com/wp-login.php" "Mozilla/5.0 (Windows NT 11.0; Win64; x64) AppleWebKit/537.36 (KHTML, like Gecko) Chrome/121.0.0.0 Safari/537.36"
108.162.226.21 - - [29/May/2026:00:05:29 +0000] "GET /wp-admin/plugins.php HTTP/1.1" 200 15521 "https://vcstore.viitorcloud.com/wp-login.php" "Mozilla/5.0 (Windows NT 11.0; Win64; x64) AppleWebKit/537.36 (KHTML, like Gecko) Chrome/121.0.0.0 Safari/537.36"
172.71.124.45 - - [29/May/2026:00:05:30 +0000] "POST /wp-login.php HTTP/1.1" 200 1902 "https://vcstore.viitorcloud.com/wp-login.php" "Mozilla/5.0 (Macintosh; Intel Mac OS X 10_15_7) AppleWebKit/605.1.15 (KHTML, like Gecko) Version/17.1 Safari/605.1.15"
104.22.66.51 - - [29/May/2026:00:05:30 +0000] "GET /wp-admin/index.php HTTP/1.1" 200 18661 "https://vcstore.viitorcloud.com/wp-login.php" "Mozilla/5.0 (Windows NT 10.0; Win64; x64; rv:121.0) Gecko/20100101 Firefox/121.0"
162.158.108.25 - - [29/May/2026:00:05:30 +0000] "GET /wp-admin/profile.php HTTP/1.1" 200 14883 "https://vcstore.viitorcloud.com/wp-login.php" "Mozilla/5.0 (Windows NT 10.0; Win64; x64; rv:121.0) Gecko/20100101 Firefox/121.0"
162.158.106.143 - - [29/May/2026:00:05:31 +0000] "GET /wp-admin/edit.php HTTP/1.1" 200 16636 "https://vcstore.viitorcloud.com/wp-login.php" "Mozilla/5.0 (Windows NT 10.0; Win64; x64; rv:121.0) Gecko/20100101 Firefox/121.0"
162.158.170.53 - - [29/May/2026:00:05:31 +0000] "GET /wp-admin/plugins.php HTTP/1.1" 200 15520 "https://vcstore.viitorcloud.com/wp-login.php" "Mozilla/5.0 (Windows NT 10.0; Win64; x64; rv:121.0) Gecko/20100101 Firefox/121.0"
162.158.190.4 - - [29/May/2026:00:05:32 +0000] "GET /wp-admin/index.php HTTP/1.1" 200 18659 "https://vcstore.viitorcloud.com/wp-login.php" "Mozilla/5.0 (Windows NT 10.0; Win64; x64; rv:121.0) Gecko/20100101 Firefox/121.0"
162.158.108.25 - - [29/May/2026:00:05:32 +0000] "GET /wp-admin/profile.php HTTP/1.1" 200 14879 "https://vcstore.viitorcloud.com/wp-login.php" "Mozilla/5.0 (Windows NT 10.0; Win64; x64; rv:121.0) Gecko/20100101 Firefox/121.0"
121.200.216.55 - - [29/May/2026:00:05:32 +0000] "GET /wp-login.php HTTP/1.1" 200 1770 "-" "Mozilla/5.0 (Windows NT 10.0; Win64; x64; rv:133.0) Gecko/20100101 Firefox/133.0"
168.63.79.147 - - [29/May/2026:00:05:32 +0000] "GET /wp-login.php HTTP/1.1" 200 1770 "-" "Mozilla/5.0 (Macintosh; Intel Mac OS X 10_15_7) AppleWebKit/537.36 (KHTML, like Gecko) Chrome/133.0.0.0 Safari/537.36"
108.162.226.21 - - [29/May/2026:00:05:32 +0000] "GET /wp-admin/edit.php HTTP/1.1" 200 16636 "https://vcstore.viitorcloud.com/wp-login.php" "Mozilla/5.0 (Windows NT 10.0; Win64; x64; rv:121.0) Gecko/20100101 Firefox/121.0"
162.158.190.4 - - [29/May/2026:00:05:33 +0000] "GET /wp-admin/plugins.php HTTP/1.1" 200 15521 "https://vcstore.viitorcloud.com/wp-login.php" "Mozilla/5.0 (Windows NT 10.0; Win64; x64; rv:121.0) Gecko/20100101 Firefox/121.0"
168.63.79.147 - - [29/May/2026:00:05:33 +0000] "POST /wp-login.php HTTP/1.1" 200 1905 "https://vcstore.viitorcloud.co/wp-login.php" "Mozilla/5.0 (Macintosh; Intel Mac OS X 10_15_7) AppleWebKit/537.36 (KHTML, like Gecko) Chrome/133.0.0.0 Safari/537.36"
172.70.208.116 - - [29/May/2026:00:05:33 +0000] "POST /wp-login.php HTTP/1.1" 200 1902 "https://vcstore.viitorcloud.com/wp-login.php" "Mozilla/5.0 (Macintosh; Intel Mac OS X 13_6_1; rv:118.0) Gecko/20100101 Firefox/118.0"
121.200.216.55 - - [29/May/2026:00:05:33 +0000] "POST /wp-login.php HTTP/1.1" 200 1905 "https://vcstore.viitorcloud.co/wp-login.php" "Mozilla/5.0 (Windows NT 10.0; Win64; x64; rv:133.0) Gecko/20100101 Firefox/133.0"
104.22.66.51 - - [29/May/2026:00:05:34 +0000] "GET /wp-admin/index.php HTTP/1.1" 200 18661 "https://vcstore.viitorcloud.com/wp-login.php" "Mozilla/5.0 (Windows NT 10.0; Win64; x64) AppleWebKit/537.36 (KHTML, like Gecko) Chrome/118.0.0.0 Safari/537.36"
162.158.88.152 - - [29/May/2026:00:05:34 +0000] "GET /wp-admin/profile.php HTTP/1.1" 200 14881 "https://vcstore.viitorcloud.com/wp-login.php" "Mozilla/5.0 (Windows NT 10.0; Win64; x64) AppleWebKit/537.36 (KHTML, like Gecko) Chrome/118.0.0.0 Safari/537.36"
172.70.188.187 - - [29/May/2026:00:05:34 +0000] "GET /wp-admin/edit.php HTTP/1.1" 200 16637 "https://vcstore.viitorcloud.com/wp-login.php" "Mozilla/5.0 (Windows NT 10.0; Win64; x64) AppleWebKit/537.36 (KHTML, like Gecko) Chrome/118.0.0.0 Safari/537.36"
