134.209.147.209 - - [29/May/2026:03:03:25 +0000] "GET /wp-content/plugins/lifeline-plugin/assets/json/social-profile.json HTTP/1.1" 200 4033 "-" "WordPress/7.0; https://bharti-foundation.stgviitor.com"
134.209.147.209 - - [29/May/2026:03:03:25 +0000] "GET /wp-content/plugins/lifeline-plugin/assets/data/font-awesome-5.json HTTP/1.1" 200 13009 "-" "WordPress/7.0; https://bharti-foundation.stgviitor.com"
74.206.180.196 - - [29/May/2026:03:03:25 +0000] "GET /wp-login.php HTTP/1.1" 200 2044 "-" "Mozilla/5.0 (Macintosh; Intel Mac OS X 10_15_7) AppleWebKit/537.36 (KHTML, like Gecko) Chrome/133.0.0.0 Safari/537.36"
134.209.147.209 - - [29/May/2026:03:03:26 +0000] "GET /wp-content/plugins/lifeline-plugin/assets/data/font-awesome-5.json HTTP/1.1" 200 13009 "-" "WordPress/7.0; https://bharti-foundation.stgviitor.com"
134.209.147.209 - - [29/May/2026:03:03:26 +0000] "GET /wp-content/plugins/lifeline-plugin/assets/data/font-awesome-5.json HTTP/1.1" 200 13009 "-" "WordPress/7.0; https://bharti-foundation.stgviitor.com"
134.209.147.209 - - [29/May/2026:03:03:26 +0000] "GET /wp-content/plugins/lifeline-plugin/assets/json/social-profile.json HTTP/1.1" 200 4033 "-" "WordPress/7.0; https://bharti-foundation.stgviitor.com"
134.209.147.209 - - [29/May/2026:03:03:26 +0000] "GET /wp-content/plugins/lifeline-plugin/assets/data/font-awesome-5.json HTTP/1.1" 200 13009 "-" "WordPress/7.0; https://bharti-foundation.stgviitor.com"
74.206.180.196 - - [29/May/2026:03:03:26 +0000] "POST /wp-login.php HTTP/1.1" 200 2204 "https://bharti-foundation.stgviitor.com/wp-login.php" "Mozilla/5.0 (Macintosh; Intel Mac OS X 10_15_7) AppleWebKit/537.36 (KHTML, like Gecko) Chrome/133.0.0.0 Safari/537.36"
134.209.147.209 - - [29/May/2026:03:03:28 +0000] "GET /wp-content/plugins/lifeline-plugin/assets/data/font-awesome-5.json HTTP/1.1" 200 13009 "-" "WordPress/7.0; https://bharti-foundation.stgviitor.com"
134.209.147.209 - - [29/May/2026:03:03:28 +0000] "GET /wp-content/plugins/lifeline-plugin/assets/data/font-awesome-5.json HTTP/1.1" 200 13009 "-" "WordPress/7.0; https://bharti-foundation.stgviitor.com"
134.209.147.209 - - [29/May/2026:03:03:28 +0000] "GET /wp-content/plugins/lifeline-plugin/assets/json/social-profile.json HTTP/1.1" 200 4033 "-" "WordPress/7.0; https://bharti-foundation.stgviitor.com"
134.209.147.209 - - [29/May/2026:03:03:28 +0000] "GET /wp-content/plugins/lifeline-plugin/assets/data/font-awesome-5.json HTTP/1.1" 200 13009 "-" "WordPress/7.0; https://bharti-foundation.stgviitor.com"
144.126.139.83 - - [29/May/2026:03:03:28 +0000] "GET /wp-login.php HTTP/1.1" 200 2044 "-" "Mozilla/5.0 (Windows NT 10.0) AppleWebKit/537.36 (KHTML, like Gecko) Chrome/133.0.0.0 Safari/537.36"
134.209.147.209 - - [29/May/2026:03:03:30 +0000] "GET /wp-content/plugins/lifeline-plugin/assets/data/font-awesome-5.json HTTP/1.1" 200 13009 "-" "WordPress/7.0; https://bharti-foundation.stgviitor.com"
134.209.147.209 - - [29/May/2026:03:03:30 +0000] "GET /wp-content/plugins/lifeline-plugin/assets/data/font-awesome-5.json HTTP/1.1" 200 13009 "-" "WordPress/7.0; https://bharti-foundation.stgviitor.com"
134.209.147.209 - - [29/May/2026:03:03:30 +0000] "GET /wp-content/plugins/lifeline-plugin/assets/json/social-profile.json HTTP/1.1" 200 4033 "-" "WordPress/7.0; https://bharti-foundation.stgviitor.com"
134.209.147.209 - - [29/May/2026:03:03:31 +0000] "GET /wp-content/plugins/lifeline-plugin/assets/data/font-awesome-5.json HTTP/1.1" 200 13009 "-" "WordPress/7.0; https://bharti-foundation.stgviitor.com"
144.126.139.83 - - [29/May/2026:03:03:31 +0000] "POST /wp-login.php HTTP/1.1" 200 2204 "https://bharti-foundation.stgviitor.com/wp-login.php" "Mozilla/5.0 (Windows NT 10.0) AppleWebKit/537.36 (KHTML, like Gecko) Chrome/133.0.0.0 Safari/537.36"
172.71.82.141 - - [29/May/2026:03:03:58 +0000] "GET /wp-login.php HTTP/1.1" 499 0 "-" "Mozilla/5.0 (Macintosh; Intel Mac OS X 10_15_7) AppleWebKit/537.36 (KHTML, like Gecko) Chrome/133.0.0.0 Safari/537.36"
172.71.124.45 - - [29/May/2026:03:04:05 +0000] "GET /wp-login.php HTTP/1.1" 499 0 "-" "Mozilla/5.0 (Macintosh; Intel Mac OS X 10_15_7) AppleWebKit/537.36 (KHTML, like Gecko) Chrome/133.0.0.0 Safari/537.36 Edg/133.0.0.0"
172.71.82.141 - wadminw_w34ima [29/May/2026:03:04:17 +0000] "GET /wp-json/wp/v2/users/me HTTP/1.1" 499 0 "-" "Mozilla/5.0 (Macintosh; Intel Mac OS X 10_15_7) AppleWebKit/537.36 (KHTML, like Gecko) Chrome/133.0.0.0 Safari/537.36"
134.209.147.209 - - [29/May/2026:03:05:19 +0000] "POST /wp-cron.php?doing_wp_cron=1780023919.5662980079650878906250 HTTP/1.1" 200 31 "-" "WordPress/6.9.1; https://e-tdr.com"
43.134.236.33 - - [29/May/2026:03:05:19 +0000] "GET /author/vc-shivika/ HTTP/1.1" 200 52672 "-" "Mozilla/5.0 (iPhone; CPU iPhone OS 13_2_3 like Mac OS X) AppleWebKit/605.1.15 (KHTML, like Gecko) Version/13.0.3 Mobile/15E148 Safari/604.1"
134.209.147.209 - - [29/May/2026:03:05:44 +0000] "POST /wp-cron.php?doing_wp_cron=1780023944.5364079475402832031250 HTTP/1.1" 200 31 "-" "WordPress/6.6.1; https://newfaith.focalat.com"
213.171.208.62 - - [29/May/2026:03:05:44 +0000] "GET /wp-login.php HTTP/1.1" 200 2033 "-" "Mozilla/5.0 (Windows NT 10.0; Win64; x64) AppleWebKit/537.36 (KHTML, like Gecko) Chrome/133.0.0.0 Safari/537.36 Edg/133.0.0.0"
213.171.208.62 - - [29/May/2026:03:05:45 +0000] "POST /wp-login.php HTTP/1.1" 200 2198 "https://newfaith.focalat.com/wp-login.php" "Mozilla/5.0 (Windows NT 10.0; Win64; x64) AppleWebKit/537.36 (KHTML, like Gecko) Chrome/133.0.0.0 Safari/537.36 Edg/133.0.0.0"
138.68.19.42 - - [29/May/2026:03:05:58 +0000] "POST /wp-login.php HTTP/1.1" 200 6398 "-" "Mozilla/5.0"
138.68.19.42 - - [29/May/2026:03:05:58 +0000] "POST /wp-login.php HTTP/1.1" 200 6388 "-" "Mozilla/5.0"
144.126.139.83 - cmsmasters [29/May/2026:03:05:58 +0000] "GET /wp-json/wp/v2/users/me HTTP/1.1" 401 107 "-" "Mozilla/5.0 (Windows NT 10.0) AppleWebKit/537.36 (KHTML, like Gecko) Chrome/133.0.0.0 Safari/537.36"
134.209.147.209 - - [29/May/2026:03:06:06 +0000] "POST /wp-cron.php?doing_wp_cron=1780023966.0718789100646972656250 HTTP/1.1" 200 31 "-" "WordPress/6.9.4; https://laracopilot.stgviitor.com"
162.240.52.198 - - [29/May/2026:03:06:06 +0000] "GET /wp-login.php HTTP/1.1" 200 2008 "-" "Mozilla/5.0 (X11; Ubuntu; Linux x86_64) AppleWebKit/537.36 (KHTML, like Gecko) Chrome/133.0.0.0 Safari/537.36"
162.240.52.198 - - [29/May/2026:03:06:06 +0000] "POST /wp-login.php HTTP/1.1" 200 2145 "https://laracopilot.stgviitor.com/wp-login.php" "Mozilla/5.0 (X11; Ubuntu; Linux x86_64) AppleWebKit/537.36 (KHTML, like Gecko) Chrome/133.0.0.0 Safari/537.36"
50.6.169.131 - - [29/May/2026:03:06:11 +0000] "GET /wp-login.php HTTP/1.1" 200 2008 "-" "Mozilla/5.0 (X11; Fedora; Linux x86_64) AppleWebKit/537.36 (KHTML, like Gecko) Chrome/133.0.0.0 Safari/537.36"
62.232.51.140 - - [29/May/2026:03:06:13 +0000] "GET /wp-login.php HTTP/1.1" 200 2008 "-" "Mozilla/5.0 (X11; CrOS x86_64 14541.0.0) AppleWebKit/537.36 (KHTML, like Gecko) Chrome/133.0.0.0 Safari/537.36"
50.6.169.131 - - [29/May/2026:03:06:16 +0000] "POST /wp-login.php HTTP/1.1" 200 2145 "https://laracopilot.stgviitor.com/wp-login.php" "Mozilla/5.0 (X11; Fedora; Linux x86_64) AppleWebKit/537.36 (KHTML, like Gecko) Chrome/133.0.0.0 Safari/537.36"
62.232.51.140 - - [29/May/2026:03:06:17 +0000] "POST /wp-login.php HTTP/1.1" 200 2145 "https://laracopilot.stgviitor.com/wp-login.php" "Mozilla/5.0 (X11; CrOS x86_64 14541.0.0) AppleWebKit/537.36 (KHTML, like Gecko) Chrome/133.0.0.0 Safari/537.36"
134.209.147.209 - - [29/May/2026:03:06:48 +0000] "POST /wp-cron.php?doing_wp_cron=1780024008.1403110027313232421875 HTTP/1.1" 200 31 "-" "WordPress/6.6.1; https://newfaith.focalat.com"
78.142.18.172 - - [29/May/2026:03:06:48 +0000] "GET /wp-login.php HTTP/1.1" 200 2033 "-" "Mozilla/5.0 (X11; Ubuntu; Linux x86_64; rv:133.0) Gecko/20100101 Firefox/133.0"
78.142.18.172 - - [29/May/2026:03:06:48 +0000] "POST /wp-login.php HTTP/1.1" 200 2171 "https://newfaith.focalat.com/wp-login.php" "Mozilla/5.0 (X11; Ubuntu; Linux x86_64; rv:133.0) Gecko/20100101 Firefox/133.0"
168.63.79.147 - - [29/May/2026:03:06:54 +0000] "GET /wp-login.php HTTP/1.1" 200 1857 "-" "Mozilla/5.0 (Windows NT 10.0; WOW64) AppleWebKit/537.36 (KHTML, like Gecko) Chrome/133.0.0.0 Safari/537.36"
168.63.79.147 - - [29/May/2026:03:06:54 +0000] "POST /wp-login.php HTTP/1.1" 200 2016 "https://stg.everycred.com/wp-login.php" "Mozilla/5.0 (Windows NT 10.0; WOW64) AppleWebKit/537.36 (KHTML, like Gecko) Chrome/133.0.0.0 Safari/537.36"
176.95.46.127 - - [29/May/2026:03:06:55 +0000] "GET /wp-login.php HTTP/1.1" 200 1857 "-" "Mozilla/5.0 (Windows NT 10.0; Win64; x64) AppleWebKit/537.36 (KHTML, like Gecko) Chrome/133.0.0.0 Safari/537.36"
176.95.46.127 - - [29/May/2026:03:06:55 +0000] "POST /wp-login.php HTTP/1.1" 200 2016 "https://stg.everycred.com/wp-login.php" "Mozilla/5.0 (Windows NT 10.0; Win64; x64) AppleWebKit/537.36 (KHTML, like Gecko) Chrome/133.0.0.0 Safari/537.36"
195.33.205.242 - - [29/May/2026:03:06:56 +0000] "GET /wp-login.php HTTP/1.1" 200 1857 "-" "Mozilla/5.0 (Windows NT 10.0; Win64; x64) AppleWebKit/537.36 (KHTML, like Gecko) Chrome/133.0.0.0 Safari/537.36 Edg/133.0.0.0"
195.33.205.242 - - [29/May/2026:03:06:58 +0000] "POST /wp-login.php HTTP/1.1" 200 2016 "https://stg.everycred.com/wp-login.php" "Mozilla/5.0 (Windows NT 10.0; Win64; x64) AppleWebKit/537.36 (KHTML, like Gecko) Chrome/133.0.0.0 Safari/537.36 Edg/133.0.0.0"
134.209.147.209 - - [29/May/2026:03:07:00 +0000] "POST /wp-cron.php?doing_wp_cron=1780024020.7318429946899414062500 HTTP/1.1" 200 31 "-" "WordPress/6.9.1; https://e-tdr.com"
64.227.35.51 - - [29/May/2026:03:07:00 +0000] "POST /wp-login.php HTTP/1.1" 200 6388 "-" "Mozilla/5.0"
134.209.147.209 - - [29/May/2026:03:07:00 +0000] "POST /wp-cron.php?doing_wp_cron=1780024020.7323269844055175781250 HTTP/1.1" 200 31 "-" "WordPress/6.9.1; https://e-tdr.com"
64.227.35.51 - - [29/May/2026:03:07:00 +0000] "POST /wp-login.php HTTP/1.1" 200 6398 "-" "Mozilla/5.0"
134.209.147.209 - - [29/May/2026:03:07:14 +0000] "POST /wp-cron.php?doing_wp_cron=1780024034.8967380523681640625000 HTTP/1.1" 200 31 "-" "WordPress/6.5.3; https://vcstore.stgviitor.com"
78.142.18.172 - - [29/May/2026:03:07:14 +0000] "GET /wp-login.php HTTP/1.1" 200 1831 "-" "Mozilla/5.0 (Macintosh; Intel Mac OS X 10_15_7) AppleWebKit/537.36 (KHTML, like Gecko) Chrome/133.0.0.0 Safari/537.36"
78.142.18.172 - root_vboxtu [29/May/2026:03:07:28 +0000] "GET /wp-json/wp/v2/users/me HTTP/1.1" 401 132 "-" "Mozilla/5.0 (Macintosh; Intel Mac OS X 10_15_7) AppleWebKit/537.36 (KHTML, like Gecko) Chrome/133.0.0.0 Safari/537.36"
52.59.43.236 - - [29/May/2026:03:08:21 +0000] "HEAD / HTTP/1.1" 301 0 "https://viitor.cloud" "Mozilla/5.0+(compatible; UptimeRobot/2.0; http://www.uptimerobot.com/)"
134.209.147.209 - - [29/May/2026:03:08:39 +0000] "POST /wp-cron.php?doing_wp_cron=1780024119.8180520534515380859375 HTTP/1.1" 200 31 "-" "WordPress/6.9.1; https://e-tdr.com"
49.12.3.147 - - [29/May/2026:03:08:39 +0000] "GET /wp-login.php HTTP/1.1" 200 2007 "-" "Mozilla/5.0 (Macintosh; Intel Mac OS X 10_15_7) AppleWebKit/537.36 (KHTML, like Gecko) Chrome/133.0.0.0 Safari/537.36"
49.12.3.147 - - [29/May/2026:03:08:40 +0000] "POST /wp-login.php HTTP/1.1" 200 2144 "https://e-tdr.com/wp-login.php" "Mozilla/5.0 (Macintosh; Intel Mac OS X 10_15_7) AppleWebKit/537.36 (KHTML, like Gecko) Chrome/133.0.0.0 Safari/537.36"
50.6.169.131 - - [29/May/2026:03:08:53 +0000] "GET /wp-login.php HTTP/1.1" 200 2007 "-" "Mozilla/5.0 (Macintosh; Intel Mac OS X 10_15_7) AppleWebKit/537.36 (KHTML, like Gecko) Chrome/133.0.0.0 Safari/537.36 Edg/133.0.0.0"
209.141.44.244 - - [29/May/2026:03:08:54 +0000] "GET /wp-login.php HTTP/1.1" 200 5984 "-" "Mozilla/5.0 (Macintosh; Intel Mac OS X 10_7_5) AppleWebKit/537.36 (KHTML, like Gecko) Chrome/36.0.1985.125 Safari/537.36"
134.209.147.209 - - [29/May/2026:03:09:01 +0000] "GET /wp-content/plugins/lifeline-plugin/assets/data/font-awesome-5.json HTTP/1.1" 200 13009 "-" "WordPress/7.0; https://bharti-foundation.stgviitor.com"
134.209.147.209 - - [29/May/2026:03:09:01 +0000] "GET /wp-content/plugins/lifeline-plugin/assets/data/font-awesome-5.json HTTP/1.1" 200 13009 "-" "WordPress/7.0; https://bharti-foundation.stgviitor.com"
134.209.147.209 - - [29/May/2026:03:09:01 +0000] "GET /wp-content/plugins/lifeline-plugin/assets/json/social-profile.json HTTP/1.1" 200 4033 "-" "WordPress/7.0; https://bharti-foundation.stgviitor.com"
134.209.147.209 - - [29/May/2026:03:09:01 +0000] "GET /wp-content/plugins/lifeline-plugin/assets/data/font-awesome-5.json HTTP/1.1" 200 13009 "-" "WordPress/7.0; https://bharti-foundation.stgviitor.com"
64.62.156.24 - - [29/May/2026:03:09:02 +0000] "GET /geoserver/web/ HTTP/1.1" 499 0 "-" "Mozilla/5.0 (X11; Linux x86_64) AppleWebKit/537.36 (KHTML, like Gecko) Chrome/138.0.0.0 Safari/537.36"
134.209.147.209 - - [29/May/2026:03:09:02 +0000] "POST /wp-cron.php?doing_wp_cron=1780024142.3234829902648925781250 HTTP/1.1" 200 31 "-" "WordPress/7.0; https://bharti-foundation.stgviitor.com"
134.209.147.209 - - [29/May/2026:03:09:02 +0000] "GET /wp-content/plugins/lifeline-plugin/assets/data/font-awesome-5.json HTTP/1.1" 200 13009 "-" "WordPress/7.0; https://bharti-foundation.stgviitor.com"
134.209.147.209 - - [29/May/2026:03:09:02 +0000] "GET /wp-content/plugins/lifeline-plugin/assets/data/font-awesome-5.json HTTP/1.1" 200 13009 "-" "WordPress/7.0; https://bharti-foundation.stgviitor.com"
134.209.147.209 - - [29/May/2026:03:09:02 +0000] "GET /wp-content/plugins/lifeline-plugin/assets/json/social-profile.json HTTP/1.1" 200 4033 "-" "WordPress/7.0; https://bharti-foundation.stgviitor.com"
134.209.147.209 - - [29/May/2026:03:09:03 +0000] "GET /wp-content/plugins/lifeline-plugin/assets/data/font-awesome-5.json HTTP/1.1" 200 13009 "-" "WordPress/7.0; https://bharti-foundation.stgviitor.com"
134.209.147.209 - - [29/May/2026:03:09:15 +0000] "POST /wp-cron.php?doing_wp_cron=1780024155.2179150581359863281250 HTTP/1.1" 200 31 "-" "WordPress/6.9.1; https://e-tdr.com"
50.6.169.131 - vc-shivika [29/May/2026:03:09:15 +0000] "GET /wp-json/wp/v2/users/me HTTP/1.1" 401 107 "-" "Mozilla/5.0 (Macintosh; Intel Mac OS X 10_15_7) AppleWebKit/537.36 (KHTML, like Gecko) Chrome/133.0.0.0 Safari/537.36 Edg/133.0.0.0"
134.209.147.209 - - [29/May/2026:03:09:22 +0000] "GET /wp-content/plugins/lifeline-plugin/assets/data/font-awesome-5.json HTTP/1.1" 200 13009 "-" "WordPress/7.0; https://bharti-foundation.stgviitor.com"
134.209.147.209 - - [29/May/2026:03:09:22 +0000] "GET /wp-content/plugins/lifeline-plugin/assets/data/font-awesome-5.json HTTP/1.1" 200 13009 "-" "WordPress/7.0; https://bharti-foundation.stgviitor.com"
134.209.147.209 - - [29/May/2026:03:09:22 +0000] "GET /wp-content/plugins/lifeline-plugin/assets/json/social-profile.json HTTP/1.1" 200 4033 "-" "WordPress/7.0; https://bharti-foundation.stgviitor.com"
134.209.147.209 - - [29/May/2026:03:09:22 +0000] "GET /wp-content/plugins/lifeline-plugin/assets/data/font-awesome-5.json HTTP/1.1" 200 13009 "-" "WordPress/7.0; https://bharti-foundation.stgviitor.com"
49.12.3.147 - - [29/May/2026:03:09:23 +0000] "GET /wp-login.php HTTP/1.1" 200 2044 "-" "Mozilla/5.0 (X11; Fedora; Linux x86_64) AppleWebKit/537.36 (KHTML, like Gecko) Chrome/133.0.0.0 Safari/537.36"
134.209.147.209 - - [29/May/2026:03:09:23 +0000] "GET /wp-content/plugins/lifeline-plugin/assets/data/font-awesome-5.json HTTP/1.1" 200 13009 "-" "WordPress/7.0; https://bharti-foundation.stgviitor.com"
134.209.147.209 - - [29/May/2026:03:09:23 +0000] "GET /wp-content/plugins/lifeline-plugin/assets/data/font-awesome-5.json HTTP/1.1" 200 13009 "-" "WordPress/7.0; https://bharti-foundation.stgviitor.com"
134.209.147.209 - - [29/May/2026:03:09:23 +0000] "GET /wp-content/plugins/lifeline-plugin/assets/json/social-profile.json HTTP/1.1" 200 4033 "-" "WordPress/7.0; https://bharti-foundation.stgviitor.com"
134.209.147.209 - - [29/May/2026:03:09:23 +0000] "GET /wp-content/plugins/lifeline-plugin/assets/data/font-awesome-5.json HTTP/1.1" 200 13009 "-" "WordPress/7.0; https://bharti-foundation.stgviitor.com"
49.12.3.147 - - [29/May/2026:03:09:23 +0000] "POST /wp-login.php HTTP/1.1" 200 2206 "https://bharti-foundation.stgviitor.com/wp-login.php" "Mozilla/5.0 (X11; Fedora; Linux x86_64) AppleWebKit/537.36 (KHTML, like Gecko) Chrome/133.0.0.0 Safari/537.36"
134.209.147.209 - - [29/May/2026:03:09:26 +0000] "POST /wp-cron.php?doing_wp_cron=1780024166.0467131137847900390625 HTTP/1.1" 200 31 "-" "WordPress/6.9.4; https://laracopilot.stgviitor.com"
144.126.139.83 - - [29/May/2026:03:09:26 +0000] "GET /wp-login.php HTTP/1.1" 200 2008 "-" "Mozilla/5.0 (Macintosh; Intel Mac OS X 14_7_4) AppleWebKit/537.36 (KHTML, like Gecko) Chrome/133.0.0.0 Safari/537.36"
144.126.139.83 - - [29/May/2026:03:09:27 +0000] "POST /wp-login.php HTTP/1.1" 200 2138 "https://laracopilot.stgviitor.com/wp-login.php" "Mozilla/5.0 (Macintosh; Intel Mac OS X 14_7_4) AppleWebKit/537.36 (KHTML, like Gecko) Chrome/133.0.0.0 Safari/537.36"
82.223.24.195 - - [29/May/2026:03:09:29 +0000] "GET /wp-login.php HTTP/1.1" 200 2008 "-" "Mozilla/5.0 (Macintosh; Intel Mac OS X 10_15_7) AppleWebKit/537.36 (KHTML, like Gecko) Chrome/133.0.0.0 Safari/537.36 Edg/133.0.0.0"
104.22.66.51 - - [29/May/2026:03:09:30 +0000] "GET /wp-login.php HTTP/1.1" 200 1770 "-" "Mozilla/5.0 (Macintosh; Intel Mac OS X 10_15_7) AppleWebKit/537.36 (KHTML, like Gecko) Chrome/133.0.0.0 Safari/537.36 Edg/133.0.0.0"
82.223.24.195 - - [29/May/2026:03:09:32 +0000] "POST /wp-login.php HTTP/1.1" 200 2138 "https://laracopilot.stgviitor.com/wp-login.php" "Mozilla/5.0 (Macintosh; Intel Mac OS X 10_15_7) AppleWebKit/537.36 (KHTML, like Gecko) Chrome/133.0.0.0 Safari/537.36 Edg/133.0.0.0"
104.22.66.51 - - [29/May/2026:03:09:35 +0000] "POST /wp-login.php HTTP/1.1" 200 1940 "https://vcstore.viitorcloud.com/wp-login.php" "Mozilla/5.0 (Macintosh; Intel Mac OS X 10_15_7) AppleWebKit/537.36 (KHTML, like Gecko) Chrome/133.0.0.0 Safari/537.36 Edg/133.0.0.0"
104.23.175.94 - - [29/May/2026:03:09:35 +0000] "GET /wp-login.php HTTP/1.1" 200 1770 "-" "Mozilla/5.0 (Macintosh; Intel Mac OS X 10_15_7) AppleWebKit/537.36 (KHTML, like Gecko) Chrome/133.0.0.0 Safari/537.36"
104.23.175.94 - - [29/May/2026:03:09:41 +0000] "POST /wp-login.php HTTP/1.1" 200 1940 "https://vcstore.viitorcloud.com/wp-login.php" "Mozilla/5.0 (Macintosh; Intel Mac OS X 10_15_7) AppleWebKit/537.36 (KHTML, like Gecko) Chrome/133.0.0.0 Safari/537.36"
134.209.147.209 - - [29/May/2026:03:09:47 +0000] "GET /wp-content/plugins/lifeline-plugin/assets/data/font-awesome-5.json HTTP/1.1" 200 13009 "-" "WordPress/7.0; https://bharti-foundation.stgviitor.com"
134.209.147.209 - - [29/May/2026:03:09:47 +0000] "GET /wp-content/plugins/lifeline-plugin/assets/data/font-awesome-5.json HTTP/1.1" 200 13009 "-" "WordPress/7.0; https://bharti-foundation.stgviitor.com"
134.209.147.209 - - [29/May/2026:03:09:47 +0000] "GET /wp-content/plugins/lifeline-plugin/assets/json/social-profile.json HTTP/1.1" 200 4033 "-" "WordPress/7.0; https://bharti-foundation.stgviitor.com"
134.209.147.209 - - [29/May/2026:03:09:47 +0000] "GET /wp-content/plugins/lifeline-plugin/assets/data/font-awesome-5.json HTTP/1.1" 200 13009 "-" "WordPress/7.0; https://bharti-foundation.stgviitor.com"
195.33.205.242 - - [29/May/2026:03:09:47 +0000] "GET /wp-login.php HTTP/1.1" 200 2044 "-" "Mozilla/5.0 (Windows NT 10.0) AppleWebKit/537.36 (KHTML, like Gecko) Chrome/133.0.0.0 Safari/537.36"
134.209.147.209 - - [29/May/2026:03:09:47 +0000] "GET /wp-content/plugins/lifeline-plugin/assets/data/font-awesome-5.json HTTP/1.1" 200 13009 "-" "WordPress/7.0; https://bharti-foundation.stgviitor.com"
134.209.147.209 - - [29/May/2026:03:09:47 +0000] "GET /wp-content/plugins/lifeline-plugin/assets/data/font-awesome-5.json HTTP/1.1" 200 13009 "-" "WordPress/7.0; https://bharti-foundation.stgviitor.com"
134.209.147.209 - - [29/May/2026:03:09:48 +0000] "GET /wp-content/plugins/lifeline-plugin/assets/json/social-profile.json HTTP/1.1" 200 4033 "-" "WordPress/7.0; https://bharti-foundation.stgviitor.com"
134.209.147.209 - - [29/May/2026:03:09:48 +0000] "GET /wp-content/plugins/lifeline-plugin/assets/data/font-awesome-5.json HTTP/1.1" 200 13009 "-" "WordPress/7.0; https://bharti-foundation.stgviitor.com"
195.33.205.242 - - [29/May/2026:03:09:48 +0000] "POST /wp-login.php HTTP/1.1" 200 2204 "https://bharti-foundation.stgviitor.com/wp-login.php" "Mozilla/5.0 (Windows NT 10.0) AppleWebKit/537.36 (KHTML, like Gecko) Chrome/133.0.0.0 Safari/537.36"
134.209.147.209 - - [29/May/2026:03:10:38 +0000] "POST /wp-cron.php?doing_wp_cron=1780024238.1277270317077636718750 HTTP/1.1" 200 31 "-" "WordPress/6.9.1; https://e-tdr.com"
138.68.19.42 - - [29/May/2026:03:10:38 +0000] "POST /wp-login.php HTTP/1.1" 200 6388 "-" "Mozilla/5.0"
134.209.147.209 - - [29/May/2026:03:10:38 +0000] "POST /wp-cron.php?doing_wp_cron=1780024238.1308870315551757812500 HTTP/1.1" 200 31 "-" "WordPress/6.9.1; https://e-tdr.com"
138.68.19.42 - - [29/May/2026:03:10:38 +0000] "POST /wp-login.php HTTP/1.1" 200 6398 "-" "Mozilla/5.0"
134.209.147.209 - - [29/May/2026:03:10:49 +0000] "GET /wp-content/plugins/lifeline-plugin/assets/data/font-awesome-5.json HTTP/1.1" 200 13009 "-" "WordPress/7.0; https://bharti-foundation.stgviitor.com"
134.209.147.209 - - [29/May/2026:03:10:49 +0000] "GET /wp-content/plugins/lifeline-plugin/assets/data/font-awesome-5.json HTTP/1.1" 200 13009 "-" "WordPress/7.0; https://bharti-foundation.stgviitor.com"
134.209.147.209 - - [29/May/2026:03:10:49 +0000] "GET /wp-content/plugins/lifeline-plugin/assets/json/social-profile.json HTTP/1.1" 200 4033 "-" "WordPress/7.0; https://bharti-foundation.stgviitor.com"
134.209.147.209 - - [29/May/2026:03:10:49 +0000] "GET /wp-content/plugins/lifeline-plugin/assets/data/font-awesome-5.json HTTP/1.1" 200 13009 "-" "WordPress/7.0; https://bharti-foundation.stgviitor.com"
134.209.147.209 - - [29/May/2026:03:10:49 +0000] "POST /wp-cron.php?doing_wp_cron=1780024249.8856739997863769531250 HTTP/1.1" 200 31 "-" "WordPress/7.0; https://bharti-foundation.stgviitor.com"
213.171.208.232 - - [29/May/2026:03:10:49 +0000] "GET /wp-login.php HTTP/1.1" 200 2044 "-" "Mozilla/5.0 (X11; Linux x86_64; rv:133.0) Gecko/20100101 Firefox/133.0"
134.209.147.209 - - [29/May/2026:03:10:49 +0000] "GET /wp-content/plugins/lifeline-plugin/assets/data/font-awesome-5.json HTTP/1.1" 200 13009 "-" "WordPress/7.0; https://bharti-foundation.stgviitor.com"
134.209.147.209 - - [29/May/2026:03:10:50 +0000] "GET /wp-content/plugins/lifeline-plugin/assets/data/font-awesome-5.json HTTP/1.1" 200 13009 "-" "WordPress/7.0; https://bharti-foundation.stgviitor.com"
134.209.147.209 - - [29/May/2026:03:10:50 +0000] "GET /wp-content/plugins/lifeline-plugin/assets/json/social-profile.json HTTP/1.1" 200 4033 "-" "WordPress/7.0; https://bharti-foundation.stgviitor.com"
134.209.147.209 - - [29/May/2026:03:10:50 +0000] "GET /wp-content/plugins/lifeline-plugin/assets/data/font-awesome-5.json HTTP/1.1" 200 13009 "-" "WordPress/7.0; https://bharti-foundation.stgviitor.com"
134.209.147.209 - - [29/May/2026:03:10:50 +0000] "GET /wp-content/plugins/lifeline-plugin/assets/data/font-awesome-5.json HTTP/1.1" 200 13009 "-" "WordPress/7.0; https://bharti-foundation.stgviitor.com"
134.209.147.209 - - [29/May/2026:03:10:50 +0000] "GET /wp-content/plugins/lifeline-plugin/assets/data/font-awesome-5.json HTTP/1.1" 200 13009 "-" "WordPress/7.0; https://bharti-foundation.stgviitor.com"
134.209.147.209 - - [29/May/2026:03:10:50 +0000] "GET /wp-content/plugins/lifeline-plugin/assets/json/social-profile.json HTTP/1.1" 200 4033 "-" "WordPress/7.0; https://bharti-foundation.stgviitor.com"
134.209.147.209 - - [29/May/2026:03:10:51 +0000] "GET /wp-content/plugins/lifeline-plugin/assets/data/font-awesome-5.json HTTP/1.1" 200 13009 "-" "WordPress/7.0; https://bharti-foundation.stgviitor.com"
213.171.208.232 - - [29/May/2026:03:10:51 +0000] "POST /wp-login.php HTTP/1.1" 200 2206 "https://bharti-foundation.stgviitor.com/wp-login.php" "Mozilla/5.0 (X11; Linux x86_64; rv:133.0) Gecko/20100101 Firefox/133.0"
134.209.147.209 - - [29/May/2026:03:11:04 +0000] "POST /wp-cron.php?doing_wp_cron=1780024264.1923260688781738281250 HTTP/1.1" 200 31 "-" "WordPress/6.9.4; https://stg.everycred.com"
184.72.95.195 - - [29/May/2026:03:11:04 +0000] "GET /wp-json/oembed/1.0/embed?format=xml&url=https://stg.everycred.com/verifiable-credentials-in-smart-car-identity-management/ HTTP/1.1" 200 1289 "-" "Mozilla/5.0 AppleWebKit/537.36 (KHTML, like Gecko; compatible; Amazonbot/0.1; +https://developer.amazon.com/support/amazonbot) Chrome/119.0.6045.214 Safari/537.36"
35.168.238.50 - - [29/May/2026:03:11:08 +0000] "GET /verifiable-credentials-in-manufacturing/ HTTP/1.1" 200 18727 "-" "Mozilla/5.0 AppleWebKit/537.36 (KHTML, like Gecko; compatible; Amazonbot/0.1; +https://developer.amazon.com/support/amazonbot) Chrome/119.0.6045.214 Safari/537.36"
18.213.70.100 - - [29/May/2026:03:11:11 +0000] "GET /raigad-police-digilocker-digital-id-system/ HTTP/1.1" 200 17307 "-" "Mozilla/5.0 AppleWebKit/537.36 (KHTML, like Gecko; compatible; Amazonbot/0.1; +https://developer.amazon.com/support/amazonbot) Chrome/119.0.6045.214 Safari/537.36"
168.63.79.147 - - [29/May/2026:03:12:22 +0000] "GET /wp-login.php HTTP/1.1" 200 1770 "-" "Mozilla/5.0 (X11; Linux x86_64) AppleWebKit/537.36 (KHTML, like Gecko) Chrome/133.0.0.0 Safari/537.36"
168.63.79.147 - - [29/May/2026:03:12:22 +0000] "POST /wp-login.php HTTP/1.1" 200 1905 "https://vcstore.viitorcloud.co/wp-login.php" "Mozilla/5.0 (X11; Linux x86_64) AppleWebKit/537.36 (KHTML, like Gecko) Chrome/133.0.0.0 Safari/537.36"
85.208.98.55 - - [29/May/2026:03:12:23 +0000] "GET /robots.txt HTTP/1.1" 301 162 "-" "Mozilla/5.0 (compatible; SemrushBot-SI/0.97; +http://www.semrush.com/bot.html)"
85.208.98.55 - - [29/May/2026:03:12:23 +0000] "GET /robots.txt HTTP/1.1" 200 423 "-" "Mozilla/5.0 (compatible; SemrushBot-SI/0.97; +http://www.semrush.com/bot.html)"
134.209.147.209 - - [29/May/2026:03:12:24 +0000] "POST /wp-cron.php?doing_wp_cron=1780024344.1658461093902587890625 HTTP/1.1" 200 31 "-" "WordPress/6.9.1; https://e-tdr.com"
85.208.98.55 - - [29/May/2026:03:12:24 +0000] "GET / HTTP/1.1" 200 17669 "-" "Mozilla/5.0 (compatible; SemrushBot-SI/0.97; +http://www.semrush.com/bot.html)"
78.142.18.172 - - [29/May/2026:03:12:27 +0000] "GET /wp-login.php HTTP/1.1" 200 1770 "-" "Mozilla/5.0 (X11; Linux i686) AppleWebKit/537.36 (KHTML, like Gecko) Chrome/133.0.0.0 Safari/537.36"
78.142.18.172 - - [29/May/2026:03:12:30 +0000] "POST /wp-login.php HTTP/1.1" 200 1905 "https://vcstore.viitorcloud.co/wp-login.php" "Mozilla/5.0 (X11; Linux i686) AppleWebKit/537.36 (KHTML, like Gecko) Chrome/133.0.0.0 Safari/537.36"
209.141.44.244 - - [29/May/2026:03:12:41 +0000] "POST /wp-login.php HTTP/1.1" 200 6406 "-" "Mozilla/5.0 (Macintosh; Intel Mac OS X 10_7_5) AppleWebKit/537.36 (KHTML, like Gecko) Chrome/36.0.1985.125 Safari/537.36"
134.209.147.209 - - [29/May/2026:03:12:48 +0000] "POST /wp-cron.php?doing_wp_cron=1780024368.4006240367889404296875 HTTP/1.1" 200 31 "-" "WordPress/6.5.3; https://vcstore.stgviitor.com"
59.90.128.5 - - [29/May/2026:03:12:48 +0000] "GET /wp-login.php HTTP/1.1" 200 1831 "-" "Mozilla/5.0 (Windows NT 10.0; Win64; x64) AppleWebKit/537.36 (KHTML, like Gecko) Chrome/133.0.0.0 Safari/537.36"
59.90.128.5 - - [29/May/2026:03:12:48 +0000] "POST /wp-login.php HTTP/1.1" 200 1998 "https://vcstore.stgviitor.com/wp-login.php" "Mozilla/5.0 (Windows NT 10.0; Win64; x64) AppleWebKit/537.36 (KHTML, like Gecko) Chrome/133.0.0.0 Safari/537.36"
3.79.134.69 - - [29/May/2026:03:13:26 +0000] "HEAD / HTTP/1.1" 301 0 "https://viitor.cloud" "Mozilla/5.0+(compatible; UptimeRobot/2.0; http://www.uptimerobot.com/)"
64.62.156.24 - - [29/May/2026:03:13:35 +0000] "GET /.git/config HTTP/1.1" 403 177 "-" "Mozilla/5.0 (Windows NT 10.0; Win64; x64) AppleWebKit/537.36 (KHTML, like Gecko) Chrome/110.0.0.0 Safari/537.36"
77.90.154.166 - aios [29/May/2026:03:13:38 +0000] "GET /wp-json/wp/v2/pages?context=edit&slug=mostbet-az-bukmeker-ve-kazino-mostbet-giris-r-smi-sayt&per_page=5&_fields=id,link,slug,status,content HTTP/1.1" 404 146 "-" "Mozilla/5.0 (Windows NT 10.0; Win64; x64; rv:148.0) Gecko/20100101 Firefox/148.0"
77.90.154.166 - aios [29/May/2026:03:13:39 +0000] "GET /wp-json/wp/v2/pages?context=edit&search=https%3A%2F%2Frlifiles.com%2F&per_page=50&_fields=id,link,slug,status,content HTTP/1.1" 404 146 "-" "Mozilla/5.0 (Windows NT 10.0; Win64; x64; rv:148.0) Gecko/20100101 Firefox/148.0"
77.90.154.166 - aios [29/May/2026:03:13:40 +0000] "POST /wp-json/wp/v2/pages HTTP/1.1" 404 146 "-" "Mozilla/5.0 (Windows NT 10.0; Win64; x64; rv:148.0) Gecko/20100101 Firefox/148.0"
77.90.154.166 - - [29/May/2026:03:13:41 +0000] "POST /xmlrpc.php HTTP/1.1" 404 146 "-" "Mozilla/5.0 (Windows NT 10.0; Win64; x64; rv:148.0) Gecko/20100101 Firefox/148.0"
77.90.154.166 - aios [29/May/2026:03:13:42 +0000] "GET /wp-json/wp/v2/posts?context=edit&slug=mostbet-az-bukmeker-ve-kazino-mostbet-giris-r-smi-sayt&per_page=5&_fields=id,link,slug,status,content HTTP/1.1" 404 146 "-" "Mozilla/5.0 (Windows NT 10.0; Win64; x64; rv:148.0) Gecko/20100101 Firefox/148.0"
77.90.154.166 - aios [29/May/2026:03:13:43 +0000] "GET /wp-json/wp/v2/posts?context=edit&search=https%3A%2F%2Frlifiles.com%2F&per_page=50&_fields=id,link,slug,status,content HTTP/1.1" 404 146 "-" "Mozilla/5.0 (Windows NT 10.0; Win64; x64; rv:148.0) Gecko/20100101 Firefox/148.0"
77.90.154.166 - aios [29/May/2026:03:13:44 +0000] "POST /wp-json/wp/v2/posts HTTP/1.1" 404 146 "-" "Mozilla/5.0 (Windows NT 10.0; Win64; x64; rv:148.0) Gecko/20100101 Firefox/148.0"
77.90.154.166 - - [29/May/2026:03:13:45 +0000] "POST /xmlrpc.php HTTP/1.1" 404 146 "-" "Mozilla/5.0 (Windows NT 10.0; Win64; x64; rv:148.0) Gecko/20100101 Firefox/148.0"
172.70.208.116 - - [29/May/2026:03:15:08 +0000] "GET /wp-login.php HTTP/1.1" 499 0 "-" "Mozilla/5.0 (Windows NT 10.0) AppleWebKit/537.36 (KHTML, like Gecko) Chrome/133.0.0.0 Safari/537.36"
213.171.208.232 - - [29/May/2026:03:15:09 +0000] "GET /wp-login.php HTTP/1.1" 200 1770 "-" "Mozilla/5.0 (Windows NT 10.0) AppleWebKit/537.36 (KHTML, like Gecko) Chrome/133.0.0.0 Safari/537.36"
213.171.208.232 - - [29/May/2026:03:15:10 +0000] "GET /wp-login.php HTTP/1.1" 200 1770 "-" "Mozilla/5.0 (Windows NT 10.0; Win64; x64; rv:133.0) Gecko/20100101 Firefox/133.0"
213.171.208.232 - - [29/May/2026:03:15:11 +0000] "POST /wp-login.php HTTP/1.1" 200 1940 "https://vcstore.viitorcloud.co/wp-login.php" "Mozilla/5.0 (Windows NT 10.0) AppleWebKit/537.36 (KHTML, like Gecko) Chrome/133.0.0.0 Safari/537.36"
74.206.180.196 - - [29/May/2026:03:15:11 +0000] "GET /wp-login.php HTTP/1.1" 200 1770 "-" "Mozilla/5.0 (Macintosh; Intel Mac OS X 10_15_7) AppleWebKit/537.36 (KHTML, like Gecko) Chrome/133.0.0.0 Safari/537.36"
213.171.208.232 - - [29/May/2026:03:15:12 +0000] "POST /wp-login.php HTTP/1.1" 200 1940 "https://vcstore.viitorcloud.co/wp-login.php" "Mozilla/5.0 (Windows NT 10.0; Win64; x64; rv:133.0) Gecko/20100101 Firefox/133.0"
134.209.147.209 - - [29/May/2026:03:15:14 +0000] "POST /wp-cron.php?doing_wp_cron=1780024514.3599328994750976562500 HTTP/1.1" 200 31 "-" "WordPress/6.6.1; https://newfaith.focalat.com"
162.158.190.3 - - [29/May/2026:03:15:14 +0000] "GET /wp-login.php HTTP/1.1" 499 0 "-" "Mozilla/5.0 (Windows NT 10.0; WOW64) AppleWebKit/537.36 (KHTML, like Gecko) Chrome/133.0.0.0 Safari/537.36"
87.106.67.224 - - [29/May/2026:03:15:14 +0000] "GET /wp-login.php HTTP/1.1" 200 2033 "-" "Mozilla/5.0 (Windows NT 10.0; Win64; x64) AppleWebKit/537.36 (KHTML, like Gecko) Chrome/133.0.0.0 Safari/537.36 Edg/133.0.0.0"
74.206.180.196 - - [29/May/2026:03:15:14 +0000] "POST /wp-login.php HTTP/1.1" 200 1940 "https://vcstore.viitorcloud.co/wp-login.php" "Mozilla/5.0 (Macintosh; Intel Mac OS X 10_15_7) AppleWebKit/537.36 (KHTML, like Gecko) Chrome/133.0.0.0 Safari/537.36"
87.106.67.224 - - [29/May/2026:03:15:18 +0000] "POST /wp-login.php HTTP/1.1" 200 2171 "https://newfaith.focalat.com/wp-login.php" "Mozilla/5.0 (Windows NT 10.0; Win64; x64) AppleWebKit/537.36 (KHTML, like Gecko) Chrome/133.0.0.0 Safari/537.36 Edg/133.0.0.0"
123.30.233.12 - - [29/May/2026:03:15:19 +0000] "GET /wp-login.php HTTP/1.1" 200 2033 "-" "Mozilla/5.0 (Macintosh; Intel Mac OS X 14_7_4) AppleWebKit/537.36 (KHTML, like Gecko) Chrome/133.0.0.0 Safari/537.36"
134.209.147.209 - - [29/May/2026:03:15:20 +0000] "POST /wp-cron.php?doing_wp_cron=1780024520.3358290195465087890625 HTTP/1.1" 200 31 "-" "WordPress/6.9.1; https://stg.e-tdr.com"
160.250.186.220 - - [29/May/2026:03:15:20 +0000] "GET /wp-login.php HTTP/1.1" 200 2002 "-" "Mozilla/5.0 (X11; Ubuntu; Linux x86_64; rv:133.0) Gecko/20100101 Firefox/133.0"
134.209.147.209 - - [29/May/2026:03:15:21 +0000] "POST /wp-cron.php?doing_wp_cron=1780024521.1990270614624023437500 HTTP/1.1" 200 31 "-" "WordPress/6.9.1; https://e-tdr.com"
170.106.35.153 - - [29/May/2026:03:15:21 +0000] "GET /xmlrpc.php HTTP/1.1" 405 53 "-" "Mozilla/5.0 (iPhone; CPU iPhone OS 13_2_3 like Mac OS X) AppleWebKit/605.1.15 (KHTML, like Gecko) Version/13.0.3 Mobile/15E148 Safari/604.1"
123.30.233.12 - - [29/May/2026:03:15:22 +0000] "POST /wp-login.php HTTP/1.1" 200 2196 "https://newfaith.focalat.com/wp-login.php" "Mozilla/5.0 (Macintosh; Intel Mac OS X 14_7_4) AppleWebKit/537.36 (KHTML, like Gecko) Chrome/133.0.0.0 Safari/537.36"
160.250.186.220 - - [29/May/2026:03:15:22 +0000] "POST /wp-login.php HTTP/1.1" 200 2133 "https://stg.e-tdr.com/wp-login.php" "Mozilla/5.0 (X11; Ubuntu; Linux x86_64; rv:133.0) Gecko/20100101 Firefox/133.0"
162.158.108.25 - Trendygital.com [29/May/2026:03:15:27 +0000] "GET /wp-json/wp/v2/users/me HTTP/1.1" 499 0 "-" "Mozilla/5.0 (Windows NT 10.0) AppleWebKit/537.36 (KHTML, like Gecko) Chrome/133.0.0.0 Safari/537.36"
162.158.88.153 - Trendygital.com [29/May/2026:03:15:29 +0000] "GET /wp-json/wp/v2/users/me HTTP/1.1" 499 0 "-" "Mozilla/5.0 (Windows NT 10.0; WOW64) AppleWebKit/537.36 (KHTML, like Gecko) Chrome/133.0.0.0 Safari/537.36"
64.227.35.51 - - [29/May/2026:03:15:34 +0000] "POST /wp-login.php HTTP/1.1" 200 6398 "-" "Mozilla/5.0"
64.227.35.51 - - [29/May/2026:03:15:34 +0000] "POST /wp-login.php HTTP/1.1" 200 6388 "-" "Mozilla/5.0"
84.247.129.9 - - [29/May/2026:03:15:41 +0000] "GET /wp-login.php HTTP/1.1" 200 2002 "-" "Mozilla/5.0 (X11; Linux x86_64; rv:133.0) Gecko/20100101 Firefox/133.0"
138.68.19.42 - - [29/May/2026:03:15:42 +0000] "POST /wp-login.php HTTP/1.1" 200 6388 "-" "Mozilla/5.0"
138.68.19.42 - - [29/May/2026:03:15:42 +0000] "POST /wp-login.php HTTP/1.1" 200 6398 "-" "Mozilla/5.0"
84.247.129.9 - admin [29/May/2026:03:15:57 +0000] "GET /wp-json/wp/v2/users/me HTTP/1.1" 401 107 "-" "Mozilla/5.0 (X11; Linux x86_64; rv:133.0) Gecko/20100101 Firefox/133.0"
134.209.147.209 - - [29/May/2026:03:16:13 +0000] "POST /wp-cron.php?doing_wp_cron=1780024573.6281559467315673828125 HTTP/1.1" 200 31 "-" "WordPress/6.6.1; https://newfaith.focalat.com"
168.63.79.147 - - [29/May/2026:03:16:13 +0000] "GET /wp-login.php HTTP/1.1" 200 2033 "-" "Mozilla/5.0 (X11; Linux x86_64; rv:133.0) Gecko/20100101 Firefox/133.0"
123.30.233.12 - - [29/May/2026:03:16:13 +0000] "GET /wp-login.php HTTP/1.1" 200 2033 "-" "Mozilla/5.0 (X11; Ubuntu; Linux x86_64; rv:133.0) Gecko/20100101 Firefox/133.0"
168.63.79.147 - - [29/May/2026:03:16:14 +0000] "POST /wp-login.php HTTP/1.1" 200 2168 "https://newfaith.focalat.com/wp-login.php" "Mozilla/5.0 (X11; Linux x86_64; rv:133.0) Gecko/20100101 Firefox/133.0"
123.30.233.12 - - [29/May/2026:03:16:15 +0000] "POST /wp-login.php HTTP/1.1" 200 2168 "https://newfaith.focalat.com/wp-login.php" "Mozilla/5.0 (X11; Ubuntu; Linux x86_64; rv:133.0) Gecko/20100101 Firefox/133.0"
78.142.18.172 - - [29/May/2026:03:16:19 +0000] "GET /wp-login.php HTTP/1.1" 200 2033 "-" "Mozilla/5.0 (X11; CrOS x86_64 14541.0.0) AppleWebKit/537.36 (KHTML, like Gecko) Chrome/133.0.0.0 Safari/537.36"
78.142.18.172 - - [29/May/2026:03:16:22 +0000] "POST /wp-login.php HTTP/1.1" 200 2168 "https://newfaith.focalat.com/wp-login.php" "Mozilla/5.0 (X11; CrOS x86_64 14541.0.0) AppleWebKit/537.36 (KHTML, like Gecko) Chrome/133.0.0.0 Safari/537.36"
45.231.255.9 - - [29/May/2026:03:16:45 +0000] "GET / HTTP/1.1" 200 14148 "-" "Mozilla/5.0 (Windows NT 10.0; Win64; x64) AppleWebKit/537.36 (KHTML, like Gecko) Chrome/120.0.0.0 Safari/537.36"
45.231.255.9 - - [29/May/2026:03:16:46 +0000] "GET /wp-login.php HTTP/1.1" 200 1857 "-" "Mozilla/5.0 (Windows NT 10.0; Win64; x64) AppleWebKit/537.36 (KHTML, like Gecko) Chrome/120.0.0.0 Safari/537.36"
45.231.255.9 - - [29/May/2026:03:16:47 +0000] "POST /wp-login.php HTTP/1.1" 302 5 "https://stg.everycred.com/wp-login.php" "Mozilla/5.0 (Windows NT 10.0; Win64; x64) AppleWebKit/537.36 (KHTML, like Gecko) Chrome/120.0.0.0 Safari/537.36"
45.231.255.9 - - [29/May/2026:03:16:49 +0000] "GET /wp-admin/ HTTP/1.1" 200 19612 "https://stg.everycred.com/wp-login.php" "Mozilla/5.0 (Windows NT 10.0; Win64; x64) AppleWebKit/537.36 (KHTML, like Gecko) Chrome/120.0.0.0 Safari/537.36"
45.231.255.9 - - [29/May/2026:03:16:50 +0000] "GET /wp-admin/ HTTP/1.1" 200 19612 "-" "Mozilla/5.0 (Windows NT 10.0; Win64; x64) AppleWebKit/537.36 (KHTML, like Gecko) Chrome/120.0.0.0 Safari/537.36"
45.231.255.9 - - [29/May/2026:03:16:52 +0000] "GET /wp-admin/post-new.php HTTP/1.1" 200 89870 "-" "Mozilla/5.0 (Windows NT 10.0; Win64; x64) AppleWebKit/537.36 (KHTML, like Gecko) Chrome/120.0.0.0 Safari/537.36"
45.231.255.9 - - [29/May/2026:03:16:53 +0000] "POST /xmlrpc.php HTTP/1.1" 200 275 "-" "WordPress/5.0; https://stg.everycred.com"
45.231.255.9 - - [29/May/2026:03:16:54 +0000] "GET /wp-admin/admin-ajax.php?action=rest-nonce HTTP/1.1" 200 41 "-" "Mozilla/5.0 (Windows NT 10.0; Win64; x64) AppleWebKit/537.36 (KHTML, like Gecko) Chrome/120.0.0.0 Safari/537.36"
45.231.255.9 - - [29/May/2026:03:16:55 +0000] "GET /wp-json/wp/v2/plugins HTTP/1.1" 200 1871 "-" "Mozilla/5.0 (Windows NT 10.0; Win64; x64) AppleWebKit/537.36 (KHTML, like Gecko) Chrome/120.0.0.0 Safari/537.36"
45.231.255.9 - - [29/May/2026:03:16:55 +0000] "GET /wp-json/wp/v2/settings HTTP/1.1" 200 298 "-" "Mozilla/5.0 (Windows NT 10.0; Win64; x64) AppleWebKit/537.36 (KHTML, like Gecko) Chrome/120.0.0.0 Safari/537.36"
45.231.255.9 - - [29/May/2026:03:16:56 +0000] "GET /wp-json/wp/v2/pages/28 HTTP/1.1" 200 1269 "-" "Mozilla/5.0 (Windows NT 10.0; Win64; x64) AppleWebKit/537.36 (KHTML, like Gecko) Chrome/120.0.0.0 Safari/537.36"
45.231.255.9 - - [29/May/2026:03:16:58 +0000] "POST /xmlrpc.php HTTP/1.1" 200 139 "-" "Mozilla/5.0 (Windows NT 10.0; Win64; x64) AppleWebKit/537.36 (KHTML, like Gecko) Chrome/120.0.0.0 Safari/537.36"
45.231.255.9 - - [29/May/2026:03:17:00 +0000] "GET /?page_id=28 HTTP/1.1" 301 5 "-" "Mozilla/5.0 (Windows NT 10.0; Win64; x64) AppleWebKit/537.36 (KHTML, like Gecko) Chrome/120.0.0.0 Safari/537.36"
168.63.79.147 - - [29/May/2026:03:17:01 +0000] "GET /wp-login.php HTTP/1.1" 200 1857 "-" "Mozilla/5.0 (Windows NT 10.0) AppleWebKit/537.36 (KHTML, like Gecko) Chrome/133.0.0.0 Safari/537.36"
168.63.79.147 - - [29/May/2026:03:17:01 +0000] "POST /wp-login.php HTTP/1.1" 200 1992 "https://stg.everycred.com/wp-login.php" "Mozilla/5.0 (Windows NT 10.0) AppleWebKit/537.36 (KHTML, like Gecko) Chrome/133.0.0.0 Safari/537.36"
45.231.255.9 - - [29/May/2026:03:17:01 +0000] "GET / HTTP/1.1" 200 15386 "-" "Mozilla/5.0 (Windows NT 10.0; Win64; x64) AppleWebKit/537.36 (KHTML, like Gecko) Chrome/120.0.0.0 Safari/537.36"
168.63.79.147 - - [29/May/2026:03:17:01 +0000] "GET /wp-login.php HTTP/1.1" 200 1857 "-" "Mozilla/5.0 (Windows NT 10.0; Win64; x64; rv:133.0) Gecko/20100101 Firefox/133.0"
134.209.147.209 - - [29/May/2026:03:17:02 +0000] "POST /wp-cron.php?doing_wp_cron=1780024622.2491059303283691406250 HTTP/1.1" 200 31 "-" "WordPress/6.5.3; https://vcstore.stgviitor.com"
69.49.112.75 - - [29/May/2026:03:17:02 +0000] "GET /wp-login.php HTTP/1.1" 200 1831 "-" "Mozilla/5.0 (X11; Linux x86_64; rv:133.0) Gecko/20100101 Firefox/133.0"
168.63.79.147 - - [29/May/2026:03:17:03 +0000] "POST /wp-login.php HTTP/1.1" 200 1992 "https://stg.everycred.com/wp-login.php" "Mozilla/5.0 (Windows NT 10.0; Win64; x64; rv:133.0) Gecko/20100101 Firefox/133.0"
134.209.147.209 - - [29/May/2026:03:17:06 +0000] "POST /wp-cron.php?doing_wp_cron=1780024626.6255528926849365234375 HTTP/1.1" 200 31 "-" "WordPress/6.9.4; https://laracopilot.stgviitor.com"
49.13.171.11 - - [29/May/2026:03:17:06 +0000] "GET /wp-login.php HTTP/1.1" 200 2008 "-" "Mozilla/5.0 (X11; Linux x86_64) AppleWebKit/537.36 (KHTML, like Gecko) Chrome/133.0.0.0 Safari/537.36 Edg/133.0.0.0"
69.49.112.75 - - [29/May/2026:03:17:07 +0000] "POST /wp-login.php HTTP/1.1" 200 1991 "https://vcstore.stgviitor.com/wp-login.php" "Mozilla/5.0 (X11; Linux x86_64; rv:133.0) Gecko/20100101 Firefox/133.0"
115.131.3.84 - - [29/May/2026:03:17:07 +0000] "GET /wp-login.php HTTP/1.1" 200 2008 "-" "Mozilla/5.0 (X11; Linux x86_64) AppleWebKit/537.36 (KHTML, like Gecko) Chrome/133.0.0.0 Safari/537.36"
49.13.171.11 - - [29/May/2026:03:17:10 +0000] "POST /wp-login.php HTTP/1.1" 200 2149 "https://laracopilot.stgviitor.com/wp-login.php" "Mozilla/5.0 (X11; Linux x86_64) AppleWebKit/537.36 (KHTML, like Gecko) Chrome/133.0.0.0 Safari/537.36 Edg/133.0.0.0"
115.131.3.84 - - [29/May/2026:03:17:10 +0000] "POST /wp-login.php HTTP/1.1" 200 2149 "https://laracopilot.stgviitor.com/wp-login.php" "Mozilla/5.0 (X11; Linux x86_64) AppleWebKit/537.36 (KHTML, like Gecko) Chrome/133.0.0.0 Safari/537.36"
64.31.25.250 - - [29/May/2026:03:17:11 +0000] "GET /wp-login.php HTTP/1.1" 200 1857 "-" "Mozilla/5.0 (Macintosh; Intel Mac OS X 10_15_7) AppleWebKit/537.36 (KHTML, like Gecko) Chrome/133.0.0.0 Safari/537.36"
78.142.18.172 - - [29/May/2026:03:17:13 +0000] "GET /wp-login.php HTTP/1.1" 200 2008 "-" "Mozilla/5.0 (Macintosh; Intel Mac OS X 10_15_7) AppleWebKit/605.1.15 (KHTML, like Gecko) Version/18.3 Safari/605.1.15"
78.142.18.172 - vishal_rajpurohit [29/May/2026:03:17:33 +0000] "GET /wp-json/wp/v2/users/me HTTP/1.1" 401 107 "-" "Mozilla/5.0 (Macintosh; Intel Mac OS X 10_15_7) AppleWebKit/605.1.15 (KHTML, like Gecko) Version/18.3 Safari/605.1.15"
168.119.96.239 - - [29/May/2026:03:18:31 +0000] "HEAD / HTTP/1.1" 301 0 "https://viitor.cloud" "Mozilla/5.0+(compatible; UptimeRobot/2.0; http://www.uptimerobot.com/)"
134.209.147.209 - - [29/May/2026:03:18:59 +0000] "POST /wp-cron.php?doing_wp_cron=1780024739.7149069309234619140625 HTTP/1.1" 200 31 "-" "WordPress/6.9.4; https://laracopilot.stgviitor.com"
162.240.52.198 - - [29/May/2026:03:18:59 +0000] "GET /wp-login.php HTTP/1.1" 200 2008 "-" "Mozilla/5.0 (Macintosh; Intel Mac OS X 10_15_7) AppleWebKit/605.1.15 (KHTML, like Gecko) Version/18.3 Safari/605.1.15"
162.240.52.198 - - [29/May/2026:03:19:00 +0000] "POST /wp-login.php HTTP/1.1" 200 2144 "https://laracopilot.stgviitor.com/wp-login.php" "Mozilla/5.0 (Macintosh; Intel Mac OS X 10_15_7) AppleWebKit/605.1.15 (KHTML, like Gecko) Version/18.3 Safari/605.1.15"
134.209.147.209 - - [29/May/2026:03:19:11 +0000] "GET /wp-content/plugins/lifeline-plugin/assets/data/font-awesome-5.json HTTP/1.1" 200 13009 "-" "WordPress/7.0; https://bharti-foundation.stgviitor.com"
134.209.147.209 - - [29/May/2026:03:19:11 +0000] "GET /wp-content/plugins/lifeline-plugin/assets/data/font-awesome-5.json HTTP/1.1" 200 13009 "-" "WordPress/7.0; https://bharti-foundation.stgviitor.com"
134.209.147.209 - - [29/May/2026:03:19:11 +0000] "GET /wp-content/plugins/lifeline-plugin/assets/json/social-profile.json HTTP/1.1" 200 4033 "-" "WordPress/7.0; https://bharti-foundation.stgviitor.com"
134.209.147.209 - - [29/May/2026:03:19:11 +0000] "GET /wp-content/plugins/lifeline-plugin/assets/data/font-awesome-5.json HTTP/1.1" 200 13009 "-" "WordPress/7.0; https://bharti-foundation.stgviitor.com"
134.209.147.209 - - [29/May/2026:03:19:11 +0000] "POST /wp-cron.php?doing_wp_cron=1780024751.9593870639801025390625 HTTP/1.1" 200 31 "-" "WordPress/7.0; https://bharti-foundation.stgviitor.com"
213.171.208.232 - - [29/May/2026:03:19:11 +0000] "GET /wp-login.php HTTP/1.1" 200 2044 "-" "Mozilla/5.0 (X11; Linux x86_64) AppleWebKit/537.36 (KHTML, like Gecko) Chrome/133.0.0.0 Safari/537.36"
134.209.147.209 - - [29/May/2026:03:19:12 +0000] "GET /wp-content/plugins/lifeline-plugin/assets/data/font-awesome-5.json HTTP/1.1" 200 13009 "-" "WordPress/7.0; https://bharti-foundation.stgviitor.com"
134.209.147.209 - - [29/May/2026:03:19:12 +0000] "GET /wp-content/plugins/lifeline-plugin/assets/data/font-awesome-5.json HTTP/1.1" 200 13009 "-" "WordPress/7.0; https://bharti-foundation.stgviitor.com"
134.209.147.209 - - [29/May/2026:03:19:12 +0000] "GET /wp-content/plugins/lifeline-plugin/assets/json/social-profile.json HTTP/1.1" 200 4033 "-" "WordPress/7.0; https://bharti-foundation.stgviitor.com"
134.209.147.209 - - [29/May/2026:03:19:12 +0000] "GET /wp-content/plugins/lifeline-plugin/assets/data/font-awesome-5.json HTTP/1.1" 200 13009 "-" "WordPress/7.0; https://bharti-foundation.stgviitor.com"
134.209.147.209 - - [29/May/2026:03:19:17 +0000] "GET /wp-content/plugins/lifeline-plugin/assets/data/font-awesome-5.json HTTP/1.1" 200 13009 "-" "WordPress/7.0; https://bharti-foundation.stgviitor.com"
134.209.147.209 - - [29/May/2026:03:19:17 +0000] "GET /wp-content/plugins/lifeline-plugin/assets/data/font-awesome-5.json HTTP/1.1" 200 13009 "-" "WordPress/7.0; https://bharti-foundation.stgviitor.com"
134.209.147.209 - - [29/May/2026:03:19:17 +0000] "GET /wp-content/plugins/lifeline-plugin/assets/json/social-profile.json HTTP/1.1" 200 4033 "-" "WordPress/7.0; https://bharti-foundation.stgviitor.com"
134.209.147.209 - - [29/May/2026:03:19:17 +0000] "GET /wp-content/plugins/lifeline-plugin/assets/data/font-awesome-5.json HTTP/1.1" 200 13009 "-" "WordPress/7.0; https://bharti-foundation.stgviitor.com"
213.171.208.232 - - [29/May/2026:03:19:17 +0000] "POST /wp-login.php HTTP/1.1" 200 2204 "https://bharti-foundation.stgviitor.com/wp-login.php" "Mozilla/5.0 (X11; Linux x86_64) AppleWebKit/537.36 (KHTML, like Gecko) Chrome/133.0.0.0 Safari/537.36"
134.209.147.209 - - [29/May/2026:03:19:22 +0000] "GET /wp-content/plugins/lifeline-plugin/assets/data/font-awesome-5.json HTTP/1.1" 200 13009 "-" "WordPress/7.0; https://bharti-foundation.stgviitor.com"
134.209.147.209 - - [29/May/2026:03:19:22 +0000] "GET /wp-content/plugins/lifeline-plugin/assets/data/font-awesome-5.json HTTP/1.1" 200 13009 "-" "WordPress/7.0; https://bharti-foundation.stgviitor.com"
134.209.147.209 - - [29/May/2026:03:19:22 +0000] "GET /wp-content/plugins/lifeline-plugin/assets/json/social-profile.json HTTP/1.1" 200 4033 "-" "WordPress/7.0; https://bharti-foundation.stgviitor.com"
134.209.147.209 - - [29/May/2026:03:19:22 +0000] "GET /wp-content/plugins/lifeline-plugin/assets/data/font-awesome-5.json HTTP/1.1" 200 13009 "-" "WordPress/7.0; https://bharti-foundation.stgviitor.com"
103.143.207.18 - - [29/May/2026:03:19:22 +0000] "GET /wp-login.php HTTP/1.1" 200 2044 "-" "Mozilla/5.0 (X11; Linux i686) AppleWebKit/537.36 (KHTML, like Gecko) Chrome/133.0.0.0 Safari/537.36"
134.209.147.209 - - [29/May/2026:03:19:34 +0000] "POST /wp-cron.php?doing_wp_cron=1780024774.8161458969116210937500 HTTP/1.1" 200 31 "-" "WordPress/6.9.4; https://laracopilot.stgviitor.com"
160.250.186.220 - - [29/May/2026:03:19:34 +0000] "GET /wp-login.php HTTP/1.1" 200 2008 "-" "Mozilla/5.0 (X11; CrOS x86_64 14541.0.0) AppleWebKit/537.36 (KHTML, like Gecko) Chrome/133.0.0.0 Safari/537.36"
134.209.147.209 - - [29/May/2026:03:19:35 +0000] "GET /wp-content/plugins/lifeline-plugin/assets/data/font-awesome-5.json HTTP/1.1" 200 13009 "-" "WordPress/7.0; https://bharti-foundation.stgviitor.com"
134.209.147.209 - - [29/May/2026:03:19:35 +0000] "GET /wp-content/plugins/lifeline-plugin/assets/data/font-awesome-5.json HTTP/1.1" 200 13009 "-" "WordPress/7.0; https://bharti-foundation.stgviitor.com"
134.209.147.209 - - [29/May/2026:03:19:35 +0000] "GET /wp-content/plugins/lifeline-plugin/assets/json/social-profile.json HTTP/1.1" 200 4033 "-" "WordPress/7.0; https://bharti-foundation.stgviitor.com"
134.209.147.209 - - [29/May/2026:03:19:35 +0000] "GET /wp-content/plugins/lifeline-plugin/assets/data/font-awesome-5.json HTTP/1.1" 200 13009 "-" "WordPress/7.0; https://bharti-foundation.stgviitor.com"
103.143.207.18 - Emma [29/May/2026:03:19:36 +0000] "GET /wp-json/wp/v2/users/me HTTP/1.1" 401 108 "-" "Mozilla/5.0 (X11; Linux i686) AppleWebKit/537.36 (KHTML, like Gecko) Chrome/133.0.0.0 Safari/537.36"
160.250.186.220 - - [29/May/2026:03:19:36 +0000] "POST /wp-login.php HTTP/1.1" 200 2139 "https://laracopilot.stgviitor.com/wp-login.php" "Mozilla/5.0 (X11; CrOS x86_64 14541.0.0) AppleWebKit/537.36 (KHTML, like Gecko) Chrome/133.0.0.0 Safari/537.36"
103.79.179.200 - - [29/May/2026:03:19:49 +0000] "GET / HTTP/1.1" 200 14152 "-" "Mozilla/5.0 (Windows NT 10.0; Win64; x64) AppleWebKit/537.36 (KHTML, like Gecko) Chrome/120.0.0.0 Safari/537.36"
103.79.179.200 - - [29/May/2026:03:19:50 +0000] "GET /wp-login.php HTTP/1.1" 200 1857 "-" "Mozilla/5.0 (Windows NT 10.0; Win64; x64) AppleWebKit/537.36 (KHTML, like Gecko) Chrome/120.0.0.0 Safari/537.36"
103.79.179.200 - - [29/May/2026:03:19:50 +0000] "POST /wp-login.php HTTP/1.1" 302 5 "https://stg.everycred.com/wp-login.php" "Mozilla/5.0 (Windows NT 10.0; Win64; x64) AppleWebKit/537.36 (KHTML, like Gecko) Chrome/120.0.0.0 Safari/537.36"
172.239.71.239 - - [29/May/2026:03:19:50 +0000] "GET / HTTP/1.1" 200 3133 "-" "Mozilla/5.0 (Macintosh; Intel Mac OS X 13_1) AppleWebKit/537.36 (KHTML, like Gecko) Chrome/108.0.0.0 Safari/537.36"
103.79.179.200 - - [29/May/2026:03:19:51 +0000] "GET /wp-admin/ HTTP/1.1" 200 19609 "https://stg.everycred.com/wp-login.php" "Mozilla/5.0 (Windows NT 10.0; Win64; x64) AppleWebKit/537.36 (KHTML, like Gecko) Chrome/120.0.0.0 Safari/537.36"
131.221.13.184 - - [29/May/2026:03:19:54 +0000] "GET /wp-admin/ HTTP/1.1" 200 19609 "-" "Mozilla/5.0 (Windows NT 10.0; Win64; x64) AppleWebKit/537.36 (KHTML, like Gecko) Chrome/120.0.0.0 Safari/537.36"
131.221.13.184 - - [29/May/2026:03:19:56 +0000] "GET /wp-admin/post-new.php HTTP/1.1" 200 89868 "-" "Mozilla/5.0 (Windows NT 10.0; Win64; x64) AppleWebKit/537.36 (KHTML, like Gecko) Chrome/120.0.0.0 Safari/537.36"
