161.118.210.105 - - [29/May/2026:03:31:54 +0000] "POST /wp-login.php HTTP/1.1" 405 150 "https://cxocopilot.com/wp-login.php" "Mozilla/5.0 (Macintosh; Intel Mac OS X 10_15_7) AppleWebKit/605.1.15 (KHTML, like Gecko) Version/14.1.1 Safari/605.1.15"
35.199.70.61 - - [29/May/2026:03:31:54 +0000] "GET /info.php HTTP/1.1" 404 178 "-" "Mozilla/5.0 (Macintosh; Intel Mac OS X 10_11_6) AppleWebKit/537.36 (KHTML, like Gecko) Chrome/76.0.3809.100 Safari/537.36"
35.199.70.61 - - [29/May/2026:03:31:54 +0000] "GET /php.php HTTP/1.1" 404 146 "-" "Mozilla/5.0 (Windows NT 5.1; rv:31.0) Gecko/20100101 Firefox/31.0"
35.199.70.61 - - [29/May/2026:03:31:54 +0000] "GET /test.php HTTP/1.1" 404 178 "-" "Mozilla/5.0 (X11; Linux x86_64) AppleWebKit/537.36 (KHTML, like Gecko) Chrome/70.0.3538.102 YaBrowser/18.11.1.715 (beta) Yowser/2.5 Safari/537.36"
35.199.70.61 - - [29/May/2026:03:31:54 +0000] "GET /phptest.php HTTP/1.1" 404 146 "-" "Mozilla/5.0 (Macintosh; Intel Mac OS X 10_13_6) AppleWebKit/605.1.15 (KHTML, like Gecko) Version/12.0.2 Safari/605.1.15"
134.209.147.209 - - [29/May/2026:03:31:54 +0000] "GET /wp-content/plugins/lifeline-plugin/assets/data/font-awesome-5.json HTTP/1.1" 200 13009 "-" "WordPress/7.0; https://bharti-foundation.stgviitor.com"
134.209.147.209 - - [29/May/2026:03:31:54 +0000] "GET /wp-content/plugins/lifeline-plugin/assets/data/font-awesome-5.json HTTP/1.1" 200 13009 "-" "WordPress/7.0; https://bharti-foundation.stgviitor.com"
35.199.70.61 - - [29/May/2026:03:31:54 +0000] "GET /debug.php HTTP/1.1" 404 178 "-" "Mozilla/5.0 (X11; Linux x86_64) AppleWebKit/537.36 (KHTML, like Gecko) Chrome/63.0.3239.108 Safari/537.36"
134.209.147.209 - - [29/May/2026:03:31:54 +0000] "GET /wp-content/plugins/lifeline-plugin/assets/data/font-awesome-5.json HTTP/1.1" 200 13009 "-" "WordPress/7.0; https://bharti-foundation.stgviitor.com"
161.118.210.105 - - [29/May/2026:03:31:54 +0000] "GET /wp-admin/index.php HTTP/1.1" 200 4559 "https://cxocopilot.com/wp-login.php" "Mozilla/5.0 (Macintosh; Intel Mac OS X 10_15_7) AppleWebKit/537.36 (KHTML, like Gecko) Chrome/91.0.4472.124 Safari/537.36"
35.199.70.61 - - [29/May/2026:03:31:54 +0000] "GET /api/phpinfo.php HTTP/1.1" 404 178 "-" "Mozilla/4.0 (compatible; MSIE 8.0; Windows NT 6.1; WOW64; Trident/4.0; SLCC2; .NET CLR 2.0.50727; .NET CLR 3.5.30729; .NET CLR 3.0.30729; Media Center PC 6.0; .NET4.0C; .NET4.0E; InfoPath.2)"
35.199.70.61 - - [29/May/2026:03:31:54 +0000] "GET /admin/phpinfo.php HTTP/1.1" 404 146 "-" "Mozilla/5.0 (iPhone; CPU iPhone OS 12_3 like Mac OS X) AppleWebKit/605.1.15 (KHTML, like Gecko) CriOS/71.0.3578.89 Mobile/15E148 Safari/605.1"
161.118.210.105 - - [29/May/2026:03:31:54 +0000] "POST /wp-login.php HTTP/1.1" 405 552 "https://cxocopilot.com/wp-login.php" "Mozilla/5.0 (Windows NT 6.1; Win64; x64) AppleWebKit/537.36 (KHTML, like Gecko) Chrome/94.0.4606.71 Safari/537.36"
161.118.210.105 - - [29/May/2026:03:31:54 +0000] "GET /wp-admin/index.php HTTP/1.1" 200 4559 "https://cxocopilot.com/wp-login.php" "Mozilla/5.0 (Macintosh; Intel Mac OS X 10_15_7) AppleWebKit/605.1.15 (KHTML, like Gecko) Version/14.1 Safari/605.1.15"
161.118.210.105 - - [29/May/2026:03:31:54 +0000] "POST /wp-login.php HTTP/1.1" 405 552 "https://cxocopilot.com/wp-login.php" "Mozilla/5.0 (X11; Linux x86_64) AppleWebKit/537.36 (KHTML, like Gecko) Chrome/93.0.4577.63 Safari/537.36"
134.209.147.209 - - [29/May/2026:03:31:55 +0000] "GET /wp-content/plugins/lifeline-plugin/assets/data/font-awesome-5.json HTTP/1.1" 200 13009 "-" "WordPress/7.0; https://bharti-foundation.stgviitor.com"
161.118.210.105 - - [29/May/2026:03:31:55 +0000] "GET /wp-admin/index.php HTTP/1.1" 200 4559 "https://cxocopilot.com/wp-login.php" "Mozilla/5.0 (Macintosh; Intel Mac OS X 10_15_7) AppleWebKit/605.1.15 (KHTML, like Gecko) Version/14.1.1 Safari/605.1.15"
161.118.210.105 - - [29/May/2026:03:31:55 +0000] "POST /wp-login.php HTTP/1.1" 405 552 "https://cxocopilot.com/wp-login.php" "Mozilla/5.0 (Macintosh; Intel Mac OS X 10_15_7) AppleWebKit/537.36 (KHTML, like Gecko) Chrome/91.0.4472.124 Safari/537.36"
161.118.210.105 - - [29/May/2026:03:31:55 +0000] "GET /wp-admin/index.php HTTP/1.1" 200 4559 "https://cxocopilot.com/wp-login.php" "Mozilla/5.0 (X11; Linux x86_64; rv:89.0) Gecko/20100101 Firefox/89.0.2"
161.118.210.105 - - [29/May/2026:03:31:55 +0000] "POST /wp-login.php HTTP/1.1" 405 552 "https://cxocopilot.com/wp-login.php" "Mozilla/5.0 (X11; Linux x86_64) AppleWebKit/537.36 (KHTML, like Gecko) Chrome/93.0.4577.63 Safari/537.36"
134.209.147.209 - - [29/May/2026:03:31:55 +0000] "GET /wp-content/plugins/lifeline-plugin/assets/data/font-awesome-5.json HTTP/1.1" 200 13009 "-" "WordPress/7.0; https://bharti-foundation.stgviitor.com"
134.209.147.209 - - [29/May/2026:03:31:55 +0000] "GET /wp-content/plugins/lifeline-plugin/assets/data/font-awesome-5.json HTTP/1.1" 200 13009 "-" "WordPress/7.0; https://bharti-foundation.stgviitor.com"
161.118.210.105 - - [29/May/2026:03:31:55 +0000] "GET /wp-admin/index.php HTTP/1.1" 200 4559 "https://cxocopilot.com/wp-login.php" "Mozilla/5.0 (X11; Linux x86_64) AppleWebKit/537.36 (KHTML, like Gecko) Chrome/93.0.4577.63 Safari/537.36"
134.209.147.209 - - [29/May/2026:03:31:55 +0000] "GET /wp-content/plugins/lifeline-plugin/assets/data/font-awesome-5.json HTTP/1.1" 200 13009 "-" "WordPress/7.0; https://bharti-foundation.stgviitor.com"
161.118.210.105 - - [29/May/2026:03:31:55 +0000] "POST /wp-login.php HTTP/1.1" 405 150 "https://cxocopilot.com/wp-login.php" "Mozilla/5.0 (Macintosh; Intel Mac OS X 10_15_7) AppleWebKit/605.1.15 (KHTML, like Gecko) Version/15.0 Safari/605.1.15"
161.118.210.105 - - [29/May/2026:03:31:55 +0000] "GET /wp-admin/index.php HTTP/1.1" 200 4559 "https://cxocopilot.com/wp-login.php" "Mozilla/5.0 (Windows NT 10.0; Win64; x64) AppleWebKit/605.1.15 (KHTML, like Gecko) Version/14.1.1 Safari/605.1.15"
35.199.70.61 - - [29/May/2026:03:31:55 +0000] "GET /config.php HTTP/1.1" 404 178 "-" "Mozilla/4.0 (compatible; MSIE 5.0; Series80/2.0 Nokia9500/4.51 Profile/MIDP-2.0 Configuration/CLDC-1.1)"
35.199.70.61 - - [29/May/2026:03:31:55 +0000] "GET /config.js HTTP/1.1" 404 178 "-" "Mozilla/5.0 (X11; Linux i686) AppleWebKit/537.36 (KHTML, like Gecko) Chrome/28.0.1478.0 Safari/537.36"
161.118.210.105 - - [29/May/2026:03:31:55 +0000] "POST /wp-login.php HTTP/1.1" 405 552 "https://cxocopilot.com/wp-login.php" "Mozilla/5.0 (Windows NT 6.1; Win64; x64) AppleWebKit/537.36 (KHTML, like Gecko) Chrome/94.0.4606.71 Safari/537.36"
134.209.147.209 - - [29/May/2026:03:31:55 +0000] "GET /wp-content/plugins/lifeline-plugin/assets/data/font-awesome-5.json HTTP/1.1" 200 13009 "-" "WordPress/7.0; https://bharti-foundation.stgviitor.com"
35.199.70.61 - - [29/May/2026:03:31:55 +0000] "GET /configuration.php HTTP/1.1" 404 178 "-" "Mozilla/5.0 (Macintosh; Intel Mac OS X 10_14_4) AppleWebKit/537.36 (KHTML, like Gecko) Chrome/77.0.3829.0 Safari/537.36 Edg/77.0.197.1"
35.199.70.61 - - [29/May/2026:03:31:55 +0000] "GET /settings.php HTTP/1.1" 404 178 "-" "Mozilla/5.0 (Macintosh; Intel Mac OS X 10_9_5) AppleWebKit/537.36 (KHTML, like Gecko) Chrome/65.0.3325.181 Safari/537.36"
161.118.210.105 - - [29/May/2026:03:31:55 +0000] "GET /wp-admin/index.php HTTP/1.1" 200 4559 "https://cxocopilot.com/wp-login.php" "Mozilla/5.0 (Windows NT 10.0; Win64; x64) AppleWebKit/605.1.15 (KHTML, like Gecko) Version/14.1.2 Safari/605.1.15"
161.118.210.105 - - [29/May/2026:03:31:55 +0000] "POST /wp-login.php HTTP/1.1" 405 150 "https://cxocopilot.com/wp-login.php" "Mozilla/5.0 (Windows NT 6.1; Win64; x64; rv:91.0) Gecko/20100101 Firefox/91.0"
35.199.70.61 - - [29/May/2026:03:31:55 +0000] "GET /parameters.php HTTP/1.1" 404 146 "-" "Mozilla/5.0 (Macintosh; Intel Mac OS X 10_12_6) AppleWebKit/605.1.15 (KHTML, like Gecko) Version/12.1.2 Safari/605.1.15"
161.118.210.105 - - [29/May/2026:03:31:55 +0000] "GET /wp-admin/index.php HTTP/1.1" 200 4559 "https://cxocopilot.com/wp-login.php" "Mozilla/5.0 (Windows NT 6.1; Win64; x64) AppleWebKit/537.36 (KHTML, like Gecko) Chrome/94.0.4606.71 Safari/537.36"
35.199.70.61 - - [29/May/2026:03:31:55 +0000] "GET /db.php HTTP/1.1" 404 146 "-" "Mozilla/5.0 (Macintosh; Intel Mac OS X 10.6; rv:2.0.1) Gecko/20100101 Firefox/4.0.1 Camino/2.2.1"
161.118.210.105 - - [29/May/2026:03:31:55 +0000] "POST /wp-login.php HTTP/1.1" 405 552 "https://cxocopilot.com/wp-login.php" "Mozilla/5.0 (Windows NT 10.0; Win64; x64) AppleWebKit/537.36 (KHTML, like Gecko) Chrome/90.0.4430.212 Safari/537.36"
35.199.70.61 - - [29/May/2026:03:31:55 +0000] "GET /database.php HTTP/1.1" 404 178 "-" "Mozilla/5.0 (X11; Linux x86_64) AppleWebKit/537.36 (KHTML, like Gecko) Chrome/77.0.3844.0 Safari/537.36"
161.118.210.105 - - [29/May/2026:03:31:55 +0000] "GET /wp-admin/index.php HTTP/1.1" 200 4559 "https://cxocopilot.com/wp-login.php" "Mozilla/5.0 (Windows NT 10.0; Win64; x64) AppleWebKit/605.1.15 (KHTML, like Gecko) Version/14.1.2 Safari/605.1.15"
134.209.147.209 - - [29/May/2026:03:31:55 +0000] "GET /wp-content/plugins/lifeline-plugin/assets/json/social-profile.json HTTP/1.1" 200 4033 "-" "WordPress/7.0; https://bharti-foundation.stgviitor.com"
134.209.147.209 - - [29/May/2026:03:31:55 +0000] "GET /wp-content/plugins/lifeline-plugin/assets/json/social-profile.json HTTP/1.1" 200 4033 "-" "WordPress/7.0; https://bharti-foundation.stgviitor.com"
134.209.147.209 - - [29/May/2026:03:31:55 +0000] "GET /wp-content/plugins/lifeline-plugin/assets/json/social-profile.json HTTP/1.1" 200 4033 "-" "WordPress/7.0; https://bharti-foundation.stgviitor.com"
161.118.210.105 - - [29/May/2026:03:31:55 +0000] "POST /wp-login.php HTTP/1.1" 405 150 "https://cxocopilot.com/wp-login.php" "Mozilla/5.0 (X11; Linux x86_64; rv:92.0) Gecko/20100101 Firefox/92.0"
161.118.210.105 - - [29/May/2026:03:31:55 +0000] "GET /wp-admin/index.php HTTP/1.1" 200 4559 "https://cxocopilot.com/wp-login.php" "Mozilla/5.0 (Macintosh; Intel Mac OS X 10_15_7) AppleWebKit/537.36 (KHTML, like Gecko) Chrome/94.0.4606.71 Safari/537.36"
35.199.70.61 - - [29/May/2026:03:31:55 +0000] "GET /api/config.php HTTP/1.1" 404 178 "-" "Mozilla/5.0 (Linux; Android 8.0.0; LG-H870DS) AppleWebKit/537.36 (KHTML, like Gecko) Chrome/76.0.3809.111 Mobile Safari/537.36"
35.199.70.61 - - [29/May/2026:03:31:55 +0000] "GET /api/database.php HTTP/1.1" 404 178 "-" "Mozilla/5.0 (Macintosh; Intel Mac OS X 10_14_2) AppleWebKit/537.36 (KHTML, like Gecko) Chrome/76.0.3809.84 Safari/537.36"
161.118.210.105 - - [29/May/2026:03:31:55 +0000] "POST /wp-login.php HTTP/1.1" 405 552 "https://cxocopilot.com/wp-login.php" "Mozilla/5.0 (Windows NT 10.0; Win64; x64) AppleWebKit/537.36 (KHTML, like Gecko) Chrome/94.0.4606.71 Safari/537.36"
161.118.210.105 - - [29/May/2026:03:31:55 +0000] "GET /wp-admin/index.php HTTP/1.1" 200 4559 "https://cxocopilot.com/wp-login.php" "Mozilla/5.0 (Windows NT 10.0; Win64; x64) AppleWebKit/537.36 (KHTML, like Gecko) Chrome/90.0.4430.212 Safari/537.36"
161.118.210.105 - - [29/May/2026:03:31:55 +0000] "POST /wp-login.php HTTP/1.1" 405 552 "https://cxocopilot.com/wp-login.php" "Mozilla/5.0 (Windows NT 10.0; Win64; x64) AppleWebKit/537.36 (KHTML, like Gecko) Chrome/90.0.4430.212 Safari/537.36"
134.209.147.209 - - [29/May/2026:03:31:55 +0000] "GET /wp-content/plugins/lifeline-plugin/assets/json/social-profile.json HTTP/1.1" 200 4033 "-" "WordPress/7.0; https://bharti-foundation.stgviitor.com"
161.118.210.105 - - [29/May/2026:03:31:55 +0000] "GET /wp-admin/index.php HTTP/1.1" 200 4559 "https://cxocopilot.com/wp-login.php" "Mozilla/5.0 (Macintosh; Intel Mac OS X 10_15_7) AppleWebKit/605.1.15 (KHTML, like Gecko) Version/14.0.3 Safari/605.1.15"
161.118.210.105 - - [29/May/2026:03:31:55 +0000] "POST /wp-login.php HTTP/1.1" 405 552 "https://cxocopilot.com/wp-login.php" "Mozilla/5.0 (Windows NT 10.0; Win64; x64) AppleWebKit/537.36 (KHTML, like Gecko) Chrome/92.0.4515.131 Safari/537.36"
134.209.147.209 - - [29/May/2026:03:31:55 +0000] "GET /wp-content/plugins/lifeline-plugin/assets/data/font-awesome-5.json HTTP/1.1" 200 13009 "-" "WordPress/7.0; https://bharti-foundation.stgviitor.com"
161.118.210.105 - - [29/May/2026:03:31:56 +0000] "GET /wp-admin/index.php HTTP/1.1" 200 4559 "https://cxocopilot.com/wp-login.php" "Mozilla/5.0 (Macintosh; Intel Mac OS X 10_15_7) AppleWebKit/605.1.15 (KHTML, like Gecko) Version/14.1.2 Safari/605.1.15"
35.199.70.61 - - [29/May/2026:03:31:56 +0000] "GET /app/config.php HTTP/1.1" 404 178 "-" "Mozilla/4.0 (compatible; MSIE 8.0; Windows NT 5.1; Trident/4.0; .NET CLR 2.0.50727; .NET CLR 3.0.04506.648; .NET CLR 3.5.21022; .NET CLR 3.0.4506.2152; .NET CLR 3.5.30729)"
161.118.210.105 - - [29/May/2026:03:31:56 +0000] "POST /wp-login.php HTTP/1.1" 405 552 "https://cxocopilot.com/wp-login.php" "Mozilla/5.0 (X11; Linux x86_64) AppleWebKit/537.36 (KHTML, like Gecko) Chrome/94.0.4606.71 Safari/537.36"
35.199.70.61 - - [29/May/2026:03:31:56 +0000] "GET /app/settings.php HTTP/1.1" 404 178 "-" "Mozilla/5.0 (X11; Linux x86_64) AppleWebKit/537.36 (KHTML, like Gecko) Chrome/33.0.1750.166 Safari/537.36 OPR/20.0.1396.73172"
134.209.147.209 - - [29/May/2026:03:31:56 +0000] "GET /wp-content/plugins/lifeline-plugin/assets/data/font-awesome-5.json HTTP/1.1" 200 13009 "-" "WordPress/7.0; https://bharti-foundation.stgviitor.com"
134.209.147.209 - - [29/May/2026:03:31:56 +0000] "GET /wp-content/plugins/lifeline-plugin/assets/data/font-awesome-5.json HTTP/1.1" 200 13009 "-" "WordPress/7.0; https://bharti-foundation.stgviitor.com"
134.209.147.209 - - [29/May/2026:03:31:56 +0000] "GET /wp-content/plugins/lifeline-plugin/assets/data/font-awesome-5.json HTTP/1.1" 200 13009 "-" "WordPress/7.0; https://bharti-foundation.stgviitor.com"
161.118.210.105 - - [29/May/2026:03:31:56 +0000] "GET /wp-admin/index.php HTTP/1.1" 200 4559 "https://cxocopilot.com/wp-login.php" "Mozilla/5.0 (Windows NT 10.0; Win64; x64) AppleWebKit/537.36 (KHTML, like Gecko) Chrome/90.0.4430.212 Safari/537.36"
35.199.70.61 - - [29/May/2026:03:31:56 +0000] "GET /app/database.php HTTP/1.1" 404 146 "-" "Mozilla/5.0 (Macintosh; Intel Mac OS X 10_14_4) AppleWebKit/605.1.15 (KHTML, like Gecko) Version/12.1 Safari/605.1.15"
161.118.210.105 - - [29/May/2026:03:31:56 +0000] "POST /wp-login.php HTTP/1.1" 405 552 "https://cxocopilot.com/wp-login.php" "Mozilla/5.0 (Windows NT 6.1; Win64; x64) AppleWebKit/537.36 (KHTML, like Gecko) Chrome/93.0.4577.63 Safari/537.36"
161.118.210.105 - - [29/May/2026:03:31:56 +0000] "GET /wp-admin/index.php HTTP/1.1" 200 4559 "https://cxocopilot.com/wp-login.php" "Mozilla/5.0 (Windows NT 6.1; Win64; x64; rv:91.0) Gecko/20100101 Firefox/91.0"
161.118.210.105 - - [29/May/2026:03:31:56 +0000] "POST /wp-login.php HTTP/1.1" 405 150 "https://cxocopilot.com/wp-login.php" "Mozilla/5.0 (Windows NT 10.0; Win64; x64; rv:93.0) Gecko/20100101 Firefox/93.0"
35.199.70.61 - - [29/May/2026:03:31:56 +0000] "GET /backend/config.php HTTP/1.1" 404 178 "-" "Mozilla/5.0 (Windows NT 6.1; Win64; x64) AppleWebKit/537.36 (KHTML, like Gecko) Chrome/75.0.3770.100 Safari/537.36"
35.199.70.61 - - [29/May/2026:03:31:56 +0000] "GET /backend/settings.php HTTP/1.1" 404 178 "-" "Mozilla/5.0 (X11; NetBSD x86; en-us) AppleWebKit/666.6+ (KHTML, like Gecko) Chromium/20.0.0000.00 Chrome/20.0.0000.00 Safari/666.6+"
161.118.210.105 - - [29/May/2026:03:31:56 +0000] "GET /wp-admin/index.php HTTP/1.1" 200 4559 "https://cxocopilot.com/wp-login.php" "Mozilla/5.0 (Macintosh; Intel Mac OS X 10_15_7) AppleWebKit/537.36 (KHTML, like Gecko) Chrome/91.0.4472.124 Safari/537.36"
134.209.147.209 - - [29/May/2026:03:31:56 +0000] "GET /wp-content/plugins/lifeline-plugin/assets/data/font-awesome-5.json HTTP/1.1" 200 13009 "-" "WordPress/7.0; https://bharti-foundation.stgviitor.com"
35.199.70.61 - - [29/May/2026:03:31:56 +0000] "GET /backend/database.php HTTP/1.1" 404 178 "-" "Mozilla/5.0 (Windows NT 10.0; Win64; x64) AppleWebKit/537.36 (KHTML, like Gecko) Chrome/78.0.3889.0 Safari/537.36"
161.118.210.105 - - [29/May/2026:03:31:56 +0000] "POST /wp-login.php HTTP/1.1" 405 150 "https://cxocopilot.com/wp-login.php" "Mozilla/5.0 (Macintosh; Intel Mac OS X 10_15_7; rv:89.0) Gecko/20100101 Firefox/89.0.2"
35.199.70.61 - - [29/May/2026:03:31:56 +0000] "GET /src/config.php HTTP/1.1" 404 178 "-" "Mozilla/5.0 (Windows NT 6.1; Win64; x64) AppleWebKit/537.36 (KHTML, like Gecko) Chrome/71.0.3578.98 Safari/537.36"
161.118.210.105 - - [29/May/2026:03:31:56 +0000] "GET /wp-admin/index.php HTTP/1.1" 200 4559 "https://cxocopilot.com/wp-login.php" "Mozilla/5.0 (Macintosh; Intel Mac OS X 10_15_7) AppleWebKit/605.1.15 (KHTML, like Gecko) Version/14.1.1 Safari/605.1.15"
161.118.210.105 - - [29/May/2026:03:31:56 +0000] "POST /wp-login.php HTTP/1.1" 405 150 "https://cxocopilot.com/wp-login.php" "Mozilla/5.0 (Macintosh; Intel Mac OS X 10_15_7) AppleWebKit/605.1.15 (KHTML, like Gecko) Version/15.0 Safari/605.1.15"
134.209.147.209 - - [29/May/2026:03:31:56 +0000] "GET /wp-content/plugins/lifeline-plugin/assets/data/font-awesome-5.json HTTP/1.1" 200 13009 "-" "WordPress/7.0; https://bharti-foundation.stgviitor.com"
161.118.210.105 - - [29/May/2026:03:31:56 +0000] "GET /wp-admin/index.php HTTP/1.1" 200 4559 "https://cxocopilot.com/wp-login.php" "Mozilla/5.0 (Macintosh; Intel Mac OS X 10_15_7) AppleWebKit/605.1.15 (KHTML, like Gecko) Version/14.0.3 Safari/605.1.15"
35.199.70.61 - - [29/May/2026:03:31:56 +0000] "GET /config/config.php HTTP/1.1" 404 146 "-" "Mozilla/5.0 (Linux; U; Android 3.0; en-us; Xoom Build/HRI39) AppleWebKit/525.10  (KHTML, like Gecko) Version/3.0.4 Mobile Safari/523.12.2"
161.118.210.105 - - [29/May/2026:03:31:56 +0000] "POST /wp-login.php HTTP/1.1" 405 552 "https://cxocopilot.com/wp-login.php" "Mozilla/5.0 (Macintosh; Intel Mac OS X 10_15_7) AppleWebKit/537.36 (KHTML, like Gecko) Chrome/91.0.4472.124 Safari/537.36"
35.199.70.61 - - [29/May/2026:03:31:56 +0000] "GET /config/database.php HTTP/1.1" 404 178 "-" "Mozilla/5.0 (Linux; Android 9; BLA-L29) AppleWebKit/537.36 (KHTML, like Gecko) Chrome/75.0.3770.101 Mobile Safari/537.36"
35.199.70.61 - - [29/May/2026:03:31:56 +0000] "GET /config/settings.php HTTP/1.1" 404 146 "-" "iTunes/9.0.3 (Macintosh; U; Intel Mac OS X 10_6_2; en-ca)"
161.118.210.105 - - [29/May/2026:03:31:56 +0000] "GET /wp-admin/index.php HTTP/1.1" 200 4559 "https://cxocopilot.com/wp-login.php" "Mozilla/5.0 (Windows NT 10.0; Win64; x64) AppleWebKit/605.1.15 (KHTML, like Gecko) Version/14.1.1 Safari/605.1.15"
35.199.70.61 - - [29/May/2026:03:31:56 +0000] "GET /config/app.php HTTP/1.1" 404 146 "-" "Mozilla/5.0 (X11; U; Linux arm7tdmi; rv:1.8.1.11) Gecko/20071130 Minimo/0.025"
35.199.70.61 - - [29/May/2026:03:31:56 +0000] "GET /config/services.php HTTP/1.1" 404 146 "-" "Mozilla/5.0 (Linux; U; Android 1.5; de-de; HTC Magic Build/PLAT-RC33) AppleWebKit/528.5  (KHTML, like Gecko) Version/3.1.2 Mobile Safari/525.20.1 FirePHP/0.3"
161.118.210.105 - - [29/May/2026:03:31:56 +0000] "POST /wp-login.php HTTP/1.1" 405 150 "https://cxocopilot.com/wp-login.php" "Mozilla/5.0 (Macintosh; Intel Mac OS X 10_15_7) AppleWebKit/605.1.15 (KHTML, like Gecko) Version/14.1.2 Safari/605.1.15"
35.199.70.61 - - [29/May/2026:03:31:56 +0000] "GET /config/mail.php HTTP/1.1" 404 146 "-" "Mozilla/5.0 (iPhone; CPU iPhone OS 12_1 like Mac OS X) AppleWebKit/605.1.15 (KHTML, like Gecko) Mobile/16B92 MicroMessenger/7.0.5(0x17000523) NetType/WIFI Language/zh_CN"
35.199.70.61 - - [29/May/2026:03:31:56 +0000] "GET /config/cache.php HTTP/1.1" 404 178 "-" "Mozilla/5.0 (Linux; Android 8.1.0; Redmi Note 6 Pro) AppleWebKit/537.36 (KHTML, like Gecko) Chrome/72.0.3626.105 Mobile Safari/537.36"
161.118.210.105 - - [29/May/2026:03:31:56 +0000] "GET /wp-admin/index.php HTTP/1.1" 200 4559 "https://cxocopilot.com/wp-login.php" "Mozilla/5.0 (Windows NT 10.0; Win64; x64) AppleWebKit/537.36 (KHTML, like Gecko) Chrome/91.0.4472.124 Safari/537.36"
161.118.210.105 - - [29/May/2026:03:31:56 +0000] "POST /wp-login.php HTTP/1.1" 405 150 "https://cxocopilot.com/wp-login.php" "Mozilla/5.0 (Windows NT 10.0; Win64; x64) AppleWebKit/605.1.15 (KHTML, like Gecko) Version/15.0 Safari/605.1.15"
161.118.210.105 - - [29/May/2026:03:31:56 +0000] "GET /wp-admin/index.php HTTP/1.1" 200 4559 "https://cxocopilot.com/wp-login.php" "Mozilla/5.0 (Windows NT 10.0; Win64; x64; rv:90.0) Gecko/20100101 Firefox/90.0.1"
161.118.210.105 - - [29/May/2026:03:31:56 +0000] "POST /wp-login.php HTTP/1.1" 405 552 "https://cxocopilot.com/wp-login.php" "Mozilla/5.0 (Macintosh; Intel Mac OS X 10_15_7) AppleWebKit/537.36 (KHTML, like Gecko) Chrome/91.0.4472.124 Safari/537.36"
35.199.70.61 - - [29/May/2026:03:31:56 +0000] "GET /bootstrap/cache/config.php HTTP/1.1" 404 146 "-" "Mozilla/5.0 (SymbianOS/9.1; U; en-us) AppleWebKit/413 (KHTML, like Gecko) Safari/413 es50"
35.199.70.61 - - [29/May/2026:03:31:56 +0000] "GET /local-config.php HTTP/1.1" 404 178 "-" "Mozilla/5.0 (Windows NT 10.0; WOW64) AppleWebKit/537.36 (KHTML, like Gecko) Chrome/74.0.3729.131 Safari/537.36"
161.118.210.105 - - [29/May/2026:03:31:56 +0000] "GET /wp-admin/index.php HTTP/1.1" 200 4559 "https://cxocopilot.com/wp-login.php" "Mozilla/5.0 (Windows NT 10.0; Win64; x64) AppleWebKit/605.1.15 (KHTML, like Gecko) Version/14.1.2 Safari/605.1.15"
134.209.147.209 - - [29/May/2026:03:31:56 +0000] "GET /wp-content/plugins/lifeline-plugin/assets/json/social-profile.json HTTP/1.1" 200 4033 "-" "WordPress/7.0; https://bharti-foundation.stgviitor.com"
161.118.210.105 - - [29/May/2026:03:31:56 +0000] "POST /wp-login.php HTTP/1.1" 405 552 "https://cxocopilot.com/wp-login.php" "Mozilla/5.0 (X11; Linux x86_64) AppleWebKit/537.36 (KHTML, like Gecko) Chrome/91.0.4472.124 Safari/537.36"
161.118.210.105 - - [29/May/2026:03:31:57 +0000] "GET /wp-admin/index.php HTTP/1.1" 200 4559 "https://cxocopilot.com/wp-login.php" "Mozilla/5.0 (Windows NT 6.1; Win64; x64; rv:91.0) Gecko/20100101 Firefox/91.0"
35.199.70.61 - - [29/May/2026:03:31:57 +0000] "GET /application/config/database.php HTTP/1.1" 404 178 "-" "Mozilla/5.0 (Linux; Android 9; SM-G973F) AppleWebKit/537.36 (KHTML, like Gecko) Chrome/76.0.3809.111 Mobile Safari/537.36"
35.199.70.61 - - [29/May/2026:03:31:57 +0000] "GET /application/config/config.php HTTP/1.1" 404 178 "-" "Mozilla/5.0 (Linux; Android 6.0.1; SM-G900F) AppleWebKit/537.36 (KHTML, like Gecko) Chrome/75.0.3770.143 Mobile Safari/537.36"
35.199.70.61 - - [29/May/2026:03:31:57 +0000] "GET /system/application/config/database.php HTTP/1.1" 404 178 "-" "Mozilla/5.0 (Windows NT 6.1; Win64; x64) AppleWebKit/537.36 (KHTML, like Gecko) Chrome/76.0.3786.0 Safari/537.36"
161.118.210.105 - - [29/May/2026:03:31:57 +0000] "POST /wp-login.php HTTP/1.1" 405 150 "https://cxocopilot.com/wp-login.php" "Mozilla/5.0 (X11; Linux x86_64; rv:93.0) Gecko/20100101 Firefox/93.0"
161.118.210.105 - - [29/May/2026:03:31:57 +0000] "GET /wp-admin/index.php HTTP/1.1" 200 4559 "https://cxocopilot.com/wp-login.php" "Mozilla/5.0 (Windows NT 10.0; Win64; x64) AppleWebKit/537.36 (KHTML, like Gecko) Chrome/90.0.4430.212 Safari/537.36"
161.118.210.105 - - [29/May/2026:03:31:57 +0000] "POST /wp-login.php HTTP/1.1" 405 150 "https://cxocopilot.com/wp-login.php" "Mozilla/5.0 (Macintosh; Intel Mac OS X 10_15_7) AppleWebKit/605.1.15 (KHTML, like Gecko) Version/14.1.2 Safari/605.1.15"
134.209.147.209 - - [29/May/2026:03:31:57 +0000] "GET /wp-content/plugins/lifeline-plugin/assets/data/font-awesome-5.json HTTP/1.1" 200 13009 "-" "WordPress/7.0; https://bharti-foundation.stgviitor.com"
161.118.210.105 - - [29/May/2026:03:31:57 +0000] "GET /wp-admin/index.php HTTP/1.1" 200 4559 "https://cxocopilot.com/wp-login.php" "Mozilla/5.0 (Windows NT 6.1; Win64; x64) AppleWebKit/537.36 (KHTML, like Gecko) Chrome/94.0.4606.71 Safari/537.36"
161.118.210.105 - - [29/May/2026:03:31:57 +0000] "POST /wp-login.php HTTP/1.1" 405 150 "https://cxocopilot.com/wp-login.php" "Mozilla/5.0 (Windows NT 10.0; Win64; x64) AppleWebKit/605.1.15 (KHTML, like Gecko) Version/14.1.1 Safari/605.1.15"
161.118.210.105 - - [29/May/2026:03:31:57 +0000] "GET /wp-admin/index.php HTTP/1.1" 200 4559 "https://cxocopilot.com/wp-login.php" "Mozilla/5.0 (X11; Linux x86_64; rv:91.0) Gecko/20100101 Firefox/91.0"
161.118.210.105 - - [29/May/2026:03:31:57 +0000] "POST /wp-login.php HTTP/1.1" 405 150 "https://cxocopilot.com/wp-login.php" "Mozilla/5.0 (Windows NT 10.0; Win64; x64) AppleWebKit/605.1.15 (KHTML, like Gecko) Version/14.1.1 Safari/605.1.15"
161.118.210.105 - - [29/May/2026:03:31:57 +0000] "GET /wp-admin/index.php HTTP/1.1" 200 4559 "https://cxocopilot.com/wp-login.php" "Mozilla/5.0 (Macintosh; Intel Mac OS X 10_15_7) AppleWebKit/605.1.15 (KHTML, like Gecko) Version/14.1 Safari/605.1.15"
161.118.210.105 - - [29/May/2026:03:31:57 +0000] "GET /?author=1 HTTP/1.1" 200 4559 "-" "Mozilla/5.0 (Windows NT 6.1; Win64; x64) AppleWebKit/537.36 (KHTML, like Gecko) Chrome/94.0.4606.71 Safari/537.36"
161.118.210.105 - - [29/May/2026:03:31:57 +0000] "GET /?author=2 HTTP/1.1" 200 4559 "-" "Mozilla/5.0 (X11; Linux x86_64) AppleWebKit/537.36 (KHTML, like Gecko) Chrome/92.0.4515.131 Safari/537.36"
161.118.210.105 - - [29/May/2026:03:31:57 +0000] "GET /?author=3 HTTP/1.1" 200 4559 "-" "Mozilla/5.0 (Windows NT 10.0; Win64; x64) AppleWebKit/537.36 (KHTML, like Gecko) Chrome/91.0.4472.124 Safari/537.36"
35.199.70.61 - - [29/May/2026:03:31:57 +0000] "GET /.gitlab-ci.yml HTTP/1.1" 403 177 "-" "Mozilla/5.0 (Macintosh; Intel Mac OS X 10_14_3) AppleWebKit/537.36 (KHTML, like Gecko) Chrome/76.0.3809.87 Safari/537.36"
161.118.210.105 - - [29/May/2026:03:31:57 +0000] "GET /?author=4 HTTP/1.1" 200 4559 "-" "Mozilla/5.0 (Windows NT 10.0; Win64; x64) AppleWebKit/605.1.15 (KHTML, like Gecko) Version/14.1.2 Safari/605.1.15"
35.199.70.61 - - [29/May/2026:03:31:57 +0000] "GET /actuator/configprops HTTP/1.1" 404 14143 "-" "Mozilla/5.0 (X11; Linux x86_64) AppleWebKit/537.36 (KHTML, like Gecko) Chrome/73.0.3683.86 Safari/537.36"
35.199.70.61 - - [29/May/2026:03:31:57 +0000] "GET /.github/workflows/deploy.yml HTTP/1.1" 403 146 "-" "Mozilla/5.0 (iPhone; CPU iPhone OS 12_4 like Mac OS X) AppleWebKit/605.1.15 (KHTML, like Gecko) CriOS/74.0.3729.121 Mobile/15E148 Safari/605.1"
161.118.210.105 - - [29/May/2026:03:31:57 +0000] "GET /?author=5 HTTP/1.1" 200 4559 "-" "Mozilla/5.0 (Windows NT 6.1; Win64; x64) AppleWebKit/537.36 (KHTML, like Gecko) Chrome/94.0.4606.71 Safari/537.36"
35.199.70.61 - - [29/May/2026:03:31:57 +0000] "GET /.github/workflows/main.yml HTTP/1.1" 403 177 "-" "Mozilla/5.0 (X11; Linux x86_64) AppleWebKit/537.36 (KHTML, like Gecko) Ubuntu Chromium/75.0.3770.142 Chrome/75.0.3770.142 Safari/537.36"
35.199.70.61 - - [29/May/2026:03:31:57 +0000] "GET /.github/workflows/ci.yml HTTP/1.1" 403 177 "-" "Mozilla/5.0 (Linux; Android 9; SM-J701F) AppleWebKit/537.36 (KHTML, like Gecko) Chrome/76.0.3809.111 Mobile Safari/537.36"
35.199.70.61 - - [29/May/2026:03:31:57 +0000] "GET /.github/workflows/production.yml HTTP/1.1" 403 177 "-" "Mozilla/5.0 (Windows NT 10.0; WOW64) AppleWebKit/537.36 (KHTML, like Gecko) Chrome/72.0.3626.96 Safari/537.36"
35.199.70.61 - - [29/May/2026:03:31:57 +0000] "GET /actuator/heapdump HTTP/1.1" 404 14143 "-" "Mozilla/5.0 (Linux; Android 9; SM-N950U) AppleWebKit/537.36 (KHTML, like Gecko) Chrome/76.0.3809.89 Mobile Safari/537.36"
161.118.210.105 - - [29/May/2026:03:31:57 +0000] "POST /wp-login.php HTTP/1.1" 405 552 "https://cxocopilot.com/wp-login.php" "Mozilla/5.0 (Macintosh; Intel Mac OS X 10_15_7) AppleWebKit/537.36 (KHTML, like Gecko) Chrome/90.0.4430.212 Safari/537.36"
35.199.70.61 - - [29/May/2026:03:31:57 +0000] "GET /actuator/env HTTP/1.1" 404 14143 "-" "Mozilla/5.0 (X11; Linux x86_64) AppleWebKit/537.36 (KHTML, like Gecko) Chrome/75.0.3770.142 Safari/537.36"
161.118.210.105 - - [29/May/2026:03:31:57 +0000] "GET /wp-admin/index.php HTTP/1.1" 200 4559 "https://cxocopilot.com/wp-login.php" "Mozilla/5.0 (Windows NT 10.0; Win64; x64) AppleWebKit/605.1.15 (KHTML, like Gecko) Version/14.1.1 Safari/605.1.15"
134.209.147.209 - - [29/May/2026:03:31:57 +0000] "GET /wp-content/plugins/lifeline-plugin/assets/data/font-awesome-5.json HTTP/1.1" 200 13009 "-" "WordPress/7.0; https://bharti-foundation.stgviitor.com"
161.118.210.105 - - [29/May/2026:03:31:58 +0000] "POST /wp-login.php HTTP/1.1" 405 552 "https://cxocopilot.com/wp-login.php" "Mozilla/5.0 (Macintosh; Intel Mac OS X 10_15_7) AppleWebKit/537.36 (KHTML, like Gecko) Chrome/93.0.4577.63 Safari/537.36"
134.209.147.209 - - [29/May/2026:03:31:58 +0000] "GET /wp-content/plugins/lifeline-plugin/assets/data/font-awesome-5.json HTTP/1.1" 200 13009 "-" "WordPress/7.0; https://bharti-foundation.stgviitor.com"
161.118.210.105 - - [29/May/2026:03:31:58 +0000] "GET /wp-admin/index.php HTTP/1.1" 200 4559 "https://cxocopilot.com/wp-login.php" "Mozilla/5.0 (X11; Linux x86_64) AppleWebKit/537.36 (KHTML, like Gecko) Chrome/93.0.4577.63 Safari/537.36"
35.199.70.61 - - [29/May/2026:03:31:58 +0000] "GET /actuator/threaddump HTTP/1.1" 404 14137 "-" "Mozilla/5.0 (compatible; Konqueror/4.4; Linux) KHTML/4.4.1 (like Gecko) Fedora/4.4.1-1.fc12"
161.118.210.105 - - [29/May/2026:03:31:58 +0000] "POST /wp-login.php HTTP/1.1" 405 150 "https://cxocopilot.com/wp-login.php" "Mozilla/5.0 (Windows NT 6.1; Win64; x64; rv:92.0) Gecko/20100101 Firefox/92.0"
161.118.210.105 - - [29/May/2026:03:31:58 +0000] "GET /wp-admin/index.php HTTP/1.1" 200 4559 "https://cxocopilot.com/wp-login.php" "Mozilla/5.0 (Windows NT 6.1; Win64; x64; rv:91.0) Gecko/20100101 Firefox/91.0"
134.209.147.209 - - [29/May/2026:03:31:58 +0000] "GET /wp-content/plugins/lifeline-plugin/assets/data/font-awesome-5.json HTTP/1.1" 200 13009 "-" "WordPress/7.0; https://bharti-foundation.stgviitor.com"
161.118.210.105 - - [29/May/2026:03:31:58 +0000] "POST /wp-login.php HTTP/1.1" 405 552 "https://cxocopilot.com/wp-login.php" "Mozilla/5.0 (Windows NT 10.0; Win64; x64) AppleWebKit/537.36 (KHTML, like Gecko) Chrome/91.0.4472.124 Safari/537.36"
134.209.147.209 - - [29/May/2026:03:31:58 +0000] "GET /wp-content/plugins/lifeline-plugin/assets/data/font-awesome-5.json HTTP/1.1" 200 13009 "-" "WordPress/7.0; https://bharti-foundation.stgviitor.com"
161.118.210.105 - - [29/May/2026:03:31:58 +0000] "GET /wp-admin/index.php HTTP/1.1" 200 4559 "https://cxocopilot.com/wp-login.php" "Mozilla/5.0 (Windows NT 6.1; Win64; x64) AppleWebKit/537.36 (KHTML, like Gecko) Chrome/94.0.4606.71 Safari/537.36"
161.118.210.105 - - [29/May/2026:03:31:58 +0000] "POST /wp-login.php HTTP/1.1" 405 150 "https://cxocopilot.com/wp-login.php" "Mozilla/5.0 (Macintosh; Intel Mac OS X 10_15_7) AppleWebKit/605.1.15 (KHTML, like Gecko) Version/14.1.2 Safari/605.1.15"
161.118.210.105 - - [29/May/2026:03:31:58 +0000] "GET /wp-admin/index.php HTTP/1.1" 200 4559 "https://cxocopilot.com/wp-login.php" "Mozilla/5.0 (Windows NT 10.0; Win64; x64) AppleWebKit/537.36 (KHTML, like Gecko) Chrome/90.0.4430.212 Safari/537.36"
134.209.147.209 - - [29/May/2026:03:31:58 +0000] "GET /wp-content/plugins/lifeline-plugin/assets/data/font-awesome-5.json HTTP/1.1" 200 13009 "-" "WordPress/7.0; https://bharti-foundation.stgviitor.com"
161.118.210.105 - - [29/May/2026:03:31:58 +0000] "POST /wp-login.php HTTP/1.1" 405 552 "https://cxocopilot.com/wp-login.php" "Mozilla/5.0 (Macintosh; Intel Mac OS X 10_15_7) AppleWebKit/537.36 (KHTML, like Gecko) Chrome/90.0.4430.212 Safari/537.36"
161.118.210.105 - - [29/May/2026:03:31:58 +0000] "GET /wp-admin/index.php HTTP/1.1" 200 4559 "https://cxocopilot.com/wp-login.php" "Mozilla/5.0 (Macintosh; Intel Mac OS X 10_15_7) AppleWebKit/605.1.15 (KHTML, like Gecko) Version/14.1 Safari/605.1.15"
161.118.210.105 - - [29/May/2026:03:31:58 +0000] "POST /wp-login.php HTTP/1.1" 405 150 "https://cxocopilot.com/wp-login.php" "Mozilla/5.0 (Windows NT 10.0; Win64; x64) AppleWebKit/605.1.15 (KHTML, like Gecko) Version/14.1.2 Safari/605.1.15"
134.209.147.209 - - [29/May/2026:03:31:58 +0000] "GET /wp-content/plugins/lifeline-plugin/assets/json/social-profile.json HTTP/1.1" 200 4033 "-" "WordPress/7.0; https://bharti-foundation.stgviitor.com"
161.118.210.105 - - [29/May/2026:03:31:58 +0000] "GET /wp-admin/index.php HTTP/1.1" 200 4559 "https://cxocopilot.com/wp-login.php" "Mozilla/5.0 (X11; Linux x86_64) AppleWebKit/537.36 (KHTML, like Gecko) Chrome/91.0.4472.124 Safari/537.36"
134.209.147.209 - - [29/May/2026:03:31:58 +0000] "GET /wp-content/plugins/lifeline-plugin/assets/data/font-awesome-5.json HTTP/1.1" 200 13009 "-" "WordPress/7.0; https://bharti-foundation.stgviitor.com"
134.209.147.209 - - [29/May/2026:03:31:58 +0000] "GET /wp-content/plugins/lifeline-plugin/assets/data/font-awesome-5.json HTTP/1.1" 200 13009 "-" "WordPress/7.0; https://bharti-foundation.stgviitor.com"
161.118.210.105 - - [29/May/2026:03:31:58 +0000] "POST /wp-login.php HTTP/1.1" 405 552 "https://cxocopilot.com/wp-login.php" "Mozilla/5.0 (Macintosh; Intel Mac OS X 10_15_7) AppleWebKit/537.36 (KHTML, like Gecko) Chrome/90.0.4430.212 Safari/537.36"
134.209.147.209 - - [29/May/2026:03:31:58 +0000] "POST /wp-cron.php?doing_wp_cron=1780025517.6744821071624755859375 HTTP/1.1" 499 0 "-" "WordPress/7.0; https://bharti-foundation.stgviitor.com"
161.118.210.105 - - [29/May/2026:03:31:58 +0000] "GET /wp-admin/index.php HTTP/1.1" 200 4559 "https://cxocopilot.com/wp-login.php" "Mozilla/5.0 (Macintosh; Intel Mac OS X 10_15_7) AppleWebKit/537.36 (KHTML, like Gecko) Chrome/94.0.4606.71 Safari/537.36"
35.199.70.61 - - [29/May/2026:03:31:58 +0000] "GET /actuator/logfile HTTP/1.1" 404 14143 "-" "Mozilla/5.0 (Macintosh; Intel Mac OS X 10_10_1) AppleWebKit/537.36 (KHTML, like Gecko) Chrome/60.0.3112.90 Safari/537.36"
161.118.210.105 - - [29/May/2026:03:31:58 +0000] "POST /wp-login.php HTTP/1.1" 405 150 "https://cxocopilot.com/wp-login.php" "Mozilla/5.0 (Windows NT 6.1; Win64; x64; rv:93.0) Gecko/20100101 Firefox/93.0"
134.209.147.209 - - [29/May/2026:03:31:58 +0000] "GET /wp-content/plugins/lifeline-plugin/assets/json/social-profile.json HTTP/1.1" 200 4033 "-" "WordPress/7.0; https://bharti-foundation.stgviitor.com"
161.118.210.105 - - [29/May/2026:03:31:58 +0000] "GET /wp-admin/index.php HTTP/1.1" 200 4559 "https://cxocopilot.com/wp-login.php" "Mozilla/5.0 (Macintosh; Intel Mac OS X 10_15_7) AppleWebKit/605.1.15 (KHTML, like Gecko) Version/14.0.3 Safari/605.1.15"
161.118.210.105 - - [29/May/2026:03:31:58 +0000] "POST /wp-login.php HTTP/1.1" 405 150 "https://cxocopilot.com/wp-login.php" "Mozilla/5.0 (Macintosh; Intel Mac OS X 10_15_7; rv:92.0) Gecko/20100101 Firefox/92.0"
161.118.210.105 - - [29/May/2026:03:31:58 +0000] "GET /wp-admin/index.php HTTP/1.1" 200 4559 "https://cxocopilot.com/wp-login.php" "Mozilla/5.0 (Windows NT 10.0; Win64; x64) AppleWebKit/537.36 (KHTML, like Gecko) Chrome/90.0.4430.212 Safari/537.36"
134.209.147.209 - - [29/May/2026:03:31:58 +0000] "GET /wp-content/plugins/lifeline-plugin/assets/data/font-awesome-5.json HTTP/1.1" 200 13009 "-" "WordPress/7.0; https://bharti-foundation.stgviitor.com"
161.118.210.105 - - [29/May/2026:03:31:58 +0000] "POST /wp-login.php HTTP/1.1" 405 150 "https://cxocopilot.com/wp-login.php" "Mozilla/5.0 (Macintosh; Intel Mac OS X 10_15_7) AppleWebKit/605.1.15 (KHTML, like Gecko) Version/14.0.3 Safari/605.1.15"
134.209.147.209 - - [29/May/2026:03:31:58 +0000] "GET /wp-content/plugins/lifeline-plugin/assets/data/font-awesome-5.json HTTP/1.1" 200 13009 "-" "WordPress/7.0; https://bharti-foundation.stgviitor.com"
161.118.210.105 - - [29/May/2026:03:31:58 +0000] "GET /wp-admin/index.php HTTP/1.1" 200 4559 "https://cxocopilot.com/wp-login.php" "Mozilla/5.0 (Windows NT 6.1; Win64; x64) AppleWebKit/537.36 (KHTML, like Gecko) Chrome/90.0.4430.212 Safari/537.36"
134.209.147.209 - - [29/May/2026:03:31:58 +0000] "GET /wp-content/plugins/lifeline-plugin/assets/json/social-profile.json HTTP/1.1" 200 4033 "-" "WordPress/7.0; https://bharti-foundation.stgviitor.com"
161.118.210.105 - - [29/May/2026:03:31:59 +0000] "POST /wp-login.php HTTP/1.1" 405 552 "https://cxocopilot.com/wp-login.php" "Mozilla/5.0 (Windows NT 10.0; Win64; x64) AppleWebKit/537.36 (KHTML, like Gecko) Chrome/94.0.4606.71 Safari/537.36"
161.118.210.105 - - [29/May/2026:03:31:59 +0000] "GET /wp-admin/index.php HTTP/1.1" 200 4559 "https://cxocopilot.com/wp-login.php" "Mozilla/5.0 (Windows NT 6.1; Win64; x64) AppleWebKit/537.36 (KHTML, like Gecko) Chrome/91.0.4472.124 Safari/537.36"
161.118.210.105 - - [29/May/2026:03:31:59 +0000] "POST /wp-login.php HTTP/1.1" 405 150 "https://cxocopilot.com/wp-login.php" "Mozilla/5.0 (Windows NT 10.0; Win64; x64) AppleWebKit/605.1.15 (KHTML, like Gecko) Version/14.1 Safari/605.1.15"
134.209.147.209 - - [29/May/2026:03:31:59 +0000] "GET /wp-content/plugins/lifeline-plugin/assets/data/font-awesome-5.json HTTP/1.1" 200 13009 "-" "WordPress/7.0; https://bharti-foundation.stgviitor.com"
161.118.210.105 - - [29/May/2026:03:31:59 +0000] "GET /wp-admin/index.php HTTP/1.1" 200 4559 "https://cxocopilot.com/wp-login.php" "Mozilla/5.0 (Windows NT 10.0; Win64; x64) AppleWebKit/605.1.15 (KHTML, like Gecko) Version/14.1 Safari/605.1.15"
134.209.147.209 - - [29/May/2026:03:31:59 +0000] "GET /wp-content/plugins/lifeline-plugin/assets/data/font-awesome-5.json HTTP/1.1" 200 13009 "-" "WordPress/7.0; https://bharti-foundation.stgviitor.com"
161.118.210.105 - - [29/May/2026:03:31:59 +0000] "POST /wp-login.php HTTP/1.1" 405 552 "https://cxocopilot.com/wp-login.php" "Mozilla/5.0 (X11; Linux x86_64) AppleWebKit/537.36 (KHTML, like Gecko) Chrome/91.0.4472.124 Safari/537.36"
161.118.210.105 - - [29/May/2026:03:31:59 +0000] "GET /wp-admin/index.php HTTP/1.1" 200 4559 "https://cxocopilot.com/wp-login.php" "Mozilla/5.0 (X11; Linux x86_64) AppleWebKit/537.36 (KHTML, like Gecko) Chrome/93.0.4577.63 Safari/537.36"
161.118.210.105 - - [29/May/2026:03:31:59 +0000] "POST /wp-login.php HTTP/1.1" 405 150 "https://cxocopilot.com/wp-login.php" "Mozilla/5.0 (Macintosh; Intel Mac OS X 10_15_7) AppleWebKit/605.1.15 (KHTML, like Gecko) Version/15.0 Safari/605.1.15"
134.209.147.209 - - [29/May/2026:03:31:59 +0000] "GET /wp-content/plugins/lifeline-plugin/assets/json/social-profile.json HTTP/1.1" 200 4033 "-" "WordPress/7.0; https://bharti-foundation.stgviitor.com"
161.118.210.105 - - [29/May/2026:03:31:59 +0000] "GET /wp-admin/index.php HTTP/1.1" 200 4559 "https://cxocopilot.com/wp-login.php" "Mozilla/5.0 (Windows NT 10.0; Win64; x64; rv:93.0) Gecko/20100101 Firefox/93.0"
134.209.147.209 - - [29/May/2026:03:31:59 +0000] "GET /wp-content/plugins/lifeline-plugin/assets/data/font-awesome-5.json HTTP/1.1" 200 13009 "-" "WordPress/7.0; https://bharti-foundation.stgviitor.com"
161.118.210.105 - - [29/May/2026:03:31:59 +0000] "POST /wp-login.php HTTP/1.1" 405 552 "https://cxocopilot.com/wp-login.php" "Mozilla/5.0 (X11; Linux x86_64) AppleWebKit/537.36 (KHTML, like Gecko) Chrome/91.0.4472.124 Safari/537.36"
161.118.210.105 - - [29/May/2026:03:31:59 +0000] "GET /wp-admin/index.php HTTP/1.1" 200 4559 "https://cxocopilot.com/wp-login.php" "Mozilla/5.0 (Macintosh; Intel Mac OS X 10_15_7; rv:91.0) Gecko/20100101 Firefox/91.0"
161.118.210.105 - - [29/May/2026:03:31:59 +0000] "POST /wp-login.php HTTP/1.1" 405 150 "https://cxocopilot.com/wp-login.php" "Mozilla/5.0 (Windows NT 10.0; Win64; x64; rv:93.0) Gecko/20100101 Firefox/93.0"
134.209.147.209 - - [29/May/2026:03:31:59 +0000] "GET /wp-content/plugins/lifeline-plugin/assets/data/font-awesome-5.json HTTP/1.1" 200 13009 "-" "WordPress/7.0; https://bharti-foundation.stgviitor.com"
161.118.210.105 - - [29/May/2026:03:31:59 +0000] "GET /wp-admin/index.php HTTP/1.1" 200 4559 "https://cxocopilot.com/wp-login.php" "Mozilla/5.0 (Windows NT 10.0; Win64; x64) AppleWebKit/537.36 (KHTML, like Gecko) Chrome/92.0.4515.131 Safari/537.36"
161.118.210.105 - - [29/May/2026:03:31:59 +0000] "POST /wp-login.php HTTP/1.1" 405 150 "https://cxocopilot.com/wp-login.php" "Mozilla/5.0 (Windows NT 10.0; Win64; x64) AppleWebKit/605.1.15 (KHTML, like Gecko) Version/14.0.3 Safari/605.1.15"
161.118.210.105 - - [29/May/2026:03:31:59 +0000] "GET /wp-admin/index.php HTTP/1.1" 200 4559 "https://cxocopilot.com/wp-login.php" "Mozilla/5.0 (Windows NT 10.0; Win64; x64) AppleWebKit/605.1.15 (KHTML, like Gecko) Version/14.1.2 Safari/605.1.15"
134.209.147.209 - - [29/May/2026:03:31:59 +0000] "GET /wp-content/plugins/lifeline-plugin/assets/data/font-awesome-5.json HTTP/1.1" 200 13009 "-" "WordPress/7.0; https://bharti-foundation.stgviitor.com"
161.118.210.105 - - [29/May/2026:03:31:59 +0000] "POST /wp-login.php HTTP/1.1" 405 150 "https://cxocopilot.com/wp-login.php" "Mozilla/5.0 (Macintosh; Intel Mac OS X 10_15_7; rv:92.0) Gecko/20100101 Firefox/92.0"
35.199.70.61 - - [29/May/2026:03:31:59 +0000] "GET /.htpasswd HTTP/1.1" 403 146 "-" "Mozilla/5.0 (WindowsCE 6.0; rv:2.0.1) Gecko/20100101 Firefox/4.0.1"
161.118.210.105 - - [29/May/2026:03:31:59 +0000] "GET /wp-admin/index.php HTTP/1.1" 200 4559 "https://cxocopilot.com/wp-login.php" "Mozilla/5.0 (X11; Linux x86_64) AppleWebKit/537.36 (KHTML, like Gecko) Chrome/91.0.4472.124 Safari/537.36"
161.118.210.105 - - [29/May/2026:03:31:59 +0000] "POST /wp-login.php HTTP/1.1" 405 552 "https://cxocopilot.com/wp-login.php" "Mozilla/5.0 (X11; Linux x86_64) AppleWebKit/537.36 (KHTML, like Gecko) Chrome/92.0.4515.131 Safari/537.36"
161.118.210.105 - - [29/May/2026:03:31:59 +0000] "GET /wp-admin/index.php HTTP/1.1" 200 4559 "https://cxocopilot.com/wp-login.php" "Mozilla/5.0 (Windows NT 6.1; Win64; x64; rv:91.0) Gecko/20100101 Firefox/91.0"
161.118.210.105 - - [29/May/2026:03:31:59 +0000] "POST /wp-login.php HTTP/1.1" 405 150 "https://cxocopilot.com/wp-login.php" "Mozilla/5.0 (Windows NT 10.0; Win64; x64) AppleWebKit/605.1.15 (KHTML, like Gecko) Version/15.0 Safari/605.1.15"
161.118.210.105 - - [29/May/2026:03:32:00 +0000] "GET /wp-admin/index.php HTTP/1.1" 200 4559 "https://cxocopilot.com/wp-login.php" "Mozilla/5.0 (X11; Linux x86_64) AppleWebKit/537.36 (KHTML, like Gecko) Chrome/92.0.4515.131 Safari/537.36"
134.209.147.209 - - [29/May/2026:03:32:00 +0000] "GET /wp-content/plugins/lifeline-plugin/assets/json/social-profile.json HTTP/1.1" 200 4033 "-" "WordPress/7.0; https://bharti-foundation.stgviitor.com"
161.118.210.105 - - [29/May/2026:03:32:00 +0000] "POST /wp-login.php HTTP/1.1" 405 552 "https://cxocopilot.com/wp-login.php" "Mozilla/5.0 (Windows NT 6.1; Win64; x64) AppleWebKit/537.36 (KHTML, like Gecko) Chrome/94.0.4606.71 Safari/537.36"
161.118.210.105 - - [29/May/2026:03:32:00 +0000] "GET /wp-admin/index.php HTTP/1.1" 200 4559 "https://cxocopilot.com/wp-login.php" "Mozilla/5.0 (Windows NT 6.1; Win64; x64; rv:91.0) Gecko/20100101 Firefox/91.0"
161.118.210.105 - - [29/May/2026:03:32:00 +0000] "POST /wp-login.php HTTP/1.1" 405 150 "https://cxocopilot.com/wp-login.php" "Mozilla/5.0 (Windows NT 10.0; Win64; x64; rv:90.0) Gecko/20100101 Firefox/90.0.1"
134.209.147.209 - - [29/May/2026:03:32:00 +0000] "GET /wp-content/plugins/lifeline-plugin/assets/data/font-awesome-5.json HTTP/1.1" 200 13009 "-" "WordPress/7.0; https://bharti-foundation.stgviitor.com"
161.118.210.105 - - [29/May/2026:03:32:00 +0000] "GET /wp-admin/index.php HTTP/1.1" 200 4559 "https://cxocopilot.com/wp-login.php" "Mozilla/5.0 (Windows NT 10.0; Win64; x64) AppleWebKit/537.36 (KHTML, like Gecko) Chrome/91.0.4472.124 Safari/537.36"
161.118.210.105 - - [29/May/2026:03:32:00 +0000] "POST /wp-login.php HTTP/1.1" 405 150 "https://cxocopilot.com/wp-login.php" "Mozilla/5.0 (Windows NT 10.0; Win64; x64) AppleWebKit/605.1.15 (KHTML, like Gecko) Version/15.0 Safari/605.1.15"
161.118.210.105 - - [29/May/2026:03:32:00 +0000] "GET /wp-admin/index.php HTTP/1.1" 200 4559 "https://cxocopilot.com/wp-login.php" "Mozilla/5.0 (Macintosh; Intel Mac OS X 10_15_7) AppleWebKit/537.36 (KHTML, like Gecko) Chrome/92.0.4515.131 Safari/537.36"
35.199.70.61 - - [29/May/2026:03:32:00 +0000] "GET /actuator/dump HTTP/1.1" 404 14145 "-" "Opera/9.60 (J2ME/MIDP; Opera Mini/4.1.11320/608; U; en) Presto/2.2.0"
161.118.210.105 - - [29/May/2026:03:32:00 +0000] "POST /wp-login.php HTTP/1.1" 405 552 "https://cxocopilot.com/wp-login.php" "Mozilla/5.0 (X11; Linux x86_64) AppleWebKit/537.36 (KHTML, like Gecko) Chrome/93.0.4577.63 Safari/537.36"
161.118.210.105 - - [29/May/2026:03:32:00 +0000] "GET /wp-admin/index.php HTTP/1.1" 200 4559 "https://cxocopilot.com/wp-login.php" "Mozilla/5.0 (Macintosh; Intel Mac OS X 10_15_7) AppleWebKit/537.36 (KHTML, like Gecko) Chrome/93.0.4577.63 Safari/537.36"
35.199.70.61 - - [29/May/2026:03:32:00 +0000] "GET /actuator/trace HTTP/1.1" 404 14144 "-" "Mozilla/5.0 (Windows NT 6.1; WOW64) AppleWebKit/537.36 (KHTML, like Gecko) Chrome/27.0.1453.12 Safari/537.36 OPR/14.0.1116.4"
161.118.210.105 - - [29/May/2026:03:32:00 +0000] "POST /wp-login.php HTTP/1.1" 405 552 "https://cxocopilot.com/wp-login.php" "Mozilla/5.0 (Macintosh; Intel Mac OS X 10_15_7) AppleWebKit/537.36 (KHTML, like Gecko) Chrome/91.0.4472.124 Safari/537.36"
161.118.210.105 - - [29/May/2026:03:32:00 +0000] "GET /wp-admin/index.php HTTP/1.1" 200 4559 "https://cxocopilot.com/wp-login.php" "Mozilla/5.0 (Windows NT 6.1; Win64; x64) AppleWebKit/537.36 (KHTML, like Gecko) Chrome/93.0.4577.63 Safari/537.36"
161.118.210.105 - - [29/May/2026:03:32:00 +0000] "POST /wp-login.php HTTP/1.1" 405 150 "https://cxocopilot.com/wp-login.php" "Mozilla/5.0 (X11; Linux x86_64; rv:92.0) Gecko/20100101 Firefox/92.0"
161.118.210.105 - - [29/May/2026:03:32:00 +0000] "GET /wp-admin/index.php HTTP/1.1" 200 4559 "https://cxocopilot.com/wp-login.php" "Mozilla/5.0 (Macintosh; Intel Mac OS X 10_15_7) AppleWebKit/537.36 (KHTML, like Gecko) Chrome/92.0.4515.131 Safari/537.36"
35.199.70.61 - - [29/May/2026:03:32:00 +0000] "GET /actuator/httptrace HTTP/1.1" 404 14143 "-" "Mozilla/5.0 (Windows Phone 8.1; ARM; Trident/7.0; Touch; rv:11.0; IEMobile/11.0; NOKIA; Lumia 920) like Gecko"
134.209.147.209 - - [29/May/2026:03:32:00 +0000] "GET /wp-content/plugins/lifeline-plugin/assets/data/font-awesome-5.json HTTP/1.1" 200 13009 "-" "WordPress/7.0; https://bharti-foundation.stgviitor.com"
161.118.210.105 - - [29/May/2026:03:32:00 +0000] "POST /wp-login.php HTTP/1.1" 405 150 "https://cxocopilot.com/wp-login.php" "Mozilla/5.0 (Windows NT 10.0; Win64; x64) AppleWebKit/605.1.15 (KHTML, like Gecko) Version/14.1.2 Safari/605.1.15"
161.118.210.105 - - [29/May/2026:03:32:00 +0000] "GET /wp-admin/index.php HTTP/1.1" 200 4559 "https://cxocopilot.com/wp-login.php" "Mozilla/5.0 (Windows NT 10.0; Win64; x64) AppleWebKit/537.36 (KHTML, like Gecko) Chrome/93.0.4577.63 Safari/537.36"
35.199.70.61 - - [29/May/2026:03:32:00 +0000] "GET /.htaccess HTTP/1.1" 403 146 "-" "Mozilla/5.0 (Macintosh; Intel Mac OS X 10_9_5) AppleWebKit/537.78.1 (KHTML like Gecko) Version/7.0.6 Safari/537.78.1"
35.199.70.61 - - [29/May/2026:03:32:00 +0000] "GET /actuator/auditevents HTTP/1.1" 404 14143 "-" "Mozilla/5.0 (Linux; Android 8.0.0; SM-G935F) AppleWebKit/537.36 (KHTML, like Gecko) Chrome/76.0.3809.89 Mobile Safari/537.36"
161.118.210.105 - - [29/May/2026:03:32:00 +0000] "POST /wp-login.php HTTP/1.1" 405 552 "https://cxocopilot.com/wp-login.php" "Mozilla/5.0 (X11; Linux x86_64) AppleWebKit/537.36 (KHTML, like Gecko) Chrome/92.0.4515.131 Safari/537.36"
161.118.210.105 - - [29/May/2026:03:32:00 +0000] "GET /wp-admin/index.php HTTP/1.1" 200 4559 "https://cxocopilot.com/wp-login.php" "Mozilla/5.0 (Macintosh; Intel Mac OS X 10_15_7) AppleWebKit/537.36 (KHTML, like Gecko) Chrome/93.0.4577.63 Safari/537.36"
134.209.147.209 - - [29/May/2026:03:32:00 +0000] "GET /wp-content/plugins/lifeline-plugin/assets/data/font-awesome-5.json HTTP/1.1" 200 13009 "-" "WordPress/7.0; https://bharti-foundation.stgviitor.com"
161.118.210.105 - - [29/May/2026:03:32:00 +0000] "POST /wp-login.php HTTP/1.1" 405 150 "https://cxocopilot.com/wp-login.php" "Mozilla/5.0 (Macintosh; Intel Mac OS X 10_15_7; rv:91.0) Gecko/20100101 Firefox/91.0"
161.118.210.105 - - [29/May/2026:03:32:00 +0000] "GET /wp-admin/index.php HTTP/1.1" 200 4559 "https://cxocopilot.com/wp-login.php" "Mozilla/5.0 (Windows NT 6.1; Win64; x64; rv:90.0) Gecko/20100101 Firefox/90.0.1"
161.118.210.105 - - [29/May/2026:03:32:01 +0000] "POST /wp-login.php HTTP/1.1" 405 552 "https://cxocopilot.com/wp-login.php" "Mozilla/5.0 (X11; Linux x86_64) AppleWebKit/537.36 (KHTML, like Gecko) Chrome/93.0.4577.63 Safari/537.36"
134.209.147.209 - - [29/May/2026:03:32:01 +0000] "GET /wp-content/plugins/lifeline-plugin/assets/data/font-awesome-5.json HTTP/1.1" 200 13009 "-" "WordPress/7.0; https://bharti-foundation.stgviitor.com"
161.118.210.105 - - [29/May/2026:03:32:01 +0000] "GET /wp-admin/index.php HTTP/1.1" 200 4559 "https://cxocopilot.com/wp-login.php" "Mozilla/5.0 (Windows NT 10.0; Win64; x64) AppleWebKit/605.1.15 (KHTML, like Gecko) Version/14.1 Safari/605.1.15"
161.118.210.105 - - [29/May/2026:03:32:01 +0000] "POST /wp-login.php HTTP/1.1" 405 150 "https://cxocopilot.com/wp-login.php" "Mozilla/5.0 (X11; Linux x86_64; rv:92.0) Gecko/20100101 Firefox/92.0"
134.209.147.209 - - [29/May/2026:03:32:01 +0000] "GET /wp-content/plugins/lifeline-plugin/assets/data/font-awesome-5.json HTTP/1.1" 200 13009 "-" "WordPress/7.0; https://bharti-foundation.stgviitor.com"
161.118.210.105 - - [29/May/2026:03:32:01 +0000] "GET /wp-admin/index.php HTTP/1.1" 200 4559 "https://cxocopilot.com/wp-login.php" "Mozilla/5.0 (Macintosh; Intel Mac OS X 10_15_7) AppleWebKit/605.1.15 (KHTML, like Gecko) Version/15.0 Safari/605.1.15"
35.199.70.61 - - [29/May/2026:03:32:01 +0000] "GET /actuator/sessions HTTP/1.1" 404 14136 "-" "Mozilla/5.0 (Linux; U; Android 3.0; en-us; Xoom Build/HRI39) AppleWebKit/525.10  (KHTML, like Gecko) Version/3.0.4 Mobile Safari/523.12.2"
161.118.210.105 - - [29/May/2026:03:32:01 +0000] "POST /wp-login.php HTTP/1.1" 405 150 "https://cxocopilot.com/wp-login.php" "Mozilla/5.0 (Macintosh; Intel Mac OS X 10_15_7; rv:89.0) Gecko/20100101 Firefox/89.0.2"
161.118.210.105 - - [29/May/2026:03:32:01 +0000] "GET /wp-admin/index.php HTTP/1.1" 200 4559 "https://cxocopilot.com/wp-login.php" "Mozilla/5.0 (Windows NT 10.0; Win64; x64) AppleWebKit/605.1.15 (KHTML, like Gecko) Version/15.0 Safari/605.1.15"
134.209.147.209 - - [29/May/2026:03:32:01 +0000] "GET /wp-content/plugins/lifeline-plugin/assets/data/font-awesome-5.json HTTP/1.1" 200 13009 "-" "WordPress/7.0; https://bharti-foundation.stgviitor.com"
