134.209.147.209 - - [29/May/2026:03:45:23 +0000] "POST /wp-cron.php?doing_wp_cron=1780026323.7865490913391113281250 HTTP/1.1" 200 31 "-" "WordPress/6.9.1; https://e-tdr.com"
64.227.35.51 - - [29/May/2026:03:45:23 +0000] "POST /wp-login.php HTTP/1.1" 200 6388 "-" "Mozilla/5.0"
191.99.6.21 - - [29/May/2026:03:45:24 +0000] "GET /wp-login.php HTTP/1.1" 200 1857 "-" "Mozilla/5.0 (Windows NT 10.0; Win64; x64) AppleWebKit/537.36 (KHTML, like Gecko) Chrome/120.0.0.0 Safari/537.36"
191.99.6.21 - - [29/May/2026:03:45:25 +0000] "POST /wp-login.php HTTP/1.1" 302 5 "https://stg.everycred.com/wp-login.php" "Mozilla/5.0 (Windows NT 10.0; Win64; x64) AppleWebKit/537.36 (KHTML, like Gecko) Chrome/120.0.0.0 Safari/537.36"
191.99.6.21 - - [29/May/2026:03:45:26 +0000] "GET /wp-admin/ HTTP/1.1" 200 19613 "https://stg.everycred.com/wp-login.php" "Mozilla/5.0 (Windows NT 10.0; Win64; x64) AppleWebKit/537.36 (KHTML, like Gecko) Chrome/120.0.0.0 Safari/537.36"
180.75.254.119 - - [29/May/2026:03:45:28 +0000] "GET /wp-admin/ HTTP/1.1" 200 19613 "-" "Mozilla/5.0 (Windows NT 10.0; Win64; x64) AppleWebKit/537.36 (KHTML, like Gecko) Chrome/120.0.0.0 Safari/537.36"
180.75.254.119 - - [29/May/2026:03:45:29 +0000] "GET /wp-admin/post-new.php HTTP/1.1" 200 89866 "-" "Mozilla/5.0 (Windows NT 10.0; Win64; x64) AppleWebKit/537.36 (KHTML, like Gecko) Chrome/120.0.0.0 Safari/537.36"
180.75.254.119 - - [29/May/2026:03:45:30 +0000] "POST /xmlrpc.php HTTP/1.1" 200 275 "-" "WordPress/5.0; https://stg.everycred.com"
180.75.254.119 - - [29/May/2026:03:45:31 +0000] "GET /wp-admin/admin-ajax.php?action=rest-nonce HTTP/1.1" 200 41 "-" "Mozilla/5.0 (Windows NT 10.0; Win64; x64) AppleWebKit/537.36 (KHTML, like Gecko) Chrome/120.0.0.0 Safari/537.36"
180.75.254.119 - - [29/May/2026:03:45:32 +0000] "GET /wp-json/wp/v2/plugins HTTP/1.1" 200 1871 "-" "Mozilla/5.0 (Windows NT 10.0; Win64; x64) AppleWebKit/537.36 (KHTML, like Gecko) Chrome/120.0.0.0 Safari/537.36"
180.75.254.119 - - [29/May/2026:03:45:32 +0000] "GET /wp-json/wp/v2/settings HTTP/1.1" 200 298 "-" "Mozilla/5.0 (Windows NT 10.0; Win64; x64) AppleWebKit/537.36 (KHTML, like Gecko) Chrome/120.0.0.0 Safari/537.36"
180.75.254.119 - - [29/May/2026:03:45:33 +0000] "GET /wp-json/wp/v2/pages/28 HTTP/1.1" 200 1657 "-" "Mozilla/5.0 (Windows NT 10.0; Win64; x64) AppleWebKit/537.36 (KHTML, like Gecko) Chrome/120.0.0.0 Safari/537.36"
180.75.254.119 - - [29/May/2026:03:45:34 +0000] "POST /xmlrpc.php HTTP/1.1" 200 139 "-" "Mozilla/5.0 (Windows NT 10.0; Win64; x64) AppleWebKit/537.36 (KHTML, like Gecko) Chrome/120.0.0.0 Safari/537.36"
180.75.254.119 - - [29/May/2026:03:45:36 +0000] "GET /?page_id=28 HTTP/1.1" 301 5 "-" "Mozilla/5.0 (Windows NT 10.0; Win64; x64) AppleWebKit/537.36 (KHTML, like Gecko) Chrome/120.0.0.0 Safari/537.36"
180.75.254.119 - - [29/May/2026:03:45:37 +0000] "GET / HTTP/1.1" 200 15851 "-" "Mozilla/5.0 (Windows NT 10.0; Win64; x64) AppleWebKit/537.36 (KHTML, like Gecko) Chrome/120.0.0.0 Safari/537.36"
134.209.147.209 - - [29/May/2026:03:46:32 +0000] "POST /wp-cron.php?doing_wp_cron=1780026392.6062500476837158203125 HTTP/1.1" 200 31 "-" "WordPress/6.9.1; https://e-tdr.com"
205.185.125.44 - - [29/May/2026:03:46:32 +0000] "GET /wp-login.php HTTP/1.1" 200 5984 "-" "Mozilla/5.0 (Windows NT 6.1; rv:31.0) Gecko/20100101 Firefox/31.0"
205.185.125.44 - - [29/May/2026:03:46:33 +0000] "POST /wp-login.php HTTP/1.1" 200 6416 "-" "Mozilla/5.0 (Windows NT 6.1; rv:31.0) Gecko/20100101 Firefox/31.0"
134.209.147.209 - - [29/May/2026:03:47:01 +0000] "POST /wp-cron.php?doing_wp_cron=1780026421.7191650867462158203125 HTTP/1.1" 200 31 "-" "WordPress/6.9.4; https://viitorx.stgviitor.com"
122.170.2.11 - - [29/May/2026:03:47:01 +0000] "POST /wp-admin/admin-ajax.php HTTP/1.1" 200 78 "https://viitorx.stgviitor.com/wp-admin/admin.php?page=theme-settings" "Mozilla/5.0 (Windows NT 10.0; Win64; x64) AppleWebKit/537.36 (KHTML, like Gecko) Chrome/148.0.0.0 Safari/537.36"
191.6.135.111 - - [29/May/2026:03:47:28 +0000] "GET /wp-login.php HTTP/1.1" 404 178 "-" "Mozilla/5.0 (Windows NT 10.0; Win64; x64) AppleWebKit/537.36 (KHTML, like Gecko) Chrome/142.0.0.0 Safari/537.36"
191.6.135.111 - - [29/May/2026:03:47:29 +0000] "GET http://powerplay.stgviitor.com/wp-admin/ HTTP/1.1" 404 178 "-" "Mozilla/5.0 (Windows NT 10.0; Win64; x64) AppleWebKit/537.36 (KHTML, like Gecko) Chrome/142.0.0.0 Safari/537.36"
162.158.88.152 - - [29/May/2026:03:47:30 +0000] "GET /1mlnbet-casino-connexion-au-maroc-guide-complet/ HTTP/1.1" 200 3928 "-" "Mozilla/5.0 (Windows NT 10.0; Win64; x64) AppleWebKit/537.36 (KHTML, like Gecko) Chrome/145.0.0.0 Safari/537.36"
134.209.147.209 - - [29/May/2026:03:47:32 +0000] "GET /wp-content/plugins/lifeline-plugin/assets/data/font-awesome-5.json HTTP/1.1" 200 13009 "-" "WordPress/7.0; https://bharti-foundation.stgviitor.com"
134.209.147.209 - - [29/May/2026:03:47:32 +0000] "GET /wp-content/plugins/lifeline-plugin/assets/data/font-awesome-5.json HTTP/1.1" 200 13009 "-" "WordPress/7.0; https://bharti-foundation.stgviitor.com"
134.209.147.209 - - [29/May/2026:03:47:32 +0000] "GET /wp-content/plugins/lifeline-plugin/assets/json/social-profile.json HTTP/1.1" 200 4033 "-" "WordPress/7.0; https://bharti-foundation.stgviitor.com"
134.209.147.209 - - [29/May/2026:03:47:32 +0000] "GET /wp-content/plugins/lifeline-plugin/assets/data/font-awesome-5.json HTTP/1.1" 200 13009 "-" "WordPress/7.0; https://bharti-foundation.stgviitor.com"
64.49.37.13 - - [29/May/2026:03:47:32 +0000] "GET /1mlnbet-casino-connexion-au-maroc-guide-complet/ HTTP/1.1" 200 3912 "-" "Mozilla/5.0 (Windows NT 10.0; Win64; x64) AppleWebKit/537.36 (KHTML, like Gecko) Chrome/145.0.0.0 Safari/537.36"
134.209.147.209 - - [29/May/2026:03:47:32 +0000] "POST /wp-cron.php?doing_wp_cron=1780026452.8667800426483154296875 HTTP/1.1" 200 31 "-" "WordPress/7.0; https://bharti-foundation.stgviitor.com"
191.6.135.111 - - [29/May/2026:03:47:32 +0000] "GET /wp-login.php HTTP/1.1" 200 2044 "-" "Mozilla/5.0 (Windows NT 10.0; Win64; x64) AppleWebKit/537.36 (KHTML, like Gecko) Chrome/142.0.0.0 Safari/537.36"
134.209.147.209 - - [29/May/2026:03:47:32 +0000] "GET /wp-content/plugins/lifeline-plugin/assets/data/font-awesome-5.json HTTP/1.1" 200 13009 "-" "WordPress/7.0; https://bharti-foundation.stgviitor.com"
134.209.147.209 - - [29/May/2026:03:47:33 +0000] "GET /wp-content/plugins/lifeline-plugin/assets/data/font-awesome-5.json HTTP/1.1" 200 13009 "-" "WordPress/7.0; https://bharti-foundation.stgviitor.com"
134.209.147.209 - - [29/May/2026:03:47:33 +0000] "GET /wp-content/plugins/lifeline-plugin/assets/json/social-profile.json HTTP/1.1" 200 4033 "-" "WordPress/7.0; https://bharti-foundation.stgviitor.com"
134.209.147.209 - - [29/May/2026:03:47:33 +0000] "GET /wp-content/plugins/lifeline-plugin/assets/data/font-awesome-5.json HTTP/1.1" 200 13009 "-" "WordPress/7.0; https://bharti-foundation.stgviitor.com"
134.209.147.209 - - [29/May/2026:03:47:36 +0000] "GET /wp-content/plugins/lifeline-plugin/assets/data/font-awesome-5.json HTTP/1.1" 200 13009 "-" "WordPress/7.0; https://bharti-foundation.stgviitor.com"
134.209.147.209 - - [29/May/2026:03:47:36 +0000] "GET /wp-content/plugins/lifeline-plugin/assets/data/font-awesome-5.json HTTP/1.1" 200 13009 "-" "WordPress/7.0; https://bharti-foundation.stgviitor.com"
134.209.147.209 - - [29/May/2026:03:47:36 +0000] "GET /wp-content/plugins/lifeline-plugin/assets/json/social-profile.json HTTP/1.1" 200 4033 "-" "WordPress/7.0; https://bharti-foundation.stgviitor.com"
134.209.147.209 - - [29/May/2026:03:47:36 +0000] "GET /wp-content/plugins/lifeline-plugin/assets/data/font-awesome-5.json HTTP/1.1" 200 13009 "-" "WordPress/7.0; https://bharti-foundation.stgviitor.com"
191.6.135.111 - - [29/May/2026:03:47:36 +0000] "POST /wp-login.php HTTP/1.1" 200 2196 "https://bharti-foundation.stgviitor.com/wp-login.php" "Mozilla/5.0 (Windows NT 10.0; Win64; x64) AppleWebKit/537.36 (KHTML, like Gecko) Chrome/142.0.0.0 Safari/537.36"
134.209.147.209 - - [29/May/2026:03:47:37 +0000] "GET /wp-content/plugins/lifeline-plugin/assets/data/font-awesome-5.json HTTP/1.1" 200 13009 "-" "WordPress/7.0; https://bharti-foundation.stgviitor.com"
134.209.147.209 - - [29/May/2026:03:47:38 +0000] "GET /wp-content/plugins/lifeline-plugin/assets/data/font-awesome-5.json HTTP/1.1" 200 13009 "-" "WordPress/7.0; https://bharti-foundation.stgviitor.com"
134.209.147.209 - - [29/May/2026:03:47:38 +0000] "GET /wp-content/plugins/lifeline-plugin/assets/json/social-profile.json HTTP/1.1" 200 4033 "-" "WordPress/7.0; https://bharti-foundation.stgviitor.com"
134.209.147.209 - - [29/May/2026:03:47:38 +0000] "GET /wp-content/plugins/lifeline-plugin/assets/data/font-awesome-5.json HTTP/1.1" 200 13009 "-" "WordPress/7.0; https://bharti-foundation.stgviitor.com"
191.6.135.111 - - [29/May/2026:03:47:38 +0000] "GET /wp-admin/ HTTP/1.1" 302 11 "https://bharti-foundation.stgviitor.com/wp-login.php" "Mozilla/5.0 (Windows NT 10.0; Win64; x64) AppleWebKit/537.36 (KHTML, like Gecko) Chrome/142.0.0.0 Safari/537.36"
134.209.147.209 - - [29/May/2026:03:47:39 +0000] "GET /wp-content/plugins/lifeline-plugin/assets/data/font-awesome-5.json HTTP/1.1" 200 13009 "-" "WordPress/7.0; https://bharti-foundation.stgviitor.com"
134.209.147.209 - - [29/May/2026:03:47:39 +0000] "GET /wp-content/plugins/lifeline-plugin/assets/data/font-awesome-5.json HTTP/1.1" 200 13009 "-" "WordPress/7.0; https://bharti-foundation.stgviitor.com"
134.209.147.209 - - [29/May/2026:03:47:39 +0000] "GET /wp-content/plugins/lifeline-plugin/assets/json/social-profile.json HTTP/1.1" 200 4033 "-" "WordPress/7.0; https://bharti-foundation.stgviitor.com"
134.209.147.209 - - [29/May/2026:03:47:39 +0000] "GET /wp-content/plugins/lifeline-plugin/assets/data/font-awesome-5.json HTTP/1.1" 200 13009 "-" "WordPress/7.0; https://bharti-foundation.stgviitor.com"
191.6.135.111 - - [29/May/2026:03:47:39 +0000] "GET /wp-login.php?redirect_to=https%3A%2F%2Fbharti-foundation.stgviitor.com%2Fwp-admin%2F&reauth=1 HTTP/1.1" 200 2044 "https://bharti-foundation.stgviitor.com/wp-login.php" "Mozilla/5.0 (Windows NT 10.0; Win64; x64) AppleWebKit/537.36 (KHTML, like Gecko) Chrome/142.0.0.0 Safari/537.36"
134.209.147.209 - - [29/May/2026:03:47:40 +0000] "GET /wp-content/plugins/lifeline-plugin/assets/data/font-awesome-5.json HTTP/1.1" 200 13009 "-" "WordPress/7.0; https://bharti-foundation.stgviitor.com"
134.209.147.209 - - [29/May/2026:03:47:40 +0000] "GET /wp-content/plugins/lifeline-plugin/assets/data/font-awesome-5.json HTTP/1.1" 200 13009 "-" "WordPress/7.0; https://bharti-foundation.stgviitor.com"
134.209.147.209 - - [29/May/2026:03:47:41 +0000] "GET /wp-content/plugins/lifeline-plugin/assets/json/social-profile.json HTTP/1.1" 200 4033 "-" "WordPress/7.0; https://bharti-foundation.stgviitor.com"
134.209.147.209 - - [29/May/2026:03:47:41 +0000] "GET /wp-content/plugins/lifeline-plugin/assets/data/font-awesome-5.json HTTP/1.1" 200 13009 "-" "WordPress/7.0; https://bharti-foundation.stgviitor.com"
191.6.135.111 - - [29/May/2026:03:47:41 +0000] "GET / HTTP/1.1" 200 31476 "https://bharti-foundation.stgviitor.com/wp-login.php" "Mozilla/5.0 (Windows NT 10.0; Win64; x64) AppleWebKit/537.36 (KHTML, like Gecko) Chrome/142.0.0.0 Safari/537.36"
170.82.106.168 - - [29/May/2026:03:47:46 +0000] "GET / HTTP/1.1" 200 14581 "-" "Mozilla/5.0 (Windows NT 10.0; Win64; x64) AppleWebKit/537.36 (KHTML, like Gecko) Chrome/120.0.0.0 Safari/537.36"
170.82.106.168 - - [29/May/2026:03:47:47 +0000] "GET /wp-login.php HTTP/1.1" 200 1857 "-" "Mozilla/5.0 (Windows NT 10.0; Win64; x64) AppleWebKit/537.36 (KHTML, like Gecko) Chrome/120.0.0.0 Safari/537.36"
170.82.106.168 - - [29/May/2026:03:47:48 +0000] "POST /wp-login.php HTTP/1.1" 302 5 "https://stg.everycred.com/wp-login.php" "Mozilla/5.0 (Windows NT 10.0; Win64; x64) AppleWebKit/537.36 (KHTML, like Gecko) Chrome/120.0.0.0 Safari/537.36"
170.82.106.168 - - [29/May/2026:03:47:49 +0000] "GET /wp-admin/ HTTP/1.1" 200 19614 "https://stg.everycred.com/wp-login.php" "Mozilla/5.0 (Windows NT 10.0; Win64; x64) AppleWebKit/537.36 (KHTML, like Gecko) Chrome/120.0.0.0 Safari/537.36"
180.75.44.12 - - [29/May/2026:03:47:51 +0000] "GET /wp-admin/ HTTP/1.1" 200 19614 "-" "Mozilla/5.0 (Windows NT 10.0; Win64; x64) AppleWebKit/537.36 (KHTML, like Gecko) Chrome/120.0.0.0 Safari/537.36"
180.75.44.12 - - [29/May/2026:03:47:52 +0000] "GET /wp-admin/post-new.php HTTP/1.1" 200 89868 "-" "Mozilla/5.0 (Windows NT 10.0; Win64; x64) AppleWebKit/537.36 (KHTML, like Gecko) Chrome/120.0.0.0 Safari/537.36"
180.75.44.12 - - [29/May/2026:03:47:54 +0000] "POST /xmlrpc.php HTTP/1.1" 200 275 "-" "WordPress/5.0; https://stg.everycred.com"
180.75.44.12 - - [29/May/2026:03:47:54 +0000] "GET /wp-admin/admin-ajax.php?action=rest-nonce HTTP/1.1" 200 41 "-" "Mozilla/5.0 (Windows NT 10.0; Win64; x64) AppleWebKit/537.36 (KHTML, like Gecko) Chrome/120.0.0.0 Safari/537.36"
180.75.44.12 - - [29/May/2026:03:47:55 +0000] "GET /wp-json/wp/v2/plugins HTTP/1.1" 200 1871 "-" "Mozilla/5.0 (Windows NT 10.0; Win64; x64) AppleWebKit/537.36 (KHTML, like Gecko) Chrome/120.0.0.0 Safari/537.36"
180.75.44.12 - - [29/May/2026:03:47:55 +0000] "GET /wp-json/wp/v2/settings HTTP/1.1" 200 298 "-" "Mozilla/5.0 (Windows NT 10.0; Win64; x64) AppleWebKit/537.36 (KHTML, like Gecko) Chrome/120.0.0.0 Safari/537.36"
180.75.44.12 - - [29/May/2026:03:47:56 +0000] "GET /wp-json/wp/v2/pages/28 HTTP/1.1" 200 1667 "-" "Mozilla/5.0 (Windows NT 10.0; Win64; x64) AppleWebKit/537.36 (KHTML, like Gecko) Chrome/120.0.0.0 Safari/537.36"
180.75.44.12 - - [29/May/2026:03:47:57 +0000] "POST /xmlrpc.php HTTP/1.1" 200 139 "-" "Mozilla/5.0 (Windows NT 10.0; Win64; x64) AppleWebKit/537.36 (KHTML, like Gecko) Chrome/120.0.0.0 Safari/537.36"
180.75.44.12 - - [29/May/2026:03:47:59 +0000] "GET /?page_id=28 HTTP/1.1" 301 5 "-" "Mozilla/5.0 (Windows NT 10.0; Win64; x64) AppleWebKit/537.36 (KHTML, like Gecko) Chrome/120.0.0.0 Safari/537.36"
134.209.147.209 - - [29/May/2026:03:47:59 +0000] "GET /wp-content/plugins/lifeline-plugin/assets/data/font-awesome-5.json HTTP/1.1" 200 13009 "-" "WordPress/7.0; https://bharti-foundation.stgviitor.com"
134.209.147.209 - - [29/May/2026:03:47:59 +0000] "GET /wp-content/plugins/lifeline-plugin/assets/data/font-awesome-5.json HTTP/1.1" 200 13009 "-" "WordPress/7.0; https://bharti-foundation.stgviitor.com"
134.209.147.209 - - [29/May/2026:03:47:59 +0000] "GET /wp-content/plugins/lifeline-plugin/assets/json/social-profile.json HTTP/1.1" 200 4033 "-" "WordPress/7.0; https://bharti-foundation.stgviitor.com"
180.75.44.12 - - [29/May/2026:03:48:00 +0000] "GET / HTTP/1.1" 200 15864 "-" "Mozilla/5.0 (Windows NT 10.0; Win64; x64) AppleWebKit/537.36 (KHTML, like Gecko) Chrome/120.0.0.0 Safari/537.36"
134.209.147.209 - - [29/May/2026:03:48:00 +0000] "GET /wp-content/plugins/lifeline-plugin/assets/data/font-awesome-5.json HTTP/1.1" 200 13009 "-" "WordPress/7.0; https://bharti-foundation.stgviitor.com"
74.206.180.196 - - [29/May/2026:03:48:00 +0000] "GET /wp-login.php HTTP/1.1" 200 2044 "-" "Mozilla/5.0 (X11; Ubuntu; Linux x86_64) AppleWebKit/537.36 (KHTML, like Gecko) Chrome/133.0.0.0 Safari/537.36"
134.209.147.209 - - [29/May/2026:03:48:00 +0000] "POST /wp-cron.php?doing_wp_cron=1780026479.6816899776458740234375 HTTP/1.1" 200 31 "-" "WordPress/6.9.1; https://e-tdr.com"
138.68.19.42 - - [29/May/2026:03:48:00 +0000] "POST /wp-login.php HTTP/1.1" 200 6388 "-" "Mozilla/5.0"
134.209.147.209 - - [29/May/2026:03:48:00 +0000] "POST /wp-cron.php?doing_wp_cron=1780026479.6849980354309082031250 HTTP/1.1" 200 31 "-" "WordPress/6.9.1; https://e-tdr.com"
138.68.19.42 - - [29/May/2026:03:48:00 +0000] "POST /wp-login.php HTTP/1.1" 200 6398 "-" "Mozilla/5.0"
134.209.147.209 - - [29/May/2026:03:48:03 +0000] "GET /wp-content/plugins/lifeline-plugin/assets/data/font-awesome-5.json HTTP/1.1" 200 13009 "-" "WordPress/7.0; https://bharti-foundation.stgviitor.com"
134.209.147.209 - - [29/May/2026:03:48:03 +0000] "GET /wp-content/plugins/lifeline-plugin/assets/data/font-awesome-5.json HTTP/1.1" 200 13009 "-" "WordPress/7.0; https://bharti-foundation.stgviitor.com"
134.209.147.209 - - [29/May/2026:03:48:03 +0000] "GET /wp-content/plugins/lifeline-plugin/assets/json/social-profile.json HTTP/1.1" 200 4033 "-" "WordPress/7.0; https://bharti-foundation.stgviitor.com"
134.209.147.209 - - [29/May/2026:03:48:03 +0000] "GET /wp-content/plugins/lifeline-plugin/assets/data/font-awesome-5.json HTTP/1.1" 200 13009 "-" "WordPress/7.0; https://bharti-foundation.stgviitor.com"
195.33.205.242 - - [29/May/2026:03:48:03 +0000] "GET /wp-login.php HTTP/1.1" 200 2044 "-" "Mozilla/5.0 (X11; Fedora; Linux x86_64) AppleWebKit/537.36 (KHTML, like Gecko) Chrome/133.0.0.0 Safari/537.36"
134.209.147.209 - - [29/May/2026:03:48:04 +0000] "GET /wp-content/plugins/lifeline-plugin/assets/data/font-awesome-5.json HTTP/1.1" 200 13009 "-" "WordPress/7.0; https://bharti-foundation.stgviitor.com"
134.209.147.209 - - [29/May/2026:03:48:04 +0000] "GET /wp-content/plugins/lifeline-plugin/assets/data/font-awesome-5.json HTTP/1.1" 200 13009 "-" "WordPress/7.0; https://bharti-foundation.stgviitor.com"
134.209.147.209 - - [29/May/2026:03:48:04 +0000] "GET /wp-content/plugins/lifeline-plugin/assets/json/social-profile.json HTTP/1.1" 200 4033 "-" "WordPress/7.0; https://bharti-foundation.stgviitor.com"
134.209.147.209 - - [29/May/2026:03:48:04 +0000] "GET /wp-content/plugins/lifeline-plugin/assets/data/font-awesome-5.json HTTP/1.1" 200 13009 "-" "WordPress/7.0; https://bharti-foundation.stgviitor.com"
74.206.180.196 - - [29/May/2026:03:48:04 +0000] "POST /wp-login.php HTTP/1.1" 200 2206 "https://bharti-foundation.stgviitor.com/wp-login.php" "Mozilla/5.0 (X11; Ubuntu; Linux x86_64) AppleWebKit/537.36 (KHTML, like Gecko) Chrome/133.0.0.0 Safari/537.36"
134.209.147.209 - - [29/May/2026:03:48:06 +0000] "GET /wp-content/plugins/lifeline-plugin/assets/data/font-awesome-5.json HTTP/1.1" 200 13009 "-" "WordPress/7.0; https://bharti-foundation.stgviitor.com"
134.209.147.209 - - [29/May/2026:03:48:07 +0000] "GET /wp-content/plugins/lifeline-plugin/assets/data/font-awesome-5.json HTTP/1.1" 200 13009 "-" "WordPress/7.0; https://bharti-foundation.stgviitor.com"
134.209.147.209 - - [29/May/2026:03:48:07 +0000] "GET /wp-content/plugins/lifeline-plugin/assets/json/social-profile.json HTTP/1.1" 200 4033 "-" "WordPress/7.0; https://bharti-foundation.stgviitor.com"
134.209.147.209 - - [29/May/2026:03:48:07 +0000] "GET /wp-content/plugins/lifeline-plugin/assets/data/font-awesome-5.json HTTP/1.1" 200 13009 "-" "WordPress/7.0; https://bharti-foundation.stgviitor.com"
195.33.205.242 - - [29/May/2026:03:48:07 +0000] "POST /wp-login.php HTTP/1.1" 200 2206 "https://bharti-foundation.stgviitor.com/wp-login.php" "Mozilla/5.0 (X11; Fedora; Linux x86_64) AppleWebKit/537.36 (KHTML, like Gecko) Chrome/133.0.0.0 Safari/537.36"
134.209.147.209 - - [29/May/2026:03:48:16 +0000] "POST /wp-cron.php?doing_wp_cron=1780026496.2165770530700683593750 HTTP/1.1" 200 31 "-" "WordPress/6.5.3; https://vcstore.stgviitor.com"
213.171.208.62 - - [29/May/2026:03:48:16 +0000] "GET /wp-login.php HTTP/1.1" 200 1831 "-" "Mozilla/5.0 (X11; Linux x86_64) AppleWebKit/537.36 (KHTML, like Gecko) Chrome/133.0.0.0 Safari/537.36 Edg/133.0.0.0"
167.172.25.98 - - [29/May/2026:03:48:18 +0000] "GET /wp-login.php HTTP/1.1" 200 1831 "-" "Mozilla/5.0 (X11; Linux i686) AppleWebKit/537.36 (KHTML, like Gecko) Chrome/133.0.0.0 Safari/537.36"
167.172.25.98 - - [29/May/2026:03:48:18 +0000] "POST /wp-login.php HTTP/1.1" 200 1998 "https://vcstore.stgviitor.com/wp-login.php" "Mozilla/5.0 (X11; Linux i686) AppleWebKit/537.36 (KHTML, like Gecko) Chrome/133.0.0.0 Safari/537.36"
213.171.208.62 - - [29/May/2026:03:48:19 +0000] "POST /wp-login.php HTTP/1.1" 200 1998 "https://vcstore.stgviitor.com/wp-login.php" "Mozilla/5.0 (X11; Linux x86_64) AppleWebKit/537.36 (KHTML, like Gecko) Chrome/133.0.0.0 Safari/537.36 Edg/133.0.0.0"
134.209.147.209 - - [29/May/2026:03:48:55 +0000] "POST /wp-cron.php?doing_wp_cron=1780026535.2221720218658447265625 HTTP/1.1" 200 31 "-" "WordPress/6.9.4; https://laracopilot.stgviitor.com"
213.171.208.62 - - [29/May/2026:03:48:55 +0000] "GET /wp-login.php HTTP/1.1" 200 2008 "-" "Mozilla/5.0 (Windows NT 10.0) AppleWebKit/537.36 (KHTML, like Gecko) Chrome/133.0.0.0 Safari/537.36"
213.171.208.62 - - [29/May/2026:03:48:56 +0000] "POST /wp-login.php HTTP/1.1" 200 2144 "https://laracopilot.stgviitor.com/wp-login.php" "Mozilla/5.0 (Windows NT 10.0) AppleWebKit/537.36 (KHTML, like Gecko) Chrome/133.0.0.0 Safari/537.36"
222.165.190.235 - - [29/May/2026:03:48:59 +0000] "GET /wp-login.php HTTP/1.1" 200 2008 "-" "Mozilla/5.0 (Windows NT 10.0; Win64; x64; rv:133.0) Gecko/20100101 Firefox/133.0"
103.11.102.106 - - [29/May/2026:03:49:00 +0000] "GET /wp-login.php HTTP/1.1" 200 2008 "-" "Mozilla/5.0 (Macintosh; Intel Mac OS X 10_15_7) AppleWebKit/537.36 (KHTML, like Gecko) Chrome/133.0.0.0 Safari/537.36"
134.209.147.209 - - [29/May/2026:03:49:02 +0000] "POST /wp-cron.php?doing_wp_cron=1780026542.6826140880584716796875 HTTP/1.1" 200 31 "-" "WordPress/6.9.4; https://viitorx.stgviitor.com"
122.170.2.11 - - [29/May/2026:03:49:02 +0000] "POST /wp-admin/admin-ajax.php HTTP/1.1" 200 78 "https://viitorx.stgviitor.com/wp-admin/admin.php?page=theme-settings" "Mozilla/5.0 (Windows NT 10.0; Win64; x64) AppleWebKit/537.36 (KHTML, like Gecko) Chrome/148.0.0.0 Safari/537.36"
49.13.134.145 - - [29/May/2026:03:49:04 +0000] "HEAD / HTTP/1.1" 301 0 "https://viitor.cloud" "Mozilla/5.0+(compatible; UptimeRobot/2.0; http://www.uptimerobot.com/)"
134.209.147.209 - - [29/May/2026:03:49:05 +0000] "POST /wp-cron.php?doing_wp_cron=1780026545.5289549827575683593750 HTTP/1.1" 200 31 "-" "WordPress/6.9.4; https://laracopilot.stgviitor.com"
103.11.102.106 - - [29/May/2026:03:49:05 +0000] "POST /wp-login.php HTTP/1.1" 200 2144 "https://laracopilot.stgviitor.com/wp-login.php" "Mozilla/5.0 (Macintosh; Intel Mac OS X 10_15_7) AppleWebKit/537.36 (KHTML, like Gecko) Chrome/133.0.0.0 Safari/537.36"
222.165.190.235 - - [29/May/2026:03:49:06 +0000] "POST /wp-login.php HTTP/1.1" 200 2144 "https://laracopilot.stgviitor.com/wp-login.php" "Mozilla/5.0 (Windows NT 10.0; Win64; x64; rv:133.0) Gecko/20100101 Firefox/133.0"
62.60.130.230 - - [29/May/2026:03:49:09 +0000] "GET / HTTP/1.1" 301 162 "-" "Mozilla/5.0 (Windows NT 10.0; Win64; x64) AppleWebKit/537.36 (KHTML, like Gecko) Chrome/95.0.4638.69 Safari/537.36"
172.69.166.17 - - [29/May/2026:03:49:09 +0000] "POST /xmlrpc.php HTTP/1.1" 200 141 "-" "Mozilla/5.0 (Windows NT 10.0; Win64; x64) AppleWebKit/537.36 (KHTML, like Gecko) Chrome/145.0.0.0 Safari/537.36"
62.60.130.230 - - [29/May/2026:03:49:09 +0000] "" 400 0 "-" "-"
134.209.147.209 - - [29/May/2026:03:49:09 +0000] "POST /wp-cron.php?doing_wp_cron=1780026549.9371349811553955078125 HTTP/1.1" 200 31 "-" "WordPress/6.5.3; https://vcstore.viitorcloud.co"
62.60.130.230 - - [29/May/2026:03:49:09 +0000] "GET //wp-includes/ID3/license.txt HTTP/1.1" 404 548 "-" "Mozilla/5.0 (Windows NT 10.0; Win64; x64) AppleWebKit/537.36 (KHTML, like Gecko) Chrome/95.0.4638.69 Safari/537.36"
172.70.208.117 - - [29/May/2026:03:49:09 +0000] "POST /xmlrpc.php HTTP/1.1" 200 3924 "-" "Mozilla/5.0 (Windows NT 10.0; Win64; x64) AppleWebKit/537.36 (KHTML, like Gecko) Chrome/145.0.0.0 Safari/537.36"
62.60.130.230 - - [29/May/2026:03:49:10 +0000] "GET //feed/ HTTP/1.1" 404 548 "-" "Mozilla/5.0 (Windows NT 10.0; Win64; x64) AppleWebKit/537.36 (KHTML, like Gecko) Chrome/95.0.4638.69 Safari/537.36"
62.60.130.230 - - [29/May/2026:03:49:10 +0000] "GET //xmlrpc.php?rsd HTTP/1.1" 404 548 "-" "Mozilla/5.0 (Windows NT 10.0; Win64; x64) AppleWebKit/537.36 (KHTML, like Gecko) Chrome/95.0.4638.69 Safari/537.36"
62.60.130.230 - - [29/May/2026:03:49:10 +0000] "GET //blog/wp-includes/wlwmanifest.xml HTTP/1.1" 404 548 "-" "Mozilla/5.0 (Windows NT 10.0; Win64; x64) AppleWebKit/537.36 (KHTML, like Gecko) Chrome/95.0.4638.69 Safari/537.36"
62.60.130.230 - - [29/May/2026:03:49:10 +0000] "GET //web/wp-includes/wlwmanifest.xml HTTP/1.1" 404 548 "-" "Mozilla/5.0 (Windows NT 10.0; Win64; x64) AppleWebKit/537.36 (KHTML, like Gecko) Chrome/95.0.4638.69 Safari/537.36"
62.60.130.230 - - [29/May/2026:03:49:10 +0000] "GET //wordpress/wp-includes/wlwmanifest.xml HTTP/1.1" 404 548 "-" "Mozilla/5.0 (Windows NT 10.0; Win64; x64) AppleWebKit/537.36 (KHTML, like Gecko) Chrome/95.0.4638.69 Safari/537.36"
62.60.130.230 - - [29/May/2026:03:49:11 +0000] "GET //wp/wp-includes/wlwmanifest.xml HTTP/1.1" 404 548 "-" "Mozilla/5.0 (Windows NT 10.0; Win64; x64) AppleWebKit/537.36 (KHTML, like Gecko) Chrome/95.0.4638.69 Safari/537.36"
62.60.130.230 - - [29/May/2026:03:49:11 +0000] "GET //2020/wp-includes/wlwmanifest.xml HTTP/1.1" 404 548 "-" "Mozilla/5.0 (Windows NT 10.0; Win64; x64) AppleWebKit/537.36 (KHTML, like Gecko) Chrome/95.0.4638.69 Safari/537.36"
62.60.130.230 - - [29/May/2026:03:49:11 +0000] "GET //2019/wp-includes/wlwmanifest.xml HTTP/1.1" 404 548 "-" "Mozilla/5.0 (Windows NT 10.0; Win64; x64) AppleWebKit/537.36 (KHTML, like Gecko) Chrome/95.0.4638.69 Safari/537.36"
62.60.130.230 - - [29/May/2026:03:49:11 +0000] "GET //2021/wp-includes/wlwmanifest.xml HTTP/1.1" 404 548 "-" "Mozilla/5.0 (Windows NT 10.0; Win64; x64) AppleWebKit/537.36 (KHTML, like Gecko) Chrome/95.0.4638.69 Safari/537.36"
62.60.130.230 - - [29/May/2026:03:49:11 +0000] "GET //shop/wp-includes/wlwmanifest.xml HTTP/1.1" 404 548 "-" "Mozilla/5.0 (Windows NT 10.0; Win64; x64) AppleWebKit/537.36 (KHTML, like Gecko) Chrome/95.0.4638.69 Safari/537.36"
62.60.130.230 - - [29/May/2026:03:49:12 +0000] "GET //wp1/wp-includes/wlwmanifest.xml HTTP/1.1" 404 548 "-" "Mozilla/5.0 (Windows NT 10.0; Win64; x64) AppleWebKit/537.36 (KHTML, like Gecko) Chrome/95.0.4638.69 Safari/537.36"
62.60.130.230 - - [29/May/2026:03:49:12 +0000] "GET //test/wp-includes/wlwmanifest.xml HTTP/1.1" 404 548 "-" "Mozilla/5.0 (Windows NT 10.0; Win64; x64) AppleWebKit/537.36 (KHTML, like Gecko) Chrome/95.0.4638.69 Safari/537.36"
62.60.130.230 - - [29/May/2026:03:49:12 +0000] "GET //site/wp-includes/wlwmanifest.xml HTTP/1.1" 404 548 "-" "Mozilla/5.0 (Windows NT 10.0; Win64; x64) AppleWebKit/537.36 (KHTML, like Gecko) Chrome/95.0.4638.69 Safari/537.36"
62.60.130.230 - - [29/May/2026:03:49:12 +0000] "GET //cms/wp-includes/wlwmanifest.xml HTTP/1.1" 404 548 "-" "Mozilla/5.0 (Windows NT 10.0; Win64; x64) AppleWebKit/537.36 (KHTML, like Gecko) Chrome/95.0.4638.69 Safari/537.36"
62.60.130.230 - - [29/May/2026:03:49:12 +0000] "" 400 0 "-" "-"
134.209.147.209 - - [29/May/2026:03:49:17 +0000] "GET /wp-content/plugins/lifeline-plugin/assets/data/font-awesome-5.json HTTP/1.1" 200 13009 "-" "WordPress/7.0; https://bharti-foundation.stgviitor.com"
134.209.147.209 - - [29/May/2026:03:49:17 +0000] "GET /wp-content/plugins/lifeline-plugin/assets/data/font-awesome-5.json HTTP/1.1" 200 13009 "-" "WordPress/7.0; https://bharti-foundation.stgviitor.com"
134.209.147.209 - - [29/May/2026:03:49:17 +0000] "GET /wp-content/plugins/lifeline-plugin/assets/json/social-profile.json HTTP/1.1" 200 4033 "-" "WordPress/7.0; https://bharti-foundation.stgviitor.com"
134.209.147.209 - - [29/May/2026:03:49:17 +0000] "GET /wp-content/plugins/lifeline-plugin/assets/data/font-awesome-5.json HTTP/1.1" 200 13009 "-" "WordPress/7.0; https://bharti-foundation.stgviitor.com"
134.209.147.209 - - [29/May/2026:03:49:18 +0000] "POST /wp-cron.php?doing_wp_cron=1780026558.1002070903778076171875 HTTP/1.1" 200 31 "-" "WordPress/7.0; https://bharti-foundation.stgviitor.com"
74.206.180.196 - - [29/May/2026:03:49:18 +0000] "GET /wp-login.php HTTP/1.1" 200 2044 "-" "Mozilla/5.0 (X11; Linux x86_64) AppleWebKit/537.36 (KHTML, like Gecko) Chrome/133.0.0.0 Safari/537.36 Edg/133.0.0.0"
134.209.147.209 - - [29/May/2026:03:49:18 +0000] "GET /wp-content/plugins/lifeline-plugin/assets/data/font-awesome-5.json HTTP/1.1" 200 13009 "-" "WordPress/7.0; https://bharti-foundation.stgviitor.com"
134.209.147.209 - - [29/May/2026:03:49:18 +0000] "GET /wp-content/plugins/lifeline-plugin/assets/data/font-awesome-5.json HTTP/1.1" 200 13009 "-" "WordPress/7.0; https://bharti-foundation.stgviitor.com"
134.209.147.209 - - [29/May/2026:03:49:18 +0000] "GET /wp-content/plugins/lifeline-plugin/assets/json/social-profile.json HTTP/1.1" 200 4033 "-" "WordPress/7.0; https://bharti-foundation.stgviitor.com"
134.209.147.209 - - [29/May/2026:03:49:18 +0000] "GET /wp-content/plugins/lifeline-plugin/assets/data/font-awesome-5.json HTTP/1.1" 200 13009 "-" "WordPress/7.0; https://bharti-foundation.stgviitor.com"
134.209.147.209 - - [29/May/2026:03:49:21 +0000] "GET /wp-content/plugins/lifeline-plugin/assets/data/font-awesome-5.json HTTP/1.1" 200 13009 "-" "WordPress/7.0; https://bharti-foundation.stgviitor.com"
134.209.147.209 - - [29/May/2026:03:49:21 +0000] "GET /wp-content/plugins/lifeline-plugin/assets/data/font-awesome-5.json HTTP/1.1" 200 13009 "-" "WordPress/7.0; https://bharti-foundation.stgviitor.com"
134.209.147.209 - - [29/May/2026:03:49:21 +0000] "GET /wp-content/plugins/lifeline-plugin/assets/json/social-profile.json HTTP/1.1" 200 4033 "-" "WordPress/7.0; https://bharti-foundation.stgviitor.com"
134.209.147.209 - - [29/May/2026:03:49:21 +0000] "GET /wp-content/plugins/lifeline-plugin/assets/data/font-awesome-5.json HTTP/1.1" 200 13009 "-" "WordPress/7.0; https://bharti-foundation.stgviitor.com"
74.206.180.196 - - [29/May/2026:03:49:22 +0000] "POST /wp-login.php HTTP/1.1" 200 2204 "https://bharti-foundation.stgviitor.com/wp-login.php" "Mozilla/5.0 (X11; Linux x86_64) AppleWebKit/537.36 (KHTML, like Gecko) Chrome/133.0.0.0 Safari/537.36 Edg/133.0.0.0"
162.158.106.143 - - [29/May/2026:03:49:38 +0000] "GET /wp-login.php HTTP/1.1" 499 0 "-" "Mozilla/5.0 (Windows NT 10.0) AppleWebKit/537.36 (KHTML, like Gecko) Chrome/133.0.0.0 Safari/537.36"
186.42.18.250 - - [29/May/2026:03:49:49 +0000] "GET / HTTP/1.1" 200 14593 "-" "Mozilla/5.0 (Windows NT 10.0; Win64; x64) AppleWebKit/537.36 (KHTML, like Gecko) Chrome/120.0.0.0 Safari/537.36"
186.42.18.250 - - [29/May/2026:03:49:50 +0000] "GET /wp-login.php HTTP/1.1" 200 1857 "-" "Mozilla/5.0 (Windows NT 10.0; Win64; x64) AppleWebKit/537.36 (KHTML, like Gecko) Chrome/120.0.0.0 Safari/537.36"
186.42.18.250 - - [29/May/2026:03:49:51 +0000] "POST /wp-login.php HTTP/1.1" 302 5 "https://stg.everycred.com/wp-login.php" "Mozilla/5.0 (Windows NT 10.0; Win64; x64) AppleWebKit/537.36 (KHTML, like Gecko) Chrome/120.0.0.0 Safari/537.36"
186.42.18.250 - - [29/May/2026:03:49:52 +0000] "GET /wp-admin/ HTTP/1.1" 200 19611 "https://stg.everycred.com/wp-login.php" "Mozilla/5.0 (Windows NT 10.0; Win64; x64) AppleWebKit/537.36 (KHTML, like Gecko) Chrome/120.0.0.0 Safari/537.36"
172.70.93.16 - Trendygital.com [29/May/2026:03:49:53 +0000] "GET /wp-json/wp/v2/users/me HTTP/1.1" 499 0 "-" "Mozilla/5.0 (Windows NT 10.0; Win64; x64) AppleWebKit/537.36 (KHTML, like Gecko) Chrome/133.0.0.0 Safari/537.36 Edg/133.0.0.0"
191.5.101.104 - - [29/May/2026:03:49:55 +0000] "GET /wp-admin/ HTTP/1.1" 200 19612 "-" "Mozilla/5.0 (Windows NT 10.0; Win64; x64) AppleWebKit/537.36 (KHTML, like Gecko) Chrome/120.0.0.0 Safari/537.36"
191.5.101.104 - - [29/May/2026:03:49:56 +0000] "GET /wp-admin/post-new.php HTTP/1.1" 200 89869 "-" "Mozilla/5.0 (Windows NT 10.0; Win64; x64) AppleWebKit/537.36 (KHTML, like Gecko) Chrome/120.0.0.0 Safari/537.36"
191.5.101.104 - - [29/May/2026:03:49:58 +0000] "POST /xmlrpc.php HTTP/1.1" 200 275 "-" "WordPress/5.0; https://stg.everycred.com"
191.5.101.104 - - [29/May/2026:03:49:58 +0000] "GET /wp-admin/admin-ajax.php?action=rest-nonce HTTP/1.1" 200 41 "-" "Mozilla/5.0 (Windows NT 10.0; Win64; x64) AppleWebKit/537.36 (KHTML, like Gecko) Chrome/120.0.0.0 Safari/537.36"
162.158.106.142 - Trendygital.com [29/May/2026:03:49:59 +0000] "GET /wp-json/wp/v2/users/me HTTP/1.1" 499 0 "-" "Mozilla/5.0 (Windows NT 10.0) AppleWebKit/537.36 (KHTML, like Gecko) Chrome/133.0.0.0 Safari/537.36"
191.5.101.104 - - [29/May/2026:03:49:59 +0000] "GET /wp-json/wp/v2/plugins HTTP/1.1" 200 1871 "-" "Mozilla/5.0 (Windows NT 10.0; Win64; x64) AppleWebKit/537.36 (KHTML, like Gecko) Chrome/120.0.0.0 Safari/537.36"
191.5.101.104 - - [29/May/2026:03:50:00 +0000] "GET /wp-json/wp/v2/settings HTTP/1.1" 200 298 "-" "Mozilla/5.0 (Windows NT 10.0; Win64; x64) AppleWebKit/537.36 (KHTML, like Gecko) Chrome/120.0.0.0 Safari/537.36"
191.5.101.104 - - [29/May/2026:03:50:01 +0000] "GET /wp-json/wp/v2/pages/28 HTTP/1.1" 200 1678 "-" "Mozilla/5.0 (Windows NT 10.0; Win64; x64) AppleWebKit/537.36 (KHTML, like Gecko) Chrome/120.0.0.0 Safari/537.36"
191.5.101.104 - - [29/May/2026:03:50:03 +0000] "POST /xmlrpc.php HTTP/1.1" 200 139 "-" "Mozilla/5.0 (Windows NT 10.0; Win64; x64) AppleWebKit/537.36 (KHTML, like Gecko) Chrome/120.0.0.0 Safari/537.36"
191.5.101.104 - - [29/May/2026:03:50:05 +0000] "GET /?page_id=28 HTTP/1.1" 301 5 "-" "Mozilla/5.0 (Windows NT 10.0; Win64; x64) AppleWebKit/537.36 (KHTML, like Gecko) Chrome/120.0.0.0 Safari/537.36"
110.136.11.132 - - [29/May/2026:03:50:05 +0000] "GET / HTTP/1.1" 200 14599 "-" "Mozilla/5.0 (Windows NT 10.0; Win64; x64) AppleWebKit/537.36 (KHTML, like Gecko) Chrome/120.0.0.0 Safari/537.36"
110.136.11.132 - - [29/May/2026:03:50:06 +0000] "GET /wp-login.php HTTP/1.1" 200 1857 "-" "Mozilla/5.0 (Windows NT 10.0; Win64; x64) AppleWebKit/537.36 (KHTML, like Gecko) Chrome/120.0.0.0 Safari/537.36"
191.5.101.104 - - [29/May/2026:03:50:06 +0000] "GET / HTTP/1.1" 200 15875 "-" "Mozilla/5.0 (Windows NT 10.0; Win64; x64) AppleWebKit/537.36 (KHTML, like Gecko) Chrome/120.0.0.0 Safari/537.36"
110.136.11.132 - - [29/May/2026:03:50:07 +0000] "POST /wp-login.php HTTP/1.1" 302 5 "https://stg.everycred.com/wp-login.php" "Mozilla/5.0 (Windows NT 10.0; Win64; x64) AppleWebKit/537.36 (KHTML, like Gecko) Chrome/120.0.0.0 Safari/537.36"
110.136.11.132 - - [29/May/2026:03:50:07 +0000] "GET /wp-admin/ HTTP/1.1" 200 19613 "https://stg.everycred.com/wp-login.php" "Mozilla/5.0 (Windows NT 10.0; Win64; x64) AppleWebKit/537.36 (KHTML, like Gecko) Chrome/120.0.0.0 Safari/537.36"
186.46.16.52 - - [29/May/2026:03:50:10 +0000] "GET /wp-admin/ HTTP/1.1" 200 19612 "-" "Mozilla/5.0 (Windows NT 10.0; Win64; x64) AppleWebKit/537.36 (KHTML, like Gecko) Chrome/120.0.0.0 Safari/537.36"
186.46.16.52 - - [29/May/2026:03:50:12 +0000] "GET /wp-admin/post-new.php HTTP/1.1" 200 89871 "-" "Mozilla/5.0 (Windows NT 10.0; Win64; x64) AppleWebKit/537.36 (KHTML, like Gecko) Chrome/120.0.0.0 Safari/537.36"
186.46.16.52 - - [29/May/2026:03:50:13 +0000] "POST /xmlrpc.php HTTP/1.1" 200 275 "-" "WordPress/5.0; https://stg.everycred.com"
186.46.16.52 - - [29/May/2026:03:50:14 +0000] "GET /wp-admin/admin-ajax.php?action=rest-nonce HTTP/1.1" 200 41 "-" "Mozilla/5.0 (Windows NT 10.0; Win64; x64) AppleWebKit/537.36 (KHTML, like Gecko) Chrome/120.0.0.0 Safari/537.36"
186.46.16.52 - - [29/May/2026:03:50:14 +0000] "GET /wp-json/wp/v2/plugins HTTP/1.1" 200 1871 "-" "Mozilla/5.0 (Windows NT 10.0; Win64; x64) AppleWebKit/537.36 (KHTML, like Gecko) Chrome/120.0.0.0 Safari/537.36"
186.46.16.52 - - [29/May/2026:03:50:15 +0000] "GET /wp-json/wp/v2/settings HTTP/1.1" 200 298 "-" "Mozilla/5.0 (Windows NT 10.0; Win64; x64) AppleWebKit/537.36 (KHTML, like Gecko) Chrome/120.0.0.0 Safari/537.36"
186.46.16.52 - - [29/May/2026:03:50:16 +0000] "GET /wp-json/wp/v2/pages/28 HTTP/1.1" 200 1684 "-" "Mozilla/5.0 (Windows NT 10.0; Win64; x64) AppleWebKit/537.36 (KHTML, like Gecko) Chrome/120.0.0.0 Safari/537.36"
186.46.16.52 - - [29/May/2026:03:50:17 +0000] "POST /xmlrpc.php HTTP/1.1" 200 139 "-" "Mozilla/5.0 (Windows NT 10.0; Win64; x64) AppleWebKit/537.36 (KHTML, like Gecko) Chrome/120.0.0.0 Safari/537.36"
186.46.16.52 - - [29/May/2026:03:50:20 +0000] "GET /?page_id=28 HTTP/1.1" 301 5 "-" "Mozilla/5.0 (Windows NT 10.0; Win64; x64) AppleWebKit/537.36 (KHTML, like Gecko) Chrome/120.0.0.0 Safari/537.36"
186.46.16.52 - - [29/May/2026:03:50:21 +0000] "GET / HTTP/1.1" 200 15895 "-" "Mozilla/5.0 (Windows NT 10.0; Win64; x64) AppleWebKit/537.36 (KHTML, like Gecko) Chrome/120.0.0.0 Safari/537.36"
134.209.147.209 - - [29/May/2026:03:50:26 +0000] "POST /wp-cron.php?doing_wp_cron=1780026626.9242379665374755859375 HTTP/1.1" 200 31 "-" "WordPress/6.6.1; https://newfaith.focalat.com"
49.12.3.147 - - [29/May/2026:03:50:26 +0000] "GET /wp-login.php HTTP/1.1" 200 2033 "-" "Mozilla/5.0 (Macintosh; Intel Mac OS X 11_7_10) AppleWebKit/537.36 (KHTML, like Gecko) Chrome/133.0.0.0 Safari/537.36"
49.12.3.147 - - [29/May/2026:03:50:27 +0000] "POST /wp-login.php HTTP/1.1" 200 2171 "https://newfaith.focalat.com/wp-login.php" "Mozilla/5.0 (Macintosh; Intel Mac OS X 11_7_10) AppleWebKit/537.36 (KHTML, like Gecko) Chrome/133.0.0.0 Safari/537.36"
162.158.106.143 - - [29/May/2026:03:50:33 +0000] "GET /wp-login.php HTTP/1.1" 200 1770 "-" "Mozilla/5.0 (Windows NT 10.0; Win64; x64) AppleWebKit/537.36 (KHTML, like Gecko) Chrome/133.0.0.0 Safari/537.36 Edg/133.0.0.0"
162.158.108.25 - - [29/May/2026:03:50:36 +0000] "POST /wp-login.php HTTP/1.1" 200 1905 "https://vcstore.viitorcloud.com/wp-login.php" "Mozilla/5.0 (Windows NT 10.0; Win64; x64) AppleWebKit/537.36 (KHTML, like Gecko) Chrome/133.0.0.0 Safari/537.36 Edg/133.0.0.0"
153.67.15.47 - - [29/May/2026:03:50:46 +0000] "GET / HTTP/1.1" 200 14614 "-" "Mozilla/5.0 (Windows NT 10.0; Win64; x64) AppleWebKit/537.36 (KHTML, like Gecko) Chrome/120.0.0.0 Safari/537.36"
153.67.15.47 - - [29/May/2026:03:50:48 +0000] "GET /wp-login.php HTTP/1.1" 200 1857 "-" "Mozilla/5.0 (Windows NT 10.0; Win64; x64) AppleWebKit/537.36 (KHTML, like Gecko) Chrome/120.0.0.0 Safari/537.36"
153.67.15.47 - - [29/May/2026:03:50:49 +0000] "POST /wp-login.php HTTP/1.1" 302 5 "https://stg.everycred.com/wp-login.php" "Mozilla/5.0 (Windows NT 10.0; Win64; x64) AppleWebKit/537.36 (KHTML, like Gecko) Chrome/120.0.0.0 Safari/537.36"
153.67.15.47 - - [29/May/2026:03:50:50 +0000] "GET /wp-admin/ HTTP/1.1" 200 19613 "https://stg.everycred.com/wp-login.php" "Mozilla/5.0 (Windows NT 10.0; Win64; x64) AppleWebKit/537.36 (KHTML, like Gecko) Chrome/120.0.0.0 Safari/537.36"
134.209.147.209 - - [29/May/2026:03:50:50 +0000] "POST /wp-cron.php?doing_wp_cron=1780026650.7515990734100341796875 HTTP/1.1" 200 31 "-" "WordPress/6.9.4; https://laracopilot.stgviitor.com"
82.196.25.136 - - [29/May/2026:03:50:50 +0000] "GET /wp-login.php HTTP/1.1" 200 2008 "-" "Mozilla/5.0 (Macintosh; Intel Mac OS X 10_15_7) AppleWebKit/537.36 (KHTML, like Gecko) Chrome/133.0.0.0 Safari/537.36 Edg/133.0.0.0"
82.196.25.136 - - [29/May/2026:03:50:54 +0000] "POST /wp-login.php HTTP/1.1" 200 2149 "https://laracopilot.stgviitor.com/wp-login.php" "Mozilla/5.0 (Macintosh; Intel Mac OS X 10_15_7) AppleWebKit/537.36 (KHTML, like Gecko) Chrome/133.0.0.0 Safari/537.36 Edg/133.0.0.0"
201.177.169.63 - - [29/May/2026:03:50:55 +0000] "GET /wp-admin/ HTTP/1.1" 200 19613 "-" "Mozilla/5.0 (Windows NT 10.0; Win64; x64) AppleWebKit/537.36 (KHTML, like Gecko) Chrome/120.0.0.0 Safari/537.36"
201.177.169.63 - - [29/May/2026:03:50:56 +0000] "GET /wp-admin/post-new.php HTTP/1.1" 200 89872 "-" "Mozilla/5.0 (Windows NT 10.0; Win64; x64) AppleWebKit/537.36 (KHTML, like Gecko) Chrome/120.0.0.0 Safari/537.36"
171.243.49.177 - - [29/May/2026:03:50:57 +0000] "GET / HTTP/1.1" 200 14614 "-" "Mozilla/5.0 (Windows NT 10.0; Win64; x64) AppleWebKit/537.36 (KHTML, like Gecko) Chrome/120.0.0.0 Safari/537.36"
171.243.49.177 - - [29/May/2026:03:50:58 +0000] "GET /wp-login.php HTTP/1.1" 200 1857 "-" "Mozilla/5.0 (Windows NT 10.0; Win64; x64) AppleWebKit/537.36 (KHTML, like Gecko) Chrome/120.0.0.0 Safari/537.36"
201.177.169.63 - - [29/May/2026:03:50:58 +0000] "POST /xmlrpc.php HTTP/1.1" 200 275 "-" "WordPress/5.0; https://stg.everycred.com"
171.243.49.177 - - [29/May/2026:03:50:58 +0000] "POST /wp-login.php HTTP/1.1" 302 5 "https://stg.everycred.com/wp-login.php" "Mozilla/5.0 (Windows NT 10.0; Win64; x64) AppleWebKit/537.36 (KHTML, like Gecko) Chrome/120.0.0.0 Safari/537.36"
201.177.169.63 - - [29/May/2026:03:50:59 +0000] "GET /wp-admin/admin-ajax.php?action=rest-nonce HTTP/1.1" 200 41 "-" "Mozilla/5.0 (Windows NT 10.0; Win64; x64) AppleWebKit/537.36 (KHTML, like Gecko) Chrome/120.0.0.0 Safari/537.36"
171.243.49.177 - - [29/May/2026:03:50:59 +0000] "GET /wp-admin/ HTTP/1.1" 200 19612 "https://stg.everycred.com/wp-login.php" "Mozilla/5.0 (Windows NT 10.0; Win64; x64) AppleWebKit/537.36 (KHTML, like Gecko) Chrome/120.0.0.0 Safari/537.36"
201.177.169.63 - - [29/May/2026:03:51:00 +0000] "GET /wp-json/wp/v2/plugins HTTP/1.1" 200 1871 "-" "Mozilla/5.0 (Windows NT 10.0; Win64; x64) AppleWebKit/537.36 (KHTML, like Gecko) Chrome/120.0.0.0 Safari/537.36"
86.41.211.92 - - [29/May/2026:03:51:01 +0000] "GET /wp-admin/ HTTP/1.1" 200 19611 "-" "Mozilla/5.0 (Windows NT 10.0; Win64; x64) AppleWebKit/537.36 (KHTML, like Gecko) Chrome/120.0.0.0 Safari/537.36"
201.177.169.63 - - [29/May/2026:03:51:01 +0000] "GET /wp-json/wp/v2/settings HTTP/1.1" 200 298 "-" "Mozilla/5.0 (Windows NT 10.0; Win64; x64) AppleWebKit/537.36 (KHTML, like Gecko) Chrome/120.0.0.0 Safari/537.36"
86.41.211.92 - - [29/May/2026:03:51:02 +0000] "GET /wp-admin/post-new.php HTTP/1.1" 200 89869 "-" "Mozilla/5.0 (Windows NT 10.0; Win64; x64) AppleWebKit/537.36 (KHTML, like Gecko) Chrome/120.0.0.0 Safari/537.36"
201.177.169.63 - - [29/May/2026:03:51:02 +0000] "GET /wp-json/wp/v2/pages/28 HTTP/1.1" 200 1697 "-" "Mozilla/5.0 (Windows NT 10.0; Win64; x64) AppleWebKit/537.36 (KHTML, like Gecko) Chrome/120.0.0.0 Safari/537.36"
86.41.211.92 - - [29/May/2026:03:51:02 +0000] "POST /xmlrpc.php HTTP/1.1" 200 275 "-" "WordPress/5.0; https://stg.everycred.com"
86.41.211.92 - - [29/May/2026:03:51:03 +0000] "GET /wp-admin/admin-ajax.php?action=rest-nonce HTTP/1.1" 200 41 "-" "Mozilla/5.0 (Windows NT 10.0; Win64; x64) AppleWebKit/537.36 (KHTML, like Gecko) Chrome/120.0.0.0 Safari/537.36"
86.41.211.92 - - [29/May/2026:03:51:03 +0000] "GET /wp-json/wp/v2/plugins HTTP/1.1" 200 1871 "-" "Mozilla/5.0 (Windows NT 10.0; Win64; x64) AppleWebKit/537.36 (KHTML, like Gecko) Chrome/120.0.0.0 Safari/537.36"
86.41.211.92 - - [29/May/2026:03:51:03 +0000] "GET /wp-json/wp/v2/settings HTTP/1.1" 200 298 "-" "Mozilla/5.0 (Windows NT 10.0; Win64; x64) AppleWebKit/537.36 (KHTML, like Gecko) Chrome/120.0.0.0 Safari/537.36"
134.209.147.209 - - [29/May/2026:03:51:03 +0000] "POST /wp-cron.php?doing_wp_cron=1780026663.8950901031494140625000 HTTP/1.1" 200 31 "-" "WordPress/6.9.4; https://viitorx.stgviitor.com"
122.170.2.11 - - [29/May/2026:03:51:03 +0000] "POST /wp-admin/admin-ajax.php HTTP/1.1" 200 78 "https://viitorx.stgviitor.com/wp-admin/admin.php?page=theme-settings" "Mozilla/5.0 (Windows NT 10.0; Win64; x64) AppleWebKit/537.36 (KHTML, like Gecko) Chrome/148.0.0.0 Safari/537.36"
86.41.211.92 - - [29/May/2026:03:51:04 +0000] "GET /wp-json/wp/v2/pages/28 HTTP/1.1" 200 1697 "-" "Mozilla/5.0 (Windows NT 10.0; Win64; x64) AppleWebKit/537.36 (KHTML, like Gecko) Chrome/120.0.0.0 Safari/537.36"
201.177.169.63 - - [29/May/2026:03:51:04 +0000] "POST /xmlrpc.php HTTP/1.1" 200 139 "-" "Mozilla/5.0 (Windows NT 10.0; Win64; x64) AppleWebKit/537.36 (KHTML, like Gecko) Chrome/120.0.0.0 Safari/537.36"
86.41.211.92 - - [29/May/2026:03:51:05 +0000] "POST /xmlrpc.php HTTP/1.1" 200 139 "-" "Mozilla/5.0 (Windows NT 10.0; Win64; x64) AppleWebKit/537.36 (KHTML, like Gecko) Chrome/120.0.0.0 Safari/537.36"
122.170.2.11 - - [29/May/2026:03:51:06 +0000] "GET /wp-content/uploads/2026/04/Varanasi-Ropeway-VR-Case-Study-ViitorX.mp4 HTTP/1.1" 206 147178 "https://viitorx.stgviitor.com/case-studies/varanasi-ropeway-vr-experience/" "Mozilla/5.0 (Windows NT 10.0; Win64; x64) AppleWebKit/537.36 (KHTML, like Gecko) Chrome/148.0.0.0 Safari/537.36"
201.177.169.63 - - [29/May/2026:03:51:07 +0000] "GET /?page_id=28 HTTP/1.1" 301 5 "-" "Mozilla/5.0 (Windows NT 10.0; Win64; x64) AppleWebKit/537.36 (KHTML, like Gecko) Chrome/120.0.0.0 Safari/537.36"
86.41.211.92 - - [29/May/2026:03:51:08 +0000] "GET /?page_id=28 HTTP/1.1" 301 5 "-" "Mozilla/5.0 (Windows NT 10.0; Win64; x64) AppleWebKit/537.36 (KHTML, like Gecko) Chrome/120.0.0.0 Safari/537.36"
86.41.211.92 - - [29/May/2026:03:51:08 +0000] "GET / HTTP/1.1" 200 15925 "-" "Mozilla/5.0 (Windows NT 10.0; Win64; x64) AppleWebKit/537.36 (KHTML, like Gecko) Chrome/120.0.0.0 Safari/537.36"
201.177.169.63 - - [29/May/2026:03:51:08 +0000] "GET / HTTP/1.1" 200 15926 "-" "Mozilla/5.0 (Windows NT 10.0; Win64; x64) AppleWebKit/537.36 (KHTML, like Gecko) Chrome/120.0.0.0 Safari/537.36"
122.170.2.11 - - [29/May/2026:03:51:09 +0000] "GET /case-studies/varanasi-ropeway-vr-experience/ HTTP/1.1" 200 17122 "https://viitorx.stgviitor.com/case-studies/" "Mozilla/5.0 (Windows NT 10.0; Win64; x64) AppleWebKit/537.36 (KHTML, like Gecko) Chrome/148.0.0.0 Safari/537.36"
122.170.2.11 - - [29/May/2026:03:51:10 +0000] "GET /wp-content/uploads/2026/04/Varanasi-Ropeway-VR-Case-Study-ViitorX.mp4 HTTP/1.1" 206 163567 "https://viitorx.stgviitor.com/case-studies/varanasi-ropeway-vr-experience/" "Mozilla/5.0 (Windows NT 10.0; Win64; x64) AppleWebKit/537.36 (KHTML, like Gecko) Chrome/148.0.0.0 Safari/537.36"
122.170.2.11 - - [29/May/2026:03:51:10 +0000] "GET /wp-content/uploads/2026/04/Varanasi-Ropeway-VR-Case-Study-ViitorX.mp4 HTTP/1.1" 206 58335 "https://viitorx.stgviitor.com/case-studies/varanasi-ropeway-vr-experience/" "Mozilla/5.0 (Windows NT 10.0; Win64; x64) AppleWebKit/537.36 (KHTML, like Gecko) Chrome/148.0.0.0 Safari/537.36"
122.170.2.11 - - [29/May/2026:03:51:10 +0000] "GET /wp-content/uploads/2026/04/Varanasi-Ropeway-VR-Case-Study-ViitorX.mp4 HTTP/1.1" 206 442091 "https://viitorx.stgviitor.com/case-studies/varanasi-ropeway-vr-experience/" "Mozilla/5.0 (Windows NT 10.0; Win64; x64) AppleWebKit/537.36 (KHTML, like Gecko) Chrome/148.0.0.0 Safari/537.36"
201.177.169.63 - - [29/May/2026:03:51:12 +0000] "GET /?page_id=28 HTTP/1.1" 301 5 "-" "Mozilla/5.0 (Windows NT 10.0; Win64; x64) AppleWebKit/537.36 (KHTML, like Gecko) Chrome/120.0.0.0 Safari/537.36"
201.177.169.63 - - [29/May/2026:03:51:12 +0000] "GET / HTTP/1.1" 200 15926 "-" "Mozilla/5.0 (Windows NT 10.0; Win64; x64) AppleWebKit/537.36 (KHTML, like Gecko) Chrome/120.0.0.0 Safari/537.36"
122.170.2.11 - - [29/May/2026:03:51:14 +0000] "GET /insights HTTP/1.1" 301 5 "https://viitorx.stgviitor.com/case-studies/varanasi-ropeway-vr-experience/" "Mozilla/5.0 (Windows NT 10.0; Win64; x64) AppleWebKit/537.36 (KHTML, like Gecko) Chrome/148.0.0.0 Safari/537.36"
122.170.2.11 - - [29/May/2026:03:51:15 +0000] "GET /insights/ HTTP/1.1" 200 15737 "https://viitorx.stgviitor.com/case-studies/varanasi-ropeway-vr-experience/" "Mozilla/5.0 (Windows NT 10.0; Win64; x64) AppleWebKit/537.36 (KHTML, like Gecko) Chrome/148.0.0.0 Safari/537.36"
122.170.2.11 - - [29/May/2026:03:51:15 +0000] "GET /wp-content/themes/viitorx/assets/videos/inner-page-hero-video.webm HTTP/1.1" 304 0 "https://viitorx.stgviitor.com/insights/" "Mozilla/5.0 (Windows NT 10.0; Win64; x64) AppleWebKit/537.36 (KHTML, like Gecko) Chrome/148.0.0.0 Safari/537.36"
201.177.169.63 - - [29/May/2026:03:51:16 +0000] "GET /?page_id=28 HTTP/1.1" 301 5 "-" "Mozilla/5.0 (Windows NT 10.0; Win64; x64) AppleWebKit/537.36 (KHTML, like Gecko) Chrome/120.0.0.0 Safari/537.36"
177.75.135.97 - - [29/May/2026:03:51:16 +0000] "GET / HTTP/1.1" 200 14638 "-" "Mozilla/5.0 (Windows NT 10.0; Win64; x64) AppleWebKit/537.36 (KHTML, like Gecko) Chrome/120.0.0.0 Safari/537.36"
201.177.169.63 - - [29/May/2026:03:51:17 +0000] "GET / HTTP/1.1" 200 15926 "-" "Mozilla/5.0 (Windows NT 10.0; Win64; x64) AppleWebKit/537.36 (KHTML, like Gecko) Chrome/120.0.0.0 Safari/537.36"
177.75.135.97 - - [29/May/2026:03:51:17 +0000] "GET /wp-login.php HTTP/1.1" 200 1857 "-" "Mozilla/5.0 (Windows NT 10.0; Win64; x64) AppleWebKit/537.36 (KHTML, like Gecko) Chrome/120.0.0.0 Safari/537.36"
177.75.135.97 - - [29/May/2026:03:51:18 +0000] "POST /wp-login.php HTTP/1.1" 302 5 "https://stg.everycred.com/wp-login.php" "Mozilla/5.0 (Windows NT 10.0; Win64; x64) AppleWebKit/537.36 (KHTML, like Gecko) Chrome/120.0.0.0 Safari/537.36"
177.75.135.97 - - [29/May/2026:03:51:19 +0000] "GET /wp-admin/ HTTP/1.1" 200 19612 "https://stg.everycred.com/wp-login.php" "Mozilla/5.0 (Windows NT 10.0; Win64; x64) AppleWebKit/537.36 (KHTML, like Gecko) Chrome/120.0.0.0 Safari/537.36"
201.177.169.63 - - [29/May/2026:03:51:20 +0000] "POST /wp-json/wp/v2/pages/28 HTTP/1.1" 200 1951 "-" "Mozilla/5.0 (Windows NT 10.0; Win64; x64) AppleWebKit/537.36 (KHTML, like Gecko) Chrome/120.0.0.0 Safari/537.36"
171.100.137.105 - - [29/May/2026:03:51:21 +0000] "GET /wp-admin/ HTTP/1.1" 200 19613 "-" "Mozilla/5.0 (Windows NT 10.0; Win64; x64) AppleWebKit/537.36 (KHTML, like Gecko) Chrome/120.0.0.0 Safari/537.36"
171.100.137.105 - - [29/May/2026:03:51:22 +0000] "GET /wp-admin/post-new.php HTTP/1.1" 200 89870 "-" "Mozilla/5.0 (Windows NT 10.0; Win64; x64) AppleWebKit/537.36 (KHTML, like Gecko) Chrome/120.0.0.0 Safari/537.36"
134.209.147.209 - - [29/May/2026:03:51:23 +0000] "POST /wp-cron.php?doing_wp_cron=1780026683.0299510955810546875000 HTTP/1.1" 200 31 "-" "WordPress/6.9.4; https://viitorx.stgviitor.com"
122.170.2.11 - - [29/May/2026:03:51:23 +0000] "GET /insights/ HTTP/1.1" 200 15737 "https://viitorx.stgviitor.com/case-studies/varanasi-ropeway-vr-experience/" "Mozilla/5.0 (Windows NT 10.0; Win64; x64) AppleWebKit/537.36 (KHTML, like Gecko) Chrome/148.0.0.0 Safari/537.36"
201.177.169.63 - - [29/May/2026:03:51:23 +0000] "GET /?page_id=28 HTTP/1.1" 301 5 "-" "Mozilla/5.0 (Windows NT 10.0; Win64; x64) AppleWebKit/537.36 (KHTML, like Gecko) Chrome/120.0.0.0 Safari/537.36"
122.170.2.11 - - [29/May/2026:03:51:23 +0000] "GET /wp-content/themes/viitorx/assets/videos/inner-page-hero-video.webm HTTP/1.1" 206 745444 "https://viitorx.stgviitor.com/insights/" "Mozilla/5.0 (Windows NT 10.0; Win64; x64) AppleWebKit/537.36 (KHTML, like Gecko) Chrome/148.0.0.0 Safari/537.36"
92.118.182.85 - - [29/May/2026:03:51:23 +0000] "GET / HTTP/1.1" 200 14624 "-" "Mozilla/5.0 (Windows NT 10.0; Win64; x64) AppleWebKit/537.36 (KHTML, like Gecko) Chrome/120.0.0.0 Safari/537.36"
171.100.137.105 - - [29/May/2026:03:51:23 +0000] "POST /xmlrpc.php HTTP/1.1" 200 275 "-" "WordPress/5.0; https://stg.everycred.com"
