2.58.56.55 - - [29/May/2026:02:35:07 +0000] "POST /ALFA_DATA/alfacgiapi/perl.alfa HTTP/1.1" 404 39317 "www.google.com" "Mozlila/5.0 (Linux; Android 7.0; SM-G892A Bulid/NRD90M; wv) AppleWebKit/537.36 (KHTML, like Gecko) Version/4.0 Chrome/60.0.3112.107 Moblie Safari/537.36"
2.58.56.55 - - [29/May/2026:02:35:08 +0000] "POST /alfacgiapi/perl.alfa HTTP/1.1" 301 162 "www.google.com" "Mozlila/5.0 (Linux; Android 7.0; SM-G892A Bulid/NRD90M; wv) AppleWebKit/537.36 (KHTML, like Gecko) Version/4.0 Chrome/60.0.3112.107 Moblie Safari/537.36"
2.58.56.55 - - [29/May/2026:02:35:08 +0000] "POST /alfacgiapi/perl.alfa HTTP/1.1" 404 39307 "www.google.com" "Mozlila/5.0 (Linux; Android 7.0; SM-G892A Bulid/NRD90M; wv) AppleWebKit/537.36 (KHTML, like Gecko) Version/4.0 Chrome/60.0.3112.107 Moblie Safari/537.36"
2.58.56.55 - - [29/May/2026:02:35:08 +0000] "GET /wp-content/plugins/apikey/apikey.php?test=hello HTTP/1.1" 404 548 "-" "Mozlila/5.0 (Linux; Android 7.0; SM-G892A Bulid/NRD90M; wv) AppleWebKit/537.36 (KHTML, like Gecko) Version/4.0 Chrome/60.0.3112.107 Moblie Safari/537.36"
2.58.56.55 - - [29/May/2026:02:35:08 +0000] "GET /plugins/content/apismtp/apismtp.php?test=hello HTTP/1.1" 404 548 "-" "Mozlila/5.0 (Linux; Android 7.0; SM-G892A Bulid/NRD90M; wv) AppleWebKit/537.36 (KHTML, like Gecko) Version/4.0 Chrome/60.0.3112.107 Moblie Safari/537.36"
2.58.56.55 - - [29/May/2026:02:35:09 +0000] "GET /wp-content/plugins/apikey/apikey.php.suspected?test=hello HTTP/1.1" 404 39344 "-" "Mozlila/5.0 (Linux; Android 7.0; SM-G892A Bulid/NRD90M; wv) AppleWebKit/537.36 (KHTML, like Gecko) Version/4.0 Chrome/60.0.3112.107 Moblie Safari/537.36"
2.58.56.55 - - [29/May/2026:02:35:09 +0000] "GET /plugins/content/apismtp/apismtp.php.suspected?test=hello HTTP/1.1" 404 39343 "-" "Mozlila/5.0 (Linux; Android 7.0; SM-G892A Bulid/NRD90M; wv) AppleWebKit/537.36 (KHTML, like Gecko) Version/4.0 Chrome/60.0.3112.107 Moblie Safari/537.36"
134.209.147.209 - - [29/May/2026:02:35:16 +0000] "POST /wp-cron.php?doing_wp_cron=1780022116.7152640819549560546875 HTTP/1.1" 200 31 "-" "WordPress/6.9.1; https://e-tdr.com"
49.51.52.250 - - [29/May/2026:02:35:16 +0000] "GET /blog/development-rights-trading-platform/feed/ HTTP/1.1" 200 864 "-" "Mozilla/5.0 (iPhone; CPU iPhone OS 13_2_3 like Mac OS X) AppleWebKit/605.1.15 (KHTML, like Gecko) Version/13.0.3 Mobile/15E148 Safari/604.1"
141.98.11.117 - - [29/May/2026:02:35:40 +0000] "GET /wp-login.php HTTP/1.1" 200 2007 "-" "Mozilla/5.0 (Macintosh; Intel Mac OS X 10_15_7) AppleWebKit/537.36 (KHTML, like Gecko) Chrome/133.0.0.0 Safari/537.36 Edg/133.0.0.0"
141.98.11.117 - - [29/May/2026:02:35:41 +0000] "POST /wp-login.php HTTP/1.1" 200 2138 "https://e-tdr.com/wp-login.php" "Mozilla/5.0 (Macintosh; Intel Mac OS X 10_15_7) AppleWebKit/537.36 (KHTML, like Gecko) Chrome/133.0.0.0 Safari/537.36 Edg/133.0.0.0"
123.30.233.12 - - [29/May/2026:02:35:45 +0000] "GET /wp-login.php HTTP/1.1" 200 1857 "-" "Mozilla/5.0 (X11; Linux x86_64; rv:133.0) Gecko/20100101 Firefox/133.0"
123.30.233.12 - - [29/May/2026:02:35:45 +0000] "POST /wp-login.php HTTP/1.1" 200 2018 "https://stg.everycred.com/wp-login.php" "Mozilla/5.0 (X11; Linux x86_64; rv:133.0) Gecko/20100101 Firefox/133.0"
134.209.147.209 - - [29/May/2026:02:35:55 +0000] "POST /wp-cron.php?doing_wp_cron=1780022155.4806780815124511718750 HTTP/1.1" 200 31 "-" "WordPress/6.6.1; https://newfaith.focalat.com"
49.12.3.147 - - [29/May/2026:02:35:55 +0000] "GET /wp-login.php HTTP/1.1" 200 2033 "-" "Mozilla/5.0 (X11; Ubuntu; Linux x86_64; rv:133.0) Gecko/20100101 Firefox/133.0"
51.77.82.63 - - [29/May/2026:02:35:57 +0000] "GET /?wordpress_x_core=check HTTP/1.1" 404 548 "-" "Mozilla/5.0 (Macintosh; Intel Mac OS X 10_15_7) AppleWebKit/537.36 (KHTML, like Gecko) Chrome/149.0.0.0 Safari/537.36"
43.133.187.11 - - [29/May/2026:02:35:59 +0000] "GET / HTTP/1.1" 301 162 "-" "Mozilla/5.0 (iPhone; CPU iPhone OS 13_2_3 like Mac OS X) AppleWebKit/605.1.15 (KHTML, like Gecko) Version/13.0.3 Mobile/15E148 Safari/604.1"
43.133.187.11 - - [29/May/2026:02:36:00 +0000] "GET / HTTP/1.1" 404 146 "http://demo.stgviitor.com" "Mozilla/5.0 (iPhone; CPU iPhone OS 13_2_3 like Mac OS X) AppleWebKit/605.1.15 (KHTML, like Gecko) Version/13.0.3 Mobile/15E148 Safari/604.1"
49.12.3.147 - - [29/May/2026:02:36:03 +0000] "POST /wp-login.php HTTP/1.1" 200 2194 "https://newfaith.focalat.com/wp-login.php" "Mozilla/5.0 (X11; Ubuntu; Linux x86_64; rv:133.0) Gecko/20100101 Firefox/133.0"
64.227.35.51 - - [29/May/2026:02:36:15 +0000] "POST /wp-login.php HTTP/1.1" 200 6388 "-" "Mozilla/5.0"
134.209.147.209 - - [29/May/2026:02:36:15 +0000] "POST /wp-cron.php?doing_wp_cron=1780022175.9633181095123291015625 HTTP/1.1" 200 31 "-" "WordPress/6.9.1; https://e-tdr.com"
64.227.35.51 - - [29/May/2026:02:36:15 +0000] "POST /wp-login.php HTTP/1.1" 200 6398 "-" "Mozilla/5.0"
66.132.195.34 - - [29/May/2026:02:36:34 +0000] "GET / HTTP/1.1" 301 162 "-" "Mozilla/5.0 (compatible; CensysInspect/1.1; +https://about.censys.io/)"
66.132.195.34 - - [29/May/2026:02:36:36 +0000] "PRI * HTTP/2.0" 400 150 "-" "-"
66.132.195.34 - - [29/May/2026:02:36:39 +0000] "\x16\x03\x01\x01\x09\x01\x00\x01\x05\x03\x037\xE1\xA3\x05CQ\xCF\x94Hd\x04\x5C\x97\x0F\xDFni\xCF\x8A\x87#\xDC6\x933\x22)\xDC\x04\xD2\xEF\xD5 Xq7q\x9C\xA9#+!b\x84\x15i\xD1+q\x04w\xB6\x11\x84\xD4\x82APSn)\xE8\xF9\x9F<\x00&\xCC\xA8\xCC\xA9\xC0/\xC00\xC0+\xC0,\xC0\x13\xC0\x09\xC0\x14\xC0" 400 150 "-" "-"
195.178.110.241 - - [29/May/2026:02:37:31 +0000] "GET /.git/config HTTP/1.1" 403 146 "-" "Mozilla/5.0 (Windows NT 10.0; Win64; x64; rv:86.0) Gecko/20100101 Firefox/86.0"
134.209.147.209 - - [29/May/2026:02:37:37 +0000] "POST /wp-cron.php?doing_wp_cron=1780022257.8379418849945068359375 HTTP/1.1" 200 31 "-" "WordPress/6.9.4; https://laracopilot.stgviitor.com"
222.165.190.235 - - [29/May/2026:02:37:37 +0000] "GET /wp-login.php HTTP/1.1" 200 2008 "-" "Mozilla/5.0 (X11; Fedora; Linux x86_64) AppleWebKit/537.36 (KHTML, like Gecko) Chrome/133.0.0.0 Safari/537.36"
77.90.154.29 - aios [29/May/2026:02:37:40 +0000] "GET /wp-json/wp/v2/pages?context=edit&slug=pinko-kazino-oficialnyy-sayt-pinco-casino&per_page=5&_fields=id,link,slug,status,content HTTP/1.1" 404 146 "-" "Mozilla/5.0 (Windows NT 10.0; Win64; x64; rv:148.0) Gecko/20100101 Firefox/148.0"
77.90.154.29 - aios [29/May/2026:02:37:41 +0000] "GET /wp-json/wp/v2/pages?context=edit&search=https%3A%2F%2Fplatona.net%2F&per_page=50&_fields=id,link,slug,status,content HTTP/1.1" 404 146 "-" "Mozilla/5.0 (Windows NT 10.0; Win64; x64; rv:148.0) Gecko/20100101 Firefox/148.0"
222.165.190.235 - - [29/May/2026:02:37:42 +0000] "POST /wp-login.php HTTP/1.1" 200 2145 "https://laracopilot.stgviitor.com/wp-login.php" "Mozilla/5.0 (X11; Fedora; Linux x86_64) AppleWebKit/537.36 (KHTML, like Gecko) Chrome/133.0.0.0 Safari/537.36"
77.90.154.29 - aios [29/May/2026:02:37:42 +0000] "POST /wp-json/wp/v2/pages HTTP/1.1" 404 146 "-" "Mozilla/5.0 (Windows NT 10.0; Win64; x64; rv:148.0) Gecko/20100101 Firefox/148.0"
77.90.154.29 - - [29/May/2026:02:37:43 +0000] "POST /xmlrpc.php HTTP/1.1" 404 146 "-" "Mozilla/5.0 (Windows NT 10.0; Win64; x64; rv:148.0) Gecko/20100101 Firefox/148.0"
77.90.154.29 - aios [29/May/2026:02:37:44 +0000] "GET /wp-json/wp/v2/posts?context=edit&slug=pinko-kazino-oficialnyy-sayt-pinco-casino&per_page=5&_fields=id,link,slug,status,content HTTP/1.1" 404 146 "-" "Mozilla/5.0 (Windows NT 10.0; Win64; x64; rv:148.0) Gecko/20100101 Firefox/148.0"
77.90.154.29 - aios [29/May/2026:02:37:45 +0000] "GET /wp-json/wp/v2/posts?context=edit&search=https%3A%2F%2Fplatona.net%2F&per_page=50&_fields=id,link,slug,status,content HTTP/1.1" 404 146 "-" "Mozilla/5.0 (Windows NT 10.0; Win64; x64; rv:148.0) Gecko/20100101 Firefox/148.0"
77.90.154.29 - aios [29/May/2026:02:37:46 +0000] "POST /wp-json/wp/v2/posts HTTP/1.1" 404 146 "-" "Mozilla/5.0 (Windows NT 10.0; Win64; x64; rv:148.0) Gecko/20100101 Firefox/148.0"
77.90.154.29 - - [29/May/2026:02:37:47 +0000] "POST /xmlrpc.php HTTP/1.1" 404 146 "-" "Mozilla/5.0 (Windows NT 10.0; Win64; x64; rv:148.0) Gecko/20100101 Firefox/148.0"
168.119.123.75 - - [29/May/2026:02:37:50 +0000] "HEAD / HTTP/1.1" 301 0 "https://viitor.cloud" "Mozilla/5.0+(compatible; UptimeRobot/2.0; http://www.uptimerobot.com/)"
134.209.147.209 - - [29/May/2026:02:38:07 +0000] "GET /wp-content/plugins/lifeline-plugin/assets/data/font-awesome-5.json HTTP/1.1" 200 13009 "-" "WordPress/7.0; https://bharti-foundation.stgviitor.com"
134.209.147.209 - - [29/May/2026:02:38:07 +0000] "GET /wp-content/plugins/lifeline-plugin/assets/data/font-awesome-5.json HTTP/1.1" 200 13009 "-" "WordPress/7.0; https://bharti-foundation.stgviitor.com"
134.209.147.209 - - [29/May/2026:02:38:07 +0000] "GET /wp-content/plugins/lifeline-plugin/assets/json/social-profile.json HTTP/1.1" 200 4033 "-" "WordPress/7.0; https://bharti-foundation.stgviitor.com"
134.209.147.209 - - [29/May/2026:02:38:07 +0000] "GET /wp-content/plugins/lifeline-plugin/assets/data/font-awesome-5.json HTTP/1.1" 200 13009 "-" "WordPress/7.0; https://bharti-foundation.stgviitor.com"
134.209.147.209 - - [29/May/2026:02:38:07 +0000] "POST /wp-cron.php?doing_wp_cron=1780022287.7948479652404785156250 HTTP/1.1" 200 31 "-" "WordPress/7.0; https://bharti-foundation.stgviitor.com"
213.55.96.154 - - [29/May/2026:02:38:07 +0000] "GET /wp-login.php HTTP/1.1" 200 2044 "-" "Mozilla/5.0 (Macintosh; Intel Mac OS X 11_7_10) AppleWebKit/537.36 (KHTML, like Gecko) Chrome/133.0.0.0 Safari/537.36"
134.209.147.209 - - [29/May/2026:02:38:07 +0000] "GET /wp-content/plugins/lifeline-plugin/assets/data/font-awesome-5.json HTTP/1.1" 200 13009 "-" "WordPress/7.0; https://bharti-foundation.stgviitor.com"
134.209.147.209 - - [29/May/2026:02:38:07 +0000] "GET /wp-content/plugins/lifeline-plugin/assets/data/font-awesome-5.json HTTP/1.1" 200 13009 "-" "WordPress/7.0; https://bharti-foundation.stgviitor.com"
134.209.147.209 - - [29/May/2026:02:38:08 +0000] "GET /wp-content/plugins/lifeline-plugin/assets/json/social-profile.json HTTP/1.1" 200 4033 "-" "WordPress/7.0; https://bharti-foundation.stgviitor.com"
134.209.147.209 - - [29/May/2026:02:38:08 +0000] "GET /wp-content/plugins/lifeline-plugin/assets/data/font-awesome-5.json HTTP/1.1" 200 13009 "-" "WordPress/7.0; https://bharti-foundation.stgviitor.com"
134.209.147.209 - - [29/May/2026:02:39:02 +0000] "POST /wp-cron.php?doing_wp_cron=1780022342.4507470130920410156250 HTTP/1.1" 200 31 "-" "WordPress/6.6.1; https://newfaith.focalat.com"
92.117.185.87 - annabrown [29/May/2026:02:39:03 +0000] "GET /wp-json/wp/v2/users/me HTTP/1.1" 401 107 "-" "Mozilla/5.0 (X11; Fedora; Linux x86_64) AppleWebKit/537.36 (KHTML, like Gecko) Chrome/133.0.0.0 Safari/537.36"
20.55.36.63 - - [29/May/2026:02:39:32 +0000] "GET /manager/text/list HTTP/1.1" 404 146 "-" "Mozilla/5.0 zgrab/0.x"
104.128.144.219 - - [29/May/2026:02:40:48 +0000] "GET / HTTP/1.1" 200 3133 "-" "probethenet.com"
134.209.147.209 - - [29/May/2026:02:41:02 +0000] "POST /wp-cron.php?doing_wp_cron=1780022462.0238039493560791015625 HTTP/1.1" 200 31 "-" "WordPress/6.9.1; https://e-tdr.com"
64.227.35.51 - - [29/May/2026:02:41:02 +0000] "POST /wp-login.php HTTP/1.1" 200 6398 "-" "Mozilla/5.0"
134.209.147.209 - - [29/May/2026:02:41:02 +0000] "POST /wp-cron.php?doing_wp_cron=1780022462.0220389366149902343750 HTTP/1.1" 200 31 "-" "WordPress/6.9.1; https://e-tdr.com"
64.227.35.51 - - [29/May/2026:02:41:02 +0000] "POST /wp-login.php HTTP/1.1" 200 6388 "-" "Mozilla/5.0"
51.77.82.63 - - [29/May/2026:02:41:05 +0000] "GET /wp-json/bm/v1/ HTTP/1.1" 404 548 "-" "Mozilla/5.0 (Windows NT 10.0; Win64; x64) AppleWebKit/537.36 (KHTML, like Gecko) Chrome/148.0.0.0 Safari/537.36"
134.209.147.209 - - [29/May/2026:02:41:10 +0000] "POST /wp-cron.php?doing_wp_cron=1780022470.3409919738769531250000 HTTP/1.1" 200 31 "-" "WordPress/6.6.1; https://newfaith.focalat.com"
195.33.205.242 - - [29/May/2026:02:41:10 +0000] "GET /wp-login.php HTTP/1.1" 200 2033 "-" "Mozilla/5.0 (X11; Linux i686) AppleWebKit/537.36 (KHTML, like Gecko) Chrome/133.0.0.0 Safari/537.36"
195.33.205.242 - - [29/May/2026:02:41:10 +0000] "POST /wp-login.php HTTP/1.1" 200 2196 "https://newfaith.focalat.com/wp-login.php" "Mozilla/5.0 (X11; Linux i686) AppleWebKit/537.36 (KHTML, like Gecko) Chrome/133.0.0.0 Safari/537.36"
134.209.147.209 - - [29/May/2026:02:41:39 +0000] "GET /wp-content/plugins/lifeline-plugin/assets/data/font-awesome-5.json HTTP/1.1" 200 13009 "-" "WordPress/7.0; https://bharti-foundation.stgviitor.com"
134.209.147.209 - - [29/May/2026:02:41:39 +0000] "GET /wp-content/plugins/lifeline-plugin/assets/data/font-awesome-5.json HTTP/1.1" 200 13009 "-" "WordPress/7.0; https://bharti-foundation.stgviitor.com"
134.209.147.209 - - [29/May/2026:02:41:39 +0000] "GET /wp-content/plugins/lifeline-plugin/assets/json/social-profile.json HTTP/1.1" 200 4033 "-" "WordPress/7.0; https://bharti-foundation.stgviitor.com"
134.209.147.209 - - [29/May/2026:02:41:39 +0000] "GET /wp-content/plugins/lifeline-plugin/assets/data/font-awesome-5.json HTTP/1.1" 200 13009 "-" "WordPress/7.0; https://bharti-foundation.stgviitor.com"
134.209.147.209 - - [29/May/2026:02:41:40 +0000] "POST /wp-cron.php?doing_wp_cron=1780022500.5390241146087646484375 HTTP/1.1" 200 31 "-" "WordPress/7.0; https://bharti-foundation.stgviitor.com"
79.124.40.174 - - [29/May/2026:02:41:40 +0000] "GET /?XDEBUG_SESSION_START=phpstorm HTTP/1.1" 200 31477 "-" "Mozilla/5.0 (Windows NT 10.0; Win64; x64) AppleWebKit/537.36 (KHTML, like Gecko) Chrome/78.0.3904.108 Safari/537.36"
134.209.147.209 - - [29/May/2026:02:41:40 +0000] "GET /wp-content/plugins/lifeline-plugin/assets/data/font-awesome-5.json HTTP/1.1" 200 13009 "-" "WordPress/7.0; https://bharti-foundation.stgviitor.com"
134.209.147.209 - - [29/May/2026:02:41:40 +0000] "GET /wp-content/plugins/lifeline-plugin/assets/data/font-awesome-5.json HTTP/1.1" 200 13009 "-" "WordPress/7.0; https://bharti-foundation.stgviitor.com"
134.209.147.209 - - [29/May/2026:02:41:40 +0000] "GET /wp-content/plugins/lifeline-plugin/assets/json/social-profile.json HTTP/1.1" 200 4033 "-" "WordPress/7.0; https://bharti-foundation.stgviitor.com"
134.209.147.209 - - [29/May/2026:02:41:40 +0000] "GET /wp-content/plugins/lifeline-plugin/assets/data/font-awesome-5.json HTTP/1.1" 200 13009 "-" "WordPress/7.0; https://bharti-foundation.stgviitor.com"
134.209.147.209 - - [29/May/2026:02:42:49 +0000] "POST /wp-cron.php?doing_wp_cron=1780022569.4181549549102783203125 HTTP/1.1" 200 31 "-" "WordPress/6.9.4; https://laracopilot.stgviitor.com"
162.214.206.32 - - [29/May/2026:02:42:49 +0000] "GET /wp-login.php HTTP/1.1" 200 2008 "-" "Mozilla/5.0 (Macintosh; Intel Mac OS X 10_15_7) AppleWebKit/537.36 (KHTML, like Gecko) Chrome/133.0.0.0 Safari/537.36"
162.214.206.32 - - [29/May/2026:02:42:51 +0000] "POST /wp-login.php HTTP/1.1" 200 2144 "https://laracopilot.stgviitor.com/wp-login.php" "Mozilla/5.0 (Macintosh; Intel Mac OS X 10_15_7) AppleWebKit/537.36 (KHTML, like Gecko) Chrome/133.0.0.0 Safari/537.36"
180.93.137.9 - - [29/May/2026:02:42:52 +0000] "GET /wp-login.php HTTP/1.1" 200 2008 "-" "Mozilla/5.0 (Macintosh; Intel Mac OS X 10_15_7) AppleWebKit/537.36 (KHTML, like Gecko) Chrome/133.0.0.0 Safari/537.36 Edg/133.0.0.0"
49.13.164.148 - - [29/May/2026:02:42:55 +0000] "HEAD / HTTP/1.1" 301 0 "https://viitor.cloud" "Mozilla/5.0+(compatible; UptimeRobot/2.0; http://www.uptimerobot.com/)"
121.200.216.55 - - [29/May/2026:02:42:55 +0000] "GET /wp-login.php HTTP/1.1" 200 2008 "-" "Mozilla/5.0 (Macintosh; Intel Mac OS X 14_7_4) AppleWebKit/537.36 (KHTML, like Gecko) Chrome/133.0.0.0 Safari/537.36"
180.93.137.9 - - [29/May/2026:02:42:56 +0000] "POST /wp-login.php HTTP/1.1" 200 2144 "https://laracopilot.stgviitor.com/wp-login.php" "Mozilla/5.0 (Macintosh; Intel Mac OS X 10_15_7) AppleWebKit/537.36 (KHTML, like Gecko) Chrome/133.0.0.0 Safari/537.36 Edg/133.0.0.0"
134.209.147.209 - - [29/May/2026:02:42:58 +0000] "POST /wp-cron.php?doing_wp_cron=1780022578.3042941093444824218750 HTTP/1.1" 200 31 "-" "WordPress/6.9.4; https://viitorx.stgviitor.com"
52.167.144.156 - - [29/May/2026:02:42:58 +0000] "GET /sitemap_index.xml HTTP/1.1" 200 349 "-" "Mozilla/5.0 AppleWebKit/537.36 (KHTML, like Gecko; compatible; bingbot/2.0; +http://www.bing.com/bingbot.htm) Chrome/116.0.1938.76 Safari/537.36"
121.200.216.55 - - [29/May/2026:02:43:00 +0000] "POST /wp-login.php HTTP/1.1" 200 2144 "https://laracopilot.stgviitor.com/wp-login.php" "Mozilla/5.0 (Macintosh; Intel Mac OS X 14_7_4) AppleWebKit/537.36 (KHTML, like Gecko) Chrome/133.0.0.0 Safari/537.36"
134.209.147.209 - - [29/May/2026:02:43:33 +0000] "GET /wp-content/plugins/lifeline-plugin/assets/data/font-awesome-5.json HTTP/1.1" 200 13009 "-" "WordPress/7.0; https://bharti-foundation.stgviitor.com"
134.209.147.209 - - [29/May/2026:02:43:33 +0000] "GET /wp-content/plugins/lifeline-plugin/assets/data/font-awesome-5.json HTTP/1.1" 200 13009 "-" "WordPress/7.0; https://bharti-foundation.stgviitor.com"
134.209.147.209 - - [29/May/2026:02:43:33 +0000] "GET /wp-content/plugins/lifeline-plugin/assets/json/social-profile.json HTTP/1.1" 200 4033 "-" "WordPress/7.0; https://bharti-foundation.stgviitor.com"
134.209.147.209 - - [29/May/2026:02:43:33 +0000] "GET /wp-content/plugins/lifeline-plugin/assets/data/font-awesome-5.json HTTP/1.1" 200 13009 "-" "WordPress/7.0; https://bharti-foundation.stgviitor.com"
134.209.147.209 - - [29/May/2026:02:43:33 +0000] "POST /wp-cron.php?doing_wp_cron=1780022613.4054729938507080078125 HTTP/1.1" 200 31 "-" "WordPress/7.0; https://bharti-foundation.stgviitor.com"
213.171.208.62 - - [29/May/2026:02:43:33 +0000] "GET /wp-login.php HTTP/1.1" 200 2044 "-" "Mozilla/5.0 (Macintosh; Intel Mac OS X 10_15_7) AppleWebKit/537.36 (KHTML, like Gecko) Chrome/133.0.0.0 Safari/537.36 Edg/133.0.0.0"
134.209.147.209 - - [29/May/2026:02:43:33 +0000] "GET /wp-content/plugins/lifeline-plugin/assets/data/font-awesome-5.json HTTP/1.1" 200 13009 "-" "WordPress/7.0; https://bharti-foundation.stgviitor.com"
134.209.147.209 - - [29/May/2026:02:43:33 +0000] "GET /wp-content/plugins/lifeline-plugin/assets/data/font-awesome-5.json HTTP/1.1" 200 13009 "-" "WordPress/7.0; https://bharti-foundation.stgviitor.com"
134.209.147.209 - - [29/May/2026:02:43:33 +0000] "GET /wp-content/plugins/lifeline-plugin/assets/json/social-profile.json HTTP/1.1" 200 4033 "-" "WordPress/7.0; https://bharti-foundation.stgviitor.com"
134.209.147.209 - - [29/May/2026:02:43:33 +0000] "GET /wp-content/plugins/lifeline-plugin/assets/data/font-awesome-5.json HTTP/1.1" 200 13009 "-" "WordPress/7.0; https://bharti-foundation.stgviitor.com"
134.209.147.209 - - [29/May/2026:02:43:37 +0000] "GET /wp-content/plugins/lifeline-plugin/assets/data/font-awesome-5.json HTTP/1.1" 200 13009 "-" "WordPress/7.0; https://bharti-foundation.stgviitor.com"
134.209.147.209 - - [29/May/2026:02:43:37 +0000] "GET /wp-content/plugins/lifeline-plugin/assets/data/font-awesome-5.json HTTP/1.1" 200 13009 "-" "WordPress/7.0; https://bharti-foundation.stgviitor.com"
134.209.147.209 - - [29/May/2026:02:43:37 +0000] "GET /wp-content/plugins/lifeline-plugin/assets/json/social-profile.json HTTP/1.1" 200 4033 "-" "WordPress/7.0; https://bharti-foundation.stgviitor.com"
134.209.147.209 - - [29/May/2026:02:43:37 +0000] "GET /wp-content/plugins/lifeline-plugin/assets/data/font-awesome-5.json HTTP/1.1" 200 13009 "-" "WordPress/7.0; https://bharti-foundation.stgviitor.com"
213.171.208.62 - - [29/May/2026:02:43:37 +0000] "POST /wp-login.php HTTP/1.1" 200 2206 "https://bharti-foundation.stgviitor.com/wp-login.php" "Mozilla/5.0 (Macintosh; Intel Mac OS X 10_15_7) AppleWebKit/537.36 (KHTML, like Gecko) Chrome/133.0.0.0 Safari/537.36 Edg/133.0.0.0"
52.204.71.8 - - [29/May/2026:02:43:48 +0000] "GET /category/topic/ HTTP/1.1" 200 20074 "-" "Mozilla/5.0 AppleWebKit/537.36 (KHTML, like Gecko; compatible; Amazonbot/0.1; +https://developer.amazon.com/support/amazonbot) Chrome/119.0.6045.214 Safari/537.36"
134.209.147.209 - - [29/May/2026:02:44:00 +0000] "GET /wp-content/plugins/lifeline-plugin/assets/data/font-awesome-5.json HTTP/1.1" 200 13009 "-" "WordPress/7.0; https://bharti-foundation.stgviitor.com"
134.209.147.209 - - [29/May/2026:02:44:00 +0000] "GET /wp-content/plugins/lifeline-plugin/assets/data/font-awesome-5.json HTTP/1.1" 200 13009 "-" "WordPress/7.0; https://bharti-foundation.stgviitor.com"
134.209.147.209 - - [29/May/2026:02:44:01 +0000] "GET /wp-content/plugins/lifeline-plugin/assets/json/social-profile.json HTTP/1.1" 200 4033 "-" "WordPress/7.0; https://bharti-foundation.stgviitor.com"
134.209.147.209 - - [29/May/2026:02:44:01 +0000] "GET /wp-content/plugins/lifeline-plugin/assets/data/font-awesome-5.json HTTP/1.1" 200 13009 "-" "WordPress/7.0; https://bharti-foundation.stgviitor.com"
134.209.147.209 - - [29/May/2026:02:44:01 +0000] "POST /wp-cron.php?doing_wp_cron=1780022641.1994860172271728515625 HTTP/1.1" 200 31 "-" "WordPress/7.0; https://bharti-foundation.stgviitor.com"
103.193.73.18 - - [29/May/2026:02:44:01 +0000] "GET /wp-login.php HTTP/1.1" 200 2044 "-" "Mozilla/5.0 (X11; Ubuntu; Linux x86_64) AppleWebKit/537.36 (KHTML, like Gecko) Chrome/133.0.0.0 Safari/537.36"
134.209.147.209 - - [29/May/2026:02:44:01 +0000] "GET /wp-content/plugins/lifeline-plugin/assets/data/font-awesome-5.json HTTP/1.1" 200 13009 "-" "WordPress/7.0; https://bharti-foundation.stgviitor.com"
134.209.147.209 - - [29/May/2026:02:44:01 +0000] "GET /wp-content/plugins/lifeline-plugin/assets/data/font-awesome-5.json HTTP/1.1" 200 13009 "-" "WordPress/7.0; https://bharti-foundation.stgviitor.com"
134.209.147.209 - - [29/May/2026:02:44:01 +0000] "GET /wp-content/plugins/lifeline-plugin/assets/data/font-awesome-5.json HTTP/1.1" 200 13009 "-" "WordPress/7.0; https://bharti-foundation.stgviitor.com"
134.209.147.209 - - [29/May/2026:02:44:01 +0000] "GET /wp-content/plugins/lifeline-plugin/assets/data/font-awesome-5.json HTTP/1.1" 200 13009 "-" "WordPress/7.0; https://bharti-foundation.stgviitor.com"
134.209.147.209 - - [29/May/2026:02:44:01 +0000] "GET /wp-content/plugins/lifeline-plugin/assets/json/social-profile.json HTTP/1.1" 200 4033 "-" "WordPress/7.0; https://bharti-foundation.stgviitor.com"
134.209.147.209 - - [29/May/2026:02:44:01 +0000] "GET /wp-content/plugins/lifeline-plugin/assets/json/social-profile.json HTTP/1.1" 200 4033 "-" "WordPress/7.0; https://bharti-foundation.stgviitor.com"
134.209.147.209 - - [29/May/2026:02:44:01 +0000] "GET /wp-content/plugins/lifeline-plugin/assets/data/font-awesome-5.json HTTP/1.1" 200 13009 "-" "WordPress/7.0; https://bharti-foundation.stgviitor.com"
134.209.147.209 - - [29/May/2026:02:44:01 +0000] "GET /wp-content/plugins/lifeline-plugin/assets/data/font-awesome-5.json HTTP/1.1" 200 13009 "-" "WordPress/7.0; https://bharti-foundation.stgviitor.com"
134.209.147.209 - - [29/May/2026:02:44:02 +0000] "GET /wp-content/plugins/lifeline-plugin/assets/data/font-awesome-5.json HTTP/1.1" 200 13009 "-" "WordPress/7.0; https://bharti-foundation.stgviitor.com"
74.206.180.196 - - [29/May/2026:02:44:02 +0000] "GET /wp-login.php HTTP/1.1" 200 2044 "-" "Mozilla/5.0 (X11; Linux i686) AppleWebKit/537.36 (KHTML, like Gecko) Chrome/133.0.0.0 Safari/537.36"
134.209.147.209 - - [29/May/2026:02:44:02 +0000] "GET /wp-content/plugins/lifeline-plugin/assets/data/font-awesome-5.json HTTP/1.1" 200 13009 "-" "WordPress/7.0; https://bharti-foundation.stgviitor.com"
134.209.147.209 - - [29/May/2026:02:44:02 +0000] "GET /wp-content/plugins/lifeline-plugin/assets/json/social-profile.json HTTP/1.1" 200 4033 "-" "WordPress/7.0; https://bharti-foundation.stgviitor.com"
134.209.147.209 - - [29/May/2026:02:44:02 +0000] "GET /wp-content/plugins/lifeline-plugin/assets/data/font-awesome-5.json HTTP/1.1" 200 13009 "-" "WordPress/7.0; https://bharti-foundation.stgviitor.com"
103.193.73.18 - - [29/May/2026:02:44:02 +0000] "POST /wp-login.php HTTP/1.1" 200 2204 "https://bharti-foundation.stgviitor.com/wp-login.php" "Mozilla/5.0 (X11; Ubuntu; Linux x86_64) AppleWebKit/537.36 (KHTML, like Gecko) Chrome/133.0.0.0 Safari/537.36"
134.209.147.209 - - [29/May/2026:02:44:03 +0000] "GET /wp-content/plugins/lifeline-plugin/assets/data/font-awesome-5.json HTTP/1.1" 200 13009 "-" "WordPress/7.0; https://bharti-foundation.stgviitor.com"
134.209.147.209 - - [29/May/2026:02:44:03 +0000] "GET /wp-content/plugins/lifeline-plugin/assets/data/font-awesome-5.json HTTP/1.1" 200 13009 "-" "WordPress/7.0; https://bharti-foundation.stgviitor.com"
134.209.147.209 - - [29/May/2026:02:44:03 +0000] "GET /wp-content/plugins/lifeline-plugin/assets/json/social-profile.json HTTP/1.1" 200 4033 "-" "WordPress/7.0; https://bharti-foundation.stgviitor.com"
134.209.147.209 - - [29/May/2026:02:44:03 +0000] "GET /wp-content/plugins/lifeline-plugin/assets/data/font-awesome-5.json HTTP/1.1" 200 13009 "-" "WordPress/7.0; https://bharti-foundation.stgviitor.com"
74.206.180.196 - - [29/May/2026:02:44:03 +0000] "POST /wp-login.php HTTP/1.1" 200 2204 "https://bharti-foundation.stgviitor.com/wp-login.php" "Mozilla/5.0 (X11; Linux i686) AppleWebKit/537.36 (KHTML, like Gecko) Chrome/133.0.0.0 Safari/537.36"
134.209.147.209 - - [29/May/2026:02:44:10 +0000] "POST /wp-cron.php?doing_wp_cron=1780022650.8400640487670898437500 HTTP/1.1" 200 31 "-" "WordPress/6.6.1; https://newfaith.focalat.com"
144.126.139.83 - - [29/May/2026:02:44:10 +0000] "GET /wp-login.php HTTP/1.1" 200 2033 "-" "Mozilla/5.0 (Windows NT 10.0) AppleWebKit/537.36 (KHTML, like Gecko) Chrome/133.0.0.0 Safari/537.36"
144.126.139.83 - - [29/May/2026:02:44:12 +0000] "POST /wp-login.php HTTP/1.1" 200 2168 "https://newfaith.focalat.com/wp-login.php" "Mozilla/5.0 (Windows NT 10.0) AppleWebKit/537.36 (KHTML, like Gecko) Chrome/133.0.0.0 Safari/537.36"
134.209.147.209 - - [29/May/2026:02:44:12 +0000] "GET /wp-content/plugins/lifeline-plugin/assets/data/font-awesome-5.json HTTP/1.1" 200 13009 "-" "WordPress/7.0; https://bharti-foundation.stgviitor.com"
134.209.147.209 - - [29/May/2026:02:44:13 +0000] "GET /wp-content/plugins/lifeline-plugin/assets/data/font-awesome-5.json HTTP/1.1" 200 13009 "-" "WordPress/7.0; https://bharti-foundation.stgviitor.com"
134.209.147.209 - - [29/May/2026:02:44:13 +0000] "GET /wp-content/plugins/lifeline-plugin/assets/json/social-profile.json HTTP/1.1" 200 4033 "-" "WordPress/7.0; https://bharti-foundation.stgviitor.com"
134.209.147.209 - - [29/May/2026:02:44:13 +0000] "GET /wp-content/plugins/lifeline-plugin/assets/data/font-awesome-5.json HTTP/1.1" 200 13009 "-" "WordPress/7.0; https://bharti-foundation.stgviitor.com"
141.98.11.117 - - [29/May/2026:02:44:13 +0000] "GET /wp-login.php HTTP/1.1" 200 2044 "-" "Mozilla/5.0 (X11; Fedora; Linux x86_64) AppleWebKit/537.36 (KHTML, like Gecko) Chrome/133.0.0.0 Safari/537.36"
104.244.79.40 - - [29/May/2026:02:44:14 +0000] "GET /wp-login.php HTTP/1.1" 200 2033 "-" "Mozilla/5.0 (Windows NT 10.0; Win64; x64; rv:133.0) Gecko/20100101 Firefox/133.0"
104.244.79.40 - - [29/May/2026:02:44:16 +0000] "POST /wp-login.php HTTP/1.1" 200 2168 "https://newfaith.focalat.com/wp-login.php" "Mozilla/5.0 (Windows NT 10.0; Win64; x64; rv:133.0) Gecko/20100101 Firefox/133.0"
134.209.147.209 - - [29/May/2026:02:44:25 +0000] "GET /wp-content/plugins/lifeline-plugin/assets/data/font-awesome-5.json HTTP/1.1" 200 13009 "-" "WordPress/7.0; https://bharti-foundation.stgviitor.com"
134.209.147.209 - - [29/May/2026:02:44:25 +0000] "GET /wp-content/plugins/lifeline-plugin/assets/data/font-awesome-5.json HTTP/1.1" 200 13009 "-" "WordPress/7.0; https://bharti-foundation.stgviitor.com"
134.209.147.209 - - [29/May/2026:02:44:25 +0000] "GET /wp-content/plugins/lifeline-plugin/assets/json/social-profile.json HTTP/1.1" 200 4033 "-" "WordPress/7.0; https://bharti-foundation.stgviitor.com"
134.209.147.209 - - [29/May/2026:02:44:25 +0000] "GET /wp-content/plugins/lifeline-plugin/assets/data/font-awesome-5.json HTTP/1.1" 200 13009 "-" "WordPress/7.0; https://bharti-foundation.stgviitor.com"
141.98.11.117 - Emma [29/May/2026:02:44:25 +0000] "GET /wp-json/wp/v2/users/me HTTP/1.1" 401 108 "-" "Mozilla/5.0 (X11; Fedora; Linux x86_64) AppleWebKit/537.36 (KHTML, like Gecko) Chrome/133.0.0.0 Safari/537.36"
134.209.147.209 - - [29/May/2026:02:44:27 +0000] "POST /wp-cron.php?doing_wp_cron=1780022667.9623661041259765625000 HTTP/1.1" 200 31 "-" "WordPress/6.9.1; https://e-tdr.com"
43.153.215.249 - - [29/May/2026:02:44:27 +0000] "GET /blog/ HTTP/1.1" 200 13866 "-" "Mozilla/5.0 (iPhone; CPU iPhone OS 13_2_3 like Mac OS X) AppleWebKit/605.1.15 (KHTML, like Gecko) Version/13.0.3 Mobile/15E148 Safari/604.1"
134.209.147.209 - - [29/May/2026:02:44:35 +0000] "POST /wp-cron.php?doing_wp_cron=1780022675.8545699119567871093750 HTTP/1.1" 200 31 "-" "WordPress/6.5.3; https://vcstore.stgviitor.com"
162.214.206.32 - - [29/May/2026:02:44:35 +0000] "GET /wp-login.php HTTP/1.1" 200 1831 "-" "Mozilla/5.0 (X11; Linux x86_64) AppleWebKit/537.36 (KHTML, like Gecko) Chrome/133.0.0.0 Safari/537.36 Edg/133.0.0.0"
162.214.206.32 - - [29/May/2026:02:44:36 +0000] "POST /wp-login.php HTTP/1.1" 200 1967 "https://vcstore.stgviitor.com/wp-login.php" "Mozilla/5.0 (X11; Linux x86_64) AppleWebKit/537.36 (KHTML, like Gecko) Chrome/133.0.0.0 Safari/537.36 Edg/133.0.0.0"
141.98.11.117 - - [29/May/2026:02:44:39 +0000] "GET /wp-login.php HTTP/1.1" 200 2033 "-" "Mozilla/5.0 (X11; Linux i686) AppleWebKit/537.36 (KHTML, like Gecko) Chrome/133.0.0.0 Safari/537.36"
141.98.11.117 - - [29/May/2026:02:44:39 +0000] "POST /wp-login.php HTTP/1.1" 200 2171 "https://newfaith.focalat.com/wp-login.php" "Mozilla/5.0 (X11; Linux i686) AppleWebKit/537.36 (KHTML, like Gecko) Chrome/133.0.0.0 Safari/537.36"
160.250.186.220 - wplogin [29/May/2026:02:45:05 +0000] "GET /wp-json/wp/v2/users/me HTTP/1.1" 401 107 "-" "Mozilla/5.0 (Windows NT 10.0; Win64; x64) AppleWebKit/537.36 (KHTML, like Gecko) Chrome/133.0.0.0 Safari/537.36 Edg/133.0.0.0"
134.209.147.209 - - [29/May/2026:02:45:17 +0000] "GET /wp-content/plugins/lifeline-plugin/assets/data/font-awesome-5.json HTTP/1.1" 200 13009 "-" "WordPress/7.0; https://bharti-foundation.stgviitor.com"
134.209.147.209 - - [29/May/2026:02:45:17 +0000] "GET /wp-content/plugins/lifeline-plugin/assets/data/font-awesome-5.json HTTP/1.1" 200 13009 "-" "WordPress/7.0; https://bharti-foundation.stgviitor.com"
134.209.147.209 - - [29/May/2026:02:45:17 +0000] "GET /wp-content/plugins/lifeline-plugin/assets/json/social-profile.json HTTP/1.1" 200 4033 "-" "WordPress/7.0; https://bharti-foundation.stgviitor.com"
134.209.147.209 - - [29/May/2026:02:45:17 +0000] "GET /wp-content/plugins/lifeline-plugin/assets/data/font-awesome-5.json HTTP/1.1" 200 13009 "-" "WordPress/7.0; https://bharti-foundation.stgviitor.com"
134.209.147.209 - - [29/May/2026:02:45:17 +0000] "POST /wp-cron.php?doing_wp_cron=1780022717.9594399929046630859375 HTTP/1.1" 200 31 "-" "WordPress/7.0; https://bharti-foundation.stgviitor.com"
64.62.156.24 - - [29/May/2026:02:45:17 +0000] "GET / HTTP/1.1" 301 11 "-" "Mozilla/5.0 (X11; Linux x86_64) AppleWebKit/537.36 (KHTML, like Gecko) Chrome/140.0.0.0 Safari/537.36"
134.209.147.209 - - [29/May/2026:02:45:18 +0000] "GET /wp-content/plugins/lifeline-plugin/assets/data/font-awesome-5.json HTTP/1.1" 200 13009 "-" "WordPress/7.0; https://bharti-foundation.stgviitor.com"
134.209.147.209 - - [29/May/2026:02:45:18 +0000] "GET /wp-content/plugins/lifeline-plugin/assets/data/font-awesome-5.json HTTP/1.1" 200 13009 "-" "WordPress/7.0; https://bharti-foundation.stgviitor.com"
134.209.147.209 - - [29/May/2026:02:45:18 +0000] "GET /wp-content/plugins/lifeline-plugin/assets/json/social-profile.json HTTP/1.1" 200 4033 "-" "WordPress/7.0; https://bharti-foundation.stgviitor.com"
134.209.147.209 - - [29/May/2026:02:45:18 +0000] "GET /wp-content/plugins/lifeline-plugin/assets/data/font-awesome-5.json HTTP/1.1" 200 13009 "-" "WordPress/7.0; https://bharti-foundation.stgviitor.com"
176.65.139.231 - - [29/May/2026:02:45:38 +0000] "GET / HTTP/1.1" 404 548 "-" "Mozilla/5.0 (Windows NT 10.0; Win64; x64) AppleWebKit/537.36 (KHTML, like Gecko) Chrome/147.0.0.0 Safari/537.36"
134.209.147.209 - - [29/May/2026:02:45:48 +0000] "POST /wp-cron.php?doing_wp_cron=1780022748.6438839435577392578125 HTTP/1.1" 200 31 "-" "WordPress/6.9.4; https://laracopilot.stgviitor.com"
213.171.208.62 - - [29/May/2026:02:45:48 +0000] "GET /wp-login.php HTTP/1.1" 200 2008 "-" "Mozilla/5.0 (Windows NT 10.0) AppleWebKit/537.36 (KHTML, like Gecko) Chrome/133.0.0.0 Safari/537.36"
213.171.208.62 - - [29/May/2026:02:45:49 +0000] "POST /wp-login.php HTTP/1.1" 200 2149 "https://laracopilot.stgviitor.com/wp-login.php" "Mozilla/5.0 (Windows NT 10.0) AppleWebKit/537.36 (KHTML, like Gecko) Chrome/133.0.0.0 Safari/537.36"
195.33.205.242 - - [29/May/2026:02:45:49 +0000] "GET /wp-login.php HTTP/1.1" 200 2008 "-" "Mozilla/5.0 (Windows NT 10.0; Win64; x64; rv:133.0) Gecko/20100101 Firefox/133.0"
144.126.139.83 - - [29/May/2026:02:45:53 +0000] "GET /wp-login.php HTTP/1.1" 200 2008 "-" "Mozilla/5.0 (Macintosh; Intel Mac OS X 10_15_7) AppleWebKit/537.36 (KHTML, like Gecko) Chrome/133.0.0.0 Safari/537.36"
144.126.139.83 - - [29/May/2026:02:45:54 +0000] "POST /wp-login.php HTTP/1.1" 200 2149 "https://laracopilot.stgviitor.com/wp-login.php" "Mozilla/5.0 (Macintosh; Intel Mac OS X 10_15_7) AppleWebKit/537.36 (KHTML, like Gecko) Chrome/133.0.0.0 Safari/537.36"
45.178.244.178 - - [29/May/2026:02:45:55 +0000] "GET /blog/verifiable-credentials-use-cases-and-applications/ HTTP/1.1" 301 5 "-" "Mozilla/5.0 (Windows NT 10.0; Win64; x64) AppleWebKit/537.36 (KHTML, like Gecko) Chrome/84.0.4147.135 Safari/537.36"
195.33.205.242 - - [29/May/2026:02:45:56 +0000] "POST /wp-login.php HTTP/1.1" 200 2149 "https://laracopilot.stgviitor.com/wp-login.php" "Mozilla/5.0 (Windows NT 10.0; Win64; x64; rv:133.0) Gecko/20100101 Firefox/133.0"
45.178.244.178 - - [29/May/2026:02:45:56 +0000] "GET /verifiable-credentials-use-cases-and-applications/ HTTP/1.1" 200 19451 "-" "Mozilla/5.0 (Windows NT 10.0; Win64; x64) AppleWebKit/537.36 (KHTML, like Gecko) Chrome/84.0.4147.135 Safari/537.36"
134.209.147.209 - - [29/May/2026:02:46:12 +0000] "POST /wp-cron.php?doing_wp_cron=1780022772.5600340366363525390625 HTTP/1.1" 200 31 "-" "WordPress/6.9.1; https://e-tdr.com"
64.227.35.51 - - [29/May/2026:02:46:12 +0000] "POST /wp-login.php HTTP/1.1" 200 6398 "-" "Mozilla/5.0"
64.227.35.51 - - [29/May/2026:02:46:12 +0000] "POST /wp-login.php HTTP/1.1" 200 6388 "-" "Mozilla/5.0"
134.209.147.209 - - [29/May/2026:02:46:52 +0000] "POST /wp-cron.php?doing_wp_cron=1780022812.6858880519866943359375 HTTP/1.1" 200 31 "-" "WordPress/6.5.3; https://vcstore.viitorcloud.co"
110.249.202.244 - - [29/May/2026:02:46:52 +0000] "GET /robots.txt HTTP/1.1" 200 80 "-" "Mozilla/5.0 (Linux; Android 5.0) AppleWebKit/537.36 (KHTML, like Gecko) Mobile Safari/537.36 (compatible; Bytespider; https://zhanzhang.toutiao.com/)"
134.209.147.209 - - [29/May/2026:02:47:05 +0000] "POST /wp-cron.php?doing_wp_cron=1780022825.8248479366302490234375 HTTP/1.1" 200 31 "-" "WordPress/6.9.4; https://laracopilot.stgviitor.com"
123.30.233.12 - - [29/May/2026:02:47:05 +0000] "GET /wp-login.php HTTP/1.1" 200 2008 "-" "Mozilla/5.0 (Windows NT 10.0) AppleWebKit/537.36 (KHTML, like Gecko) Chrome/133.0.0.0 Safari/537.36"
195.33.205.242 - - [29/May/2026:02:47:06 +0000] "GET /wp-login.php HTTP/1.1" 200 2008 "-" "Mozilla/5.0 (Windows NT 10.0; Win64; x64) AppleWebKit/537.36 (KHTML, like Gecko) Chrome/133.0.0.0 Safari/537.36 Edg/133.0.0.0"
144.126.139.83 - - [29/May/2026:02:47:07 +0000] "GET /wp-login.php HTTP/1.1" 200 2008 "-" "Mozilla/5.0 (Windows NT 10.0; WOW64) AppleWebKit/537.36 (KHTML, like Gecko) Chrome/133.0.0.0 Safari/537.36"
123.30.233.12 - - [29/May/2026:02:47:07 +0000] "POST /wp-login.php HTTP/1.1" 200 2144 "https://laracopilot.stgviitor.com/wp-login.php" "Mozilla/5.0 (Windows NT 10.0) AppleWebKit/537.36 (KHTML, like Gecko) Chrome/133.0.0.0 Safari/537.36"
195.33.205.242 - - [29/May/2026:02:47:08 +0000] "POST /wp-login.php HTTP/1.1" 200 2144 "https://laracopilot.stgviitor.com/wp-login.php" "Mozilla/5.0 (Windows NT 10.0; Win64; x64) AppleWebKit/537.36 (KHTML, like Gecko) Chrome/133.0.0.0 Safari/537.36 Edg/133.0.0.0"
144.126.139.83 - - [29/May/2026:02:47:10 +0000] "POST /wp-login.php HTTP/1.1" 200 2144 "https://laracopilot.stgviitor.com/wp-login.php" "Mozilla/5.0 (Windows NT 10.0; WOW64) AppleWebKit/537.36 (KHTML, like Gecko) Chrome/133.0.0.0 Safari/537.36"
78.46.190.63 - - [29/May/2026:02:48:00 +0000] "HEAD / HTTP/1.1" 301 0 "https://viitor.cloud" "Mozilla/5.0+(compatible; UptimeRobot/2.0; http://www.uptimerobot.com/)"
222.165.190.235 - - [29/May/2026:02:48:26 +0000] "GET /wp-login.php HTTP/1.1" 200 1857 "-" "Mozilla/5.0 (Windows NT 10.0) AppleWebKit/537.36 (KHTML, like Gecko) Chrome/133.0.0.0 Safari/537.36"
222.165.190.235 - - [29/May/2026:02:48:28 +0000] "POST /wp-login.php HTTP/1.1" 200 2016 "https://stg.everycred.com/wp-login.php" "Mozilla/5.0 (Windows NT 10.0) AppleWebKit/537.36 (KHTML, like Gecko) Chrome/133.0.0.0 Safari/537.36"
172.71.82.140 - - [29/May/2026:02:48:31 +0000] "POST /xmlrpc.php HTTP/1.1" 200 141 "-" "Mozilla/5.0 (Windows NT 10.0; Win64; x64) AppleWebKit/537.36 (KHTML, like Gecko) Chrome/145.0.0.0 Safari/537.36"
134.209.147.209 - - [29/May/2026:02:48:32 +0000] "POST /wp-cron.php?doing_wp_cron=1780022912.5019259452819824218750 HTTP/1.1" 200 31 "-" "WordPress/6.5.3; https://vcstore.viitorcloud.co"
162.158.108.24 - - [29/May/2026:02:48:32 +0000] "POST /xmlrpc.php HTTP/1.1" 200 5844 "-" "Mozilla/5.0 (Windows NT 10.0; Win64; x64) AppleWebKit/537.36 (KHTML, like Gecko) Chrome/145.0.0.0 Safari/537.36"
49.13.171.11 - - [29/May/2026:02:48:32 +0000] "GET /wp-login.php HTTP/1.1" 200 1857 "-" "Mozilla/5.0 (Windows NT 10.0; WOW64) AppleWebKit/537.36 (KHTML, like Gecko) Chrome/133.0.0.0 Safari/537.36"
49.13.171.11 - - [29/May/2026:02:48:36 +0000] "POST /wp-login.php HTTP/1.1" 200 2016 "https://stg.everycred.com/wp-login.php" "Mozilla/5.0 (Windows NT 10.0; WOW64) AppleWebKit/537.36 (KHTML, like Gecko) Chrome/133.0.0.0 Safari/537.36"
134.209.147.209 - - [29/May/2026:02:48:45 +0000] "POST /wp-cron.php?doing_wp_cron=1780022925.7089641094207763671875 HTTP/1.1" 200 31 "-" "WordPress/6.5.3; https://vcstore.stgviitor.com"
78.142.18.172 - - [29/May/2026:02:48:45 +0000] "GET /wp-login.php HTTP/1.1" 200 1831 "-" "Mozilla/5.0 (Macintosh; Intel Mac OS X 10_15_7) AppleWebKit/605.1.15 (KHTML, like Gecko) Version/18.3 Safari/605.1.15"
78.142.18.172 - - [29/May/2026:02:48:49 +0000] "POST /wp-login.php HTTP/1.1" 200 1967 "https://vcstore.stgviitor.com/wp-login.php" "Mozilla/5.0 (Macintosh; Intel Mac OS X 10_15_7) AppleWebKit/605.1.15 (KHTML, like Gecko) Version/18.3 Safari/605.1.15"
134.209.147.209 - - [29/May/2026:02:49:07 +0000] "GET /wp-content/plugins/lifeline-plugin/assets/data/font-awesome-5.json HTTP/1.1" 200 13009 "-" "WordPress/7.0; https://bharti-foundation.stgviitor.com"
134.209.147.209 - - [29/May/2026:02:49:07 +0000] "GET /wp-content/plugins/lifeline-plugin/assets/data/font-awesome-5.json HTTP/1.1" 200 13009 "-" "WordPress/7.0; https://bharti-foundation.stgviitor.com"
134.209.147.209 - - [29/May/2026:02:49:07 +0000] "GET /wp-content/plugins/lifeline-plugin/assets/json/social-profile.json HTTP/1.1" 200 4033 "-" "WordPress/7.0; https://bharti-foundation.stgviitor.com"
134.209.147.209 - - [29/May/2026:02:49:07 +0000] "GET /wp-content/plugins/lifeline-plugin/assets/data/font-awesome-5.json HTTP/1.1" 200 13009 "-" "WordPress/7.0; https://bharti-foundation.stgviitor.com"
134.209.147.209 - - [29/May/2026:02:49:07 +0000] "POST /wp-cron.php?doing_wp_cron=1780022947.4578940868377685546875 HTTP/1.1" 200 31 "-" "WordPress/7.0; https://bharti-foundation.stgviitor.com"
84.247.129.9 - - [29/May/2026:02:49:07 +0000] "GET /wp-login.php HTTP/1.1" 200 2044 "-" "Mozilla/5.0 (Macintosh; Intel Mac OS X 10_15_7) AppleWebKit/605.1.15 (KHTML, like Gecko) Version/18.3 Safari/605.1.15"
134.209.147.209 - - [29/May/2026:02:49:07 +0000] "GET /wp-content/plugins/lifeline-plugin/assets/data/font-awesome-5.json HTTP/1.1" 200 13009 "-" "WordPress/7.0; https://bharti-foundation.stgviitor.com"
134.209.147.209 - - [29/May/2026:02:49:07 +0000] "GET /wp-content/plugins/lifeline-plugin/assets/data/font-awesome-5.json HTTP/1.1" 200 13009 "-" "WordPress/7.0; https://bharti-foundation.stgviitor.com"
134.209.147.209 - - [29/May/2026:02:49:07 +0000] "GET /wp-content/plugins/lifeline-plugin/assets/json/social-profile.json HTTP/1.1" 200 4033 "-" "WordPress/7.0; https://bharti-foundation.stgviitor.com"
134.209.147.209 - - [29/May/2026:02:49:07 +0000] "GET /wp-content/plugins/lifeline-plugin/assets/data/font-awesome-5.json HTTP/1.1" 200 13009 "-" "WordPress/7.0; https://bharti-foundation.stgviitor.com"
134.209.147.209 - - [29/May/2026:02:49:08 +0000] "GET /wp-content/plugins/lifeline-plugin/assets/data/font-awesome-5.json HTTP/1.1" 200 13009 "-" "WordPress/7.0; https://bharti-foundation.stgviitor.com"
134.209.147.209 - - [29/May/2026:02:49:08 +0000] "GET /wp-content/plugins/lifeline-plugin/assets/data/font-awesome-5.json HTTP/1.1" 200 13009 "-" "WordPress/7.0; https://bharti-foundation.stgviitor.com"
134.209.147.209 - - [29/May/2026:02:49:08 +0000] "GET /wp-content/plugins/lifeline-plugin/assets/json/social-profile.json HTTP/1.1" 200 4033 "-" "WordPress/7.0; https://bharti-foundation.stgviitor.com"
134.209.147.209 - - [29/May/2026:02:49:08 +0000] "GET /wp-content/plugins/lifeline-plugin/assets/data/font-awesome-5.json HTTP/1.1" 200 13009 "-" "WordPress/7.0; https://bharti-foundation.stgviitor.com"
84.247.129.9 - - [29/May/2026:02:49:08 +0000] "POST /wp-login.php HTTP/1.1" 200 2181 "https://bharti-foundation.stgviitor.com/wp-login.php" "Mozilla/5.0 (Macintosh; Intel Mac OS X 10_15_7) AppleWebKit/605.1.15 (KHTML, like Gecko) Version/18.3 Safari/605.1.15"
134.209.147.209 - - [29/May/2026:02:49:34 +0000] "GET /wp-content/plugins/lifeline-plugin/assets/data/font-awesome-5.json HTTP/1.1" 200 13009 "-" "WordPress/7.0; https://bharti-foundation.stgviitor.com"
134.209.147.209 - - [29/May/2026:02:49:34 +0000] "GET /wp-content/plugins/lifeline-plugin/assets/data/font-awesome-5.json HTTP/1.1" 200 13009 "-" "WordPress/7.0; https://bharti-foundation.stgviitor.com"
134.209.147.209 - - [29/May/2026:02:49:34 +0000] "GET /wp-content/plugins/lifeline-plugin/assets/json/social-profile.json HTTP/1.1" 200 4033 "-" "WordPress/7.0; https://bharti-foundation.stgviitor.com"
134.209.147.209 - - [29/May/2026:02:49:34 +0000] "GET /wp-content/plugins/lifeline-plugin/assets/data/font-awesome-5.json HTTP/1.1" 200 13009 "-" "WordPress/7.0; https://bharti-foundation.stgviitor.com"
134.209.147.209 - - [29/May/2026:02:49:34 +0000] "POST /wp-cron.php?doing_wp_cron=1780022974.8498349189758300781250 HTTP/1.1" 200 31 "-" "WordPress/7.0; https://bharti-foundation.stgviitor.com"
64.62.156.24 - - [29/May/2026:02:49:34 +0000] "GET /webui/ HTTP/1.1" 404 14138 "-" "Mozilla/5.0 (X11; Linux x86_64) AppleWebKit/537.36 (KHTML, like Gecko) Chrome/138.0.0.0 Safari/537.36"
134.209.147.209 - - [29/May/2026:02:49:34 +0000] "GET /wp-content/plugins/lifeline-plugin/assets/data/font-awesome-5.json HTTP/1.1" 200 13009 "-" "WordPress/7.0; https://bharti-foundation.stgviitor.com"
134.209.147.209 - - [29/May/2026:02:49:35 +0000] "GET /wp-content/plugins/lifeline-plugin/assets/data/font-awesome-5.json HTTP/1.1" 200 13009 "-" "WordPress/7.0; https://bharti-foundation.stgviitor.com"
134.209.147.209 - - [29/May/2026:02:49:35 +0000] "GET /wp-content/plugins/lifeline-plugin/assets/json/social-profile.json HTTP/1.1" 200 4033 "-" "WordPress/7.0; https://bharti-foundation.stgviitor.com"
134.209.147.209 - - [29/May/2026:02:49:35 +0000] "GET /wp-content/plugins/lifeline-plugin/assets/data/font-awesome-5.json HTTP/1.1" 200 13009 "-" "WordPress/7.0; https://bharti-foundation.stgviitor.com"
51.77.82.63 - - [29/May/2026:02:50:22 +0000] "GET /?wordpress_x_core=check HTTP/1.1" 404 548 "-" "Mozilla/5.0 (X11; Linux x86_64) AppleWebKit/537.36 (KHTML, like Gecko) Chrome/149.0.0.0 Safari/537.36"
134.209.147.209 - - [29/May/2026:02:50:24 +0000] "GET /wp-content/plugins/lifeline-plugin/assets/data/font-awesome-5.json HTTP/1.1" 200 13009 "-" "WordPress/7.0; https://bharti-foundation.stgviitor.com"
134.209.147.209 - - [29/May/2026:02:50:24 +0000] "GET /wp-content/plugins/lifeline-plugin/assets/data/font-awesome-5.json HTTP/1.1" 200 13009 "-" "WordPress/7.0; https://bharti-foundation.stgviitor.com"
134.209.147.209 - - [29/May/2026:02:50:25 +0000] "GET /wp-content/plugins/lifeline-plugin/assets/json/social-profile.json HTTP/1.1" 200 4033 "-" "WordPress/7.0; https://bharti-foundation.stgviitor.com"
134.209.147.209 - - [29/May/2026:02:50:25 +0000] "GET /wp-content/plugins/lifeline-plugin/assets/data/font-awesome-5.json HTTP/1.1" 200 13009 "-" "WordPress/7.0; https://bharti-foundation.stgviitor.com"
178.128.36.92 - - [29/May/2026:02:50:25 +0000] "GET /wp-login.php HTTP/1.1" 200 2044 "-" "Mozilla/5.0 (Macintosh; Intel Mac OS X 10_15_7) AppleWebKit/537.36 (KHTML, like Gecko) Chrome/133.0.0.0 Safari/537.36 Edg/133.0.0.0"
134.209.147.209 - - [29/May/2026:02:50:25 +0000] "GET /wp-content/plugins/lifeline-plugin/assets/data/font-awesome-5.json HTTP/1.1" 200 13009 "-" "WordPress/7.0; https://bharti-foundation.stgviitor.com"
134.209.147.209 - - [29/May/2026:02:50:25 +0000] "GET /wp-content/plugins/lifeline-plugin/assets/data/font-awesome-5.json HTTP/1.1" 200 13009 "-" "WordPress/7.0; https://bharti-foundation.stgviitor.com"
134.209.147.209 - - [29/May/2026:02:50:25 +0000] "GET /wp-content/plugins/lifeline-plugin/assets/json/social-profile.json HTTP/1.1" 200 4033 "-" "WordPress/7.0; https://bharti-foundation.stgviitor.com"
134.209.147.209 - - [29/May/2026:02:50:25 +0000] "GET /wp-content/plugins/lifeline-plugin/assets/data/font-awesome-5.json HTTP/1.1" 200 13009 "-" "WordPress/7.0; https://bharti-foundation.stgviitor.com"
178.128.36.92 - - [29/May/2026:02:50:25 +0000] "POST /wp-login.php HTTP/1.1" 200 2204 "https://bharti-foundation.stgviitor.com/wp-login.php" "Mozilla/5.0 (Macintosh; Intel Mac OS X 10_15_7) AppleWebKit/537.36 (KHTML, like Gecko) Chrome/133.0.0.0 Safari/537.36 Edg/133.0.0.0"
66.249.74.78 - - [29/May/2026:02:50:29 +0000] "GET /robots.txt HTTP/1.1" 200 80 "-" "Mozilla/5.0 (compatible; Googlebot/2.1; +http://www.google.com/bot.html)"
66.249.74.76 - - [29/May/2026:02:50:30 +0000] "GET /online-kaszino-jatekok-attekintese-es-lehetosegei/ HTTP/1.1" 200 3932 "-" "Mozilla/5.0 (Linux; Android 6.0.1; Nexus 5X Build/MMB29P) AppleWebKit/537.36 (KHTML, like Gecko) Chrome/148.0.7778.96 Mobile Safari/537.36 (compatible; Googlebot/2.1; +http://www.google.com/bot.html)"
66.249.74.77 - - [29/May/2026:02:50:31 +0000] "GET /online-kaszino-jatekok-attekintese-es-lehetosegei/ HTTP/1.1" 200 3932 "-" "Mozilla/5.0 (Linux; Android 6.0.1; Nexus 5X Build/MMB29P) AppleWebKit/537.36 (KHTML, like Gecko) Chrome/148.0.7778.96 Mobile Safari/537.36 (compatible; Googlebot/2.1; +http://www.google.com/bot.html)"
66.249.74.77 - - [29/May/2026:02:50:32 +0000] "GET /wp-content/themes/vcmarketplace/assets/css/all.min.css?ver=6.5.3 HTTP/1.1" 200 22537 "https://vcstore.viitorcloud.co/online-kaszino-jatekok-attekintese-es-lehetosegei/" "Mozilla/5.0 (Linux; Android 6.0.1; Nexus 5X Build/MMB29P) AppleWebKit/537.36 (KHTML, like Gecko) Chrome/148.0.7778.96 Mobile Safari/537.36 (compatible; Googlebot/2.1; +http://www.google.com/bot.html)"
66.249.74.77 - - [29/May/2026:02:50:33 +0000] "GET /online-kaszino-jatekok-attekintese-es-lehetosegei/ HTTP/1.1" 200 3932 "-" "Mozilla/5.0 (Linux; Android 6.0.1; Nexus 5X Build/MMB29P) AppleWebKit/537.36 (KHTML, like Gecko) Chrome/148.0.7778.96 Mobile Safari/537.36 (compatible; Googlebot/2.1; +http://www.google.com/bot.html)"
66.249.74.77 - - [29/May/2026:02:50:34 +0000] "GET /wp-content/themes/vcmarketplace/assets/css/all.min.css?ver=6.5.3 HTTP/1.1" 200 22537 "https://vcstore.viitorcloud.co/online-kaszino-jatekok-attekintese-es-lehetosegei/" "Mozilla/5.0 (Linux; Android 6.0.1; Nexus 5X Build/MMB29P) AppleWebKit/537.36 (KHTML, like Gecko) Chrome/148.0.7778.96 Mobile Safari/537.36 (compatible; Googlebot/2.1; +http://www.google.com/bot.html)"
66.249.74.76 - - [29/May/2026:02:50:35 +0000] "GET /wp-includes/js/jquery/jquery.min.js?ver=3.7.1 HTTP/1.1" 200 30432 "https://vcstore.viitorcloud.co/online-kaszino-jatekok-attekintese-es-lehetosegei/" "Mozilla/5.0 (Linux; Android 6.0.1; Nexus 5X Build/MMB29P) AppleWebKit/537.36 (KHTML, like Gecko) Chrome/148.0.7778.96 Mobile Safari/537.36 (compatible; Googlebot/2.1; +http://www.google.com/bot.html)"
66.249.74.77 - - [29/May/2026:02:50:36 +0000] "GET /wp-includes/js/jquery/jquery-migrate.min.js?ver=3.4.1 HTTP/1.1" 200 4885 "https://vcstore.viitorcloud.co/online-kaszino-jatekok-attekintese-es-lehetosegei/" "Mozilla/5.0 (Linux; Android 6.0.1; Nexus 5X Build/MMB29P) AppleWebKit/537.36 (KHTML, like Gecko) Chrome/148.0.7778.96 Mobile Safari/537.36 (compatible; Googlebot/2.1; +http://www.google.com/bot.html)"
66.249.74.76 - - [29/May/2026:02:50:36 +0000] "GET /wp-content/themes/vcmarketplace/assets/css/slick.css?ver=6.5.3 HTTP/1.1" 200 581 "https://vcstore.viitorcloud.co/online-kaszino-jatekok-attekintese-es-lehetosegei/" "Mozilla/5.0 (Linux; Android 6.0.1; Nexus 5X Build/MMB29P) AppleWebKit/537.36 (KHTML, like Gecko) Chrome/148.0.7778.96 Mobile Safari/537.36 (compatible; Googlebot/2.1; +http://www.google.com/bot.html)"
66.249.74.76 - - [29/May/2026:02:50:37 +0000] "GET /wp-content/themes/vcmarketplace/assets/css/all.min.css?ver=6.5.3 HTTP/1.1" 200 22537 "https://vcstore.viitorcloud.co/online-kaszino-jatekok-attekintese-es-lehetosegei/" "Mozilla/5.0 (Linux; Android 6.0.1; Nexus 5X Build/MMB29P) AppleWebKit/537.36 (KHTML, like Gecko) Chrome/148.0.7778.96 Mobile Safari/537.36 (compatible; Googlebot/2.1; +http://www.google.com/bot.html)"
66.249.74.76 - - [29/May/2026:02:50:38 +0000] "GET /wp-includes/js/jquery/jquery-migrate.min.js?ver=3.4.1 HTTP/1.1" 200 4885 "https://vcstore.viitorcloud.co/online-kaszino-jatekok-attekintese-es-lehetosegei/" "Mozilla/5.0 (Linux; Android 6.0.1; Nexus 5X Build/MMB29P) AppleWebKit/537.36 (KHTML, like Gecko) Chrome/148.0.7778.96 Mobile Safari/537.36 (compatible; Googlebot/2.1; +http://www.google.com/bot.html)"
