201.177.169.63 - - [29/May/2026:03:51:24 +0000] "GET / HTTP/1.1" 200 15906 "-" "Mozilla/5.0 (Windows NT 10.0; Win64; x64) AppleWebKit/537.36 (KHTML, like Gecko) Chrome/120.0.0.0 Safari/537.36"
171.100.137.105 - - [29/May/2026:03:51:24 +0000] "GET /wp-admin/admin-ajax.php?action=rest-nonce HTTP/1.1" 200 41 "-" "Mozilla/5.0 (Windows NT 10.0; Win64; x64) AppleWebKit/537.36 (KHTML, like Gecko) Chrome/120.0.0.0 Safari/537.36"
92.118.182.85 - - [29/May/2026:03:51:24 +0000] "GET /wp-login.php HTTP/1.1" 200 1857 "-" "Mozilla/5.0 (Windows NT 10.0; Win64; x64) AppleWebKit/537.36 (KHTML, like Gecko) Chrome/120.0.0.0 Safari/537.36"
134.209.147.209 - - [29/May/2026:03:51:24 +0000] "POST /wp-cron.php?doing_wp_cron=1780026684.6032660007476806640625 HTTP/1.1" 200 31 "-" "WordPress/6.5.3; https://vcstore.stgviitor.com"
82.223.24.195 - - [29/May/2026:03:51:24 +0000] "GET /wp-login.php HTTP/1.1" 200 1831 "-" "Mozilla/5.0 (X11; Linux i686) AppleWebKit/537.36 (KHTML, like Gecko) Chrome/133.0.0.0 Safari/537.36"
171.100.137.105 - - [29/May/2026:03:51:24 +0000] "GET /wp-json/wp/v2/plugins HTTP/1.1" 200 1871 "-" "Mozilla/5.0 (Windows NT 10.0; Win64; x64) AppleWebKit/537.36 (KHTML, like Gecko) Chrome/120.0.0.0 Safari/537.36"
171.100.137.105 - - [29/May/2026:03:51:25 +0000] "GET /wp-json/wp/v2/settings HTTP/1.1" 200 298 "-" "Mozilla/5.0 (Windows NT 10.0; Win64; x64) AppleWebKit/537.36 (KHTML, like Gecko) Chrome/120.0.0.0 Safari/537.36"
92.118.182.85 - - [29/May/2026:03:51:25 +0000] "POST /wp-login.php HTTP/1.1" 302 5 "https://stg.everycred.com/wp-login.php" "Mozilla/5.0 (Windows NT 10.0; Win64; x64) AppleWebKit/537.36 (KHTML, like Gecko) Chrome/120.0.0.0 Safari/537.36"
171.100.137.105 - - [29/May/2026:03:51:25 +0000] "GET /wp-json/wp/v2/pages/28 HTTP/1.1" 200 1710 "-" "Mozilla/5.0 (Windows NT 10.0; Win64; x64) AppleWebKit/537.36 (KHTML, like Gecko) Chrome/120.0.0.0 Safari/537.36"
92.118.182.85 - - [29/May/2026:03:51:26 +0000] "GET /wp-admin/ HTTP/1.1" 200 19614 "https://stg.everycred.com/wp-login.php" "Mozilla/5.0 (Windows NT 10.0; Win64; x64) AppleWebKit/537.36 (KHTML, like Gecko) Chrome/120.0.0.0 Safari/537.36"
171.100.137.105 - - [29/May/2026:03:51:26 +0000] "POST /xmlrpc.php HTTP/1.1" 200 139 "-" "Mozilla/5.0 (Windows NT 10.0; Win64; x64) AppleWebKit/537.36 (KHTML, like Gecko) Chrome/120.0.0.0 Safari/537.36"
180.75.254.185 - - [29/May/2026:03:51:28 +0000] "GET /wp-admin/ HTTP/1.1" 200 19613 "-" "Mozilla/5.0 (Windows NT 10.0; Win64; x64) AppleWebKit/537.36 (KHTML, like Gecko) Chrome/120.0.0.0 Safari/537.36"
82.223.24.195 - - [29/May/2026:03:51:28 +0000] "POST /wp-login.php HTTP/1.1" 200 1991 "https://vcstore.stgviitor.com/wp-login.php" "Mozilla/5.0 (X11; Linux i686) AppleWebKit/537.36 (KHTML, like Gecko) Chrome/133.0.0.0 Safari/537.36"
180.75.254.185 - - [29/May/2026:03:51:29 +0000] "GET /wp-admin/post-new.php HTTP/1.1" 200 89870 "-" "Mozilla/5.0 (Windows NT 10.0; Win64; x64) AppleWebKit/537.36 (KHTML, like Gecko) Chrome/120.0.0.0 Safari/537.36"
171.100.137.105 - - [29/May/2026:03:51:29 +0000] "GET /?page_id=28 HTTP/1.1" 301 5 "-" "Mozilla/5.0 (Windows NT 10.0; Win64; x64) AppleWebKit/537.36 (KHTML, like Gecko) Chrome/120.0.0.0 Safari/537.36"
171.100.137.105 - - [29/May/2026:03:51:30 +0000] "GET / HTTP/1.1" 200 15922 "-" "Mozilla/5.0 (Windows NT 10.0; Win64; x64) AppleWebKit/537.36 (KHTML, like Gecko) Chrome/120.0.0.0 Safari/537.36"
180.75.254.185 - - [29/May/2026:03:51:30 +0000] "POST /xmlrpc.php HTTP/1.1" 200 275 "-" "WordPress/5.0; https://stg.everycred.com"
180.75.254.185 - - [29/May/2026:03:51:30 +0000] "GET /wp-admin/admin-ajax.php?action=rest-nonce HTTP/1.1" 200 41 "-" "Mozilla/5.0 (Windows NT 10.0; Win64; x64) AppleWebKit/537.36 (KHTML, like Gecko) Chrome/120.0.0.0 Safari/537.36"
180.75.254.185 - - [29/May/2026:03:51:31 +0000] "GET /wp-json/wp/v2/plugins HTTP/1.1" 200 1871 "-" "Mozilla/5.0 (Windows NT 10.0; Win64; x64) AppleWebKit/537.36 (KHTML, like Gecko) Chrome/120.0.0.0 Safari/537.36"
180.75.254.185 - - [29/May/2026:03:51:31 +0000] "GET /wp-json/wp/v2/settings HTTP/1.1" 200 298 "-" "Mozilla/5.0 (Windows NT 10.0; Win64; x64) AppleWebKit/537.36 (KHTML, like Gecko) Chrome/120.0.0.0 Safari/537.36"
180.75.254.185 - - [29/May/2026:03:51:32 +0000] "GET /wp-json/wp/v2/pages/28 HTTP/1.1" 200 1714 "-" "Mozilla/5.0 (Windows NT 10.0; Win64; x64) AppleWebKit/537.36 (KHTML, like Gecko) Chrome/120.0.0.0 Safari/537.36"
180.75.254.185 - - [29/May/2026:03:51:33 +0000] "POST /xmlrpc.php HTTP/1.1" 200 139 "-" "Mozilla/5.0 (Windows NT 10.0; Win64; x64) AppleWebKit/537.36 (KHTML, like Gecko) Chrome/120.0.0.0 Safari/537.36"
180.75.254.185 - - [29/May/2026:03:51:35 +0000] "GET /?page_id=28 HTTP/1.1" 301 5 "-" "Mozilla/5.0 (Windows NT 10.0; Win64; x64) AppleWebKit/537.36 (KHTML, like Gecko) Chrome/120.0.0.0 Safari/537.36"
180.75.254.185 - - [29/May/2026:03:51:35 +0000] "GET / HTTP/1.1" 200 15956 "-" "Mozilla/5.0 (Windows NT 10.0; Win64; x64) AppleWebKit/537.36 (KHTML, like Gecko) Chrome/120.0.0.0 Safari/537.36"
122.170.2.11 - - [29/May/2026:03:51:44 +0000] "POST /wp-admin/admin-ajax.php HTTP/1.1" 200 928 "https://viitorx.stgviitor.com/insights/" "Mozilla/5.0 (Windows NT 10.0; Win64; x64) AppleWebKit/537.36 (KHTML, like Gecko) Chrome/148.0.0.0 Safari/537.36"
122.170.2.11 - - [29/May/2026:03:51:47 +0000] "POST /wp-admin/admin-ajax.php HTTP/1.1" 200 929 "https://viitorx.stgviitor.com/insights/" "Mozilla/5.0 (Windows NT 10.0; Win64; x64) AppleWebKit/537.36 (KHTML, like Gecko) Chrome/148.0.0.0 Safari/537.36"
122.170.2.11 - - [29/May/2026:03:51:53 +0000] "GET /insights/ HTTP/1.1" 200 12368 "-" "Mozilla/5.0 (Windows NT 10.0; Win64; x64) AppleWebKit/537.36 (KHTML, like Gecko) Chrome/148.0.0.0 Safari/537.36"
122.170.2.11 - - [29/May/2026:03:51:54 +0000] "GET /wp-content/themes/viitorx/assets/videos/inner-page-hero-video.webm HTTP/1.1" 206 745444 "https://viitorx.stgviitor.com/insights/" "Mozilla/5.0 (Windows NT 10.0; Win64; x64) AppleWebKit/537.36 (KHTML, like Gecko) Chrome/148.0.0.0 Safari/537.36"
181.142.17.191 - - [29/May/2026:03:51:59 +0000] "GET / HTTP/1.1" 200 14663 "-" "Mozilla/5.0 (Windows NT 10.0; Win64; x64) AppleWebKit/537.36 (KHTML, like Gecko) Chrome/120.0.0.0 Safari/537.36"
134.209.147.209 - - [29/May/2026:03:51:59 +0000] "GET /wp-content/plugins/lifeline-plugin/assets/data/font-awesome-5.json HTTP/1.1" 200 13009 "-" "WordPress/7.0; https://bharti-foundation.stgviitor.com"
134.209.147.209 - - [29/May/2026:03:52:00 +0000] "GET /wp-content/plugins/lifeline-plugin/assets/data/font-awesome-5.json HTTP/1.1" 200 13009 "-" "WordPress/7.0; https://bharti-foundation.stgviitor.com"
134.209.147.209 - - [29/May/2026:03:52:00 +0000] "GET /wp-content/plugins/lifeline-plugin/assets/json/social-profile.json HTTP/1.1" 200 4033 "-" "WordPress/7.0; https://bharti-foundation.stgviitor.com"
134.209.147.209 - - [29/May/2026:03:52:00 +0000] "GET /wp-content/plugins/lifeline-plugin/assets/data/font-awesome-5.json HTTP/1.1" 200 13009 "-" "WordPress/7.0; https://bharti-foundation.stgviitor.com"
181.142.17.191 - - [29/May/2026:03:52:00 +0000] "GET /wp-login.php HTTP/1.1" 200 1857 "-" "Mozilla/5.0 (Windows NT 10.0; Win64; x64) AppleWebKit/537.36 (KHTML, like Gecko) Chrome/120.0.0.0 Safari/537.36"
134.209.147.209 - - [29/May/2026:03:52:00 +0000] "POST /wp-cron.php?doing_wp_cron=1780026720.4447000026702880859375 HTTP/1.1" 200 31 "-" "WordPress/7.0; https://bharti-foundation.stgviitor.com"
82.223.24.195 - - [29/May/2026:03:52:00 +0000] "GET /wp-login.php HTTP/1.1" 200 2044 "-" "Mozilla/5.0 (Macintosh; Intel Mac OS X 10_15_7) AppleWebKit/537.36 (KHTML, like Gecko) Chrome/133.0.0.0 Safari/537.36 Edg/133.0.0.0"
134.209.147.209 - - [29/May/2026:03:52:00 +0000] "GET /wp-content/plugins/lifeline-plugin/assets/data/font-awesome-5.json HTTP/1.1" 200 13009 "-" "WordPress/7.0; https://bharti-foundation.stgviitor.com"
134.209.147.209 - - [29/May/2026:03:52:00 +0000] "GET /wp-content/plugins/lifeline-plugin/assets/data/font-awesome-5.json HTTP/1.1" 200 13009 "-" "WordPress/7.0; https://bharti-foundation.stgviitor.com"
134.209.147.209 - - [29/May/2026:03:52:00 +0000] "GET /wp-content/plugins/lifeline-plugin/assets/json/social-profile.json HTTP/1.1" 200 4033 "-" "WordPress/7.0; https://bharti-foundation.stgviitor.com"
134.209.147.209 - - [29/May/2026:03:52:00 +0000] "GET /wp-content/plugins/lifeline-plugin/assets/data/font-awesome-5.json HTTP/1.1" 200 13009 "-" "WordPress/7.0; https://bharti-foundation.stgviitor.com"
181.142.17.191 - - [29/May/2026:03:52:01 +0000] "POST /wp-login.php HTTP/1.1" 302 5 "https://stg.everycred.com/wp-login.php" "Mozilla/5.0 (Windows NT 10.0; Win64; x64) AppleWebKit/537.36 (KHTML, like Gecko) Chrome/120.0.0.0 Safari/537.36"
181.142.17.191 - - [29/May/2026:03:52:01 +0000] "GET /wp-admin/ HTTP/1.1" 200 19616 "https://stg.everycred.com/wp-login.php" "Mozilla/5.0 (Windows NT 10.0; Win64; x64) AppleWebKit/537.36 (KHTML, like Gecko) Chrome/120.0.0.0 Safari/537.36"
122.170.2.11 - - [29/May/2026:03:52:02 +0000] "POST /wp-admin/admin-ajax.php HTTP/1.1" 200 928 "https://viitorx.stgviitor.com/insights/" "Mozilla/5.0 (Windows NT 10.0; Win64; x64) AppleWebKit/537.36 (KHTML, like Gecko) Chrome/148.0.0.0 Safari/537.36"
173.178.208.211 - - [29/May/2026:03:52:03 +0000] "GET /wp-admin/ HTTP/1.1" 200 19616 "-" "Mozilla/5.0 (Windows NT 10.0; Win64; x64) AppleWebKit/537.36 (KHTML, like Gecko) Chrome/120.0.0.0 Safari/537.36"
134.209.147.209 - - [29/May/2026:03:52:04 +0000] "GET /wp-content/plugins/lifeline-plugin/assets/data/font-awesome-5.json HTTP/1.1" 200 13009 "-" "WordPress/7.0; https://bharti-foundation.stgviitor.com"
134.209.147.209 - - [29/May/2026:03:52:04 +0000] "GET /wp-content/plugins/lifeline-plugin/assets/data/font-awesome-5.json HTTP/1.1" 200 13009 "-" "WordPress/7.0; https://bharti-foundation.stgviitor.com"
134.209.147.209 - - [29/May/2026:03:52:04 +0000] "GET /wp-content/plugins/lifeline-plugin/assets/json/social-profile.json HTTP/1.1" 200 4033 "-" "WordPress/7.0; https://bharti-foundation.stgviitor.com"
134.209.147.209 - - [29/May/2026:03:52:05 +0000] "GET /wp-content/plugins/lifeline-plugin/assets/data/font-awesome-5.json HTTP/1.1" 200 13009 "-" "WordPress/7.0; https://bharti-foundation.stgviitor.com"
173.178.208.211 - - [29/May/2026:03:52:05 +0000] "GET /wp-admin/post-new.php HTTP/1.1" 200 89875 "-" "Mozilla/5.0 (Windows NT 10.0; Win64; x64) AppleWebKit/537.36 (KHTML, like Gecko) Chrome/120.0.0.0 Safari/537.36"
82.223.24.195 - - [29/May/2026:03:52:05 +0000] "POST /wp-login.php HTTP/1.1" 200 2206 "https://bharti-foundation.stgviitor.com/wp-login.php" "Mozilla/5.0 (Macintosh; Intel Mac OS X 10_15_7) AppleWebKit/537.36 (KHTML, like Gecko) Chrome/133.0.0.0 Safari/537.36 Edg/133.0.0.0"
122.170.2.11 - - [29/May/2026:03:52:05 +0000] "GET /insights/ HTTP/1.1" 200 12368 "-" "Mozilla/5.0 (Windows NT 10.0; Win64; x64) AppleWebKit/537.36 (KHTML, like Gecko) Chrome/148.0.0.0 Safari/537.36"
122.170.2.11 - - [29/May/2026:03:52:06 +0000] "GET /wp-content/themes/viitorx/assets/videos/inner-page-hero-video.webm HTTP/1.1" 206 745444 "https://viitorx.stgviitor.com/insights/" "Mozilla/5.0 (Windows NT 10.0; Win64; x64) AppleWebKit/537.36 (KHTML, like Gecko) Chrome/148.0.0.0 Safari/537.36"
173.178.208.211 - - [29/May/2026:03:52:07 +0000] "POST /xmlrpc.php HTTP/1.1" 200 275 "-" "WordPress/5.0; https://stg.everycred.com"
173.178.208.211 - - [29/May/2026:03:52:08 +0000] "GET /wp-admin/admin-ajax.php?action=rest-nonce HTTP/1.1" 200 41 "-" "Mozilla/5.0 (Windows NT 10.0; Win64; x64) AppleWebKit/537.36 (KHTML, like Gecko) Chrome/120.0.0.0 Safari/537.36"
173.178.208.211 - - [29/May/2026:03:52:09 +0000] "GET /wp-json/wp/v2/plugins HTTP/1.1" 200 1871 "-" "Mozilla/5.0 (Windows NT 10.0; Win64; x64) AppleWebKit/537.36 (KHTML, like Gecko) Chrome/120.0.0.0 Safari/537.36"
173.178.208.211 - - [29/May/2026:03:52:09 +0000] "GET /wp-json/wp/v2/settings HTTP/1.1" 200 298 "-" "Mozilla/5.0 (Windows NT 10.0; Win64; x64) AppleWebKit/537.36 (KHTML, like Gecko) Chrome/120.0.0.0 Safari/537.36"
173.178.208.211 - - [29/May/2026:03:52:10 +0000] "GET /wp-json/wp/v2/pages/28 HTTP/1.1" 200 1749 "-" "Mozilla/5.0 (Windows NT 10.0; Win64; x64) AppleWebKit/537.36 (KHTML, like Gecko) Chrome/120.0.0.0 Safari/537.36"
173.178.208.211 - - [29/May/2026:03:52:11 +0000] "POST /xmlrpc.php HTTP/1.1" 200 139 "-" "Mozilla/5.0 (Windows NT 10.0; Win64; x64) AppleWebKit/537.36 (KHTML, like Gecko) Chrome/120.0.0.0 Safari/537.36"
173.178.208.211 - - [29/May/2026:03:52:14 +0000] "GET /?page_id=28 HTTP/1.1" 301 5 "-" "Mozilla/5.0 (Windows NT 10.0; Win64; x64) AppleWebKit/537.36 (KHTML, like Gecko) Chrome/120.0.0.0 Safari/537.36"
173.178.208.211 - - [29/May/2026:03:52:14 +0000] "GET / HTTP/1.1" 200 15984 "-" "Mozilla/5.0 (Windows NT 10.0; Win64; x64) AppleWebKit/537.36 (KHTML, like Gecko) Chrome/120.0.0.0 Safari/537.36"
134.209.147.209 - - [29/May/2026:03:52:16 +0000] "POST /wp-cron.php?doing_wp_cron=1780026736.0607581138610839843750 HTTP/1.1" 200 31 "-" "WordPress/6.9.1; https://e-tdr.com"
74.206.180.196 - - [29/May/2026:03:52:16 +0000] "GET /wp-login.php HTTP/1.1" 200 2007 "-" "Mozilla/5.0 (X11; CrOS x86_64 14541.0.0) AppleWebKit/537.36 (KHTML, like Gecko) Chrome/133.0.0.0 Safari/537.36"
74.206.180.196 - - [29/May/2026:03:52:18 +0000] "POST /wp-login.php HTTP/1.1" 200 2138 "https://e-tdr.com/wp-login.php" "Mozilla/5.0 (X11; CrOS x86_64 14541.0.0) AppleWebKit/537.36 (KHTML, like Gecko) Chrome/133.0.0.0 Safari/537.36"
159.203.25.248 - - [29/May/2026:03:52:21 +0000] "GET /wp-login.php HTTP/1.1" 200 2007 "-" "Mozilla/5.0 (X11; Fedora; Linux x86_64) AppleWebKit/537.36 (KHTML, like Gecko) Chrome/133.0.0.0 Safari/537.36"
159.203.25.248 - - [29/May/2026:03:52:25 +0000] "POST /wp-login.php HTTP/1.1" 200 2138 "https://e-tdr.com/wp-login.php" "Mozilla/5.0 (X11; Fedora; Linux x86_64) AppleWebKit/537.36 (KHTML, like Gecko) Chrome/133.0.0.0 Safari/537.36"
121.200.216.55 - - [29/May/2026:03:52:46 +0000] "GET /wp-login.php HTTP/1.1" 200 1770 "-" "Mozilla/5.0 (X11; Ubuntu; Linux x86_64) AppleWebKit/537.36 (KHTML, like Gecko) Chrome/133.0.0.0 Safari/537.36"
121.200.216.55 - - [29/May/2026:03:52:47 +0000] "POST /wp-login.php HTTP/1.1" 200 1913 "https://vcstore.viitorcloud.co/wp-login.php" "Mozilla/5.0 (X11; Ubuntu; Linux x86_64) AppleWebKit/537.36 (KHTML, like Gecko) Chrome/133.0.0.0 Safari/537.36"
134.209.147.209 - - [29/May/2026:03:53:04 +0000] "POST /wp-cron.php?doing_wp_cron=1780026784.6526129245758056640625 HTTP/1.1" 200 31 "-" "WordPress/6.9.4; https://viitorx.stgviitor.com"
122.170.2.11 - - [29/May/2026:03:53:04 +0000] "POST /wp-admin/admin-ajax.php HTTP/1.1" 200 78 "https://viitorx.stgviitor.com/wp-admin/admin.php?page=theme-settings" "Mozilla/5.0 (Windows NT 10.0; Win64; x64) AppleWebKit/537.36 (KHTML, like Gecko) Chrome/148.0.0.0 Safari/537.36"
102.90.126.249 - - [29/May/2026:03:53:05 +0000] "GET / HTTP/1.1" 200 14692 "-" "Mozilla/5.0 (Windows NT 10.0; Win64; x64) AppleWebKit/537.36 (KHTML, like Gecko) Chrome/120.0.0.0 Safari/537.36"
102.90.126.249 - - [29/May/2026:03:53:05 +0000] "GET /wp-login.php HTTP/1.1" 200 1857 "-" "Mozilla/5.0 (Windows NT 10.0; Win64; x64) AppleWebKit/537.36 (KHTML, like Gecko) Chrome/120.0.0.0 Safari/537.36"
102.90.126.249 - - [29/May/2026:03:53:06 +0000] "POST /wp-login.php HTTP/1.1" 302 5 "https://stg.everycred.com/wp-login.php" "Mozilla/5.0 (Windows NT 10.0; Win64; x64) AppleWebKit/537.36 (KHTML, like Gecko) Chrome/120.0.0.0 Safari/537.36"
102.90.126.249 - - [29/May/2026:03:53:07 +0000] "GET /wp-admin/ HTTP/1.1" 200 19617 "https://stg.everycred.com/wp-login.php" "Mozilla/5.0 (Windows NT 10.0; Win64; x64) AppleWebKit/537.36 (KHTML, like Gecko) Chrome/120.0.0.0 Safari/537.36"
134.209.147.209 - - [29/May/2026:03:53:07 +0000] "POST /wp-cron.php?doing_wp_cron=1780026787.8129999637603759765625 HTTP/1.1" 200 31 "-" "WordPress/6.9.4; https://laracopilot.stgviitor.com"
103.78.97.230 - - [29/May/2026:03:53:07 +0000] "GET /wp-login.php HTTP/1.1" 200 2008 "-" "Mozilla/5.0 (Macintosh; Intel Mac OS X 10_15_7) AppleWebKit/537.36 (KHTML, like Gecko) Chrome/133.0.0.0 Safari/537.36"
102.90.126.249 - - [29/May/2026:03:53:08 +0000] "GET /wp-admin/ HTTP/1.1" 200 19617 "-" "Mozilla/5.0 (Windows NT 10.0; Win64; x64) AppleWebKit/537.36 (KHTML, like Gecko) Chrome/120.0.0.0 Safari/537.36"
103.78.97.230 - - [29/May/2026:03:53:08 +0000] "POST /wp-login.php HTTP/1.1" 200 2139 "https://laracopilot.stgviitor.com/wp-login.php" "Mozilla/5.0 (Macintosh; Intel Mac OS X 10_15_7) AppleWebKit/537.36 (KHTML, like Gecko) Chrome/133.0.0.0 Safari/537.36"
102.90.126.249 - - [29/May/2026:03:53:09 +0000] "GET /wp-admin/post-new.php HTTP/1.1" 200 89872 "-" "Mozilla/5.0 (Windows NT 10.0; Win64; x64) AppleWebKit/537.36 (KHTML, like Gecko) Chrome/120.0.0.0 Safari/537.36"
102.90.126.249 - - [29/May/2026:03:53:10 +0000] "POST /xmlrpc.php HTTP/1.1" 200 275 "-" "WordPress/5.0; https://stg.everycred.com"
102.90.126.249 - - [29/May/2026:03:53:11 +0000] "GET /wp-admin/admin-ajax.php?action=rest-nonce HTTP/1.1" 200 41 "-" "Mozilla/5.0 (Windows NT 10.0; Win64; x64) AppleWebKit/537.36 (KHTML, like Gecko) Chrome/120.0.0.0 Safari/537.36"
122.170.2.11 - - [29/May/2026:03:53:11 +0000] "POST /wp-admin/admin-ajax.php HTTP/1.1" 200 928 "https://viitorx.stgviitor.com/insights/" "Mozilla/5.0 (Windows NT 10.0; Win64; x64) AppleWebKit/537.36 (KHTML, like Gecko) Chrome/148.0.0.0 Safari/537.36"
102.90.126.249 - - [29/May/2026:03:53:11 +0000] "GET /wp-json/wp/v2/plugins HTTP/1.1" 200 1871 "-" "Mozilla/5.0 (Windows NT 10.0; Win64; x64) AppleWebKit/537.36 (KHTML, like Gecko) Chrome/120.0.0.0 Safari/537.36"
102.90.126.249 - - [29/May/2026:03:53:12 +0000] "GET /wp-json/wp/v2/settings HTTP/1.1" 200 298 "-" "Mozilla/5.0 (Windows NT 10.0; Win64; x64) AppleWebKit/537.36 (KHTML, like Gecko) Chrome/120.0.0.0 Safari/537.36"
102.90.126.249 - - [29/May/2026:03:53:12 +0000] "GET /wp-json/wp/v2/pages/28 HTTP/1.1" 200 1777 "-" "Mozilla/5.0 (Windows NT 10.0; Win64; x64) AppleWebKit/537.36 (KHTML, like Gecko) Chrome/120.0.0.0 Safari/537.36"
102.90.126.249 - - [29/May/2026:03:53:14 +0000] "POST /xmlrpc.php HTTP/1.1" 200 139 "-" "Mozilla/5.0 (Windows NT 10.0; Win64; x64) AppleWebKit/537.36 (KHTML, like Gecko) Chrome/120.0.0.0 Safari/537.36"
102.90.126.249 - - [29/May/2026:03:53:16 +0000] "GET /?page_id=28 HTTP/1.1" 301 5 "-" "Mozilla/5.0 (Windows NT 10.0; Win64; x64) AppleWebKit/537.36 (KHTML, like Gecko) Chrome/120.0.0.0 Safari/537.36"
102.90.126.249 - - [29/May/2026:03:53:17 +0000] "GET / HTTP/1.1" 200 16001 "-" "Mozilla/5.0 (Windows NT 10.0; Win64; x64) AppleWebKit/537.36 (KHTML, like Gecko) Chrome/120.0.0.0 Safari/537.36"
134.209.147.209 - - [29/May/2026:03:53:22 +0000] "POST /wp-cron.php?doing_wp_cron=1780026802.7830541133880615234375 HTTP/1.1" 200 31 "-" "WordPress/6.9.1; https://e-tdr.com"
138.68.19.42 - - [29/May/2026:03:53:22 +0000] "POST /wp-login.php HTTP/1.1" 200 6388 "-" "Mozilla/5.0"
138.68.19.42 - - [29/May/2026:03:53:22 +0000] "POST /wp-login.php HTTP/1.1" 200 6398 "-" "Mozilla/5.0"
62.201.213.173 - - [29/May/2026:03:53:24 +0000] "GET / HTTP/1.1" 200 14708 "-" "Mozilla/5.0 (Windows NT 10.0; Win64; x64) AppleWebKit/537.36 (KHTML, like Gecko) Chrome/120.0.0.0 Safari/537.36"
62.201.213.173 - - [29/May/2026:03:53:25 +0000] "GET /wp-login.php HTTP/1.1" 200 1857 "-" "Mozilla/5.0 (Windows NT 10.0; Win64; x64) AppleWebKit/537.36 (KHTML, like Gecko) Chrome/120.0.0.0 Safari/537.36"
62.201.213.173 - - [29/May/2026:03:53:25 +0000] "POST /wp-login.php HTTP/1.1" 302 5 "https://stg.everycred.com/wp-login.php" "Mozilla/5.0 (Windows NT 10.0; Win64; x64) AppleWebKit/537.36 (KHTML, like Gecko) Chrome/120.0.0.0 Safari/537.36"
62.201.213.173 - - [29/May/2026:03:53:26 +0000] "GET /wp-admin/ HTTP/1.1" 200 19612 "https://stg.everycred.com/wp-login.php" "Mozilla/5.0 (Windows NT 10.0; Win64; x64) AppleWebKit/537.36 (KHTML, like Gecko) Chrome/120.0.0.0 Safari/537.36"
82.4.205.34 - - [29/May/2026:03:53:27 +0000] "GET /wp-admin/ HTTP/1.1" 200 19612 "-" "Mozilla/5.0 (Windows NT 10.0; Win64; x64) AppleWebKit/537.36 (KHTML, like Gecko) Chrome/120.0.0.0 Safari/537.36"
82.4.205.34 - - [29/May/2026:03:53:28 +0000] "GET /wp-admin/post-new.php HTTP/1.1" 200 89873 "-" "Mozilla/5.0 (Windows NT 10.0; Win64; x64) AppleWebKit/537.36 (KHTML, like Gecko) Chrome/120.0.0.0 Safari/537.36"
82.4.205.34 - - [29/May/2026:03:53:29 +0000] "POST /xmlrpc.php HTTP/1.1" 200 275 "-" "WordPress/5.0; https://stg.everycred.com"
82.4.205.34 - - [29/May/2026:03:53:29 +0000] "GET /wp-admin/admin-ajax.php?action=rest-nonce HTTP/1.1" 200 41 "-" "Mozilla/5.0 (Windows NT 10.0; Win64; x64) AppleWebKit/537.36 (KHTML, like Gecko) Chrome/120.0.0.0 Safari/537.36"
82.4.205.34 - - [29/May/2026:03:53:30 +0000] "GET /wp-json/wp/v2/plugins HTTP/1.1" 200 1871 "-" "Mozilla/5.0 (Windows NT 10.0; Win64; x64) AppleWebKit/537.36 (KHTML, like Gecko) Chrome/120.0.0.0 Safari/537.36"
82.4.205.34 - - [29/May/2026:03:53:30 +0000] "GET /wp-json/wp/v2/settings HTTP/1.1" 200 298 "-" "Mozilla/5.0 (Windows NT 10.0; Win64; x64) AppleWebKit/537.36 (KHTML, like Gecko) Chrome/120.0.0.0 Safari/537.36"
82.4.205.34 - - [29/May/2026:03:53:30 +0000] "GET /wp-json/wp/v2/pages/28 HTTP/1.1" 200 1786 "-" "Mozilla/5.0 (Windows NT 10.0; Win64; x64) AppleWebKit/537.36 (KHTML, like Gecko) Chrome/120.0.0.0 Safari/537.36"
82.4.205.34 - - [29/May/2026:03:53:31 +0000] "POST /xmlrpc.php HTTP/1.1" 200 139 "-" "Mozilla/5.0 (Windows NT 10.0; Win64; x64) AppleWebKit/537.36 (KHTML, like Gecko) Chrome/120.0.0.0 Safari/537.36"
82.4.205.34 - - [29/May/2026:03:53:34 +0000] "GET /?page_id=28 HTTP/1.1" 301 5 "-" "Mozilla/5.0 (Windows NT 10.0; Win64; x64) AppleWebKit/537.36 (KHTML, like Gecko) Chrome/120.0.0.0 Safari/537.36"
82.4.205.34 - - [29/May/2026:03:53:34 +0000] "GET / HTTP/1.1" 200 16011 "-" "Mozilla/5.0 (Windows NT 10.0; Win64; x64) AppleWebKit/537.36 (KHTML, like Gecko) Chrome/120.0.0.0 Safari/537.36"
18.193.252.127 - - [29/May/2026:03:54:09 +0000] "HEAD / HTTP/1.1" 301 0 "https://viitor.cloud" "Mozilla/5.0+(compatible; UptimeRobot/2.0; http://www.uptimerobot.com/)"
8.216.18.107 - - [29/May/2026:03:54:09 +0000] "GET / HTTP/1.1" 200 10671 "-" "curl/7.64.1"
134.209.147.209 - - [29/May/2026:03:54:47 +0000] "POST /wp-cron.php?doing_wp_cron=1780026887.3215739727020263671875 HTTP/1.1" 200 31 "-" "WordPress/6.6.1; https://newfaith.focalat.com"
103.11.102.106 - - [29/May/2026:03:54:47 +0000] "GET /wp-login.php HTTP/1.1" 200 2033 "-" "Mozilla/5.0 (X11; Linux x86_64) AppleWebKit/537.36 (KHTML, like Gecko) Chrome/133.0.0.0 Safari/537.36"
134.209.147.209 - - [29/May/2026:03:55:00 +0000] "POST /wp-cron.php?doing_wp_cron=1780026900.2889420986175537109375 HTTP/1.1" 200 31 "-" "WordPress/6.9.1; https://e-tdr.com"
43.165.125.66 - - [29/May/2026:03:55:00 +0000] "GET /?s= HTTP/1.1" 200 15894 "-" "Mozilla/5.0 (iPhone; CPU iPhone OS 13_2_3 like Mac OS X) AppleWebKit/605.1.15 (KHTML, like Gecko) Version/13.0.3 Mobile/15E148 Safari/604.1"
134.209.147.209 - - [29/May/2026:03:55:05 +0000] "POST /wp-cron.php?doing_wp_cron=1780026905.6656250953674316406250 HTTP/1.1" 200 31 "-" "WordPress/6.9.4; https://viitorx.stgviitor.com"
122.170.2.11 - - [29/May/2026:03:55:05 +0000] "POST /wp-admin/admin-ajax.php HTTP/1.1" 200 78 "https://viitorx.stgviitor.com/wp-admin/admin.php?page=theme-settings" "Mozilla/5.0 (Windows NT 10.0; Win64; x64) AppleWebKit/537.36 (KHTML, like Gecko) Chrome/148.0.0.0 Safari/537.36"
134.209.147.209 - - [29/May/2026:03:55:20 +0000] "POST /wp-cron.php?doing_wp_cron=1780026919.9991800785064697265625 HTTP/1.1" 200 31 "-" "WordPress/6.9.1; https://e-tdr.com"
64.227.35.51 - - [29/May/2026:03:55:20 +0000] "POST /wp-login.php HTTP/1.1" 200 6388 "-" "Mozilla/5.0"
134.209.147.209 - - [29/May/2026:03:55:20 +0000] "POST /wp-cron.php?doing_wp_cron=1780026920.2121338844299316406250 HTTP/1.1" 200 31 "-" "WordPress/6.9.1; https://e-tdr.com"
64.227.35.51 - - [29/May/2026:03:55:20 +0000] "POST /wp-login.php HTTP/1.1" 200 6398 "-" "Mozilla/5.0"
134.209.147.209 - - [29/May/2026:03:55:34 +0000] "POST /wp-cron.php?doing_wp_cron=1780026934.1927471160888671875000 HTTP/1.1" 200 31 "-" "WordPress/6.5.3; https://vcstore.viitorcloud.co"
162.214.206.32 - - [29/May/2026:03:55:34 +0000] "GET /wp-login.php HTTP/1.1" 200 1770 "-" "Mozilla/5.0 (Windows NT 10.0; Win64; x64) AppleWebKit/537.36 (KHTML, like Gecko) Chrome/133.0.0.0 Safari/537.36 Edg/133.0.0.0"
162.214.206.32 - - [29/May/2026:03:55:34 +0000] "POST /wp-login.php HTTP/1.1" 200 1906 "https://vcstore.viitorcloud.co/wp-login.php" "Mozilla/5.0 (Windows NT 10.0; Win64; x64) AppleWebKit/537.36 (KHTML, like Gecko) Chrome/133.0.0.0 Safari/537.36 Edg/133.0.0.0"
144.126.139.83 - authorise [29/May/2026:03:56:05 +0000] "GET /wp-json/wp/v2/users/me HTTP/1.1" 401 107 "-" "Mozilla/5.0 (Windows NT 10.0; Win64; x64) AppleWebKit/537.36 (KHTML, like Gecko) Chrome/133.0.0.0 Safari/537.36"
102.66.146.88 - - [29/May/2026:03:56:23 +0000] "GET / HTTP/1.1" 200 14715 "-" "Mozilla/5.0 (Windows NT 10.0; Win64; x64) AppleWebKit/537.36 (KHTML, like Gecko) Chrome/120.0.0.0 Safari/537.36"
102.66.146.88 - - [29/May/2026:03:56:24 +0000] "GET /wp-login.php HTTP/1.1" 200 1857 "-" "Mozilla/5.0 (Windows NT 10.0; Win64; x64) AppleWebKit/537.36 (KHTML, like Gecko) Chrome/120.0.0.0 Safari/537.36"
102.66.146.88 - - [29/May/2026:03:56:25 +0000] "POST /wp-login.php HTTP/1.1" 302 5 "https://stg.everycred.com/wp-login.php" "Mozilla/5.0 (Windows NT 10.0; Win64; x64) AppleWebKit/537.36 (KHTML, like Gecko) Chrome/120.0.0.0 Safari/537.36"
102.66.146.88 - - [29/May/2026:03:56:25 +0000] "GET /wp-admin/ HTTP/1.1" 200 19614 "https://stg.everycred.com/wp-login.php" "Mozilla/5.0 (Windows NT 10.0; Win64; x64) AppleWebKit/537.36 (KHTML, like Gecko) Chrome/120.0.0.0 Safari/537.36"
177.204.174.167 - - [29/May/2026:03:56:28 +0000] "GET /wp-admin/ HTTP/1.1" 200 19614 "-" "Mozilla/5.0 (Windows NT 10.0; Win64; x64) AppleWebKit/537.36 (KHTML, like Gecko) Chrome/120.0.0.0 Safari/537.36"
177.204.174.167 - - [29/May/2026:03:56:30 +0000] "GET /wp-admin/post-new.php HTTP/1.1" 200 89876 "-" "Mozilla/5.0 (Windows NT 10.0; Win64; x64) AppleWebKit/537.36 (KHTML, like Gecko) Chrome/120.0.0.0 Safari/537.36"
177.204.174.167 - - [29/May/2026:03:56:31 +0000] "POST /xmlrpc.php HTTP/1.1" 200 275 "-" "WordPress/5.0; https://stg.everycred.com"
170.231.19.106 - - [29/May/2026:03:56:31 +0000] "GET / HTTP/1.1" 200 14715 "-" "Mozilla/5.0 (Windows NT 10.0; Win64; x64) AppleWebKit/537.36 (KHTML, like Gecko) Chrome/120.0.0.0 Safari/537.36"
177.204.174.167 - - [29/May/2026:03:56:32 +0000] "GET /wp-admin/admin-ajax.php?action=rest-nonce HTTP/1.1" 200 41 "-" "Mozilla/5.0 (Windows NT 10.0; Win64; x64) AppleWebKit/537.36 (KHTML, like Gecko) Chrome/120.0.0.0 Safari/537.36"
177.204.174.167 - - [29/May/2026:03:56:32 +0000] "GET /wp-json/wp/v2/plugins HTTP/1.1" 200 1871 "-" "Mozilla/5.0 (Windows NT 10.0; Win64; x64) AppleWebKit/537.36 (KHTML, like Gecko) Chrome/120.0.0.0 Safari/537.36"
170.231.19.106 - - [29/May/2026:03:56:33 +0000] "GET /wp-login.php HTTP/1.1" 200 1857 "-" "Mozilla/5.0 (Windows NT 10.0; Win64; x64) AppleWebKit/537.36 (KHTML, like Gecko) Chrome/120.0.0.0 Safari/537.36"
177.204.174.167 - - [29/May/2026:03:56:33 +0000] "GET /wp-json/wp/v2/settings HTTP/1.1" 200 298 "-" "Mozilla/5.0 (Windows NT 10.0; Win64; x64) AppleWebKit/537.36 (KHTML, like Gecko) Chrome/120.0.0.0 Safari/537.36"
170.231.19.106 - - [29/May/2026:03:56:33 +0000] "POST /wp-login.php HTTP/1.1" 302 5 "https://stg.everycred.com/wp-login.php" "Mozilla/5.0 (Windows NT 10.0; Win64; x64) AppleWebKit/537.36 (KHTML, like Gecko) Chrome/120.0.0.0 Safari/537.36"
177.204.174.167 - - [29/May/2026:03:56:34 +0000] "GET /wp-json/wp/v2/pages/28 HTTP/1.1" 200 1799 "-" "Mozilla/5.0 (Windows NT 10.0; Win64; x64) AppleWebKit/537.36 (KHTML, like Gecko) Chrome/120.0.0.0 Safari/537.36"
170.231.19.106 - - [29/May/2026:03:56:34 +0000] "GET /wp-admin/ HTTP/1.1" 200 19611 "https://stg.everycred.com/wp-login.php" "Mozilla/5.0 (Windows NT 10.0; Win64; x64) AppleWebKit/537.36 (KHTML, like Gecko) Chrome/120.0.0.0 Safari/537.36"
177.204.174.167 - - [29/May/2026:03:56:35 +0000] "POST /xmlrpc.php HTTP/1.1" 200 139 "-" "Mozilla/5.0 (Windows NT 10.0; Win64; x64) AppleWebKit/537.36 (KHTML, like Gecko) Chrome/120.0.0.0 Safari/537.36"
91.116.97.100 - - [29/May/2026:03:56:36 +0000] "GET /wp-admin/ HTTP/1.1" 200 19611 "-" "Mozilla/5.0 (Windows NT 10.0; Win64; x64) AppleWebKit/537.36 (KHTML, like Gecko) Chrome/120.0.0.0 Safari/537.36"
91.116.97.100 - - [29/May/2026:03:56:37 +0000] "GET /wp-admin/post-new.php HTTP/1.1" 200 89869 "-" "Mozilla/5.0 (Windows NT 10.0; Win64; x64) AppleWebKit/537.36 (KHTML, like Gecko) Chrome/120.0.0.0 Safari/537.36"
91.116.97.100 - - [29/May/2026:03:56:38 +0000] "POST /xmlrpc.php HTTP/1.1" 200 275 "-" "WordPress/5.0; https://stg.everycred.com"
177.204.174.167 - - [29/May/2026:03:56:38 +0000] "GET /?page_id=28 HTTP/1.1" 301 5 "-" "Mozilla/5.0 (Windows NT 10.0; Win64; x64) AppleWebKit/537.36 (KHTML, like Gecko) Chrome/120.0.0.0 Safari/537.36"
91.116.97.100 - - [29/May/2026:03:56:38 +0000] "GET /wp-admin/admin-ajax.php?action=rest-nonce HTTP/1.1" 200 41 "-" "Mozilla/5.0 (Windows NT 10.0; Win64; x64) AppleWebKit/537.36 (KHTML, like Gecko) Chrome/120.0.0.0 Safari/537.36"
91.116.97.100 - - [29/May/2026:03:56:39 +0000] "GET /wp-json/wp/v2/plugins HTTP/1.1" 200 1871 "-" "Mozilla/5.0 (Windows NT 10.0; Win64; x64) AppleWebKit/537.36 (KHTML, like Gecko) Chrome/120.0.0.0 Safari/537.36"
177.204.174.167 - - [29/May/2026:03:56:39 +0000] "GET / HTTP/1.1" 200 16026 "-" "Mozilla/5.0 (Windows NT 10.0; Win64; x64) AppleWebKit/537.36 (KHTML, like Gecko) Chrome/120.0.0.0 Safari/537.36"
91.116.97.100 - - [29/May/2026:03:56:39 +0000] "GET /wp-json/wp/v2/settings HTTP/1.1" 200 298 "-" "Mozilla/5.0 (Windows NT 10.0; Win64; x64) AppleWebKit/537.36 (KHTML, like Gecko) Chrome/120.0.0.0 Safari/537.36"
91.116.97.100 - - [29/May/2026:03:56:40 +0000] "GET /wp-json/wp/v2/pages/28 HTTP/1.1" 200 1810 "-" "Mozilla/5.0 (Windows NT 10.0; Win64; x64) AppleWebKit/537.36 (KHTML, like Gecko) Chrome/120.0.0.0 Safari/537.36"
91.116.97.100 - - [29/May/2026:03:56:41 +0000] "POST /xmlrpc.php HTTP/1.1" 200 139 "-" "Mozilla/5.0 (Windows NT 10.0; Win64; x64) AppleWebKit/537.36 (KHTML, like Gecko) Chrome/120.0.0.0 Safari/537.36"
91.116.97.100 - - [29/May/2026:03:56:43 +0000] "GET /?page_id=28 HTTP/1.1" 301 5 "-" "Mozilla/5.0 (Windows NT 10.0; Win64; x64) AppleWebKit/537.36 (KHTML, like Gecko) Chrome/120.0.0.0 Safari/537.36"
91.116.97.100 - - [29/May/2026:03:56:43 +0000] "GET / HTTP/1.1" 200 16036 "-" "Mozilla/5.0 (Windows NT 10.0; Win64; x64) AppleWebKit/537.36 (KHTML, like Gecko) Chrome/120.0.0.0 Safari/537.36"
134.209.147.209 - - [29/May/2026:03:56:50 +0000] "POST /wp-cron.php?doing_wp_cron=1780027010.1053409576416015625000 HTTP/1.1" 200 31 "-" "WordPress/6.9.4; https://viitorx.stgviitor.com"
122.170.2.11 - - [29/May/2026:03:56:50 +0000] "GET /insights/ HTTP/1.1" 200 12368 "-" "Mozilla/5.0 (Windows NT 10.0; Win64; x64) AppleWebKit/537.36 (KHTML, like Gecko) HeadlessChrome/148.0.7778.96 Safari/537.36"
122.170.2.11 - - [29/May/2026:03:56:51 +0000] "GET /wp-content/themes/viitorx/assets/videos/inner-page-hero-video.webm HTTP/1.1" 206 745444 "https://viitorx.stgviitor.com/insights/" "Mozilla/5.0 (Windows NT 10.0; Win64; x64) AppleWebKit/537.36 (KHTML, like Gecko) HeadlessChrome/148.0.7778.96 Safari/537.36"
122.170.2.11 - - [29/May/2026:03:57:06 +0000] "POST /wp-admin/admin-ajax.php HTTP/1.1" 200 78 "https://viitorx.stgviitor.com/wp-admin/admin.php?page=theme-settings" "Mozilla/5.0 (Windows NT 10.0; Win64; x64) AppleWebKit/537.36 (KHTML, like Gecko) Chrome/148.0.0.0 Safari/537.36"
189.230.212.133 - - [29/May/2026:03:57:07 +0000] "GET / HTTP/1.1" 200 14740 "-" "Mozilla/5.0 (Windows NT 10.0; Win64; x64) AppleWebKit/537.36 (KHTML, like Gecko) Chrome/120.0.0.0 Safari/537.36"
189.230.212.133 - - [29/May/2026:03:57:08 +0000] "GET /wp-login.php HTTP/1.1" 200 1857 "-" "Mozilla/5.0 (Windows NT 10.0; Win64; x64) AppleWebKit/537.36 (KHTML, like Gecko) Chrome/120.0.0.0 Safari/537.36"
189.230.212.133 - - [29/May/2026:03:57:09 +0000] "POST /wp-login.php HTTP/1.1" 302 5 "https://stg.everycred.com/wp-login.php" "Mozilla/5.0 (Windows NT 10.0; Win64; x64) AppleWebKit/537.36 (KHTML, like Gecko) Chrome/120.0.0.0 Safari/537.36"
189.230.212.133 - - [29/May/2026:03:57:10 +0000] "GET /wp-admin/ HTTP/1.1" 200 19614 "https://stg.everycred.com/wp-login.php" "Mozilla/5.0 (Windows NT 10.0; Win64; x64) AppleWebKit/537.36 (KHTML, like Gecko) Chrome/120.0.0.0 Safari/537.36"
45.162.199.246 - - [29/May/2026:03:57:12 +0000] "GET /wp-admin/ HTTP/1.1" 200 19613 "-" "Mozilla/5.0 (Windows NT 10.0; Win64; x64) AppleWebKit/537.36 (KHTML, like Gecko) Chrome/120.0.0.0 Safari/537.36"
45.162.199.246 - - [29/May/2026:03:57:14 +0000] "GET /wp-admin/post-new.php HTTP/1.1" 200 89872 "-" "Mozilla/5.0 (Windows NT 10.0; Win64; x64) AppleWebKit/537.36 (KHTML, like Gecko) Chrome/120.0.0.0 Safari/537.36"
201.173.67.48 - - [29/May/2026:03:57:15 +0000] "GET / HTTP/1.1" 200 14740 "-" "Mozilla/5.0 (Windows NT 10.0; Win64; x64) AppleWebKit/537.36 (KHTML, like Gecko) Chrome/120.0.0.0 Safari/537.36"
45.162.199.246 - - [29/May/2026:03:57:16 +0000] "POST /xmlrpc.php HTTP/1.1" 200 275 "-" "WordPress/5.0; https://stg.everycred.com"
201.173.67.48 - - [29/May/2026:03:57:16 +0000] "GET /wp-login.php HTTP/1.1" 200 1857 "-" "Mozilla/5.0 (Windows NT 10.0; Win64; x64) AppleWebKit/537.36 (KHTML, like Gecko) Chrome/120.0.0.0 Safari/537.36"
45.162.199.246 - - [29/May/2026:03:57:16 +0000] "GET /wp-admin/admin-ajax.php?action=rest-nonce HTTP/1.1" 200 41 "-" "Mozilla/5.0 (Windows NT 10.0; Win64; x64) AppleWebKit/537.36 (KHTML, like Gecko) Chrome/120.0.0.0 Safari/537.36"
45.162.199.246 - - [29/May/2026:03:57:17 +0000] "GET /wp-json/wp/v2/plugins HTTP/1.1" 200 1871 "-" "Mozilla/5.0 (Windows NT 10.0; Win64; x64) AppleWebKit/537.36 (KHTML, like Gecko) Chrome/120.0.0.0 Safari/537.36"
201.173.67.48 - - [29/May/2026:03:57:17 +0000] "POST /wp-login.php HTTP/1.1" 302 5 "https://stg.everycred.com/wp-login.php" "Mozilla/5.0 (Windows NT 10.0; Win64; x64) AppleWebKit/537.36 (KHTML, like Gecko) Chrome/120.0.0.0 Safari/537.36"
45.162.199.246 - - [29/May/2026:03:57:18 +0000] "GET /wp-json/wp/v2/settings HTTP/1.1" 200 298 "-" "Mozilla/5.0 (Windows NT 10.0; Win64; x64) AppleWebKit/537.36 (KHTML, like Gecko) Chrome/120.0.0.0 Safari/537.36"
201.173.67.48 - - [29/May/2026:03:57:18 +0000] "GET /wp-admin/ HTTP/1.1" 200 19613 "https://stg.everycred.com/wp-login.php" "Mozilla/5.0 (Windows NT 10.0; Win64; x64) AppleWebKit/537.36 (KHTML, like Gecko) Chrome/120.0.0.0 Safari/537.36"
45.162.199.246 - - [29/May/2026:03:57:19 +0000] "GET /wp-json/wp/v2/pages/28 HTTP/1.1" 200 1820 "-" "Mozilla/5.0 (Windows NT 10.0; Win64; x64) AppleWebKit/537.36 (KHTML, like Gecko) Chrome/120.0.0.0 Safari/537.36"
45.162.199.246 - - [29/May/2026:03:57:20 +0000] "POST /xmlrpc.php HTTP/1.1" 200 139 "-" "Mozilla/5.0 (Windows NT 10.0; Win64; x64) AppleWebKit/537.36 (KHTML, like Gecko) Chrome/120.0.0.0 Safari/537.36"
177.86.102.120 - - [29/May/2026:03:57:21 +0000] "GET /wp-admin/ HTTP/1.1" 200 19613 "-" "Mozilla/5.0 (Windows NT 10.0; Win64; x64) AppleWebKit/537.36 (KHTML, like Gecko) Chrome/120.0.0.0 Safari/537.36"
45.162.199.246 - - [29/May/2026:03:57:23 +0000] "GET /?page_id=28 HTTP/1.1" 301 5 "-" "Mozilla/5.0 (Windows NT 10.0; Win64; x64) AppleWebKit/537.36 (KHTML, like Gecko) Chrome/120.0.0.0 Safari/537.36"
177.86.102.120 - - [29/May/2026:03:57:23 +0000] "GET /wp-admin/post-new.php HTTP/1.1" 200 89865 "-" "Mozilla/5.0 (Windows NT 10.0; Win64; x64) AppleWebKit/537.36 (KHTML, like Gecko) Chrome/120.0.0.0 Safari/537.36"
45.162.199.246 - - [29/May/2026:03:57:23 +0000] "GET / HTTP/1.1" 200 16086 "-" "Mozilla/5.0 (Windows NT 10.0; Win64; x64) AppleWebKit/537.36 (KHTML, like Gecko) Chrome/120.0.0.0 Safari/537.36"
177.86.102.120 - - [29/May/2026:03:57:24 +0000] "POST /xmlrpc.php HTTP/1.1" 200 275 "-" "WordPress/5.0; https://stg.everycred.com"
177.86.102.120 - - [29/May/2026:03:57:24 +0000] "GET /wp-admin/admin-ajax.php?action=rest-nonce HTTP/1.1" 200 41 "-" "Mozilla/5.0 (Windows NT 10.0; Win64; x64) AppleWebKit/537.36 (KHTML, like Gecko) Chrome/120.0.0.0 Safari/537.36"
177.86.102.120 - - [29/May/2026:03:57:25 +0000] "GET /wp-json/wp/v2/plugins HTTP/1.1" 200 1871 "-" "Mozilla/5.0 (Windows NT 10.0; Win64; x64) AppleWebKit/537.36 (KHTML, like Gecko) Chrome/120.0.0.0 Safari/537.36"
177.86.102.120 - - [29/May/2026:03:57:26 +0000] "GET /wp-json/wp/v2/settings HTTP/1.1" 200 298 "-" "Mozilla/5.0 (Windows NT 10.0; Win64; x64) AppleWebKit/537.36 (KHTML, like Gecko) Chrome/120.0.0.0 Safari/537.36"
177.86.102.120 - - [29/May/2026:03:57:26 +0000] "GET /wp-json/wp/v2/pages/28 HTTP/1.1" 200 1844 "-" "Mozilla/5.0 (Windows NT 10.0; Win64; x64) AppleWebKit/537.36 (KHTML, like Gecko) Chrome/120.0.0.0 Safari/537.36"
177.86.102.120 - - [29/May/2026:03:57:28 +0000] "POST /xmlrpc.php HTTP/1.1" 200 139 "-" "Mozilla/5.0 (Windows NT 10.0; Win64; x64) AppleWebKit/537.36 (KHTML, like Gecko) Chrome/120.0.0.0 Safari/537.36"
177.86.102.120 - - [29/May/2026:03:57:30 +0000] "GET /?page_id=28 HTTP/1.1" 301 5 "-" "Mozilla/5.0 (Windows NT 10.0; Win64; x64) AppleWebKit/537.36 (KHTML, like Gecko) Chrome/120.0.0.0 Safari/537.36"
177.86.102.120 - - [29/May/2026:03:57:31 +0000] "GET / HTTP/1.1" 200 16102 "-" "Mozilla/5.0 (Windows NT 10.0; Win64; x64) AppleWebKit/537.36 (KHTML, like Gecko) Chrome/120.0.0.0 Safari/537.36"
8.216.18.107 - - [29/May/2026:03:57:52 +0000] "GET / HTTP/1.1" 200 3133 "-" "curl/7.74.0"
123.160.223.74 - - [29/May/2026:03:58:02 +0000] "GET / HTTP/1.1" 301 162 "-" "Mozilla/5.0 (Macintosh; Intel Mac OS X 10_15_7) AppleWebKit/537.36 (KHTML, like Gecko) Chrome/120.0.0.0 Safari/537.36"
123.160.223.75 - - [29/May/2026:03:58:02 +0000] "GET / HTTP/1.1" 200 3133 "-" "Mozilla/5.0 (Macintosh; Intel Mac OS X 10_15_7) AppleWebKit/537.36 (KHTML, like Gecko) Chrome/120.0.0.0 Safari/537.36"
123.160.223.74 - - [29/May/2026:03:58:02 +0000] "GET / HTTP/1.1" 301 162 "-" "Mozilla/5.0 (Macintosh; Intel Mac OS X 10_15_7) AppleWebKit/537.36 (KHTML, like Gecko) Chrome/120.0.0.0 Safari/537.36"
123.160.223.72 - - [29/May/2026:03:58:03 +0000] "GET /favicon.ico HTTP/1.1" 404 178 "-" "Mozilla/5.0 (Macintosh; Intel Mac OS X 10_15_7) AppleWebKit/537.36 (KHTML, like Gecko) Chrome/120.0.0.0 Safari/537.36"
134.209.147.209 - - [29/May/2026:03:58:03 +0000] "POST /wp-cron.php?doing_wp_cron=1780027083.9072010517120361328125 HTTP/1.1" 200 31 "-" "WordPress/6.6.1; https://newfaith.focalat.com"
134.209.147.209 - - [29/May/2026:03:58:04 +0000] "POST /wp-cron.php?doing_wp_cron=1780027084.3511040210723876953125 HTTP/1.1" 200 31 "-" "WordPress/6.9.1; https://stg.e-tdr.com"
123.160.223.72 - - [29/May/2026:03:58:04 +0000] "GET / HTTP/1.1" 200 16118 "http://stg.e-tdr.com" "Mozilla/5.0 (Macintosh; Intel Mac OS X 10_15_7) AppleWebKit/537.36 (KHTML, like Gecko) Chrome/120.0.0.0 Safari/537.36"
47.251.188.16 - - [29/May/2026:03:58:05 +0000] "GET / HTTP/1.1" 301 162 "-" "Mozilla/5.0 (Macintosh; Intel Mac OS X 10_15_7) AppleWebKit/537.36 (KHTML, like Gecko) Chrome/114.0.0.0 Safari/537.36"
123.160.223.75 - - [29/May/2026:03:58:07 +0000] "GET / HTTP/1.1" 200 59974 "http://newfaith.focalat.com" "Mozilla/5.0 (Macintosh; Intel Mac OS X 10_15_7) AppleWebKit/537.36 (KHTML, like Gecko) Chrome/120.0.0.0 Safari/537.36"
47.251.188.16 - - [29/May/2026:03:58:08 +0000] "GET / HTTP/1.1" 200 16118 "-" "Mozilla/5.0 (Macintosh; Intel Mac OS X 10_15_7) AppleWebKit/537.36 (KHTML, like Gecko) Chrome/114.0.0.0 Safari/537.36"
123.160.223.75 - - [29/May/2026:03:58:08 +0000] "GET /wp-content/uploads/2024/07/site_logo-100x100.png HTTP/1.1" 200 19611 "-" "Mozilla/5.0 (Macintosh; Intel Mac OS X 10_15_7) AppleWebKit/537.36 (KHTML, like Gecko) Chrome/120.0.0.0 Safari/537.36"
123.160.223.73 - - [29/May/2026:03:58:12 +0000] "GET / HTTP/1.1" 301 162 "-" "Mozilla/5.0 (Macintosh; Intel Mac OS X 10_15_7) AppleWebKit/537.36 (KHTML, like Gecko) Chrome/120.0.0.0 Safari/537.36"
123.160.223.73 - - [29/May/2026:03:58:14 +0000] "GET / HTTP/1.1" 200 14777 "http://stg.everycred.com" "Mozilla/5.0 (Macintosh; Intel Mac OS X 10_15_7) AppleWebKit/537.36 (KHTML, like Gecko) Chrome/120.0.0.0 Safari/537.36"
134.209.147.209 - - [29/May/2026:03:58:17 +0000] "POST /wp-cron.php?doing_wp_cron=1780027097.2077369689941406250000 HTTP/1.1" 200 31 "-" "WordPress/6.9.1; https://stg.e-tdr.com"
47.251.188.16 - - [29/May/2026:03:58:17 +0000] "GET /wp-json/contact-form-7/v1/contact-forms/19/feedback/schema HTTP/1.1" 200 285 "https://stg.e-tdr.com/" "Mozilla/5.0 (Macintosh; Intel Mac OS X 10_15_7) AppleWebKit/537.36 (KHTML, like Gecko) Chrome/114.0.0.0 Safari/537.36"
123.160.223.75 - - [29/May/2026:03:58:23 +0000] "GET / HTTP/1.1" 301 162 "-" "Mozilla/5.0 (Macintosh; Intel Mac OS X 10_15_7) AppleWebKit/537.36 (KHTML, like Gecko) Chrome/120.0.0.0 Safari/537.36"
123.160.223.74 - - [29/May/2026:03:58:25 +0000] "GET / HTTP/1.1" 404 178 "http://demo.stgviitor.com" "Mozilla/5.0 (Macintosh; Intel Mac OS X 10_15_7) AppleWebKit/537.36 (KHTML, like Gecko) Chrome/120.0.0.0 Safari/537.36"
47.251.90.48 - - [29/May/2026:03:58:27 +0000] "GET / HTTP/1.1" 301 162 "-" "Mozilla/5.0 (Macintosh; Intel Mac OS X 10_15_7) AppleWebKit/537.36 (KHTML, like Gecko) Chrome/114.0.0.0 Safari/537.36"
47.251.90.48 - - [29/May/2026:03:58:29 +0000] "GET / HTTP/1.1" 200 14777 "-" "Mozilla/5.0 (Macintosh; Intel Mac OS X 10_15_7) AppleWebKit/537.36 (KHTML, like Gecko) Chrome/114.0.0.0 Safari/537.36"
134.209.147.209 - - [29/May/2026:03:58:48 +0000] "POST /wp-cron.php?doing_wp_cron=1780027128.1440799236297607421875 HTTP/1.1" 200 31 "-" "WordPress/6.9.1; https://e-tdr.com"
138.68.19.42 - - [29/May/2026:03:58:48 +0000] "POST /wp-login.php HTTP/1.1" 200 6398 "-" "Mozilla/5.0"
134.209.147.209 - - [29/May/2026:03:58:48 +0000] "POST /wp-cron.php?doing_wp_cron=1780027128.2955889701843261718750 HTTP/1.1" 200 31 "-" "WordPress/6.9.1; https://e-tdr.com"
138.68.19.42 - - [29/May/2026:03:58:48 +0000] "POST /wp-login.php HTTP/1.1" 200 6388 "-" "Mozilla/5.0"
134.209.147.209 - - [29/May/2026:03:59:04 +0000] "GET /wp-content/plugins/lifeline-plugin/assets/data/font-awesome-5.json HTTP/1.1" 200 13009 "-" "WordPress/7.0; https://bharti-foundation.stgviitor.com"
134.209.147.209 - - [29/May/2026:03:59:04 +0000] "GET /wp-content/plugins/lifeline-plugin/assets/data/font-awesome-5.json HTTP/1.1" 200 13009 "-" "WordPress/7.0; https://bharti-foundation.stgviitor.com"
134.209.147.209 - - [29/May/2026:03:59:04 +0000] "GET /wp-content/plugins/lifeline-plugin/assets/json/social-profile.json HTTP/1.1" 200 4033 "-" "WordPress/7.0; https://bharti-foundation.stgviitor.com"
134.209.147.209 - - [29/May/2026:03:59:04 +0000] "GET /wp-content/plugins/lifeline-plugin/assets/data/font-awesome-5.json HTTP/1.1" 200 13009 "-" "WordPress/7.0; https://bharti-foundation.stgviitor.com"
134.209.147.209 - - [29/May/2026:03:59:04 +0000] "POST /wp-cron.php?doing_wp_cron=1780027144.8150260448455810546875 HTTP/1.1" 200 31 "-" "WordPress/7.0; https://bharti-foundation.stgviitor.com"
167.71.136.93 - - [29/May/2026:03:59:04 +0000] "GET /wp-login.php HTTP/1.1" 200 2044 "-" "Mozilla/5.0 (Windows NT 10.0) AppleWebKit/537.36 (KHTML, like Gecko) Chrome/133.0.0.0 Safari/537.36"
134.209.147.209 - - [29/May/2026:03:59:04 +0000] "GET /wp-content/plugins/lifeline-plugin/assets/data/font-awesome-5.json HTTP/1.1" 200 13009 "-" "WordPress/7.0; https://bharti-foundation.stgviitor.com"
134.209.147.209 - - [29/May/2026:03:59:04 +0000] "GET /wp-content/plugins/lifeline-plugin/assets/data/font-awesome-5.json HTTP/1.1" 200 13009 "-" "WordPress/7.0; https://bharti-foundation.stgviitor.com"
134.209.147.209 - - [29/May/2026:03:59:05 +0000] "GET /wp-content/plugins/lifeline-plugin/assets/json/social-profile.json HTTP/1.1" 200 4033 "-" "WordPress/7.0; https://bharti-foundation.stgviitor.com"
134.209.147.209 - - [29/May/2026:03:59:05 +0000] "GET /wp-content/plugins/lifeline-plugin/assets/data/font-awesome-5.json HTTP/1.1" 200 13009 "-" "WordPress/7.0; https://bharti-foundation.stgviitor.com"
134.209.147.209 - - [29/May/2026:03:59:05 +0000] "GET /wp-content/plugins/lifeline-plugin/assets/data/font-awesome-5.json HTTP/1.1" 200 13009 "-" "WordPress/7.0; https://bharti-foundation.stgviitor.com"
134.209.147.209 - - [29/May/2026:03:59:05 +0000] "GET /wp-content/plugins/lifeline-plugin/assets/data/font-awesome-5.json HTTP/1.1" 200 13009 "-" "WordPress/7.0; https://bharti-foundation.stgviitor.com"
134.209.147.209 - - [29/May/2026:03:59:05 +0000] "GET /wp-content/plugins/lifeline-plugin/assets/json/social-profile.json HTTP/1.1" 200 4033 "-" "WordPress/7.0; https://bharti-foundation.stgviitor.com"
134.209.147.209 - - [29/May/2026:03:59:05 +0000] "GET /wp-content/plugins/lifeline-plugin/assets/data/font-awesome-5.json HTTP/1.1" 200 13009 "-" "WordPress/7.0; https://bharti-foundation.stgviitor.com"
167.71.136.93 - - [29/May/2026:03:59:05 +0000] "POST /wp-login.php HTTP/1.1" 200 2204 "https://bharti-foundation.stgviitor.com/wp-login.php" "Mozilla/5.0 (Windows NT 10.0) AppleWebKit/537.36 (KHTML, like Gecko) Chrome/133.0.0.0 Safari/537.36"
134.209.147.209 - - [29/May/2026:03:59:07 +0000] "POST /wp-cron.php?doing_wp_cron=1780027147.6461539268493652343750 HTTP/1.1" 200 31 "-" "WordPress/6.9.4; https://viitorx.stgviitor.com"
122.170.2.11 - - [29/May/2026:03:59:07 +0000] "POST /wp-admin/admin-ajax.php HTTP/1.1" 200 78 "https://viitorx.stgviitor.com/wp-admin/admin.php?page=theme-settings" "Mozilla/5.0 (Windows NT 10.0; Win64; x64) AppleWebKit/537.36 (KHTML, like Gecko) Chrome/148.0.0.0 Safari/537.36"
134.209.147.209 - - [29/May/2026:03:59:08 +0000] "POST /wp-cron.php?doing_wp_cron=1780027148.8893110752105712890625 HTTP/1.1" 200 31 "-" "WordPress/6.5.3; https://vcstore.stgviitor.com"
123.30.233.12 - - [29/May/2026:03:59:08 +0000] "GET /wp-login.php HTTP/1.1" 200 1831 "-" "Mozilla/5.0 (Windows NT 10.0) AppleWebKit/537.36 (KHTML, like Gecko) Chrome/133.0.0.0 Safari/537.36"
123.30.233.12 - - [29/May/2026:03:59:09 +0000] "POST /wp-login.php HTTP/1.1" 200 1965 "https://vcstore.stgviitor.com/wp-login.php" "Mozilla/5.0 (Windows NT 10.0) AppleWebKit/537.36 (KHTML, like Gecko) Chrome/133.0.0.0 Safari/537.36"
168.63.79.147 - - [29/May/2026:03:59:14 +0000] "GET /wp-login.php HTTP/1.1" 200 1831 "-" "Mozilla/5.0 (Windows NT 10.0; Win64; x64) AppleWebKit/537.36 (KHTML, like Gecko) Chrome/133.0.0.0 Safari/537.36 Edg/133.0.0.0"
78.47.173.76 - - [29/May/2026:03:59:15 +0000] "HEAD / HTTP/1.1" 301 0 "https://viitor.cloud" "Mozilla/5.0+(compatible; UptimeRobot/2.0; http://www.uptimerobot.com/)"
108.162.226.21 - - [29/May/2026:03:59:15 +0000] "GET /kult-casino-taydellinen-opas-suomalaisille-pelaajille/ HTTP/1.1" 200 3941 "-" "Mozilla/5.0 (Windows NT 10.0; Win64; x64) AppleWebKit/537.36 (KHTML, like Gecko) Chrome/145.0.0.0 Safari/537.36"
160.250.186.220 - - [29/May/2026:03:59:15 +0000] "GET /wp-login.php HTTP/1.1" 200 1831 "-" "Mozilla/5.0 (Windows NT 10.0; WOW64) AppleWebKit/537.36 (KHTML, like Gecko) Chrome/133.0.0.0 Safari/537.36"
168.63.79.147 - - [29/May/2026:03:59:16 +0000] "POST /wp-login.php HTTP/1.1" 200 1965 "https://vcstore.stgviitor.com/wp-login.php" "Mozilla/5.0 (Windows NT 10.0; Win64; x64) AppleWebKit/537.36 (KHTML, like Gecko) Chrome/133.0.0.0 Safari/537.36 Edg/133.0.0.0"
160.250.186.220 - - [29/May/2026:03:59:16 +0000] "POST /wp-login.php HTTP/1.1" 200 1965 "https://vcstore.stgviitor.com/wp-login.php" "Mozilla/5.0 (Windows NT 10.0; WOW64) AppleWebKit/537.36 (KHTML, like Gecko) Chrome/133.0.0.0 Safari/537.36"
64.49.37.13 - - [29/May/2026:03:59:17 +0000] "GET /kult-casino-taydellinen-opas-suomalaisille-pelaajille/ HTTP/1.1" 200 3923 "-" "Mozilla/5.0 (Windows NT 10.0; Win64; x64) AppleWebKit/537.36 (KHTML, like Gecko) Chrome/145.0.0.0 Safari/537.36"
148.101.117.235 - - [29/May/2026:03:59:33 +0000] "GET / HTTP/1.1" 200 14777 "-" "Mozilla/5.0 (Windows NT 10.0; Win64; x64) AppleWebKit/537.36 (KHTML, like Gecko) Chrome/120.0.0.0 Safari/537.36"
148.101.117.235 - - [29/May/2026:03:59:34 +0000] "GET /wp-login.php HTTP/1.1" 200 1857 "-" "Mozilla/5.0 (Windows NT 10.0; Win64; x64) AppleWebKit/537.36 (KHTML, like Gecko) Chrome/120.0.0.0 Safari/537.36"
148.101.117.235 - - [29/May/2026:03:59:35 +0000] "POST /wp-login.php HTTP/1.1" 302 5 "https://stg.everycred.com/wp-login.php" "Mozilla/5.0 (Windows NT 10.0; Win64; x64) AppleWebKit/537.36 (KHTML, like Gecko) Chrome/120.0.0.0 Safari/537.36"
148.101.117.235 - - [29/May/2026:03:59:35 +0000] "GET /wp-admin/ HTTP/1.1" 200 19612 "https://stg.everycred.com/wp-login.php" "Mozilla/5.0 (Windows NT 10.0; Win64; x64) AppleWebKit/537.36 (KHTML, like Gecko) Chrome/120.0.0.0 Safari/537.36"
201.218.163.108 - - [29/May/2026:03:59:39 +0000] "GET /wp-admin/ HTTP/1.1" 200 19614 "-" "Mozilla/5.0 (Windows NT 10.0; Win64; x64) AppleWebKit/537.36 (KHTML, like Gecko) Chrome/120.0.0.0 Safari/537.36"
201.218.163.108 - - [29/May/2026:03:59:40 +0000] "GET /wp-admin/post-new.php HTTP/1.1" 200 89872 "-" "Mozilla/5.0 (Windows NT 10.0; Win64; x64) AppleWebKit/537.36 (KHTML, like Gecko) Chrome/120.0.0.0 Safari/537.36"
102.218.86.222 - - [29/May/2026:03:59:41 +0000] "GET /industries/cybersecurity/ HTTP/1.1" 301 5 "-" "Mozilla/5.0 (Windows NT 6.3; Win64; x64) AppleWebKit/537.36 (KHTML, like Gecko) Brave Chrome/88.0.4324.182 Safari/537.36"
201.218.163.108 - - [29/May/2026:03:59:42 +0000] "POST /xmlrpc.php HTTP/1.1" 200 275 "-" "WordPress/5.0; https://stg.everycred.com"
102.218.86.222 - - [29/May/2026:03:59:42 +0000] "GET /?attachment_id=1710 HTTP/1.1" 200 16017 "-" "Mozilla/5.0 (Windows NT 6.3; Win64; x64) AppleWebKit/537.36 (KHTML, like Gecko) Brave Chrome/88.0.4324.182 Safari/537.36"
201.218.163.108 - - [29/May/2026:03:59:43 +0000] "GET /wp-admin/admin-ajax.php?action=rest-nonce HTTP/1.1" 200 41 "-" "Mozilla/5.0 (Windows NT 10.0; Win64; x64) AppleWebKit/537.36 (KHTML, like Gecko) Chrome/120.0.0.0 Safari/537.36"
201.218.163.108 - - [29/May/2026:03:59:44 +0000] "GET /wp-json/wp/v2/plugins HTTP/1.1" 200 1871 "-" "Mozilla/5.0 (Windows NT 10.0; Win64; x64) AppleWebKit/537.36 (KHTML, like Gecko) Chrome/120.0.0.0 Safari/537.36"
