134.209.147.209 - - [29/May/2026:02:06:16 +0000] "GET /wp-content/plugins/lifeline-plugin/assets/data/font-awesome-5.json HTTP/1.1" 200 13009 "-" "WordPress/7.0; https://bharti-foundation.stgviitor.com"
207.175.89.202 - - [29/May/2026:02:06:16 +0000] "GET /wp-content/themes/lifeline/assets/js/jquery.nice-select.min.js.map HTTP/1.1" 404 14138 "-" "Mozilla/5.0 (X11; Linux x86_64) AppleWebKit/537.36 (KHTML, like Gecko) Chrome/124.0 Safari/537.36"
134.209.147.209 - - [29/May/2026:02:06:16 +0000] "GET /wp-content/plugins/lifeline-plugin/assets/data/font-awesome-5.json HTTP/1.1" 200 13009 "-" "WordPress/7.0; https://bharti-foundation.stgviitor.com"
134.209.147.209 - - [29/May/2026:02:06:16 +0000] "GET /wp-content/plugins/lifeline-plugin/assets/data/font-awesome-5.json HTTP/1.1" 200 13009 "-" "WordPress/7.0; https://bharti-foundation.stgviitor.com"
207.175.89.202 - - [29/May/2026:02:06:16 +0000] "GET /wp-content/themes/lifeline/assets/js/jquery.barfiller.js.map HTTP/1.1" 404 14145 "-" "Mozilla/5.0 (X11; Linux x86_64) AppleWebKit/537.36 (KHTML, like Gecko) Chrome/124.0 Safari/537.36"
134.209.147.209 - - [29/May/2026:02:06:16 +0000] "GET /wp-content/plugins/lifeline-plugin/assets/data/font-awesome-5.json HTTP/1.1" 200 13009 "-" "WordPress/7.0; https://bharti-foundation.stgviitor.com"
134.209.147.209 - - [29/May/2026:02:06:16 +0000] "GET /wp-content/plugins/lifeline-plugin/assets/json/social-profile.json HTTP/1.1" 200 4033 "-" "WordPress/7.0; https://bharti-foundation.stgviitor.com"
134.209.147.209 - - [29/May/2026:02:06:16 +0000] "GET /wp-content/plugins/lifeline-plugin/assets/json/social-profile.json HTTP/1.1" 200 4033 "-" "WordPress/7.0; https://bharti-foundation.stgviitor.com"
134.209.147.209 - - [29/May/2026:02:06:17 +0000] "GET /wp-content/plugins/lifeline-plugin/assets/data/font-awesome-5.json HTTP/1.1" 200 13009 "-" "WordPress/7.0; https://bharti-foundation.stgviitor.com"
134.209.147.209 - - [29/May/2026:02:06:17 +0000] "GET /wp-content/plugins/lifeline-plugin/assets/data/font-awesome-5.json HTTP/1.1" 200 13009 "-" "WordPress/7.0; https://bharti-foundation.stgviitor.com"
207.175.89.202 - - [29/May/2026:02:06:17 +0000] "GET /wp-content/themes/lifeline/assets/js/wow.min.js.map HTTP/1.1" 404 14136 "-" "Mozilla/5.0 (X11; Linux x86_64) AppleWebKit/537.36 (KHTML, like Gecko) Chrome/124.0 Safari/537.36"
134.209.147.209 - - [29/May/2026:02:06:17 +0000] "GET /wp-content/plugins/lifeline-plugin/assets/data/font-awesome-5.json HTTP/1.1" 200 13009 "-" "WordPress/7.0; https://bharti-foundation.stgviitor.com"
134.209.147.209 - - [29/May/2026:02:06:17 +0000] "GET /wp-content/plugins/lifeline-plugin/assets/data/font-awesome-5.json HTTP/1.1" 200 13009 "-" "WordPress/7.0; https://bharti-foundation.stgviitor.com"
134.209.147.209 - - [29/May/2026:02:06:17 +0000] "GET /wp-content/plugins/lifeline-plugin/assets/data/font-awesome-5.json HTTP/1.1" 200 13009 "-" "WordPress/7.0; https://bharti-foundation.stgviitor.com"
134.209.147.209 - - [29/May/2026:02:06:17 +0000] "GET /wp-content/plugins/lifeline-plugin/assets/json/social-profile.json HTTP/1.1" 200 4033 "-" "WordPress/7.0; https://bharti-foundation.stgviitor.com"
134.209.147.209 - - [29/May/2026:02:06:17 +0000] "GET /wp-content/plugins/lifeline-plugin/assets/data/font-awesome-5.json HTTP/1.1" 200 13009 "-" "WordPress/7.0; https://bharti-foundation.stgviitor.com"
134.209.147.209 - - [29/May/2026:02:06:17 +0000] "GET /wp-content/plugins/lifeline-plugin/assets/json/social-profile.json HTTP/1.1" 200 4033 "-" "WordPress/7.0; https://bharti-foundation.stgviitor.com"
134.209.147.209 - - [29/May/2026:02:06:17 +0000] "GET /wp-content/plugins/lifeline-plugin/assets/data/font-awesome-5.json HTTP/1.1" 200 13009 "-" "WordPress/7.0; https://bharti-foundation.stgviitor.com"
134.209.147.209 - - [29/May/2026:02:06:18 +0000] "GET /wp-content/plugins/lifeline-plugin/assets/data/font-awesome-5.json HTTP/1.1" 200 13009 "-" "WordPress/7.0; https://bharti-foundation.stgviitor.com"
134.209.147.209 - - [29/May/2026:02:06:18 +0000] "GET /wp-content/plugins/lifeline-plugin/assets/data/font-awesome-5.json HTTP/1.1" 200 13009 "-" "WordPress/7.0; https://bharti-foundation.stgviitor.com"
134.209.147.209 - - [29/May/2026:02:06:18 +0000] "GET /wp-content/plugins/lifeline-plugin/assets/json/social-profile.json HTTP/1.1" 200 4033 "-" "WordPress/7.0; https://bharti-foundation.stgviitor.com"
207.175.89.202 - - [29/May/2026:02:06:18 +0000] "GET /wp-includes/js/jquery/ui/core.min.js.map HTTP/1.1" 499 0 "-" "Mozilla/5.0 (X11; Linux x86_64) AppleWebKit/537.36 (KHTML, like Gecko) Chrome/124.0 Safari/537.36"
134.209.147.209 - - [29/May/2026:02:06:18 +0000] "GET /wp-content/plugins/lifeline-plugin/assets/data/font-awesome-5.json HTTP/1.1" 200 13009 "-" "WordPress/7.0; https://bharti-foundation.stgviitor.com"
207.175.89.202 - - [29/May/2026:02:06:18 +0000] "GET /wp-content/plugins/webinane-responsive-header/assets/js/jquery.mCustomScrollbar.min.js.map HTTP/1.1" 404 14142 "-" "Mozilla/5.0 (X11; Linux x86_64) AppleWebKit/537.36 (KHTML, like Gecko) Chrome/124.0 Safari/537.36"
134.209.147.209 - - [29/May/2026:02:06:18 +0000] "GET /wp-content/plugins/lifeline-plugin/assets/data/font-awesome-5.json HTTP/1.1" 200 13009 "-" "WordPress/7.0; https://bharti-foundation.stgviitor.com"
134.209.147.209 - - [29/May/2026:02:06:18 +0000] "GET /wp-content/plugins/lifeline-plugin/assets/data/font-awesome-5.json HTTP/1.1" 200 13009 "-" "WordPress/7.0; https://bharti-foundation.stgviitor.com"
207.175.89.202 - - [29/May/2026:02:06:18 +0000] "GET /wp-content/themes/lifeline/assets/js/lifeline-common.js.map HTTP/1.1" 404 14144 "-" "Mozilla/5.0 (X11; Linux x86_64) AppleWebKit/537.36 (KHTML, like Gecko) Chrome/124.0 Safari/537.36"
134.209.147.209 - - [29/May/2026:02:06:19 +0000] "GET /wp-content/plugins/lifeline-plugin/assets/data/font-awesome-5.json HTTP/1.1" 200 13009 "-" "WordPress/7.0; https://bharti-foundation.stgviitor.com"
134.209.147.209 - - [29/May/2026:02:06:19 +0000] "GET /wp-content/plugins/lifeline-plugin/assets/data/font-awesome-5.json HTTP/1.1" 200 13009 "-" "WordPress/7.0; https://bharti-foundation.stgviitor.com"
207.175.89.202 - - [29/May/2026:02:06:19 +0000] "GET /wp-content/themes/lifeline/assets/js/lifeline-script.js.map HTTP/1.1" 404 14137 "-" "Mozilla/5.0 (X11; Linux x86_64) AppleWebKit/537.36 (KHTML, like Gecko) Chrome/124.0 Safari/537.36"
207.175.89.202 - - [29/May/2026:02:06:19 +0000] "GET /wp-content/plugins/webinane-elementor/modules/nav-menu/js/index.js.map HTTP/1.1" 499 0 "-" "Mozilla/5.0 (X11; Linux x86_64) AppleWebKit/537.36 (KHTML, like Gecko) Chrome/124.0 Safari/537.36"
134.209.147.209 - - [29/May/2026:02:06:19 +0000] "GET /wp-content/plugins/lifeline-plugin/assets/data/font-awesome-5.json HTTP/1.1" 200 13009 "-" "WordPress/7.0; https://bharti-foundation.stgviitor.com"
134.209.147.209 - - [29/May/2026:02:06:19 +0000] "GET /wp-content/plugins/lifeline-plugin/assets/json/social-profile.json HTTP/1.1" 200 4033 "-" "WordPress/7.0; https://bharti-foundation.stgviitor.com"
134.209.147.209 - - [29/May/2026:02:06:19 +0000] "GET /wp-content/plugins/lifeline-plugin/assets/json/social-profile.json HTTP/1.1" 200 4033 "-" "WordPress/7.0; https://bharti-foundation.stgviitor.com"
134.209.147.209 - - [29/May/2026:02:06:19 +0000] "GET /wp-content/plugins/lifeline-plugin/assets/data/font-awesome-5.json HTTP/1.1" 200 13009 "-" "WordPress/7.0; https://bharti-foundation.stgviitor.com"
134.209.147.209 - - [29/May/2026:02:06:19 +0000] "GET /wp-content/plugins/lifeline-plugin/assets/data/font-awesome-5.json HTTP/1.1" 200 13009 "-" "WordPress/7.0; https://bharti-foundation.stgviitor.com"
134.209.147.209 - - [29/May/2026:02:06:19 +0000] "GET /wp-content/plugins/lifeline-plugin/assets/data/font-awesome-5.json HTTP/1.1" 200 13009 "-" "WordPress/7.0; https://bharti-foundation.stgviitor.com"
134.209.147.209 - - [29/May/2026:02:06:19 +0000] "GET /wp-content/plugins/lifeline-plugin/assets/data/font-awesome-5.json HTTP/1.1" 200 13009 "-" "WordPress/7.0; https://bharti-foundation.stgviitor.com"
200.142.101.178 - - [29/May/2026:02:06:19 +0000] "POST /xmlrpc.php HTTP/1.1" 499 0 "-" "WordPress.com; https://wordpress.com"
134.209.147.209 - - [29/May/2026:02:06:19 +0000] "GET /wp-content/plugins/lifeline-plugin/assets/data/font-awesome-5.json HTTP/1.1" 200 13009 "-" "WordPress/7.0; https://bharti-foundation.stgviitor.com"
134.209.147.209 - - [29/May/2026:02:06:19 +0000] "GET /wp-content/plugins/lifeline-plugin/assets/data/font-awesome-5.json HTTP/1.1" 200 13009 "-" "WordPress/7.0; https://bharti-foundation.stgviitor.com"
134.209.147.209 - - [29/May/2026:02:06:20 +0000] "GET /wp-content/plugins/lifeline-plugin/assets/json/social-profile.json HTTP/1.1" 200 4033 "-" "WordPress/7.0; https://bharti-foundation.stgviitor.com"
134.209.147.209 - - [29/May/2026:02:06:20 +0000] "GET /wp-content/plugins/lifeline-plugin/assets/json/social-profile.json HTTP/1.1" 200 4033 "-" "WordPress/7.0; https://bharti-foundation.stgviitor.com"
134.209.147.209 - - [29/May/2026:02:06:20 +0000] "GET /wp-content/plugins/lifeline-plugin/assets/data/font-awesome-5.json HTTP/1.1" 200 13009 "-" "WordPress/7.0; https://bharti-foundation.stgviitor.com"
134.209.147.209 - - [29/May/2026:02:06:20 +0000] "GET /wp-content/plugins/lifeline-plugin/assets/data/font-awesome-5.json HTTP/1.1" 200 13009 "-" "WordPress/7.0; https://bharti-foundation.stgviitor.com"
134.209.147.209 - - [29/May/2026:02:06:20 +0000] "GET /wp-content/plugins/lifeline-plugin/assets/data/font-awesome-5.json HTTP/1.1" 200 13009 "-" "WordPress/7.0; https://bharti-foundation.stgviitor.com"
134.209.147.209 - - [29/May/2026:02:06:20 +0000] "GET /wp-content/plugins/lifeline-plugin/assets/json/social-profile.json HTTP/1.1" 200 4033 "-" "WordPress/7.0; https://bharti-foundation.stgviitor.com"
207.175.89.202 - - [29/May/2026:02:06:20 +0000] "GET /wp-content/themes/lifeline-child/js/recurring/subscription_script.js.map HTTP/1.1" 499 0 "-" "Mozilla/5.0 (X11; Linux x86_64) AppleWebKit/537.36 (KHTML, like Gecko) Chrome/124.0 Safari/537.36"
207.175.89.202 - - [29/May/2026:02:06:20 +0000] "GET /wp-includes/js/underscore.min.js.map HTTP/1.1" 499 0 "-" "Mozilla/5.0 (X11; Linux x86_64) AppleWebKit/537.36 (KHTML, like Gecko) Chrome/124.0 Safari/537.36"
134.209.147.209 - - [29/May/2026:02:06:20 +0000] "GET /wp-content/plugins/lifeline-plugin/assets/data/font-awesome-5.json HTTP/1.1" 200 13009 "-" "WordPress/7.0; https://bharti-foundation.stgviitor.com"
134.209.147.209 - - [29/May/2026:02:06:21 +0000] "GET /wp-content/plugins/lifeline-plugin/assets/data/font-awesome-5.json HTTP/1.1" 200 13009 "-" "WordPress/7.0; https://bharti-foundation.stgviitor.com"
134.209.147.209 - - [29/May/2026:02:06:21 +0000] "GET /wp-content/plugins/lifeline-plugin/assets/data/font-awesome-5.json HTTP/1.1" 200 13009 "-" "WordPress/7.0; https://bharti-foundation.stgviitor.com"
207.175.89.202 - - [29/May/2026:02:06:21 +0000] "GET /wp-content/themes/lifeline-child/js/recurring/subscription.js.map HTTP/1.1" 404 14134 "-" "Mozilla/5.0 (X11; Linux x86_64) AppleWebKit/537.36 (KHTML, like Gecko) Chrome/124.0 Safari/537.36"
134.209.147.209 - - [29/May/2026:02:06:21 +0000] "GET /wp-content/plugins/lifeline-plugin/assets/data/font-awesome-5.json HTTP/1.1" 200 13009 "-" "WordPress/7.0; https://bharti-foundation.stgviitor.com"
134.209.147.209 - - [29/May/2026:02:06:21 +0000] "GET /wp-content/plugins/lifeline-plugin/assets/data/font-awesome-5.json HTTP/1.1" 200 13009 "-" "WordPress/7.0; https://bharti-foundation.stgviitor.com"
207.175.89.202 - - [29/May/2026:02:06:21 +0000] "GET /wp-content/plugins/elementor/assets/js/frontend-modules.min.js.map HTTP/1.1" 404 14141 "-" "Mozilla/5.0 (X11; Linux x86_64) AppleWebKit/537.36 (KHTML, like Gecko) Chrome/124.0 Safari/537.36"
207.175.89.202 - - [29/May/2026:02:06:21 +0000] "GET /wp-includes/js/jquery/jquery.min.js.map HTTP/1.1" 499 0 "-" "Mozilla/5.0 (X11; Linux x86_64) AppleWebKit/537.36 (KHTML, like Gecko) Chrome/124.0 Safari/537.36"
207.175.89.202 - - [29/May/2026:02:06:21 +0000] "GET /wp-includes/js/dist/vendor/moment.min.js.map HTTP/1.1" 499 0 "-" "Mozilla/5.0 (X11; Linux x86_64) AppleWebKit/537.36 (KHTML, like Gecko) Chrome/124.0 Safari/537.36"
207.175.89.202 - - [29/May/2026:02:06:21 +0000] "GET /wp-content/plugins/webinane-elementor/assets/js/jquery.fancybox.min.js.map HTTP/1.1" 499 0 "-" "Mozilla/5.0 (X11; Linux x86_64) AppleWebKit/537.36 (KHTML, like Gecko) Chrome/124.0 Safari/537.36"
207.175.89.202 - - [29/May/2026:02:06:21 +0000] "GET /wp-content/plugins/woocommerce/assets/js/select2/select2.full.min.js.map HTTP/1.1" 499 0 "-" "Mozilla/5.0 (X11; Linux x86_64) AppleWebKit/537.36 (KHTML, like Gecko) Chrome/124.0 Safari/537.36"
207.175.89.202 - - [29/May/2026:02:06:21 +0000] "GET /wp-content/themes/lifeline/assets/js/bootstrap.min.js.map HTTP/1.1" 499 0 "-" "Mozilla/5.0 (X11; Linux x86_64) AppleWebKit/537.36 (KHTML, like Gecko) Chrome/124.0 Safari/537.36"
134.209.147.209 - - [29/May/2026:02:06:21 +0000] "GET /wp-content/plugins/lifeline-plugin/assets/json/social-profile.json HTTP/1.1" 200 4033 "-" "WordPress/7.0; https://bharti-foundation.stgviitor.com"
134.209.147.209 - - [29/May/2026:02:06:21 +0000] "GET /wp-content/plugins/lifeline-plugin/assets/json/social-profile.json HTTP/1.1" 200 4033 "-" "WordPress/7.0; https://bharti-foundation.stgviitor.com"
134.209.147.209 - - [29/May/2026:02:06:22 +0000] "GET /wp-content/plugins/lifeline-plugin/assets/data/font-awesome-5.json HTTP/1.1" 200 13009 "-" "WordPress/7.0; https://bharti-foundation.stgviitor.com"
134.209.147.209 - - [29/May/2026:02:06:22 +0000] "GET /wp-content/plugins/lifeline-plugin/assets/data/font-awesome-5.json HTTP/1.1" 200 13009 "-" "WordPress/7.0; https://bharti-foundation.stgviitor.com"
134.209.147.209 - - [29/May/2026:02:06:22 +0000] "GET /wp-content/plugins/lifeline-plugin/assets/data/font-awesome-5.json HTTP/1.1" 200 13009 "-" "WordPress/7.0; https://bharti-foundation.stgviitor.com"
134.209.147.209 - - [29/May/2026:02:06:22 +0000] "GET /wp-content/plugins/lifeline-plugin/assets/data/font-awesome-5.json HTTP/1.1" 200 13009 "-" "WordPress/7.0; https://bharti-foundation.stgviitor.com"
134.209.147.209 - - [29/May/2026:02:06:22 +0000] "GET /wp-content/plugins/lifeline-plugin/assets/data/font-awesome-5.json HTTP/1.1" 200 13009 "-" "WordPress/7.0; https://bharti-foundation.stgviitor.com"
134.209.147.209 - - [29/May/2026:02:06:22 +0000] "GET /wp-content/plugins/lifeline-plugin/assets/json/social-profile.json HTTP/1.1" 200 4033 "-" "WordPress/7.0; https://bharti-foundation.stgviitor.com"
134.209.147.209 - - [29/May/2026:02:06:22 +0000] "GET /wp-content/plugins/lifeline-plugin/assets/data/font-awesome-5.json HTTP/1.1" 200 13009 "-" "WordPress/7.0; https://bharti-foundation.stgviitor.com"
134.209.147.209 - - [29/May/2026:02:06:22 +0000] "GET /wp-content/plugins/lifeline-plugin/assets/data/font-awesome-5.json HTTP/1.1" 200 13009 "-" "WordPress/7.0; https://bharti-foundation.stgviitor.com"
134.209.147.209 - - [29/May/2026:02:06:22 +0000] "GET /wp-content/plugins/lifeline-plugin/assets/json/social-profile.json HTTP/1.1" 200 4033 "-" "WordPress/7.0; https://bharti-foundation.stgviitor.com"
134.209.147.209 - - [29/May/2026:02:06:22 +0000] "POST /wp-cron.php?doing_wp_cron=1780020381.9689729213714599609375 HTTP/1.1" 499 0 "-" "WordPress/6.9.1; https://e-tdr.com"
138.68.19.42 - - [29/May/2026:02:06:22 +0000] "GET /wp-login.php HTTP/1.1" 200 2007 "-" "Mozilla/5.0"
134.209.147.209 - - [29/May/2026:02:06:23 +0000] "GET /wp-content/plugins/lifeline-plugin/assets/data/font-awesome-5.json HTTP/1.1" 200 13009 "-" "WordPress/7.0; https://bharti-foundation.stgviitor.com"
138.68.19.42 - - [29/May/2026:02:06:23 +0000] "GET /?author=1 HTTP/1.1" 301 5 "-" "Mozilla/5.0"
138.68.19.42 - - [29/May/2026:02:06:23 +0000] "GET /?author=2 HTTP/1.1" 301 5 "-" "Mozilla/5.0"
138.68.19.42 - - [29/May/2026:02:06:24 +0000] "GET /?author=3 HTTP/1.1" 404 9952 "-" "Mozilla/5.0"
200.142.101.178 - - [29/May/2026:02:06:25 +0000] "POST /xmlrpc.php HTTP/1.1" 200 415 "-" "Jetpack by WordPress.com"
200.142.101.178 - - [29/May/2026:02:06:35 +0000] "POST /xmlrpc.php HTTP/1.1" 200 415 "-" "Jetpack by WordPress.com"
200.142.101.178 - - [29/May/2026:02:06:46 +0000] "POST /xmlrpc.php HTTP/1.1" 200 415 "-" "Jetpack by WordPress.com (Jetpack 12.5; WordPress 6.1)"
172.69.165.27 - - [29/May/2026:02:06:54 +0000] "GET /wp-login.php HTTP/1.1" 499 0 "-" "Mozilla/5.0 (Windows NT 10.0; Win64; x64) AppleWebKit/537.36 (KHTML, like Gecko) Chrome/133.0.0.0 Safari/537.36"
200.142.101.178 - - [29/May/2026:02:06:56 +0000] "POST /xmlrpc.php HTTP/1.1" 200 415 "-" "WordPress.com; https://wordpress.com"
200.142.101.178 - - [29/May/2026:02:07:07 +0000] "POST /xmlrpc.php HTTP/1.1" 200 415 "-" "Jetpack by WordPress.com"
172.70.208.117 - - [29/May/2026:02:07:07 +0000] "GET /wp-login.php HTTP/1.1" 200 1770 "-" "Mozilla/5.0 (Windows NT 10.0; Win64; x64) AppleWebKit/537.36 (KHTML, like Gecko) Chrome/133.0.0.0 Safari/537.36"
104.23.175.95 - - [29/May/2026:02:07:08 +0000] "POST /wp-login.php HTTP/1.1" 200 1905 "https://vcstore.viitorcloud.com/wp-login.php" "Mozilla/5.0 (Windows NT 10.0; Win64; x64) AppleWebKit/537.36 (KHTML, like Gecko) Chrome/133.0.0.0 Safari/537.36"
104.23.175.95 - - [29/May/2026:02:07:09 +0000] "GET /wp-login.php HTTP/1.1" 200 1770 "-" "Mozilla/5.0 (Windows NT 10.0; Win64; x64) AppleWebKit/537.36 (KHTML, like Gecko) Chrome/133.0.0.0 Safari/537.36 Edg/133.0.0.0"
104.23.175.105 - - [29/May/2026:02:07:11 +0000] "POST /wp-login.php HTTP/1.1" 200 1905 "https://vcstore.viitorcloud.com/wp-login.php" "Mozilla/5.0 (Windows NT 10.0; Win64; x64) AppleWebKit/537.36 (KHTML, like Gecko) Chrome/133.0.0.0 Safari/537.36 Edg/133.0.0.0"
172.69.166.17 - - [29/May/2026:02:07:13 +0000] "GET /wp-login.php HTTP/1.1" 200 1770 "-" "Mozilla/5.0 (Windows NT 10.0; WOW64) AppleWebKit/537.36 (KHTML, like Gecko) Chrome/133.0.0.0 Safari/537.36"
104.22.66.50 - Trendygital.com [29/May/2026:02:07:13 +0000] "GET /wp-json/wp/v2/users/me HTTP/1.1" 499 0 "-" "Mozilla/5.0 (Windows NT 10.0; Win64; x64) AppleWebKit/537.36 (KHTML, like Gecko) Chrome/133.0.0.0 Safari/537.36"
134.209.147.209 - - [29/May/2026:02:07:18 +0000] "POST /wp-cron.php?doing_wp_cron=1780020438.0561730861663818359375 HTTP/1.1" 200 31 "-" "WordPress/6.9.1; https://e-tdr.com"
200.142.101.178 - - [29/May/2026:02:07:18 +0000] "POST /xmlrpc.php HTTP/1.1" 200 415 "-" "Jetpack/12.5; WordPress/6.2; http://site72915142.com"
172.70.93.17 - - [29/May/2026:02:07:20 +0000] "POST /wp-login.php HTTP/1.1" 200 1905 "https://vcstore.viitorcloud.com/wp-login.php" "Mozilla/5.0 (Windows NT 10.0; WOW64) AppleWebKit/537.36 (KHTML, like Gecko) Chrome/133.0.0.0 Safari/537.36"
3.77.67.4 - - [29/May/2026:02:07:20 +0000] "HEAD / HTTP/1.1" 301 0 "https://viitor.cloud" "Mozilla/5.0+(compatible; UptimeRobot/2.0; http://www.uptimerobot.com/)"
200.142.101.178 - - [29/May/2026:02:07:28 +0000] "POST /xmlrpc.php HTTP/1.1" 200 415 "-" "Jetpack by WordPress.com (Jetpack 12.0; WordPress 6.1)"
200.142.101.178 - - [29/May/2026:02:07:39 +0000] "POST /xmlrpc.php HTTP/1.1" 200 415 "-" "Jetpack by WordPress.com (Jetpack 12.1; WordPress 6.1)"
200.142.101.178 - - [29/May/2026:02:07:49 +0000] "POST /xmlrpc.php HTTP/1.1" 200 415 "-" "Jetpack/13.0; WordPress/6.2; http://site55060460.com"
134.209.147.209 - - [29/May/2026:02:07:59 +0000] "GET /wp-content/plugins/lifeline-plugin/assets/data/font-awesome-5.json HTTP/1.1" 200 13009 "-" "WordPress/7.0; https://bharti-foundation.stgviitor.com"
134.209.147.209 - - [29/May/2026:02:07:59 +0000] "GET /wp-content/plugins/lifeline-plugin/assets/data/font-awesome-5.json HTTP/1.1" 200 13009 "-" "WordPress/7.0; https://bharti-foundation.stgviitor.com"
134.209.147.209 - - [29/May/2026:02:07:59 +0000] "GET /wp-content/plugins/lifeline-plugin/assets/json/social-profile.json HTTP/1.1" 200 4033 "-" "WordPress/7.0; https://bharti-foundation.stgviitor.com"
134.209.147.209 - - [29/May/2026:02:07:59 +0000] "GET /wp-content/plugins/lifeline-plugin/assets/data/font-awesome-5.json HTTP/1.1" 200 13009 "-" "WordPress/7.0; https://bharti-foundation.stgviitor.com"
134.209.147.209 - - [29/May/2026:02:07:59 +0000] "POST /wp-cron.php?doing_wp_cron=1780020479.3608009815216064453125 HTTP/1.1" 200 31 "-" "WordPress/7.0; https://bharti-foundation.stgviitor.com"
213.55.96.153 - - [29/May/2026:02:07:59 +0000] "GET /wp-login.php HTTP/1.1" 200 2044 "-" "Mozilla/5.0 (X11; Linux x86_64; rv:133.0) Gecko/20100101 Firefox/133.0"
134.209.147.209 - - [29/May/2026:02:07:59 +0000] "GET /wp-content/plugins/lifeline-plugin/assets/data/font-awesome-5.json HTTP/1.1" 200 13009 "-" "WordPress/7.0; https://bharti-foundation.stgviitor.com"
134.209.147.209 - - [29/May/2026:02:07:59 +0000] "GET /wp-content/plugins/lifeline-plugin/assets/data/font-awesome-5.json HTTP/1.1" 200 13009 "-" "WordPress/7.0; https://bharti-foundation.stgviitor.com"
134.209.147.209 - - [29/May/2026:02:07:59 +0000] "GET /wp-content/plugins/lifeline-plugin/assets/json/social-profile.json HTTP/1.1" 200 4033 "-" "WordPress/7.0; https://bharti-foundation.stgviitor.com"
134.209.147.209 - - [29/May/2026:02:07:59 +0000] "GET /wp-content/plugins/lifeline-plugin/assets/data/font-awesome-5.json HTTP/1.1" 200 13009 "-" "WordPress/7.0; https://bharti-foundation.stgviitor.com"
200.142.101.178 - - [29/May/2026:02:08:00 +0000] "POST /xmlrpc.php HTTP/1.1" 200 415 "-" "Jetpack by WordPress.com"
134.209.147.209 - - [29/May/2026:02:08:04 +0000] "GET /wp-content/plugins/lifeline-plugin/assets/data/font-awesome-5.json HTTP/1.1" 200 13009 "-" "WordPress/7.0; https://bharti-foundation.stgviitor.com"
134.209.147.209 - - [29/May/2026:02:08:04 +0000] "GET /wp-content/plugins/lifeline-plugin/assets/data/font-awesome-5.json HTTP/1.1" 200 13009 "-" "WordPress/7.0; https://bharti-foundation.stgviitor.com"
134.209.147.209 - - [29/May/2026:02:08:04 +0000] "GET /wp-content/plugins/lifeline-plugin/assets/json/social-profile.json HTTP/1.1" 200 4033 "-" "WordPress/7.0; https://bharti-foundation.stgviitor.com"
134.209.147.209 - - [29/May/2026:02:08:04 +0000] "GET /wp-content/plugins/lifeline-plugin/assets/data/font-awesome-5.json HTTP/1.1" 200 13009 "-" "WordPress/7.0; https://bharti-foundation.stgviitor.com"
213.55.96.153 - - [29/May/2026:02:08:04 +0000] "POST /wp-login.php HTTP/1.1" 200 2206 "https://bharti-foundation.stgviitor.com/wp-login.php" "Mozilla/5.0 (X11; Linux x86_64; rv:133.0) Gecko/20100101 Firefox/133.0"
134.209.147.209 - - [29/May/2026:02:08:11 +0000] "POST /wp-cron.php?doing_wp_cron=1780020491.1184530258178710937500 HTTP/1.1" 200 31 "-" "WordPress/6.9.1; https://e-tdr.com"
200.142.101.178 - - [29/May/2026:02:08:11 +0000] "POST /xmlrpc.php HTTP/1.1" 200 415 "-" "Jetpack by WordPress.com (Jetpack 12.1; WordPress 6.3)"
200.142.101.178 - - [29/May/2026:02:08:21 +0000] "POST /xmlrpc.php HTTP/1.1" 200 415 "-" "Jetpack by WordPress.com (Jetpack 12.1; WordPress 6.4)"
200.142.101.178 - - [29/May/2026:02:08:32 +0000] "POST /xmlrpc.php HTTP/1.1" 200 415 "-" "Jetpack/12.1; WordPress/6.3; http://site14844894.com"
200.142.101.178 - - [29/May/2026:02:08:42 +0000] "POST /xmlrpc.php HTTP/1.1" 200 415 "-" "Jetpack/12.5; WordPress/6.4; http://site67518225.com"
134.209.147.209 - - [29/May/2026:02:08:48 +0000] "POST /wp-cron.php?doing_wp_cron=1780020528.6418590545654296875000 HTTP/1.1" 200 31 "-" "WordPress/6.9.4; https://stg.everycred.com"
179.6.75.192 - - [29/May/2026:02:08:48 +0000] "GET / HTTP/1.1" 200 14097 "-" "Mozilla/5.0 (Windows NT 10.0; Win64; x64) AppleWebKit/537.36 (KHTML, like Gecko) Chrome/120.0.0.0 Safari/537.36"
68.218.30.114 - - [29/May/2026:02:08:49 +0000] "GET / HTTP/1.1" 200 17669 "-" "Mozilla/5.0 AppleWebKit/537.36 (KHTML, like Gecko); compatible; ChatGPT-User/1.0; +https://openai.com/bot"
179.6.75.192 - - [29/May/2026:02:08:49 +0000] "GET /wp-login.php HTTP/1.1" 200 1857 "-" "Mozilla/5.0 (Windows NT 10.0; Win64; x64) AppleWebKit/537.36 (KHTML, like Gecko) Chrome/120.0.0.0 Safari/537.36"
134.209.147.209 - - [29/May/2026:02:08:50 +0000] "POST /wp-admin/admin-ajax.php HTTP/1.1" 200 32 "-" "WordPress/6.9.4; https://stg.everycred.com"
179.6.75.192 - - [29/May/2026:02:08:50 +0000] "POST /wp-login.php HTTP/1.1" 302 5 "https://stg.everycred.com/wp-login.php" "Mozilla/5.0 (Windows NT 10.0; Win64; x64) AppleWebKit/537.36 (KHTML, like Gecko) Chrome/120.0.0.0 Safari/537.36"
179.6.75.192 - - [29/May/2026:02:08:51 +0000] "GET /wp-admin/ HTTP/1.1" 200 19612 "https://stg.everycred.com/wp-login.php" "Mozilla/5.0 (Windows NT 10.0; Win64; x64) AppleWebKit/537.36 (KHTML, like Gecko) Chrome/120.0.0.0 Safari/537.36"
200.142.101.178 - - [29/May/2026:02:08:53 +0000] "POST /xmlrpc.php HTTP/1.1" 200 415 "-" "WordPress.com; https://wordpress.com"
134.209.147.209 - - [29/May/2026:02:08:53 +0000] "POST /wp-cron.php?doing_wp_cron=1780020533.8010718822479248046875 HTTP/1.1" 200 31 "-" "WordPress/6.6.1; https://newfaith.focalat.com"
82.223.24.195 - - [29/May/2026:02:08:53 +0000] "GET /wp-login.php HTTP/1.1" 200 2033 "-" "Mozilla/5.0 (Macintosh; Intel Mac OS X 10_15_7) AppleWebKit/537.36 (KHTML, like Gecko) Chrome/133.0.0.0 Safari/537.36"
190.246.248.176 - - [29/May/2026:02:08:54 +0000] "GET /wp-admin/ HTTP/1.1" 200 19612 "-" "Mozilla/5.0 (Windows NT 10.0; Win64; x64) AppleWebKit/537.36 (KHTML, like Gecko) Chrome/120.0.0.0 Safari/537.36"
82.223.24.195 - - [29/May/2026:02:08:56 +0000] "POST /wp-login.php HTTP/1.1" 200 2194 "https://newfaith.focalat.com/wp-login.php" "Mozilla/5.0 (Macintosh; Intel Mac OS X 10_15_7) AppleWebKit/537.36 (KHTML, like Gecko) Chrome/133.0.0.0 Safari/537.36"
190.246.248.176 - - [29/May/2026:02:08:56 +0000] "GET /wp-admin/post-new.php HTTP/1.1" 200 89872 "-" "Mozilla/5.0 (Windows NT 10.0; Win64; x64) AppleWebKit/537.36 (KHTML, like Gecko) Chrome/120.0.0.0 Safari/537.36"
190.246.248.176 - - [29/May/2026:02:08:58 +0000] "POST /xmlrpc.php HTTP/1.1" 200 275 "-" "WordPress/5.0; https://stg.everycred.com"
190.246.248.176 - - [29/May/2026:02:08:59 +0000] "GET /wp-admin/admin-ajax.php?action=rest-nonce HTTP/1.1" 200 41 "-" "Mozilla/5.0 (Windows NT 10.0; Win64; x64) AppleWebKit/537.36 (KHTML, like Gecko) Chrome/120.0.0.0 Safari/537.36"
190.246.248.176 - - [29/May/2026:02:08:59 +0000] "GET /wp-json/wp/v2/plugins HTTP/1.1" 200 1871 "-" "Mozilla/5.0 (Windows NT 10.0; Win64; x64) AppleWebKit/537.36 (KHTML, like Gecko) Chrome/120.0.0.0 Safari/537.36"
190.246.248.176 - - [29/May/2026:02:09:00 +0000] "GET /wp-json/wp/v2/settings HTTP/1.1" 200 298 "-" "Mozilla/5.0 (Windows NT 10.0; Win64; x64) AppleWebKit/537.36 (KHTML, like Gecko) Chrome/120.0.0.0 Safari/537.36"
190.246.248.176 - - [29/May/2026:02:09:02 +0000] "GET /wp-json/wp/v2/pages/28 HTTP/1.1" 200 1224 "-" "Mozilla/5.0 (Windows NT 10.0; Win64; x64) AppleWebKit/537.36 (KHTML, like Gecko) Chrome/120.0.0.0 Safari/537.36"
190.246.248.176 - - [29/May/2026:02:09:04 +0000] "POST /xmlrpc.php HTTP/1.1" 200 139 "-" "Mozilla/5.0 (Windows NT 10.0; Win64; x64) AppleWebKit/537.36 (KHTML, like Gecko) Chrome/120.0.0.0 Safari/537.36"
200.142.101.178 - - [29/May/2026:02:09:04 +0000] "POST /xmlrpc.php HTTP/1.1" 200 415 "-" "Jetpack by WordPress.com (Jetpack 12.0; WordPress 6.4)"
190.246.248.176 - - [29/May/2026:02:09:06 +0000] "GET /?page_id=28 HTTP/1.1" 301 5 "-" "Mozilla/5.0 (Windows NT 10.0; Win64; x64) AppleWebKit/537.36 (KHTML, like Gecko) Chrome/120.0.0.0 Safari/537.36"
190.246.248.176 - - [29/May/2026:02:09:07 +0000] "GET / HTTP/1.1" 200 15349 "-" "Mozilla/5.0 (Windows NT 10.0; Win64; x64) AppleWebKit/537.36 (KHTML, like Gecko) Chrome/120.0.0.0 Safari/537.36"
134.209.147.209 - - [29/May/2026:02:09:14 +0000] "POST /wp-cron.php?doing_wp_cron=1780020554.8540489673614501953125 HTTP/1.1" 200 31 "-" "WordPress/6.9.1; https://e-tdr.com"
200.142.101.178 - - [29/May/2026:02:09:14 +0000] "POST /xmlrpc.php HTTP/1.1" 200 415 "-" "Jetpack by WordPress.com (Jetpack 12.5; WordPress 6.3)"
200.142.101.178 - - [29/May/2026:02:09:25 +0000] "POST /xmlrpc.php HTTP/1.1" 200 415 "-" "Jetpack by WordPress.com"
200.142.101.178 - - [29/May/2026:02:09:36 +0000] "POST /xmlrpc.php HTTP/1.1" 200 415 "-" "Jetpack/12.1; WordPress/6.2; http://site24622101.com"
200.142.101.178 - - [29/May/2026:02:09:46 +0000] "POST /xmlrpc.php HTTP/1.1" 200 415 "-" "Jetpack by WordPress.com"
51.77.82.63 - - [29/May/2026:02:09:50 +0000] "GET /wp-json/bm/v1/ HTTP/1.1" 404 125 "-" "Mozilla/5.0 (Windows NT 10.0; Win64; x64) AppleWebKit/537.36 (KHTML, like Gecko) Chrome/148.0.0.0 Safari/537.36"
200.142.101.178 - - [29/May/2026:02:09:57 +0000] "POST /xmlrpc.php HTTP/1.1" 200 415 "-" "Jetpack/13.0; WordPress/6.4; http://site86249497.com"
200.142.101.178 - - [29/May/2026:02:10:07 +0000] "POST /xmlrpc.php HTTP/1.1" 200 415 "-" "WordPress.com; https://wordpress.com"
134.209.147.209 - - [29/May/2026:02:10:18 +0000] "POST /wp-cron.php?doing_wp_cron=1780020618.5638790130615234375000 HTTP/1.1" 200 31 "-" "WordPress/6.9.1; https://e-tdr.com"
200.142.101.178 - - [29/May/2026:02:10:18 +0000] "POST /xmlrpc.php HTTP/1.1" 200 415 "-" "Jetpack by WordPress.com (Jetpack 12.5; WordPress 6.3)"
200.142.101.178 - - [29/May/2026:02:10:29 +0000] "POST /xmlrpc.php HTTP/1.1" 200 415 "-" "Jetpack/12.5; WordPress/6.1; http://site96645531.com"
200.142.101.178 - - [29/May/2026:02:10:39 +0000] "POST /xmlrpc.php HTTP/1.1" 200 415 "-" "Jetpack/12.1; WordPress/6.1; http://site17163090.com"
134.209.147.209 - - [29/May/2026:02:10:45 +0000] "GET /wp-content/plugins/lifeline-plugin/assets/data/font-awesome-5.json HTTP/1.1" 200 13009 "-" "WordPress/7.0; https://bharti-foundation.stgviitor.com"
134.209.147.209 - - [29/May/2026:02:10:45 +0000] "GET /wp-content/plugins/lifeline-plugin/assets/data/font-awesome-5.json HTTP/1.1" 200 13009 "-" "WordPress/7.0; https://bharti-foundation.stgviitor.com"
134.209.147.209 - - [29/May/2026:02:10:45 +0000] "GET /wp-content/plugins/lifeline-plugin/assets/json/social-profile.json HTTP/1.1" 200 4033 "-" "WordPress/7.0; https://bharti-foundation.stgviitor.com"
134.209.147.209 - - [29/May/2026:02:10:45 +0000] "GET /wp-content/plugins/lifeline-plugin/assets/data/font-awesome-5.json HTTP/1.1" 200 13009 "-" "WordPress/7.0; https://bharti-foundation.stgviitor.com"
134.209.147.209 - - [29/May/2026:02:10:46 +0000] "POST /wp-cron.php?doing_wp_cron=1780020646.0690751075744628906250 HTTP/1.1" 200 31 "-" "WordPress/7.0; https://bharti-foundation.stgviitor.com"
176.95.46.127 - - [29/May/2026:02:10:46 +0000] "GET /wp-login.php HTTP/1.1" 200 2044 "-" "Mozilla/5.0 (X11; Ubuntu; Linux x86_64; rv:133.0) Gecko/20100101 Firefox/133.0"
134.209.147.209 - - [29/May/2026:02:10:46 +0000] "GET /wp-content/plugins/lifeline-plugin/assets/data/font-awesome-5.json HTTP/1.1" 200 13009 "-" "WordPress/7.0; https://bharti-foundation.stgviitor.com"
134.209.147.209 - - [29/May/2026:02:10:46 +0000] "GET /wp-content/plugins/lifeline-plugin/assets/data/font-awesome-5.json HTTP/1.1" 200 13009 "-" "WordPress/7.0; https://bharti-foundation.stgviitor.com"
134.209.147.209 - - [29/May/2026:02:10:46 +0000] "GET /wp-content/plugins/lifeline-plugin/assets/json/social-profile.json HTTP/1.1" 200 4033 "-" "WordPress/7.0; https://bharti-foundation.stgviitor.com"
134.209.147.209 - - [29/May/2026:02:10:46 +0000] "GET /wp-content/plugins/lifeline-plugin/assets/data/font-awesome-5.json HTTP/1.1" 200 13009 "-" "WordPress/7.0; https://bharti-foundation.stgviitor.com"
134.209.147.209 - - [29/May/2026:02:10:46 +0000] "GET /wp-content/plugins/lifeline-plugin/assets/data/font-awesome-5.json HTTP/1.1" 200 13009 "-" "WordPress/7.0; https://bharti-foundation.stgviitor.com"
134.209.147.209 - - [29/May/2026:02:10:46 +0000] "GET /wp-content/plugins/lifeline-plugin/assets/data/font-awesome-5.json HTTP/1.1" 200 13009 "-" "WordPress/7.0; https://bharti-foundation.stgviitor.com"
134.209.147.209 - - [29/May/2026:02:10:46 +0000] "GET /wp-content/plugins/lifeline-plugin/assets/json/social-profile.json HTTP/1.1" 200 4033 "-" "WordPress/7.0; https://bharti-foundation.stgviitor.com"
134.209.147.209 - - [29/May/2026:02:10:46 +0000] "GET /wp-content/plugins/lifeline-plugin/assets/data/font-awesome-5.json HTTP/1.1" 200 13009 "-" "WordPress/7.0; https://bharti-foundation.stgviitor.com"
176.95.46.127 - - [29/May/2026:02:10:46 +0000] "POST /wp-login.php HTTP/1.1" 200 2206 "https://bharti-foundation.stgviitor.com/wp-login.php" "Mozilla/5.0 (X11; Ubuntu; Linux x86_64; rv:133.0) Gecko/20100101 Firefox/133.0"
200.142.101.178 - - [29/May/2026:02:10:50 +0000] "POST /xmlrpc.php HTTP/1.1" 200 415 "-" "WordPress.com; https://wordpress.com"
200.142.101.178 - - [29/May/2026:02:11:00 +0000] "POST /xmlrpc.php HTTP/1.1" 200 415 "-" "Jetpack/13.0; WordPress/6.3; http://site17083156.com"
222.165.190.235 - - [29/May/2026:02:11:10 +0000] "GET /wp-login.php HTTP/1.1" 200 1770 "-" "Mozilla/5.0 (X11; Ubuntu; Linux x86_64) AppleWebKit/537.36 (KHTML, like Gecko) Chrome/133.0.0.0 Safari/537.36"
134.209.147.209 - - [29/May/2026:02:11:11 +0000] "POST /wp-cron.php?doing_wp_cron=1780020671.6105730533599853515625 HTTP/1.1" 200 31 "-" "WordPress/6.9.1; https://e-tdr.com"
200.142.101.178 - - [29/May/2026:02:11:11 +0000] "POST /xmlrpc.php HTTP/1.1" 200 415 "-" "WordPress.com; https://wordpress.com"
222.165.190.235 - - [29/May/2026:02:11:12 +0000] "POST /wp-login.php HTTP/1.1" 200 1905 "https://vcstore.viitorcloud.co/wp-login.php" "Mozilla/5.0 (X11; Ubuntu; Linux x86_64) AppleWebKit/537.36 (KHTML, like Gecko) Chrome/133.0.0.0 Safari/537.36"
200.142.101.178 - - [29/May/2026:02:11:22 +0000] "POST /xmlrpc.php HTTP/1.1" 200 415 "-" "Jetpack/12.1; WordPress/6.2; http://site34519984.com"
200.142.101.178 - - [29/May/2026:02:11:32 +0000] "POST /xmlrpc.php HTTP/1.1" 200 415 "-" "Jetpack/12.5; WordPress/6.3; http://site86661166.com"
200.142.101.178 - - [29/May/2026:02:11:43 +0000] "POST /xmlrpc.php HTTP/1.1" 200 415 "-" "Jetpack by WordPress.com"
200.142.101.178 - - [29/May/2026:02:11:54 +0000] "POST /xmlrpc.php HTTP/1.1" 200 415 "-" "Jetpack by WordPress.com"
200.142.101.178 - - [29/May/2026:02:12:04 +0000] "POST /xmlrpc.php HTTP/1.1" 200 415 "-" "Jetpack by WordPress.com (Jetpack 12.1; WordPress 6.3)"
134.209.147.209 - - [29/May/2026:02:12:15 +0000] "POST /wp-cron.php?doing_wp_cron=1780020735.3668630123138427734375 HTTP/1.1" 200 31 "-" "WordPress/6.9.1; https://e-tdr.com"
200.142.101.178 - - [29/May/2026:02:12:15 +0000] "POST /xmlrpc.php HTTP/1.1" 200 415 "-" "WordPress.com; https://wordpress.com"
142.132.180.39 - - [29/May/2026:02:12:25 +0000] "HEAD / HTTP/1.1" 301 0 "https://viitor.cloud" "Mozilla/5.0+(compatible; UptimeRobot/2.0; http://www.uptimerobot.com/)"
200.142.101.178 - - [29/May/2026:02:12:25 +0000] "POST /xmlrpc.php HTTP/1.1" 200 415 "-" "Jetpack/12.0; WordPress/6.1; http://site69182079.com"
200.142.101.178 - - [29/May/2026:02:12:36 +0000] "POST /xmlrpc.php HTTP/1.1" 200 415 "-" "WordPress.com; https://wordpress.com"
162.14.81.106 - - [29/May/2026:02:12:38 +0000] "GET / HTTP/1.1" 301 162 "-" "Mozilla/5.0 (iPhone; CPU iPhone OS 13_2_3 like Mac OS X) AppleWebKit/605.1.15 (KHTML, like Gecko) Version/13.0.3 Mobile/15E148 Safari/604.1"
134.209.147.209 - - [29/May/2026:02:12:42 +0000] "GET /wp-content/plugins/lifeline-plugin/assets/data/font-awesome-5.json HTTP/1.1" 200 13009 "-" "WordPress/7.0; https://bharti-foundation.stgviitor.com"
134.209.147.209 - - [29/May/2026:02:12:42 +0000] "GET /wp-content/plugins/lifeline-plugin/assets/data/font-awesome-5.json HTTP/1.1" 200 13009 "-" "WordPress/7.0; https://bharti-foundation.stgviitor.com"
134.209.147.209 - - [29/May/2026:02:12:42 +0000] "GET /wp-content/plugins/lifeline-plugin/assets/json/social-profile.json HTTP/1.1" 200 4033 "-" "WordPress/7.0; https://bharti-foundation.stgviitor.com"
134.209.147.209 - - [29/May/2026:02:12:42 +0000] "GET /wp-content/plugins/lifeline-plugin/assets/data/font-awesome-5.json HTTP/1.1" 200 13009 "-" "WordPress/7.0; https://bharti-foundation.stgviitor.com"
134.209.147.209 - - [29/May/2026:02:12:42 +0000] "POST /wp-cron.php?doing_wp_cron=1780020762.5624990463256835937500 HTTP/1.1" 200 31 "-" "WordPress/7.0; https://bharti-foundation.stgviitor.com"
121.200.216.55 - - [29/May/2026:02:12:42 +0000] "GET /wp-login.php HTTP/1.1" 200 2044 "-" "Mozilla/5.0 (X11; Linux x86_64; rv:133.0) Gecko/20100101 Firefox/133.0"
134.209.147.209 - - [29/May/2026:02:12:42 +0000] "GET /wp-content/plugins/lifeline-plugin/assets/data/font-awesome-5.json HTTP/1.1" 200 13009 "-" "WordPress/7.0; https://bharti-foundation.stgviitor.com"
134.209.147.209 - - [29/May/2026:02:12:42 +0000] "GET /wp-content/plugins/lifeline-plugin/assets/data/font-awesome-5.json HTTP/1.1" 200 13009 "-" "WordPress/7.0; https://bharti-foundation.stgviitor.com"
134.209.147.209 - - [29/May/2026:02:12:42 +0000] "GET /wp-content/plugins/lifeline-plugin/assets/json/social-profile.json HTTP/1.1" 200 4033 "-" "WordPress/7.0; https://bharti-foundation.stgviitor.com"
134.209.147.209 - - [29/May/2026:02:12:42 +0000] "GET /wp-content/plugins/lifeline-plugin/assets/data/font-awesome-5.json HTTP/1.1" 200 13009 "-" "WordPress/7.0; https://bharti-foundation.stgviitor.com"
162.14.81.106 - - [29/May/2026:02:12:43 +0000] "GET / HTTP/1.1" 301 162 "http://www.viitor.cloud" "Mozilla/5.0 (iPhone; CPU iPhone OS 13_2_3 like Mac OS X) AppleWebKit/605.1.15 (KHTML, like Gecko) Version/13.0.3 Mobile/15E148 Safari/604.1"
134.209.147.209 - - [29/May/2026:02:12:43 +0000] "GET /wp-content/plugins/lifeline-plugin/assets/data/font-awesome-5.json HTTP/1.1" 200 13009 "-" "WordPress/7.0; https://bharti-foundation.stgviitor.com"
134.209.147.209 - - [29/May/2026:02:12:43 +0000] "GET /wp-content/plugins/lifeline-plugin/assets/data/font-awesome-5.json HTTP/1.1" 200 13009 "-" "WordPress/7.0; https://bharti-foundation.stgviitor.com"
134.209.147.209 - - [29/May/2026:02:12:43 +0000] "GET /wp-content/plugins/lifeline-plugin/assets/json/social-profile.json HTTP/1.1" 200 4033 "-" "WordPress/7.0; https://bharti-foundation.stgviitor.com"
134.209.147.209 - - [29/May/2026:02:12:43 +0000] "GET /wp-content/plugins/lifeline-plugin/assets/data/font-awesome-5.json HTTP/1.1" 200 13009 "-" "WordPress/7.0; https://bharti-foundation.stgviitor.com"
121.200.216.55 - - [29/May/2026:02:12:43 +0000] "POST /wp-login.php HTTP/1.1" 200 2206 "https://bharti-foundation.stgviitor.com/wp-login.php" "Mozilla/5.0 (X11; Linux x86_64; rv:133.0) Gecko/20100101 Firefox/133.0"
200.142.101.178 - - [29/May/2026:02:12:47 +0000] "POST /xmlrpc.php HTTP/1.1" 200 415 "-" "WordPress.com; https://wordpress.com"
200.142.101.178 - - [29/May/2026:02:12:57 +0000] "POST /xmlrpc.php HTTP/1.1" 200 415 "-" "Jetpack by WordPress.com"
200.142.101.178 - - [29/May/2026:02:13:08 +0000] "POST /xmlrpc.php HTTP/1.1" 200 415 "-" "Jetpack by WordPress.com (Jetpack 12.5; WordPress 6.4)"
134.209.147.209 - - [29/May/2026:02:13:19 +0000] "POST /wp-cron.php?doing_wp_cron=1780020799.0191590785980224609375 HTTP/1.1" 200 31 "-" "WordPress/6.9.1; https://e-tdr.com"
200.142.101.178 - - [29/May/2026:02:13:19 +0000] "POST /xmlrpc.php HTTP/1.1" 200 415 "-" "Jetpack/13.0; WordPress/6.2; http://site35742362.com"
200.142.101.178 - - [29/May/2026:02:13:29 +0000] "POST /xmlrpc.php HTTP/1.1" 200 415 "-" "Jetpack/12.0; WordPress/6.3; http://site28843988.com"
43.156.66.8 - - [29/May/2026:02:13:38 +0000] "GET /xmlrpc.php?rsd HTTP/1.1" 200 313 "-" "Mozilla/5.0 (iPhone; CPU iPhone OS 13_2_3 like Mac OS X) AppleWebKit/605.1.15 (KHTML, like Gecko) Version/13.0.3 Mobile/15E148 Safari/604.1"
200.142.101.178 - - [29/May/2026:02:13:40 +0000] "POST /xmlrpc.php HTTP/1.1" 200 415 "-" "Jetpack by WordPress.com (Jetpack 12.1; WordPress 6.1)"
200.142.101.178 - - [29/May/2026:02:13:50 +0000] "POST /xmlrpc.php HTTP/1.1" 200 415 "-" "Jetpack by WordPress.com"
200.142.101.178 - - [29/May/2026:02:14:01 +0000] "POST /xmlrpc.php HTTP/1.1" 200 415 "-" "Jetpack/13.0; WordPress/6.4; http://site31785602.com"
134.209.147.209 - - [29/May/2026:02:14:12 +0000] "POST /wp-cron.php?doing_wp_cron=1780020852.2431728839874267578125 HTTP/1.1" 200 31 "-" "WordPress/6.9.1; https://e-tdr.com"
200.142.101.178 - - [29/May/2026:02:14:12 +0000] "POST /xmlrpc.php HTTP/1.1" 200 415 "-" "WordPress.com; https://wordpress.com"
162.158.190.4 - - [29/May/2026:02:14:12 +0000] "GET /wp-login.php HTTP/1.1" 200 1770 "-" "Mozilla/5.0 (Windows NT 10.0; WOW64) AppleWebKit/537.36 (KHTML, like Gecko) Chrome/133.0.0.0 Safari/537.36"
172.68.164.90 - - [29/May/2026:02:14:12 +0000] "GET /wp-login.php HTTP/1.1" 200 1770 "-" "Mozilla/5.0 (Windows NT 10.0; Win64; x64; rv:133.0) Gecko/20100101 Firefox/133.0"
172.70.208.116 - - [29/May/2026:02:14:13 +0000] "POST /wp-login.php HTTP/1.1" 200 1940 "https://vcstore.viitorcloud.com/wp-login.php" "Mozilla/5.0 (Windows NT 10.0; Win64; x64; rv:133.0) Gecko/20100101 Firefox/133.0"
104.22.66.51 - - [29/May/2026:02:14:14 +0000] "POST /wp-login.php HTTP/1.1" 200 1940 "https://vcstore.viitorcloud.com/wp-login.php" "Mozilla/5.0 (Windows NT 10.0; WOW64) AppleWebKit/537.36 (KHTML, like Gecko) Chrome/133.0.0.0 Safari/537.36"
99.81.216.206 - - [29/May/2026:02:14:20 +0000] "GET / HTTP/1.1" 404 178 "-" "Mozilla/5.0 (Linux; Android 13; Pixel 7) AppleWebKit/537.36 (KHTML, like Gecko) Chrome/119.0.0.0 Mobile Safari/537.36"
200.142.101.178 - - [29/May/2026:02:14:22 +0000] "POST /xmlrpc.php HTTP/1.1" 200 415 "-" "WordPress.com; https://wordpress.com"
134.209.147.209 - - [29/May/2026:02:14:24 +0000] "POST /wp-cron.php?doing_wp_cron=1780020863.9889709949493408203125 HTTP/1.1" 200 31 "-" "WordPress/6.6.1; https://newfaith.focalat.com"
123.30.233.12 - - [29/May/2026:02:14:24 +0000] "GET /wp-login.php HTTP/1.1" 200 2033 "-" "Mozilla/5.0 (Macintosh; Intel Mac OS X 10_15_7) AppleWebKit/537.36 (KHTML, like Gecko) Chrome/133.0.0.0 Safari/537.36"
123.30.233.12 - - [29/May/2026:02:14:24 +0000] "POST /wp-login.php HTTP/1.1" 200 2196 "https://newfaith.focalat.com/wp-login.php" "Mozilla/5.0 (Macintosh; Intel Mac OS X 10_15_7) AppleWebKit/537.36 (KHTML, like Gecko) Chrome/133.0.0.0 Safari/537.36"
200.142.101.178 - - [29/May/2026:02:14:33 +0000] "POST /xmlrpc.php HTTP/1.1" 200 415 "-" "Jetpack by WordPress.com (Jetpack 13.0; WordPress 6.4)"
200.142.101.178 - - [29/May/2026:02:14:44 +0000] "POST /xmlrpc.php HTTP/1.1" 200 415 "-" "WordPress.com; https://wordpress.com"
64.227.35.51 - - [29/May/2026:02:14:49 +0000] "GET /wp-login.php HTTP/1.1" 301 162 "-" "Mozilla/5.0"
64.227.35.51 - - [29/May/2026:02:14:49 +0000] "GET /wp-login.php HTTP/1.1" 200 2007 "-" "Mozilla/5.0"
64.227.35.51 - - [29/May/2026:02:14:50 +0000] "GET /?author=1 HTTP/1.1" 301 5 "-" "Mozilla/5.0"
64.227.35.51 - - [29/May/2026:02:14:50 +0000] "GET /?author=2 HTTP/1.1" 301 5 "-" "Mozilla/5.0"
64.227.35.51 - - [29/May/2026:02:14:50 +0000] "GET /?author=3 HTTP/1.1" 404 9952 "-" "Mozilla/5.0"
172.70.188.187 - - [29/May/2026:02:14:54 +0000] "GET /wp-login.php HTTP/1.1" 499 0 "-" "Mozilla/5.0 (Windows NT 10.0) AppleWebKit/537.36 (KHTML, like Gecko) Chrome/133.0.0.0 Safari/537.36"
200.142.101.178 - - [29/May/2026:02:14:54 +0000] "POST /xmlrpc.php HTTP/1.1" 200 415 "-" "Jetpack by WordPress.com (Jetpack 12.5; WordPress 6.1)"
200.142.101.178 - - [29/May/2026:02:15:05 +0000] "POST /xmlrpc.php HTTP/1.1" 200 415 "-" "Jetpack/12.5; WordPress/6.4; http://site10520933.com"
162.158.190.4 - Trendygital.com [29/May/2026:02:15:14 +0000] "GET /wp-json/wp/v2/users/me HTTP/1.1" 499 0 "-" "Mozilla/5.0 (Windows NT 10.0) AppleWebKit/537.36 (KHTML, like Gecko) Chrome/133.0.0.0 Safari/537.36"
134.209.147.209 - - [29/May/2026:02:15:16 +0000] "POST /wp-cron.php?doing_wp_cron=1780020916.0927250385284423828125 HTTP/1.1" 200 31 "-" "WordPress/6.9.1; https://e-tdr.com"
200.142.101.178 - - [29/May/2026:02:15:16 +0000] "POST /xmlrpc.php HTTP/1.1" 200 415 "-" "Jetpack by WordPress.com (Jetpack 12.5; WordPress 6.1)"
200.142.101.178 - - [29/May/2026:02:15:26 +0000] "POST /xmlrpc.php HTTP/1.1" 200 415 "-" "WordPress.com; https://wordpress.com"
104.210.140.139 - - [29/May/2026:02:15:35 +0000] "GET /robots.txt HTTP/1.1" 404 178 "-" "Mozilla/5.0 (Macintosh; Intel Mac OS X 10_15_7) AppleWebKit/537.36 (KHTML, like Gecko) Chrome/131.0.0.0 Safari/537.36; compatible; OAI-SearchBot/1.0; +https://openai.com/searchbot"
104.210.140.143 - - [29/May/2026:02:15:35 +0000] "GET /robots.txt HTTP/1.1" 301 162 "-" "Mozilla/5.0 (Macintosh; Intel Mac OS X 10_15_7) AppleWebKit/537.36 (KHTML, like Gecko) Chrome/131.0.0.0 Safari/537.36; compatible; OAI-SearchBot/1.0; +https://openai.com/searchbot"
104.210.140.139 - - [29/May/2026:02:15:35 +0000] "GET /robots.txt HTTP/1.1" 404 178 "-" "Mozilla/5.0 (Macintosh; Intel Mac OS X 10_15_7) AppleWebKit/537.36 (KHTML, like Gecko) Chrome/131.0.0.0 Safari/537.36; compatible; OAI-SearchBot/1.0; +https://openai.com/searchbot"
200.142.101.178 - - [29/May/2026:02:15:37 +0000] "POST /xmlrpc.php HTTP/1.1" 200 415 "-" "Jetpack by WordPress.com"
200.142.101.178 - - [29/May/2026:02:15:47 +0000] "POST /xmlrpc.php HTTP/1.1" 200 415 "-" "Jetpack/12.0; WordPress/6.3; http://site29665542.com"
200.142.101.178 - - [29/May/2026:02:15:58 +0000] "POST /xmlrpc.php HTTP/1.1" 200 415 "-" "Jetpack by WordPress.com (Jetpack 13.0; WordPress 6.4)"
134.209.147.209 - - [29/May/2026:02:16:08 +0000] "POST /wp-cron.php?doing_wp_cron=1780020968.6383039951324462890625 HTTP/1.1" 200 31 "-" "WordPress/6.5.3; https://vcstore.stgviitor.com"
168.63.79.147 - - [29/May/2026:02:16:08 +0000] "GET /wp-login.php HTTP/1.1" 200 1831 "-" "Mozilla/5.0 (X11; CrOS x86_64 14541.0.0) AppleWebKit/537.36 (KHTML, like Gecko) Chrome/133.0.0.0 Safari/537.36"
200.142.101.178 - - [29/May/2026:02:16:09 +0000] "POST /xmlrpc.php HTTP/1.1" 200 415 "-" "WordPress.com; https://wordpress.com"
134.209.147.209 - - [29/May/2026:02:16:09 +0000] "POST /wp-cron.php?doing_wp_cron=1780020969.6206090450286865234375 HTTP/1.1" 200 31 "-" "WordPress/6.5.3; https://vcstore.stgviitor.com"
168.63.79.147 - - [29/May/2026:02:16:09 +0000] "POST /wp-login.php HTTP/1.1" 200 1991 "https://vcstore.stgviitor.com/wp-login.php" "Mozilla/5.0 (X11; CrOS x86_64 14541.0.0) AppleWebKit/537.36 (KHTML, like Gecko) Chrome/133.0.0.0 Safari/537.36"
134.209.147.209 - - [29/May/2026:02:16:19 +0000] "POST /wp-cron.php?doing_wp_cron=1780020979.8982040882110595703125 HTTP/1.1" 200 31 "-" "WordPress/6.9.1; https://e-tdr.com"
200.142.101.178 - - [29/May/2026:02:16:19 +0000] "POST /xmlrpc.php HTTP/1.1" 200 415 "-" "WordPress.com; https://wordpress.com"
200.142.101.178 - - [29/May/2026:02:16:30 +0000] "POST /xmlrpc.php HTTP/1.1" 200 415 "-" "Jetpack/12.0; WordPress/6.3; http://site81859793.com"
134.209.147.209 - - [29/May/2026:02:17:11 +0000] "POST /wp-cron.php?doing_wp_cron=1780021031.7825820446014404296875 HTTP/1.1" 200 31 "-" "WordPress/6.9.4; https://laracopilot.stgviitor.com"
160.250.186.220 - - [29/May/2026:02:17:11 +0000] "GET /wp-login.php HTTP/1.1" 200 2008 "-" "Mozilla/5.0 (X11; Ubuntu; Linux x86_64; rv:133.0) Gecko/20100101 Firefox/133.0"
160.250.186.220 - - [29/May/2026:02:17:15 +0000] "POST /wp-login.php HTTP/1.1" 200 2149 "https://laracopilot.stgviitor.com/wp-login.php" "Mozilla/5.0 (X11; Ubuntu; Linux x86_64; rv:133.0) Gecko/20100101 Firefox/133.0"
49.13.164.148 - - [29/May/2026:02:17:30 +0000] "HEAD / HTTP/1.1" 301 0 "https://viitor.cloud" "Mozilla/5.0+(compatible; UptimeRobot/2.0; http://www.uptimerobot.com/)"
134.209.147.209 - - [29/May/2026:02:17:42 +0000] "POST /wp-cron.php?doing_wp_cron=1780021062.5650460720062255859375 HTTP/1.1" 200 31 "-" "WordPress/6.9.4; https://stg.everycred.com"
162.214.206.32 - - [29/May/2026:02:17:42 +0000] "GET /wp-login.php HTTP/1.1" 200 1857 "-" "Mozilla/5.0 (Windows NT 10.0) AppleWebKit/537.36 (KHTML, like Gecko) Chrome/133.0.0.0 Safari/537.36"
162.214.206.32 - - [29/May/2026:02:17:47 +0000] "POST /wp-login.php HTTP/1.1" 200 2016 "https://stg.everycred.com/wp-login.php" "Mozilla/5.0 (Windows NT 10.0) AppleWebKit/537.36 (KHTML, like Gecko) Chrome/133.0.0.0 Safari/537.36"
176.65.139.238 - - [29/May/2026:02:18:09 +0000] "GET / HTTP/1.1" 301 162 "-" "Mozilla/5.0 (Windows NT 10.0; Win64; x64) AppleWebKit/537.36 (KHTML, like Gecko) Chrome/147.0.0.0 Safari/537.36"
134.209.147.209 - - [29/May/2026:02:18:35 +0000] "POST /wp-cron.php?doing_wp_cron=1780021115.7629559040069580078125 HTTP/1.1" 200 31 "-" "WordPress/6.6.1; https://newfaith.focalat.com"
103.119.139.118 - newfaith_admin [29/May/2026:02:18:36 +0000] "GET /wp-json/wp/v2/users/me HTTP/1.1" 401 107 "-" "Mozilla/5.0 (Macintosh; Intel Mac OS X 10_15_7) AppleWebKit/537.36 (KHTML, like Gecko) Chrome/133.0.0.0 Safari/537.36 Edg/133.0.0.0"
51.77.82.63 - - [29/May/2026:02:19:46 +0000] "GET /assets/images/accesson.php HTTP/1.1" 404 146 "-" "Mozilla/5.0 (Windows NT 10.0; Win64; x64; rv:149.0) Gecko/20100101 Firefox/149.0"
129.121.76.191 - - [29/May/2026:02:20:04 +0000] "GET /wp-login.php HTTP/1.1" 200 1857 "-" "Mozilla/5.0 (Windows NT 10.0; WOW64) AppleWebKit/537.36 (KHTML, like Gecko) Chrome/133.0.0.0 Safari/537.36"
129.121.76.191 - - [29/May/2026:02:20:10 +0000] "POST /wp-login.php HTTP/1.1" 200 2018 "https://stg.everycred.com/wp-login.php" "Mozilla/5.0 (Windows NT 10.0; WOW64) AppleWebKit/537.36 (KHTML, like Gecko) Chrome/133.0.0.0 Safari/537.36"
134.209.147.209 - - [29/May/2026:02:20:30 +0000] "POST /wp-cron.php?doing_wp_cron=1780021230.5351929664611816406250 HTTP/1.1" 200 31 "-" "WordPress/6.6.1; https://newfaith.focalat.com"
123.30.233.12 - - [29/May/2026:02:20:30 +0000] "GET /wp-login.php HTTP/1.1" 200 2033 "-" "Mozilla/5.0 (Windows NT 10.0; Win64; x64) AppleWebKit/537.36 (KHTML, like Gecko) Chrome/133.0.0.0 Safari/537.36 Edg/133.0.0.0"
49.12.3.147 - - [29/May/2026:02:20:30 +0000] "GET /wp-login.php HTTP/1.1" 200 2033 "-" "Mozilla/5.0 (Windows NT 10.0; Win64; x64) AppleWebKit/537.36 (KHTML, like Gecko) Chrome/133.0.0.0 Safari/537.36"
159.65.173.172 - - [29/May/2026:02:20:31 +0000] "GET /wp-login.php HTTP/1.1" 200 2033 "-" "Mozilla/5.0 (X11; Ubuntu; Linux x86_64; rv:133.0) Gecko/20100101 Firefox/133.0"
123.30.233.12 - - [29/May/2026:02:20:31 +0000] "POST /wp-login.php HTTP/1.1" 200 2198 "https://newfaith.focalat.com/wp-login.php" "Mozilla/5.0 (Windows NT 10.0; Win64; x64) AppleWebKit/537.36 (KHTML, like Gecko) Chrome/133.0.0.0 Safari/537.36 Edg/133.0.0.0"
