183.80.166.72 - - [29/May/2026:03:37:36 +0000] "POST /xmlrpc.php HTTP/1.1" 200 275 "-" "WordPress/5.0; https://stg.everycred.com"
183.80.166.72 - - [29/May/2026:03:37:36 +0000] "GET /wp-admin/admin-ajax.php?action=rest-nonce HTTP/1.1" 200 41 "-" "Mozilla/5.0 (Windows NT 10.0; Win64; x64) AppleWebKit/537.36 (KHTML, like Gecko) Chrome/120.0.0.0 Safari/537.36"
183.80.166.72 - - [29/May/2026:03:37:37 +0000] "GET /wp-json/wp/v2/plugins HTTP/1.1" 200 1871 "-" "Mozilla/5.0 (Windows NT 10.0; Win64; x64) AppleWebKit/537.36 (KHTML, like Gecko) Chrome/120.0.0.0 Safari/537.36"
183.80.166.72 - - [29/May/2026:03:37:37 +0000] "GET /wp-json/wp/v2/settings HTTP/1.1" 200 298 "-" "Mozilla/5.0 (Windows NT 10.0; Win64; x64) AppleWebKit/537.36 (KHTML, like Gecko) Chrome/120.0.0.0 Safari/537.36"
183.80.166.72 - - [29/May/2026:03:37:38 +0000] "GET /wp-json/wp/v2/pages/28 HTTP/1.1" 200 1361 "-" "Mozilla/5.0 (Windows NT 10.0; Win64; x64) AppleWebKit/537.36 (KHTML, like Gecko) Chrome/120.0.0.0 Safari/537.36"
183.80.166.72 - - [29/May/2026:03:37:38 +0000] "POST /xmlrpc.php HTTP/1.1" 200 139 "-" "Mozilla/5.0 (Windows NT 10.0; Win64; x64) AppleWebKit/537.36 (KHTML, like Gecko) Chrome/120.0.0.0 Safari/537.36"
138.68.19.42 - - [29/May/2026:03:37:41 +0000] "POST /wp-login.php HTTP/1.1" 200 6388 "-" "Mozilla/5.0"
138.68.19.42 - - [29/May/2026:03:37:41 +0000] "POST /wp-login.php HTTP/1.1" 200 6398 "-" "Mozilla/5.0"
183.80.166.72 - - [29/May/2026:03:37:41 +0000] "GET /?page_id=28 HTTP/1.1" 301 5 "-" "Mozilla/5.0 (Windows NT 10.0; Win64; x64) AppleWebKit/537.36 (KHTML, like Gecko) Chrome/120.0.0.0 Safari/537.36"
183.80.166.72 - - [29/May/2026:03:37:41 +0000] "GET / HTTP/1.1" 200 15514 "-" "Mozilla/5.0 (Windows NT 10.0; Win64; x64) AppleWebKit/537.36 (KHTML, like Gecko) Chrome/120.0.0.0 Safari/537.36"
172.70.208.117 - - [29/May/2026:03:37:56 +0000] "GET /wp-login.php HTTP/1.1" 200 1770 "-" "Mozilla/5.0 (X11; Linux i686) AppleWebKit/537.36 (KHTML, like Gecko) Chrome/133.0.0.0 Safari/537.36"
134.209.147.209 - - [29/May/2026:03:38:02 +0000] "POST /wp-cron.php?doing_wp_cron=1780025882.7637801170349121093750 HTTP/1.1" 200 31 "-" "WordPress/6.9.4; https://laracopilot.stgviitor.com"
144.126.139.83 - - [29/May/2026:03:38:02 +0000] "GET /wp-login.php HTTP/1.1" 200 2008 "-" "Mozilla/5.0 (Windows NT 10.0; Win64; x64; rv:133.0) Gecko/20100101 Firefox/133.0"
144.126.139.83 - - [29/May/2026:03:38:03 +0000] "POST /wp-login.php HTTP/1.1" 200 2144 "https://laracopilot.stgviitor.com/wp-login.php" "Mozilla/5.0 (Windows NT 10.0; Win64; x64; rv:133.0) Gecko/20100101 Firefox/133.0"
103.95.119.103 - - [29/May/2026:03:38:11 +0000] "GET /wp-login.php HTTP/1.1" 200 2008 "-" "Mozilla/5.0 (Macintosh; Intel Mac OS X 10_15_7) AppleWebKit/537.36 (KHTML, like Gecko) Chrome/133.0.0.0 Safari/537.36 Edg/133.0.0.0"
185.244.154.74 - - [29/May/2026:03:38:15 +0000] "GET / HTTP/1.1" 200 14279 "-" "Mozilla/5.0 (Windows NT 10.0; Win64; x64) AppleWebKit/537.36 (KHTML, like Gecko) Chrome/120.0.0.0 Safari/537.36"
185.244.154.74 - - [29/May/2026:03:38:15 +0000] "GET /wp-login.php HTTP/1.1" 200 1857 "-" "Mozilla/5.0 (Windows NT 10.0; Win64; x64) AppleWebKit/537.36 (KHTML, like Gecko) Chrome/120.0.0.0 Safari/537.36"
185.244.154.74 - - [29/May/2026:03:38:16 +0000] "POST /wp-login.php HTTP/1.1" 302 5 "https://stg.everycred.com/wp-login.php" "Mozilla/5.0 (Windows NT 10.0; Win64; x64) AppleWebKit/537.36 (KHTML, like Gecko) Chrome/120.0.0.0 Safari/537.36"
185.244.154.74 - - [29/May/2026:03:38:16 +0000] "GET /wp-admin/ HTTP/1.1" 200 19613 "https://stg.everycred.com/wp-login.php" "Mozilla/5.0 (Windows NT 10.0; Win64; x64) AppleWebKit/537.36 (KHTML, like Gecko) Chrome/120.0.0.0 Safari/537.36"
162.158.108.25 - Trendygital.com [29/May/2026:03:38:17 +0000] "GET /wp-json/wp/v2/users/me HTTP/1.1" 401 107 "-" "Mozilla/5.0 (X11; Linux i686) AppleWebKit/537.36 (KHTML, like Gecko) Chrome/133.0.0.0 Safari/537.36"
103.95.119.103 - - [29/May/2026:03:38:17 +0000] "POST /wp-login.php HTTP/1.1" 200 2144 "https://laracopilot.stgviitor.com/wp-login.php" "Mozilla/5.0 (Macintosh; Intel Mac OS X 10_15_7) AppleWebKit/537.36 (KHTML, like Gecko) Chrome/133.0.0.0 Safari/537.36 Edg/133.0.0.0"
5.30.188.54 - - [29/May/2026:03:38:19 +0000] "GET /wp-admin/ HTTP/1.1" 200 19613 "-" "Mozilla/5.0 (Windows NT 10.0; Win64; x64) AppleWebKit/537.36 (KHTML, like Gecko) Chrome/120.0.0.0 Safari/537.36"
5.30.188.54 - - [29/May/2026:03:38:20 +0000] "GET /wp-admin/post-new.php HTTP/1.1" 200 89872 "-" "Mozilla/5.0 (Windows NT 10.0; Win64; x64) AppleWebKit/537.36 (KHTML, like Gecko) Chrome/120.0.0.0 Safari/537.36"
5.30.188.54 - - [29/May/2026:03:38:23 +0000] "POST /xmlrpc.php HTTP/1.1" 200 275 "-" "WordPress/5.0; https://stg.everycred.com"
5.30.188.54 - - [29/May/2026:03:38:23 +0000] "GET /wp-admin/admin-ajax.php?action=rest-nonce HTTP/1.1" 200 41 "-" "Mozilla/5.0 (Windows NT 10.0; Win64; x64) AppleWebKit/537.36 (KHTML, like Gecko) Chrome/120.0.0.0 Safari/537.36"
5.30.188.54 - - [29/May/2026:03:38:24 +0000] "GET /wp-json/wp/v2/plugins HTTP/1.1" 200 1871 "-" "Mozilla/5.0 (Windows NT 10.0; Win64; x64) AppleWebKit/537.36 (KHTML, like Gecko) Chrome/120.0.0.0 Safari/537.36"
5.30.188.54 - - [29/May/2026:03:38:24 +0000] "GET /wp-json/wp/v2/settings HTTP/1.1" 200 298 "-" "Mozilla/5.0 (Windows NT 10.0; Win64; x64) AppleWebKit/537.36 (KHTML, like Gecko) Chrome/120.0.0.0 Safari/537.36"
5.30.188.54 - - [29/May/2026:03:38:25 +0000] "GET /wp-json/wp/v2/pages/28 HTTP/1.1" 200 1392 "-" "Mozilla/5.0 (Windows NT 10.0; Win64; x64) AppleWebKit/537.36 (KHTML, like Gecko) Chrome/120.0.0.0 Safari/537.36"
5.30.188.54 - - [29/May/2026:03:38:26 +0000] "POST /xmlrpc.php HTTP/1.1" 200 139 "-" "Mozilla/5.0 (Windows NT 10.0; Win64; x64) AppleWebKit/537.36 (KHTML, like Gecko) Chrome/120.0.0.0 Safari/537.36"
5.30.188.54 - - [29/May/2026:03:38:29 +0000] "GET /?page_id=28 HTTP/1.1" 301 5 "-" "Mozilla/5.0 (Windows NT 10.0; Win64; x64) AppleWebKit/537.36 (KHTML, like Gecko) Chrome/120.0.0.0 Safari/537.36"
5.30.188.54 - - [29/May/2026:03:38:29 +0000] "GET / HTTP/1.1" 200 15539 "-" "Mozilla/5.0 (Windows NT 10.0; Win64; x64) AppleWebKit/537.36 (KHTML, like Gecko) Chrome/120.0.0.0 Safari/537.36"
134.209.147.209 - - [29/May/2026:03:38:33 +0000] "POST /wp-cron.php?doing_wp_cron=1780025913.8864901065826416015625 HTTP/1.1" 200 31 "-" "WordPress/6.8.3; https://viitorcloud.stgviitor.com"
52.167.144.140 - - [29/May/2026:03:38:34 +0000] "GET /sitemap.xml HTTP/1.1" 301 5 "-" "Mozilla/5.0 AppleWebKit/537.36 (KHTML, like Gecko; compatible; bingbot/2.0; +http://www.bing.com/bingbot.htm) Chrome/116.0.1938.76 Safari/537.36"
52.167.144.140 - - [29/May/2026:03:38:34 +0000] "GET /sitemap_index.xml HTTP/1.1" 200 404 "-" "Mozilla/5.0 AppleWebKit/537.36 (KHTML, like Gecko; compatible; bingbot/2.0; +http://www.bing.com/bingbot.htm) Chrome/116.0.1938.76 Safari/537.36"
159.69.158.189 - - [29/May/2026:03:38:52 +0000] "HEAD / HTTP/1.1" 301 0 "https://viitor.cloud" "Mozilla/5.0+(compatible; UptimeRobot/2.0; http://www.uptimerobot.com/)"
134.209.147.209 - - [29/May/2026:03:39:40 +0000] "POST /wp-cron.php?doing_wp_cron=1780025980.1933169364929199218750 HTTP/1.1" 200 31 "-" "WordPress/6.6.1; https://newfaith.focalat.com"
62.232.51.140 - - [29/May/2026:03:39:40 +0000] "GET /wp-login.php HTTP/1.1" 200 2033 "-" "Mozilla/5.0 (Macintosh; Intel Mac OS X 10_15_7) AppleWebKit/537.36 (KHTML, like Gecko) Chrome/133.0.0.0 Safari/537.36 Edg/133.0.0.0"
62.232.51.140 - - [29/May/2026:03:39:42 +0000] "POST /wp-login.php HTTP/1.1" 200 2171 "https://newfaith.focalat.com/wp-login.php" "Mozilla/5.0 (Macintosh; Intel Mac OS X 10_15_7) AppleWebKit/537.36 (KHTML, like Gecko) Chrome/133.0.0.0 Safari/537.36 Edg/133.0.0.0"
105.111.130.135 - - [29/May/2026:03:40:10 +0000] "GET / HTTP/1.1" 200 14305 "-" "Mozilla/5.0 (Windows NT 10.0; Win64; x64) AppleWebKit/537.36 (KHTML, like Gecko) Chrome/120.0.0.0 Safari/537.36"
105.111.130.135 - - [29/May/2026:03:40:11 +0000] "GET /wp-login.php HTTP/1.1" 200 1857 "-" "Mozilla/5.0 (Windows NT 10.0; Win64; x64) AppleWebKit/537.36 (KHTML, like Gecko) Chrome/120.0.0.0 Safari/537.36"
105.111.130.135 - - [29/May/2026:03:40:11 +0000] "POST /wp-login.php HTTP/1.1" 302 5 "https://stg.everycred.com/wp-login.php" "Mozilla/5.0 (Windows NT 10.0; Win64; x64) AppleWebKit/537.36 (KHTML, like Gecko) Chrome/120.0.0.0 Safari/537.36"
105.111.130.135 - - [29/May/2026:03:40:12 +0000] "GET /wp-admin/ HTTP/1.1" 200 19611 "https://stg.everycred.com/wp-login.php" "Mozilla/5.0 (Windows NT 10.0; Win64; x64) AppleWebKit/537.36 (KHTML, like Gecko) Chrome/120.0.0.0 Safari/537.36"
103.48.160.225 - - [29/May/2026:03:40:14 +0000] "GET /wp-admin/ HTTP/1.1" 200 19612 "-" "Mozilla/5.0 (Windows NT 10.0; Win64; x64) AppleWebKit/537.36 (KHTML, like Gecko) Chrome/120.0.0.0 Safari/537.36"
103.48.160.225 - - [29/May/2026:03:40:15 +0000] "GET /wp-admin/post-new.php HTTP/1.1" 200 89874 "-" "Mozilla/5.0 (Windows NT 10.0; Win64; x64) AppleWebKit/537.36 (KHTML, like Gecko) Chrome/120.0.0.0 Safari/537.36"
103.48.160.225 - - [29/May/2026:03:40:16 +0000] "POST /xmlrpc.php HTTP/1.1" 200 275 "-" "WordPress/5.0; https://stg.everycred.com"
103.48.160.225 - - [29/May/2026:03:40:16 +0000] "GET /wp-admin/admin-ajax.php?action=rest-nonce HTTP/1.1" 200 41 "-" "Mozilla/5.0 (Windows NT 10.0; Win64; x64) AppleWebKit/537.36 (KHTML, like Gecko) Chrome/120.0.0.0 Safari/537.36"
103.48.160.225 - - [29/May/2026:03:40:16 +0000] "GET /wp-json/wp/v2/plugins HTTP/1.1" 200 1871 "-" "Mozilla/5.0 (Windows NT 10.0; Win64; x64) AppleWebKit/537.36 (KHTML, like Gecko) Chrome/120.0.0.0 Safari/537.36"
103.48.160.225 - - [29/May/2026:03:40:17 +0000] "GET /wp-json/wp/v2/settings HTTP/1.1" 200 298 "-" "Mozilla/5.0 (Windows NT 10.0; Win64; x64) AppleWebKit/537.36 (KHTML, like Gecko) Chrome/120.0.0.0 Safari/537.36"
103.48.160.225 - - [29/May/2026:03:40:20 +0000] "GET /wp-json/wp/v2/pages/28 HTTP/1.1" 200 1416 "-" "Mozilla/5.0 (Windows NT 10.0; Win64; x64) AppleWebKit/537.36 (KHTML, like Gecko) Chrome/120.0.0.0 Safari/537.36"
103.48.160.225 - - [29/May/2026:03:40:21 +0000] "POST /xmlrpc.php HTTP/1.1" 200 139 "-" "Mozilla/5.0 (Windows NT 10.0; Win64; x64) AppleWebKit/537.36 (KHTML, like Gecko) Chrome/120.0.0.0 Safari/537.36"
103.48.160.225 - - [29/May/2026:03:40:23 +0000] "GET /?page_id=28 HTTP/1.1" 301 5 "-" "Mozilla/5.0 (Windows NT 10.0; Win64; x64) AppleWebKit/537.36 (KHTML, like Gecko) Chrome/120.0.0.0 Safari/537.36"
103.48.160.225 - - [29/May/2026:03:40:24 +0000] "GET / HTTP/1.1" 200 15629 "-" "Mozilla/5.0 (Windows NT 10.0; Win64; x64) AppleWebKit/537.36 (KHTML, like Gecko) Chrome/120.0.0.0 Safari/537.36"
134.209.147.209 - - [29/May/2026:03:40:36 +0000] "POST /wp-cron.php?doing_wp_cron=1780026036.3845090866088867187500 HTTP/1.1" 200 31 "-" "WordPress/6.9.4; https://viitorx.stgviitor.com"
172.70.219.194 - - [29/May/2026:03:40:36 +0000] "HEAD / HTTP/1.1" 200 0 "-" "Mozilla/5.0 (compatible; AgentReadinessScanner/1.0; +https://isitagentready.com)"
172.71.198.154 - - [29/May/2026:03:40:37 +0000] "GET /robots.txt HTTP/1.1" 200 128 "-" "Mozilla/5.0 (compatible; AgentReadinessScanner/1.0; +https://isitagentready.com)"
172.70.218.145 - - [29/May/2026:03:40:37 +0000] "GET /.well-known/oauth-authorization-server HTTP/1.1" 200 683 "-" "Mozilla/5.0 (compatible; AgentReadinessScanner/1.0; +https://isitagentready.com)"
172.70.219.194 - - [29/May/2026:03:40:37 +0000] "GET /.well-known/oauth-protected-resource HTTP/1.1" 200 918 "-" "Mozilla/5.0 (compatible; AgentReadinessScanner/1.0; +https://isitagentready.com)"
172.70.218.145 - - [29/May/2026:03:40:37 +0000] "GET /.well-known/openid-configuration HTTP/1.1" 200 693 "-" "Mozilla/5.0 (compatible; AgentReadinessScanner/1.0; +https://isitagentready.com)"
172.70.218.145 - - [29/May/2026:03:40:37 +0000] "GET /.well-known/mcp/server-card.json HTTP/1.1" 200 813 "-" "Mozilla/5.0 (compatible; AgentReadinessScanner/1.0; +https://isitagentready.com)"
172.70.219.193 - - [29/May/2026:03:40:37 +0000] "GET /auth.md HTTP/1.1" 200 2011 "-" "Mozilla/5.0 (compatible; AgentReadinessScanner/1.0; +https://isitagentready.com)"
172.70.218.145 - - [29/May/2026:03:40:38 +0000] "GET /sitemap_index.xml HTTP/1.1" 200 349 "-" "Mozilla/5.0 (compatible; AgentReadinessScanner/1.0; +https://isitagentready.com)"
172.70.218.145 - - [29/May/2026:03:40:38 +0000] "GET /.well-known/agent-skills/index.json HTTP/1.1" 200 528 "-" "Mozilla/5.0 (compatible; AgentReadinessScanner/1.0; +https://isitagentready.com)"
172.70.219.193 - - [29/May/2026:03:40:38 +0000] "GET /.well-known/api-catalog HTTP/1.1" 200 1005 "-" "Mozilla/5.0 (compatible; AgentReadinessScanner/1.0; +https://isitagentready.com)"
172.70.218.145 - - [29/May/2026:03:40:38 +0000] "GET /.well-known/ucp HTTP/1.1" 200 450 "-" "Mozilla/5.0 (compatible; AgentReadinessScanner/1.0; +https://isitagentready.com)"
172.70.219.194 - - [29/May/2026:03:40:38 +0000] "GET /.well-known/http-message-signatures-directory HTTP/1.1" 404 10301 "-" "Mozilla/5.0 (compatible; AgentReadinessScanner/1.0; +https://isitagentready.com)"
172.70.219.194 - - [29/May/2026:03:40:39 +0000] "GET / HTTP/1.1" 200 17953 "-" "Mozilla/5.0 (compatible; AgentReadinessScanner/1.0; +https://isitagentready.com)"
172.70.218.145 - - [29/May/2026:03:40:40 +0000] "GET /.well-known/mcp/server-cards.json HTTP/1.1" 404 10313 "-" "Mozilla/5.0 (compatible; AgentReadinessScanner/1.0; +https://isitagentready.com)"
172.70.219.194 - - [29/May/2026:03:40:40 +0000] "GET /openapi.json HTTP/1.1" 200 643 "-" "Mozilla/5.0 (compatible; AgentReadinessScanner/1.0; +https://isitagentready.com)"
172.70.219.194 - - [29/May/2026:03:40:40 +0000] "GET /.well-known/acp.json HTTP/1.1" 200 261 "-" "Mozilla/5.0 (compatible; AgentReadinessScanner/1.0; +https://isitagentready.com)"
172.70.218.145 - - [29/May/2026:03:40:40 +0000] "GET / HTTP/1.1" 499 0 "-" "Mozilla/5.0 (compatible; AgentReadinessScanner/1.0; +https://isitagentready.com)"
172.70.219.193 - - [29/May/2026:03:40:40 +0000] "GET /api HTTP/1.1" 499 0 "-" "Mozilla/5.0 (compatible; AgentReadinessScanner/1.0; +https://isitagentready.com)"
172.70.219.194 - - [29/May/2026:03:40:40 +0000] "GET /api/v1 HTTP/1.1" 499 0 "-" "Mozilla/5.0 (compatible; AgentReadinessScanner/1.0; +https://isitagentready.com)"
172.70.219.193 - - [29/May/2026:03:40:41 +0000] "GET /.well-known/mcp.json HTTP/1.1" 404 10284 "-" "Mozilla/5.0 (compatible; AgentReadinessScanner/1.0; +https://isitagentready.com)"
172.70.218.145 - - [29/May/2026:03:40:41 +0000] "GET /.well-known/agent-card.json HTTP/1.1" 404 10288 "-" "Mozilla/5.0 (compatible; AgentReadinessScanner/1.0; +https://isitagentready.com)"
172.70.219.194 - - [29/May/2026:03:40:42 +0000] "GET / HTTP/1.1" 499 0 "-" "AgentReadinessScanner/1.0"
172.70.219.193 - - [29/May/2026:03:40:42 +0000] "GET / HTTP/1.1" 499 0 "-" "Mozilla/5.0 (compatible; AgentReadinessScanner/1.0; +https://isitagentready.com)"
104.28.166.114 - - [29/May/2026:03:40:43 +0000] "GET /?_mfa=1780026040095 HTTP/1.1" 200 17989 "-" "Mozilla/5.0 (X11; Linux x86_64) AppleWebKit/537.36 (KHTML, like Gecko) HeadlessChrome/126.0.0.0 Safari/537.36"
104.28.166.114 - - [29/May/2026:03:40:44 +0000] "GET / HTTP/1.1" 200 17953 "-" "Mozilla/5.0 (X11; Linux x86_64) AppleWebKit/537.36 (KHTML, like Gecko) HeadlessChrome/126.0.0.0 Safari/537.36"
141.98.11.117 - - [29/May/2026:03:40:57 +0000] "GET /wp-login.php HTTP/1.1" 200 1857 "-" "Mozilla/5.0 (X11; Linux x86_64; rv:133.0) Gecko/20100101 Firefox/133.0"
122.170.2.11 - - [29/May/2026:03:40:57 +0000] "GET /wp-admin/admin.php?page=theme-settings HTTP/1.1" 200 27222 "https://viitorx.stgviitor.com/wp-admin/admin.php?page=theme-settings" "Mozilla/5.0 (Windows NT 10.0; Win64; x64) AppleWebKit/537.36 (KHTML, like Gecko) Chrome/148.0.0.0 Safari/537.36"
141.98.11.117 - - [29/May/2026:03:40:58 +0000] "POST /wp-login.php HTTP/1.1" 200 2018 "https://stg.everycred.com/wp-login.php" "Mozilla/5.0 (X11; Linux x86_64; rv:133.0) Gecko/20100101 Firefox/133.0"
213.94.48.27 - - [29/May/2026:03:41:06 +0000] "POST /xmlrpc.php HTTP/1.1" 404 146 "-" "XML-RPC for PHP 4.11.1"
78.142.18.40 - - [29/May/2026:03:41:08 +0000] "GET /wp-login.php HTTP/1.1" 301 162 "-" "Mozilla/5.0 (Windows NT 10.0; Win64; x64) Gecko/20100101 Firefox/118.0.2"
78.142.18.40 - - [29/May/2026:03:41:08 +0000] "GET /administrator/ HTTP/1.1" 301 162 "-" "Mozilla/5.0 (Macintosh; Intel Mac OS X 13_6_2) AppleWebKit/537.36 (KHTML, like Gecko) Chrome/118.0.5993.88 Safari/537.36"
175.145.39.238 - - [29/May/2026:03:41:10 +0000] "GET / HTTP/1.1" 200 14394 "-" "Mozilla/5.0 (Windows NT 10.0; Win64; x64) AppleWebKit/537.36 (KHTML, like Gecko) Chrome/120.0.0.0 Safari/537.36"
175.145.39.238 - - [29/May/2026:03:41:10 +0000] "GET /wp-login.php HTTP/1.1" 200 1857 "-" "Mozilla/5.0 (Windows NT 10.0; Win64; x64) AppleWebKit/537.36 (KHTML, like Gecko) Chrome/120.0.0.0 Safari/537.36"
175.145.39.238 - - [29/May/2026:03:41:11 +0000] "POST /wp-login.php HTTP/1.1" 302 5 "https://stg.everycred.com/wp-login.php" "Mozilla/5.0 (Windows NT 10.0; Win64; x64) AppleWebKit/537.36 (KHTML, like Gecko) Chrome/120.0.0.0 Safari/537.36"
175.145.39.238 - - [29/May/2026:03:41:11 +0000] "GET /wp-admin/ HTTP/1.1" 200 19613 "https://stg.everycred.com/wp-login.php" "Mozilla/5.0 (Windows NT 10.0; Win64; x64) AppleWebKit/537.36 (KHTML, like Gecko) Chrome/120.0.0.0 Safari/537.36"
201.217.99.39 - - [29/May/2026:03:41:14 +0000] "GET /wp-admin/ HTTP/1.1" 200 19613 "-" "Mozilla/5.0 (Windows NT 10.0; Win64; x64) AppleWebKit/537.36 (KHTML, like Gecko) Chrome/120.0.0.0 Safari/537.36"
38.43.101.102 - - [29/May/2026:03:41:15 +0000] "GET / HTTP/1.1" 200 14394 "-" "Mozilla/5.0 (Windows NT 10.0; Win64; x64) AppleWebKit/537.36 (KHTML, like Gecko) Chrome/120.0.0.0 Safari/537.36"
38.43.101.102 - - [29/May/2026:03:41:16 +0000] "GET /wp-login.php HTTP/1.1" 200 1857 "-" "Mozilla/5.0 (Windows NT 10.0; Win64; x64) AppleWebKit/537.36 (KHTML, like Gecko) Chrome/120.0.0.0 Safari/537.36"
201.217.99.39 - - [29/May/2026:03:41:16 +0000] "GET /wp-admin/post-new.php HTTP/1.1" 200 89872 "-" "Mozilla/5.0 (Windows NT 10.0; Win64; x64) AppleWebKit/537.36 (KHTML, like Gecko) Chrome/120.0.0.0 Safari/537.36"
38.43.101.102 - - [29/May/2026:03:41:17 +0000] "POST /wp-login.php HTTP/1.1" 302 5 "https://stg.everycred.com/wp-login.php" "Mozilla/5.0 (Windows NT 10.0; Win64; x64) AppleWebKit/537.36 (KHTML, like Gecko) Chrome/120.0.0.0 Safari/537.36"
201.217.99.39 - - [29/May/2026:03:41:18 +0000] "POST /xmlrpc.php HTTP/1.1" 200 275 "-" "WordPress/5.0; https://stg.everycred.com"
38.43.101.102 - - [29/May/2026:03:41:18 +0000] "GET /wp-admin/ HTTP/1.1" 200 19613 "https://stg.everycred.com/wp-login.php" "Mozilla/5.0 (Windows NT 10.0; Win64; x64) AppleWebKit/537.36 (KHTML, like Gecko) Chrome/120.0.0.0 Safari/537.36"
201.217.99.39 - - [29/May/2026:03:41:18 +0000] "GET /wp-admin/admin-ajax.php?action=rest-nonce HTTP/1.1" 200 41 "-" "Mozilla/5.0 (Windows NT 10.0; Win64; x64) AppleWebKit/537.36 (KHTML, like Gecko) Chrome/120.0.0.0 Safari/537.36"
201.217.99.39 - - [29/May/2026:03:41:19 +0000] "GET /wp-json/wp/v2/plugins HTTP/1.1" 200 1871 "-" "Mozilla/5.0 (Windows NT 10.0; Win64; x64) AppleWebKit/537.36 (KHTML, like Gecko) Chrome/120.0.0.0 Safari/537.36"
201.217.99.39 - - [29/May/2026:03:41:20 +0000] "GET /wp-json/wp/v2/settings HTTP/1.1" 200 298 "-" "Mozilla/5.0 (Windows NT 10.0; Win64; x64) AppleWebKit/537.36 (KHTML, like Gecko) Chrome/120.0.0.0 Safari/537.36"
201.217.99.39 - - [29/May/2026:03:41:20 +0000] "GET /wp-json/wp/v2/pages/28 HTTP/1.1" 200 1490 "-" "Mozilla/5.0 (Windows NT 10.0; Win64; x64) AppleWebKit/537.36 (KHTML, like Gecko) Chrome/120.0.0.0 Safari/537.36"
201.217.99.39 - - [29/May/2026:03:41:22 +0000] "POST /xmlrpc.php HTTP/1.1" 200 139 "-" "Mozilla/5.0 (Windows NT 10.0; Win64; x64) AppleWebKit/537.36 (KHTML, like Gecko) Chrome/120.0.0.0 Safari/537.36"
201.217.99.39 - - [29/May/2026:03:41:25 +0000] "GET /?page_id=28 HTTP/1.1" 301 5 "-" "Mozilla/5.0 (Windows NT 10.0; Win64; x64) AppleWebKit/537.36 (KHTML, like Gecko) Chrome/120.0.0.0 Safari/537.36"
201.217.99.39 - - [29/May/2026:03:41:25 +0000] "GET / HTTP/1.1" 200 15666 "-" "Mozilla/5.0 (Windows NT 10.0; Win64; x64) AppleWebKit/537.36 (KHTML, like Gecko) Chrome/120.0.0.0 Safari/537.36"
103.11.102.106 - - [29/May/2026:03:41:31 +0000] "GET /wp-login.php HTTP/1.1" 200 1770 "-" "Mozilla/5.0 (X11; CrOS x86_64 14541.0.0) AppleWebKit/537.36 (KHTML, like Gecko) Chrome/133.0.0.0 Safari/537.36"
103.11.102.106 - - [29/May/2026:03:41:31 +0000] "POST /wp-login.php HTTP/1.1" 200 1940 "https://vcstore.viitorcloud.co/wp-login.php" "Mozilla/5.0 (X11; CrOS x86_64 14541.0.0) AppleWebKit/537.36 (KHTML, like Gecko) Chrome/133.0.0.0 Safari/537.36"
38.43.101.102 - - [29/May/2026:03:41:34 +0000] "GET /wp-admin/post-new.php HTTP/1.1" 200 89873 "-" "Mozilla/5.0 (Windows NT 10.0; Win64; x64) AppleWebKit/537.36 (KHTML, like Gecko) Chrome/120.0.0.0 Safari/537.36"
190.66.151.222 - - [29/May/2026:03:41:35 +0000] "GET / HTTP/1.1" 200 14433 "-" "Mozilla/5.0 (Windows NT 10.0; Win64; x64) AppleWebKit/537.36 (KHTML, like Gecko) Chrome/120.0.0.0 Safari/537.36"
190.66.151.222 - - [29/May/2026:03:41:36 +0000] "GET /wp-login.php HTTP/1.1" 200 1857 "-" "Mozilla/5.0 (Windows NT 10.0; Win64; x64) AppleWebKit/537.36 (KHTML, like Gecko) Chrome/120.0.0.0 Safari/537.36"
38.43.101.102 - - [29/May/2026:03:41:36 +0000] "POST /xmlrpc.php HTTP/1.1" 200 275 "-" "WordPress/5.0; https://stg.everycred.com"
190.66.151.222 - - [29/May/2026:03:41:36 +0000] "POST /wp-login.php HTTP/1.1" 302 5 "https://stg.everycred.com/wp-login.php" "Mozilla/5.0 (Windows NT 10.0; Win64; x64) AppleWebKit/537.36 (KHTML, like Gecko) Chrome/120.0.0.0 Safari/537.36"
38.43.101.102 - - [29/May/2026:03:41:37 +0000] "GET /wp-admin/admin-ajax.php?action=rest-nonce HTTP/1.1" 200 41 "-" "Mozilla/5.0 (Windows NT 10.0; Win64; x64) AppleWebKit/537.36 (KHTML, like Gecko) Chrome/120.0.0.0 Safari/537.36"
190.66.151.222 - - [29/May/2026:03:41:37 +0000] "GET /wp-admin/ HTTP/1.1" 200 19616 "https://stg.everycred.com/wp-login.php" "Mozilla/5.0 (Windows NT 10.0; Win64; x64) AppleWebKit/537.36 (KHTML, like Gecko) Chrome/120.0.0.0 Safari/537.36"
38.43.101.102 - - [29/May/2026:03:41:37 +0000] "GET /wp-json/wp/v2/plugins HTTP/1.1" 200 1871 "-" "Mozilla/5.0 (Windows NT 10.0; Win64; x64) AppleWebKit/537.36 (KHTML, like Gecko) Chrome/120.0.0.0 Safari/537.36"
38.43.101.102 - - [29/May/2026:03:41:38 +0000] "GET /wp-json/wp/v2/settings HTTP/1.1" 200 298 "-" "Mozilla/5.0 (Windows NT 10.0; Win64; x64) AppleWebKit/537.36 (KHTML, like Gecko) Chrome/120.0.0.0 Safari/537.36"
38.43.101.102 - - [29/May/2026:03:41:39 +0000] "GET /wp-json/wp/v2/pages/28 HTTP/1.1" 200 1527 "-" "Mozilla/5.0 (Windows NT 10.0; Win64; x64) AppleWebKit/537.36 (KHTML, like Gecko) Chrome/120.0.0.0 Safari/537.36"
94.202.244.252 - - [29/May/2026:03:41:40 +0000] "GET /wp-admin/ HTTP/1.1" 200 19616 "-" "Mozilla/5.0 (Windows NT 10.0; Win64; x64) AppleWebKit/537.36 (KHTML, like Gecko) Chrome/120.0.0.0 Safari/537.36"
38.43.101.102 - - [29/May/2026:03:41:41 +0000] "POST /xmlrpc.php HTTP/1.1" 200 139 "-" "Mozilla/5.0 (Windows NT 10.0; Win64; x64) AppleWebKit/537.36 (KHTML, like Gecko) Chrome/120.0.0.0 Safari/537.36"
94.202.244.252 - - [29/May/2026:03:41:41 +0000] "GET /wp-admin/post-new.php HTTP/1.1" 200 89874 "-" "Mozilla/5.0 (Windows NT 10.0; Win64; x64) AppleWebKit/537.36 (KHTML, like Gecko) Chrome/120.0.0.0 Safari/537.36"
94.202.244.252 - - [29/May/2026:03:41:42 +0000] "POST /xmlrpc.php HTTP/1.1" 200 275 "-" "WordPress/5.0; https://stg.everycred.com"
94.202.244.252 - - [29/May/2026:03:41:42 +0000] "GET /wp-admin/admin-ajax.php?action=rest-nonce HTTP/1.1" 200 41 "-" "Mozilla/5.0 (Windows NT 10.0; Win64; x64) AppleWebKit/537.36 (KHTML, like Gecko) Chrome/120.0.0.0 Safari/537.36"
94.202.244.252 - - [29/May/2026:03:41:43 +0000] "GET /wp-json/wp/v2/plugins HTTP/1.1" 200 1871 "-" "Mozilla/5.0 (Windows NT 10.0; Win64; x64) AppleWebKit/537.36 (KHTML, like Gecko) Chrome/120.0.0.0 Safari/537.36"
94.202.244.252 - - [29/May/2026:03:41:43 +0000] "GET /wp-json/wp/v2/settings HTTP/1.1" 200 298 "-" "Mozilla/5.0 (Windows NT 10.0; Win64; x64) AppleWebKit/537.36 (KHTML, like Gecko) Chrome/120.0.0.0 Safari/537.36"
38.43.101.102 - - [29/May/2026:03:41:43 +0000] "GET /?page_id=28 HTTP/1.1" 301 5 "-" "Mozilla/5.0 (Windows NT 10.0; Win64; x64) AppleWebKit/537.36 (KHTML, like Gecko) Chrome/120.0.0.0 Safari/537.36"
94.202.244.252 - - [29/May/2026:03:41:44 +0000] "GET /wp-json/wp/v2/pages/28 HTTP/1.1" 200 1560 "-" "Mozilla/5.0 (Windows NT 10.0; Win64; x64) AppleWebKit/537.36 (KHTML, like Gecko) Chrome/120.0.0.0 Safari/537.36"
38.43.101.102 - - [29/May/2026:03:41:44 +0000] "GET / HTTP/1.1" 200 15707 "-" "Mozilla/5.0 (Windows NT 10.0; Win64; x64) AppleWebKit/537.36 (KHTML, like Gecko) Chrome/120.0.0.0 Safari/537.36"
94.202.244.252 - - [29/May/2026:03:41:45 +0000] "POST /xmlrpc.php HTTP/1.1" 200 139 "-" "Mozilla/5.0 (Windows NT 10.0; Win64; x64) AppleWebKit/537.36 (KHTML, like Gecko) Chrome/120.0.0.0 Safari/537.36"
94.202.244.252 - - [29/May/2026:03:41:47 +0000] "GET /?page_id=28 HTTP/1.1" 301 5 "-" "Mozilla/5.0 (Windows NT 10.0; Win64; x64) AppleWebKit/537.36 (KHTML, like Gecko) Chrome/120.0.0.0 Safari/537.36"
94.202.244.252 - - [29/May/2026:03:41:48 +0000] "GET / HTTP/1.1" 200 15773 "-" "Mozilla/5.0 (Windows NT 10.0; Win64; x64) AppleWebKit/537.36 (KHTML, like Gecko) Chrome/120.0.0.0 Safari/537.36"
44.213.202.136 - - [29/May/2026:03:41:57 +0000] "GET /transform-healthcare-with-decentralized-identity-and-verifiable-credentials/ HTTP/1.1" 200 18667 "-" "Mozilla/5.0 AppleWebKit/537.36 (KHTML, like Gecko; compatible; Amazonbot/0.1; +https://developer.amazon.com/support/amazonbot) Chrome/119.0.6045.214 Safari/537.36"
78.153.140.93 - - [29/May/2026:03:41:59 +0000] "GET /.env HTTP/1.1" 404 178 "-" "Mozilla/5.0 (Windows NT 10.0; Win64; x64) AppleWebKit/537.36 (KHTML, like Gecko) Chrome/116.0.5845.140 Safari/537.36"
222.165.190.235 - Trendygital.com [29/May/2026:03:41:59 +0000] "GET /wp-json/wp/v2/users/me HTTP/1.1" 401 107 "-" "Mozilla/5.0 (X11; Fedora; Linux x86_64) AppleWebKit/537.36 (KHTML, like Gecko) Chrome/133.0.0.0 Safari/537.36"
78.153.140.93 - - [29/May/2026:03:42:00 +0000] "POST / HTTP/1.1" 405 552 "-" "Mozilla/5.0 (Windows NT 10.0; Win64; x64) AppleWebKit/537.36 (KHTML, like Gecko) Chrome/116.0.5845.140 Safari/537.36"
134.209.147.209 - - [29/May/2026:03:42:01 +0000] "POST /wp-cron.php?doing_wp_cron=1780026121.0688159465789794921875 HTTP/1.1" 200 31 "-" "WordPress/6.5.3; https://vcstore.stgviitor.com"
74.206.180.196 - - [29/May/2026:03:42:01 +0000] "GET /wp-login.php HTTP/1.1" 200 1831 "-" "Mozilla/5.0 (X11; CrOS x86_64 14541.0.0) AppleWebKit/537.36 (KHTML, like Gecko) Chrome/133.0.0.0 Safari/537.36"
92.205.109.21 - - [29/May/2026:03:42:01 +0000] "GET /wp-login.php HTTP/1.1" 200 1831 "-" "Mozilla/5.0 (X11; Ubuntu; Linux x86_64) AppleWebKit/537.36 (KHTML, like Gecko) Chrome/133.0.0.0 Safari/537.36"
134.209.147.209 - - [29/May/2026:03:42:02 +0000] "GET /wp-content/plugins/lifeline-plugin/assets/data/font-awesome-5.json HTTP/1.1" 200 13009 "-" "WordPress/7.0; https://bharti-foundation.stgviitor.com"
134.209.147.209 - - [29/May/2026:03:42:02 +0000] "GET /wp-content/plugins/lifeline-plugin/assets/data/font-awesome-5.json HTTP/1.1" 200 13009 "-" "WordPress/7.0; https://bharti-foundation.stgviitor.com"
134.209.147.209 - - [29/May/2026:03:42:02 +0000] "GET /wp-content/plugins/lifeline-plugin/assets/json/social-profile.json HTTP/1.1" 200 4033 "-" "WordPress/7.0; https://bharti-foundation.stgviitor.com"
134.209.147.209 - - [29/May/2026:03:42:02 +0000] "GET /wp-content/plugins/lifeline-plugin/assets/data/font-awesome-5.json HTTP/1.1" 200 13009 "-" "WordPress/7.0; https://bharti-foundation.stgviitor.com"
134.209.147.209 - - [29/May/2026:03:42:03 +0000] "POST /wp-cron.php?doing_wp_cron=1780026123.0436630249023437500000 HTTP/1.1" 200 31 "-" "WordPress/7.0; https://bharti-foundation.stgviitor.com"
134.209.147.209 - - [29/May/2026:03:42:03 +0000] "GET /wp-content/plugins/lifeline-plugin/assets/data/font-awesome-5.json HTTP/1.1" 200 13009 "-" "WordPress/7.0; https://bharti-foundation.stgviitor.com"
134.209.147.209 - - [29/May/2026:03:42:03 +0000] "GET /wp-content/plugins/lifeline-plugin/assets/data/font-awesome-5.json HTTP/1.1" 200 13009 "-" "WordPress/7.0; https://bharti-foundation.stgviitor.com"
134.209.147.209 - - [29/May/2026:03:42:03 +0000] "GET /wp-content/plugins/lifeline-plugin/assets/json/social-profile.json HTTP/1.1" 200 4033 "-" "WordPress/7.0; https://bharti-foundation.stgviitor.com"
134.209.147.209 - - [29/May/2026:03:42:03 +0000] "GET /wp-content/plugins/lifeline-plugin/assets/data/font-awesome-5.json HTTP/1.1" 200 13009 "-" "WordPress/7.0; https://bharti-foundation.stgviitor.com"
81.19.216.113 - - [29/May/2026:03:42:03 +0000] "POST /onvif/device_service HTTP/1.1" 404 57332 "-" "Go-http-client/1.1"
134.209.147.209 - - [29/May/2026:03:42:03 +0000] "POST /wp-cron.php?doing_wp_cron=1780026123.4728469848632812500000 HTTP/1.1" 200 31 "-" "WordPress/6.5.3; https://vcstore.stgviitor.com"
92.205.109.21 - - [29/May/2026:03:42:03 +0000] "POST /wp-login.php HTTP/1.1" 200 1991 "https://vcstore.stgviitor.com/wp-login.php" "Mozilla/5.0 (X11; Ubuntu; Linux x86_64) AppleWebKit/537.36 (KHTML, like Gecko) Chrome/133.0.0.0 Safari/537.36"
134.209.147.209 - - [29/May/2026:03:42:04 +0000] "GET /wp-content/plugins/lifeline-plugin/assets/data/font-awesome-5.json HTTP/1.1" 200 13009 "-" "WordPress/7.0; https://bharti-foundation.stgviitor.com"
134.209.147.209 - - [29/May/2026:03:42:04 +0000] "GET /wp-content/plugins/lifeline-plugin/assets/data/font-awesome-5.json HTTP/1.1" 200 13009 "-" "WordPress/7.0; https://bharti-foundation.stgviitor.com"
134.209.147.209 - - [29/May/2026:03:42:04 +0000] "POST /wp-cron.php?doing_wp_cron=1780026124.2481679916381835937500 HTTP/1.1" 200 31 "-" "WordPress/6.6.1; https://newfaith.focalat.com"
74.206.180.196 - - [29/May/2026:03:42:04 +0000] "POST /wp-login.php HTTP/1.1" 200 1991 "https://vcstore.stgviitor.com/wp-login.php" "Mozilla/5.0 (X11; CrOS x86_64 14541.0.0) AppleWebKit/537.36 (KHTML, like Gecko) Chrome/133.0.0.0 Safari/537.36"
143.198.203.76 - - [29/May/2026:03:42:04 +0000] "GET /wp-login.php HTTP/1.1" 200 2033 "-" "Mozilla/5.0 (Macintosh; Intel Mac OS X 14_7_4) AppleWebKit/537.36 (KHTML, like Gecko) Chrome/133.0.0.0 Safari/537.36"
134.209.147.209 - - [29/May/2026:03:42:04 +0000] "GET /wp-content/plugins/lifeline-plugin/assets/json/social-profile.json HTTP/1.1" 200 4033 "-" "WordPress/7.0; https://bharti-foundation.stgviitor.com"
134.209.147.209 - - [29/May/2026:03:42:04 +0000] "GET /wp-content/plugins/lifeline-plugin/assets/data/font-awesome-5.json HTTP/1.1" 200 13009 "-" "WordPress/7.0; https://bharti-foundation.stgviitor.com"
81.19.216.82 - - [29/May/2026:03:42:04 +0000] "GET / HTTP/1.1" 301 11 "-" "Mozilla/5.0 (compatible; Infrawatch/1.0; +https://infrawat.ch/)"
134.209.147.209 - - [29/May/2026:03:42:05 +0000] "GET /wp-content/plugins/lifeline-plugin/assets/data/font-awesome-5.json HTTP/1.1" 200 13009 "-" "WordPress/7.0; https://bharti-foundation.stgviitor.com"
134.209.147.209 - - [29/May/2026:03:42:05 +0000] "GET /wp-content/plugins/lifeline-plugin/assets/data/font-awesome-5.json HTTP/1.1" 200 13009 "-" "WordPress/7.0; https://bharti-foundation.stgviitor.com"
134.209.147.209 - - [29/May/2026:03:42:05 +0000] "GET /wp-content/plugins/lifeline-plugin/assets/json/social-profile.json HTTP/1.1" 200 4033 "-" "WordPress/7.0; https://bharti-foundation.stgviitor.com"
134.209.147.209 - - [29/May/2026:03:42:05 +0000] "GET /wp-content/plugins/lifeline-plugin/assets/data/font-awesome-5.json HTTP/1.1" 200 13009 "-" "WordPress/7.0; https://bharti-foundation.stgviitor.com"
89.21.67.176 - - [29/May/2026:03:42:06 +0000] "GET / HTTP/1.1" 200 31479 "-" "Mozilla/5.0 (compatible; Infrawatch/1.0; +https://infrawat.ch/)"
185.223.235.28 - - [29/May/2026:03:42:06 +0000] "GET /wp-content/uploads/2026/03/favicon.ico HTTP/1.1" 200 15406 "-" "Mozilla/5.0 (compatible; Infrawatch/1.0; +https://infrawat.ch/)"
185.223.235.56 - - [29/May/2026:03:42:07 +0000] "GET /favicon.ico HTTP/1.1" 404 146 "-" "Mozilla/5.0 (compatible; Infrawatch/1.0; +https://infrawat.ch/)"
143.198.203.76 - - [29/May/2026:03:42:07 +0000] "POST /wp-login.php HTTP/1.1" 200 2171 "https://newfaith.focalat.com/wp-login.php" "Mozilla/5.0 (Macintosh; Intel Mac OS X 14_7_4) AppleWebKit/537.36 (KHTML, like Gecko) Chrome/133.0.0.0 Safari/537.36"
168.194.116.185 - - [29/May/2026:03:42:20 +0000] "GET / HTTP/1.1" 200 14537 "-" "Mozilla/5.0 (Windows NT 10.0; Win64; x64) AppleWebKit/537.36 (KHTML, like Gecko) Chrome/120.0.0.0 Safari/537.36"
168.194.116.185 - - [29/May/2026:03:42:21 +0000] "GET /wp-login.php HTTP/1.1" 200 1857 "-" "Mozilla/5.0 (Windows NT 10.0; Win64; x64) AppleWebKit/537.36 (KHTML, like Gecko) Chrome/120.0.0.0 Safari/537.36"
168.194.116.185 - - [29/May/2026:03:42:22 +0000] "POST /wp-login.php HTTP/1.1" 302 5 "https://stg.everycred.com/wp-login.php" "Mozilla/5.0 (Windows NT 10.0; Win64; x64) AppleWebKit/537.36 (KHTML, like Gecko) Chrome/120.0.0.0 Safari/537.36"
168.194.116.185 - - [29/May/2026:03:42:23 +0000] "GET /wp-admin/ HTTP/1.1" 200 19614 "https://stg.everycred.com/wp-login.php" "Mozilla/5.0 (Windows NT 10.0; Win64; x64) AppleWebKit/537.36 (KHTML, like Gecko) Chrome/120.0.0.0 Safari/537.36"
186.105.141.28 - - [29/May/2026:03:42:26 +0000] "GET / HTTP/1.1" 200 14537 "-" "Mozilla/5.0 (Windows NT 10.0; Win64; x64) AppleWebKit/537.36 (KHTML, like Gecko) Chrome/120.0.0.0 Safari/537.36"
186.178.229.229 - - [29/May/2026:03:42:26 +0000] "GET /wp-admin/ HTTP/1.1" 200 19614 "-" "Mozilla/5.0 (Windows NT 10.0; Win64; x64) AppleWebKit/537.36 (KHTML, like Gecko) Chrome/120.0.0.0 Safari/537.36"
186.105.141.28 - - [29/May/2026:03:42:27 +0000] "GET /wp-login.php HTTP/1.1" 200 1857 "-" "Mozilla/5.0 (Windows NT 10.0; Win64; x64) AppleWebKit/537.36 (KHTML, like Gecko) Chrome/120.0.0.0 Safari/537.36"
186.178.229.229 - - [29/May/2026:03:42:27 +0000] "GET /wp-admin/post-new.php HTTP/1.1" 200 89869 "-" "Mozilla/5.0 (Windows NT 10.0; Win64; x64) AppleWebKit/537.36 (KHTML, like Gecko) Chrome/120.0.0.0 Safari/537.36"
186.105.141.28 - - [29/May/2026:03:42:28 +0000] "POST /wp-login.php HTTP/1.1" 302 5 "https://stg.everycred.com/wp-login.php" "Mozilla/5.0 (Windows NT 10.0; Win64; x64) AppleWebKit/537.36 (KHTML, like Gecko) Chrome/120.0.0.0 Safari/537.36"
186.105.141.28 - - [29/May/2026:03:42:29 +0000] "GET /wp-admin/ HTTP/1.1" 200 19613 "https://stg.everycred.com/wp-login.php" "Mozilla/5.0 (Windows NT 10.0; Win64; x64) AppleWebKit/537.36 (KHTML, like Gecko) Chrome/120.0.0.0 Safari/537.36"
186.178.229.229 - - [29/May/2026:03:42:29 +0000] "POST /xmlrpc.php HTTP/1.1" 200 275 "-" "WordPress/5.0; https://stg.everycred.com"
186.178.229.229 - - [29/May/2026:03:42:30 +0000] "GET /wp-admin/admin-ajax.php?action=rest-nonce HTTP/1.1" 200 41 "-" "Mozilla/5.0 (Windows NT 10.0; Win64; x64) AppleWebKit/537.36 (KHTML, like Gecko) Chrome/120.0.0.0 Safari/537.36"
186.178.229.229 - - [29/May/2026:03:42:30 +0000] "GET /wp-json/wp/v2/plugins HTTP/1.1" 200 1871 "-" "Mozilla/5.0 (Windows NT 10.0; Win64; x64) AppleWebKit/537.36 (KHTML, like Gecko) Chrome/120.0.0.0 Safari/537.36"
186.178.229.229 - - [29/May/2026:03:42:31 +0000] "GET /wp-json/wp/v2/settings HTTP/1.1" 200 298 "-" "Mozilla/5.0 (Windows NT 10.0; Win64; x64) AppleWebKit/537.36 (KHTML, like Gecko) Chrome/120.0.0.0 Safari/537.36"
45.182.109.119 - - [29/May/2026:03:42:32 +0000] "GET /wp-admin/ HTTP/1.1" 200 19612 "-" "Mozilla/5.0 (Windows NT 10.0; Win64; x64) AppleWebKit/537.36 (KHTML, like Gecko) Chrome/120.0.0.0 Safari/537.36"
186.178.229.229 - - [29/May/2026:03:42:32 +0000] "GET /wp-json/wp/v2/pages/28 HTTP/1.1" 200 1621 "-" "Mozilla/5.0 (Windows NT 10.0; Win64; x64) AppleWebKit/537.36 (KHTML, like Gecko) Chrome/120.0.0.0 Safari/537.36"
186.178.229.229 - - [29/May/2026:03:42:33 +0000] "POST /xmlrpc.php HTTP/1.1" 200 139 "-" "Mozilla/5.0 (Windows NT 10.0; Win64; x64) AppleWebKit/537.36 (KHTML, like Gecko) Chrome/120.0.0.0 Safari/537.36"
45.182.109.119 - - [29/May/2026:03:42:33 +0000] "GET /wp-admin/post-new.php HTTP/1.1" 200 89872 "-" "Mozilla/5.0 (Windows NT 10.0; Win64; x64) AppleWebKit/537.36 (KHTML, like Gecko) Chrome/120.0.0.0 Safari/537.36"
45.182.109.119 - - [29/May/2026:03:42:35 +0000] "POST /xmlrpc.php HTTP/1.1" 200 275 "-" "WordPress/5.0; https://stg.everycred.com"
45.182.109.119 - - [29/May/2026:03:42:36 +0000] "GET /wp-admin/admin-ajax.php?action=rest-nonce HTTP/1.1" 200 41 "-" "Mozilla/5.0 (Windows NT 10.0; Win64; x64) AppleWebKit/537.36 (KHTML, like Gecko) Chrome/120.0.0.0 Safari/537.36"
186.178.229.229 - - [29/May/2026:03:42:36 +0000] "GET /?page_id=28 HTTP/1.1" 301 5 "-" "Mozilla/5.0 (Windows NT 10.0; Win64; x64) AppleWebKit/537.36 (KHTML, like Gecko) Chrome/120.0.0.0 Safari/537.36"
45.182.109.119 - - [29/May/2026:03:42:36 +0000] "GET /wp-json/wp/v2/plugins HTTP/1.1" 200 1871 "-" "Mozilla/5.0 (Windows NT 10.0; Win64; x64) AppleWebKit/537.36 (KHTML, like Gecko) Chrome/120.0.0.0 Safari/537.36"
186.178.229.229 - - [29/May/2026:03:42:37 +0000] "GET / HTTP/1.1" 200 15786 "-" "Mozilla/5.0 (Windows NT 10.0; Win64; x64) AppleWebKit/537.36 (KHTML, like Gecko) Chrome/120.0.0.0 Safari/537.36"
45.182.109.119 - - [29/May/2026:03:42:37 +0000] "GET /wp-json/wp/v2/settings HTTP/1.1" 200 298 "-" "Mozilla/5.0 (Windows NT 10.0; Win64; x64) AppleWebKit/537.36 (KHTML, like Gecko) Chrome/120.0.0.0 Safari/537.36"
45.182.109.119 - - [29/May/2026:03:42:38 +0000] "GET /wp-json/wp/v2/pages/28 HTTP/1.1" 200 1634 "-" "Mozilla/5.0 (Windows NT 10.0; Win64; x64) AppleWebKit/537.36 (KHTML, like Gecko) Chrome/120.0.0.0 Safari/537.36"
45.182.109.119 - - [29/May/2026:03:42:39 +0000] "POST /xmlrpc.php HTTP/1.1" 200 139 "-" "Mozilla/5.0 (Windows NT 10.0; Win64; x64) AppleWebKit/537.36 (KHTML, like Gecko) Chrome/120.0.0.0 Safari/537.36"
45.182.109.119 - - [29/May/2026:03:42:42 +0000] "GET /?page_id=28 HTTP/1.1" 301 5 "-" "Mozilla/5.0 (Windows NT 10.0; Win64; x64) AppleWebKit/537.36 (KHTML, like Gecko) Chrome/120.0.0.0 Safari/537.36"
45.182.109.119 - - [29/May/2026:03:42:43 +0000] "GET / HTTP/1.1" 200 15801 "-" "Mozilla/5.0 (Windows NT 10.0; Win64; x64) AppleWebKit/537.36 (KHTML, like Gecko) Chrome/120.0.0.0 Safari/537.36"
134.209.147.209 - - [29/May/2026:03:42:47 +0000] "POST /wp-cron.php?doing_wp_cron=1780026167.0129470825195312500000 HTTP/1.1" 200 31 "-" "WordPress/6.9.1; https://e-tdr.com"
138.68.19.42 - - [29/May/2026:03:42:47 +0000] "POST /wp-login.php HTTP/1.1" 200 6388 "-" "Mozilla/5.0"
134.209.147.209 - - [29/May/2026:03:42:47 +0000] "POST /wp-cron.php?doing_wp_cron=1780026167.0140049457550048828125 HTTP/1.1" 200 31 "-" "WordPress/6.9.1; https://e-tdr.com"
138.68.19.42 - - [29/May/2026:03:42:47 +0000] "POST /wp-login.php HTTP/1.1" 200 6398 "-" "Mozilla/5.0"
134.209.147.209 - - [29/May/2026:03:42:55 +0000] "POST /wp-cron.php?doing_wp_cron=1780026175.5338399410247802734375 HTTP/1.1" 200 31 "-" "WordPress/6.5.3; https://vcstore.stgviitor.com"
208.68.37.246 - - [29/May/2026:03:42:55 +0000] "GET /wp-login.php HTTP/1.1" 200 1831 "-" "Mozilla/5.0 (Macintosh; Intel Mac OS X 11_7_10) AppleWebKit/537.36 (KHTML, like Gecko) Chrome/133.0.0.0 Safari/537.36"
208.68.37.246 - - [29/May/2026:03:42:57 +0000] "POST /wp-login.php HTTP/1.1" 200 1965 "https://vcstore.stgviitor.com/wp-login.php" "Mozilla/5.0 (Macintosh; Intel Mac OS X 11_7_10) AppleWebKit/537.36 (KHTML, like Gecko) Chrome/133.0.0.0 Safari/537.36"
66.29.156.133 - - [29/May/2026:03:42:58 +0000] "GET /wp-login.php HTTP/1.1" 200 1831 "-" "Mozilla/5.0 (Macintosh; Intel Mac OS X 10_15_7) AppleWebKit/605.1.15 (KHTML, like Gecko) Version/18.3 Safari/605.1.15"
134.209.147.209 - - [29/May/2026:03:42:59 +0000] "POST /wp-cron.php?doing_wp_cron=1780026179.6173229217529296875000 HTTP/1.1" 200 31 "-" "WordPress/6.9.4; https://viitorx.stgviitor.com"
122.170.2.11 - - [29/May/2026:03:42:59 +0000] "POST /wp-admin/admin-ajax.php HTTP/1.1" 200 78 "https://viitorx.stgviitor.com/wp-admin/admin.php?page=theme-settings" "Mozilla/5.0 (Windows NT 10.0; Win64; x64) AppleWebKit/537.36 (KHTML, like Gecko) Chrome/148.0.0.0 Safari/537.36"
66.29.156.133 - - [29/May/2026:03:43:02 +0000] "POST /wp-login.php HTTP/1.1" 200 1965 "https://vcstore.stgviitor.com/wp-login.php" "Mozilla/5.0 (Macintosh; Intel Mac OS X 10_15_7) AppleWebKit/605.1.15 (KHTML, like Gecko) Version/18.3 Safari/605.1.15"
159.65.173.172 - - [29/May/2026:03:43:02 +0000] "GET /wp-login.php HTTP/1.1" 200 1831 "-" "Mozilla/5.0 (X11; Linux x86_64) AppleWebKit/537.36 (KHTML, like Gecko) Chrome/133.0.0.0 Safari/537.36"
159.65.173.172 - - [29/May/2026:03:43:05 +0000] "POST /wp-login.php HTTP/1.1" 200 1965 "https://vcstore.stgviitor.com/wp-login.php" "Mozilla/5.0 (X11; Linux x86_64) AppleWebKit/537.36 (KHTML, like Gecko) Chrome/133.0.0.0 Safari/537.36"
66.228.53.162 - - [29/May/2026:03:43:22 +0000] "GET / HTTP/1.1" 200 3133 "-" "Mozilla/5.0 (Macintosh; Intel Mac OS X 13_1) AppleWebKit/537.36 (KHTML, like Gecko) Chrome/108.0.0.0 Safari/537.36"
134.209.147.209 - - [29/May/2026:03:43:34 +0000] "POST /wp-cron.php?doing_wp_cron=1780026214.4478399753570556640625 HTTP/1.1" 200 31 "-" "WordPress/6.6.1; https://newfaith.focalat.com"
208.68.37.246 - - [29/May/2026:03:43:34 +0000] "GET /wp-login.php HTTP/1.1" 200 2033 "-" "Mozilla/5.0 (X11; Ubuntu; Linux x86_64; rv:133.0) Gecko/20100101 Firefox/133.0"
208.68.37.246 - - [29/May/2026:03:43:35 +0000] "POST /wp-login.php HTTP/1.1" 200 2196 "https://newfaith.focalat.com/wp-login.php" "Mozilla/5.0 (X11; Ubuntu; Linux x86_64; rv:133.0) Gecko/20100101 Firefox/133.0"
102.23.22.116 - - [29/May/2026:03:43:48 +0000] "GET / HTTP/1.1" 200 14563 "-" "Mozilla/5.0 (Windows NT 10.0; Win64; x64) AppleWebKit/537.36 (KHTML, like Gecko) Chrome/120.0.0.0 Safari/537.36"
102.23.22.116 - - [29/May/2026:03:43:49 +0000] "GET /wp-login.php HTTP/1.1" 200 1857 "-" "Mozilla/5.0 (Windows NT 10.0; Win64; x64) AppleWebKit/537.36 (KHTML, like Gecko) Chrome/120.0.0.0 Safari/537.36"
102.23.22.116 - - [29/May/2026:03:43:49 +0000] "POST /wp-login.php HTTP/1.1" 302 5 "https://stg.everycred.com/wp-login.php" "Mozilla/5.0 (Windows NT 10.0; Win64; x64) AppleWebKit/537.36 (KHTML, like Gecko) Chrome/120.0.0.0 Safari/537.36"
134.209.147.209 - - [29/May/2026:03:43:50 +0000] "POST /wp-cron.php?doing_wp_cron=1780026230.3482110500335693359375 HTTP/1.1" 200 31 "-" "WordPress/6.9.1; https://e-tdr.com"
66.29.156.133 - - [29/May/2026:03:43:50 +0000] "GET /wp-login.php HTTP/1.1" 200 2007 "-" "Mozilla/5.0 (Windows NT 10.0; WOW64) AppleWebKit/537.36 (KHTML, like Gecko) Chrome/133.0.0.0 Safari/537.36"
102.23.22.116 - - [29/May/2026:03:43:50 +0000] "GET /wp-admin/ HTTP/1.1" 200 19615 "https://stg.everycred.com/wp-login.php" "Mozilla/5.0 (Windows NT 10.0; Win64; x64) AppleWebKit/537.36 (KHTML, like Gecko) Chrome/120.0.0.0 Safari/537.36"
1.52.218.190 - - [29/May/2026:03:43:53 +0000] "GET /wp-admin/ HTTP/1.1" 200 19615 "-" "Mozilla/5.0 (Windows NT 10.0; Win64; x64) AppleWebKit/537.36 (KHTML, like Gecko) Chrome/120.0.0.0 Safari/537.36"
66.29.156.133 - - [29/May/2026:03:43:54 +0000] "POST /wp-login.php HTTP/1.1" 200 2138 "https://e-tdr.com/wp-login.php" "Mozilla/5.0 (Windows NT 10.0; WOW64) AppleWebKit/537.36 (KHTML, like Gecko) Chrome/133.0.0.0 Safari/537.36"
1.52.218.190 - - [29/May/2026:03:43:54 +0000] "GET /wp-admin/post-new.php HTTP/1.1" 200 89868 "-" "Mozilla/5.0 (Windows NT 10.0; Win64; x64) AppleWebKit/537.36 (KHTML, like Gecko) Chrome/120.0.0.0 Safari/537.36"
1.52.218.190 - - [29/May/2026:03:43:55 +0000] "POST /xmlrpc.php HTTP/1.1" 200 275 "-" "WordPress/5.0; https://stg.everycred.com"
82.223.24.195 - - [29/May/2026:03:43:55 +0000] "GET /wp-login.php HTTP/1.1" 200 1857 "-" "Mozilla/5.0 (X11; Linux x86_64) AppleWebKit/537.36 (KHTML, like Gecko) Chrome/133.0.0.0 Safari/537.36 Edg/133.0.0.0"
1.52.218.190 - - [29/May/2026:03:43:55 +0000] "GET /wp-admin/admin-ajax.php?action=rest-nonce HTTP/1.1" 200 41 "-" "Mozilla/5.0 (Windows NT 10.0; Win64; x64) AppleWebKit/537.36 (KHTML, like Gecko) Chrome/120.0.0.0 Safari/537.36"
82.223.24.195 - - [29/May/2026:03:43:55 +0000] "POST /wp-login.php HTTP/1.1" 200 2016 "https://stg.everycred.com/wp-login.php" "Mozilla/5.0 (X11; Linux x86_64) AppleWebKit/537.36 (KHTML, like Gecko) Chrome/133.0.0.0 Safari/537.36 Edg/133.0.0.0"
1.52.218.190 - - [29/May/2026:03:43:56 +0000] "GET /wp-json/wp/v2/plugins HTTP/1.1" 200 1871 "-" "Mozilla/5.0 (Windows NT 10.0; Win64; x64) AppleWebKit/537.36 (KHTML, like Gecko) Chrome/120.0.0.0 Safari/537.36"
65.254.225.218 - - [29/May/2026:03:43:56 +0000] "GET /wp-login.php HTTP/1.1" 200 1857 "-" "Mozilla/5.0 (Macintosh; Intel Mac OS X 10_15_7) AppleWebKit/605.1.15 (KHTML, like Gecko) Version/18.3 Safari/605.1.15"
1.52.218.190 - - [29/May/2026:03:43:56 +0000] "GET /wp-json/wp/v2/settings HTTP/1.1" 200 298 "-" "Mozilla/5.0 (Windows NT 10.0; Win64; x64) AppleWebKit/537.36 (KHTML, like Gecko) Chrome/120.0.0.0 Safari/537.36"
65.254.225.218 - - [29/May/2026:03:43:57 +0000] "POST /wp-login.php HTTP/1.1" 200 2016 "https://stg.everycred.com/wp-login.php" "Mozilla/5.0 (Macintosh; Intel Mac OS X 10_15_7) AppleWebKit/605.1.15 (KHTML, like Gecko) Version/18.3 Safari/605.1.15"
1.52.218.190 - - [29/May/2026:03:43:57 +0000] "GET /wp-json/wp/v2/pages/28 HTTP/1.1" 200 1646 "-" "Mozilla/5.0 (Windows NT 10.0; Win64; x64) AppleWebKit/537.36 (KHTML, like Gecko) Chrome/120.0.0.0 Safari/537.36"
78.46.190.63 - - [29/May/2026:03:43:57 +0000] "HEAD / HTTP/1.1" 301 0 "https://viitor.cloud" "Mozilla/5.0+(compatible; UptimeRobot/2.0; http://www.uptimerobot.com/)"
1.52.218.190 - - [29/May/2026:03:43:58 +0000] "POST /xmlrpc.php HTTP/1.1" 200 139 "-" "Mozilla/5.0 (Windows NT 10.0; Win64; x64) AppleWebKit/537.36 (KHTML, like Gecko) Chrome/120.0.0.0 Safari/537.36"
1.52.218.190 - - [29/May/2026:03:44:00 +0000] "GET /?page_id=28 HTTP/1.1" 301 5 "-" "Mozilla/5.0 (Windows NT 10.0; Win64; x64) AppleWebKit/537.36 (KHTML, like Gecko) Chrome/120.0.0.0 Safari/537.36"
1.52.218.190 - - [29/May/2026:03:44:01 +0000] "GET / HTTP/1.1" 200 15809 "-" "Mozilla/5.0 (Windows NT 10.0; Win64; x64) AppleWebKit/537.36 (KHTML, like Gecko) Chrome/120.0.0.0 Safari/537.36"
87.106.70.198 - - [29/May/2026:03:44:05 +0000] "GET /wp-login.php HTTP/1.1" 200 1857 "-" "Mozilla/5.0 (X11; Linux x86_64) AppleWebKit/537.36 (KHTML, like Gecko) Chrome/133.0.0.0 Safari/537.36"
87.106.70.198 - - [29/May/2026:03:44:09 +0000] "POST /wp-login.php HTTP/1.1" 200 2016 "https://stg.everycred.com/wp-login.php" "Mozilla/5.0 (X11; Linux x86_64) AppleWebKit/537.36 (KHTML, like Gecko) Chrome/133.0.0.0 Safari/537.36"
134.209.147.209 - - [29/May/2026:03:44:30 +0000] "POST /wp-cron.php?doing_wp_cron=1780026270.9747889041900634765625 HTTP/1.1" 200 31 "-" "WordPress/6.5.3; https://vcstore.viitorcloud.co"
172.69.165.27 - - [29/May/2026:03:44:30 +0000] "GET / HTTP/1.1" 301 5 "-" "Mozilla/5.0 (Macintosh; Intel Mac OS X 10_15_5) AppleWebKit/537.36 (KHTML, like Gecko) Chrome/89.0.4389.114 Safari/537.36"
103.140.87.212 - - [29/May/2026:03:44:34 +0000] "GET / HTTP/1.1" 200 3801 "-" "Mozilla/5.0 (Macintosh; Intel Mac OS X 10_15_5) AppleWebKit/537.36 (KHTML, like Gecko) Chrome/89.0.4389.114 Safari/537.36"
172.70.188.187 - - [29/May/2026:03:44:57 +0000] "GET / HTTP/1.1" 499 0 "-" "Mozilla/5.0 (Windows NT 10.0; Win64; x64) AppleWebKit/537.36 (KHTML, like Gecko) Chrome/96.0.4664.45 Safari/537.36"
134.209.147.209 - - [29/May/2026:03:44:58 +0000] "POST /wp-cron.php?doing_wp_cron=1780026298.3398571014404296875000 HTTP/1.1" 200 31 "-" "WordPress/6.9.1; https://e-tdr.com"
43.131.36.84 - - [29/May/2026:03:44:58 +0000] "GET /blog/?cat=3 HTTP/1.1" 200 13616 "-" "Mozilla/5.0 (iPhone; CPU iPhone OS 13_2_3 like Mac OS X) AppleWebKit/605.1.15 (KHTML, like Gecko) Version/13.0.3 Mobile/15E148 Safari/604.1"
134.209.147.209 - - [29/May/2026:03:45:00 +0000] "POST /wp-cron.php?doing_wp_cron=1780026300.6315140724182128906250 HTTP/1.1" 200 31 "-" "WordPress/6.9.4; https://viitorx.stgviitor.com"
122.170.2.11 - - [29/May/2026:03:45:00 +0000] "POST /wp-admin/admin-ajax.php HTTP/1.1" 200 78 "https://viitorx.stgviitor.com/wp-admin/admin.php?page=theme-settings" "Mozilla/5.0 (Windows NT 10.0; Win64; x64) AppleWebKit/537.36 (KHTML, like Gecko) Chrome/148.0.0.0 Safari/537.36"
134.209.147.209 - - [29/May/2026:03:45:12 +0000] "POST /wp-cron.php?doing_wp_cron=1780026312.8248178958892822265625 HTTP/1.1" 200 31 "-" "WordPress/6.9.4; https://laracopilot.stgviitor.com"
141.98.11.117 - - [29/May/2026:03:45:12 +0000] "GET /wp-login.php HTTP/1.1" 200 2008 "-" "Mozilla/5.0 (X11; Ubuntu; Linux x86_64) AppleWebKit/537.36 (KHTML, like Gecko) Chrome/133.0.0.0 Safari/537.36"
104.155.29.73 - - [29/May/2026:03:45:13 +0000] "GET /wp-login.php HTTP/1.1" 200 2008 "-" "Mozilla/5.0 (X11; Linux i686) AppleWebKit/537.36 (KHTML, like Gecko) Chrome/133.0.0.0 Safari/537.36"
104.155.29.73 - - [29/May/2026:03:45:13 +0000] "GET /wp-login.php HTTP/1.1" 200 1857 "-" "Mozilla/5.0 (X11; Fedora; Linux x86_64) AppleWebKit/537.36 (KHTML, like Gecko) Chrome/133.0.0.0 Safari/537.36"
141.98.11.117 - - [29/May/2026:03:45:14 +0000] "POST /wp-login.php HTTP/1.1" 200 2138 "https://laracopilot.stgviitor.com/wp-login.php" "Mozilla/5.0 (X11; Ubuntu; Linux x86_64) AppleWebKit/537.36 (KHTML, like Gecko) Chrome/133.0.0.0 Safari/537.36"
104.155.29.73 - - [29/May/2026:03:45:14 +0000] "POST /wp-login.php HTTP/1.1" 200 2018 "https://stg.everycred.com/wp-login.php" "Mozilla/5.0 (X11; Fedora; Linux x86_64) AppleWebKit/537.36 (KHTML, like Gecko) Chrome/133.0.0.0 Safari/537.36"
104.155.29.73 - - [29/May/2026:03:45:15 +0000] "POST /wp-login.php HTTP/1.1" 200 2138 "https://laracopilot.stgviitor.com/wp-login.php" "Mozilla/5.0 (X11; Linux i686) AppleWebKit/537.36 (KHTML, like Gecko) Chrome/133.0.0.0 Safari/537.36"
191.99.6.21 - - [29/May/2026:03:45:23 +0000] "GET / HTTP/1.1" 200 14572 "-" "Mozilla/5.0 (Windows NT 10.0; Win64; x64) AppleWebKit/537.36 (KHTML, like Gecko) Chrome/120.0.0.0 Safari/537.36"
134.209.147.209 - - [29/May/2026:03:45:23 +0000] "POST /wp-cron.php?doing_wp_cron=1780026323.7845890522003173828125 HTTP/1.1" 200 31 "-" "WordPress/6.9.1; https://e-tdr.com"
64.227.35.51 - - [29/May/2026:03:45:23 +0000] "POST /wp-login.php HTTP/1.1" 200 6398 "-" "Mozilla/5.0"
