161.118.210.105 - - [29/May/2026:03:32:01 +0000] "POST /wp-login.php HTTP/1.1" 405 552 "https://cxocopilot.com/wp-login.php" "Mozilla/5.0 (X11; Linux x86_64) AppleWebKit/537.36 (KHTML, like Gecko) Chrome/92.0.4515.131 Safari/537.36"
134.209.147.209 - - [29/May/2026:03:32:01 +0000] "GET /wp-content/plugins/lifeline-plugin/assets/data/font-awesome-5.json HTTP/1.1" 200 13009 "-" "WordPress/7.0; https://bharti-foundation.stgviitor.com"
161.118.210.105 - - [29/May/2026:03:32:01 +0000] "GET /wp-admin/index.php HTTP/1.1" 200 4559 "https://cxocopilot.com/wp-login.php" "Mozilla/5.0 (Windows NT 10.0; Win64; x64) AppleWebKit/605.1.15 (KHTML, like Gecko) Version/14.1.1 Safari/605.1.15"
161.118.210.105 - - [29/May/2026:03:32:01 +0000] "POST /wp-login.php HTTP/1.1" 405 150 "https://cxocopilot.com/wp-login.php" "Mozilla/5.0 (Windows NT 10.0; Win64; x64; rv:89.0) Gecko/20100101 Firefox/89.0.2"
134.209.147.209 - - [29/May/2026:03:32:01 +0000] "GET /wp-content/plugins/lifeline-plugin/assets/json/social-profile.json HTTP/1.1" 200 4033 "-" "WordPress/7.0; https://bharti-foundation.stgviitor.com"
161.118.210.105 - - [29/May/2026:03:32:01 +0000] "GET /wp-admin/index.php HTTP/1.1" 200 4559 "https://cxocopilot.com/wp-login.php" "Mozilla/5.0 (Windows NT 10.0; Win64; x64) AppleWebKit/605.1.15 (KHTML, like Gecko) Version/14.1 Safari/605.1.15"
161.118.210.105 - - [29/May/2026:03:32:01 +0000] "POST /wp-login.php HTTP/1.1" 405 552 "https://cxocopilot.com/wp-login.php" "Mozilla/5.0 (Windows NT 6.1; Win64; x64) AppleWebKit/537.36 (KHTML, like Gecko) Chrome/92.0.4515.131 Safari/537.36"
134.209.147.209 - - [29/May/2026:03:32:01 +0000] "GET /wp-content/plugins/lifeline-plugin/assets/data/font-awesome-5.json HTTP/1.1" 200 13009 "-" "WordPress/7.0; https://bharti-foundation.stgviitor.com"
161.118.210.105 - - [29/May/2026:03:32:01 +0000] "GET /wp-admin/index.php HTTP/1.1" 200 4559 "https://cxocopilot.com/wp-login.php" "Mozilla/5.0 (Macintosh; Intel Mac OS X 10_15_7) AppleWebKit/537.36 (KHTML, like Gecko) Chrome/93.0.4577.63 Safari/537.36"
161.118.210.105 - - [29/May/2026:03:32:01 +0000] "POST /wp-login.php HTTP/1.1" 405 150 "https://cxocopilot.com/wp-login.php" "Mozilla/5.0 (Macintosh; Intel Mac OS X 10_15_7) AppleWebKit/605.1.15 (KHTML, like Gecko) Version/14.1.1 Safari/605.1.15"
35.199.70.61 - - [29/May/2026:03:32:01 +0000] "GET /heapdump HTTP/1.1" 499 0 "-" "Mozilla/5.0 (Windows NT 6.3; WOW64) AppleWebKit/537.36 (KHTML, like Gecko) Chrome/31.0.1650.57 Safari/537.36 OPR/18.0.1284.49"
35.199.70.61 - - [29/May/2026:03:32:01 +0000] "GET /configprops HTTP/1.1" 499 0 "-" "Mozilla/5.0 (Linux; Android 7.1.2; Pixel Build/NHG47N) AppleWebKit/537.36 (KHTML, like Gecko) Chrome/58.0.3029.83 Mobile Safari/537.36"
35.199.70.61 - - [29/May/2026:03:32:01 +0000] "GET /env HTTP/1.1" 499 0 "-" "SonyEricssonT610/R201 Profile/MIDP-1.0 Configuration/CLDC-1.0"
35.199.70.61 - - [29/May/2026:03:32:01 +0000] "GET /dump HTTP/1.1" 499 0 "-" "Mozilla/5.0 (X11; U; SunOS sun4m; en-US; rv:1.4b) Gecko/20030517 Mozilla Firebird/0.6"
35.199.70.61 - - [29/May/2026:03:32:01 +0000] "GET /trace HTTP/1.1" 499 0 "-" "Baiduspider ( http://www.baidu.com/search/spider.htm)"
35.199.70.61 - - [29/May/2026:03:32:01 +0000] "GET /logfile HTTP/1.1" 499 0 "-" "Mozilla/5.0 (Linux; U; Android 6.0; zh-CN; KNT-UL10 Build/HUAWEIKNT-UL10) AppleWebKit/537.36 (KHTML, like Gecko) Version/4.0 Chrome/57.0.2987.108 Quark/3.0.2.943 Mobile Safari/537.36"
161.118.210.105 - - [29/May/2026:03:32:01 +0000] "GET /wp-admin/index.php HTTP/1.1" 200 4559 "https://cxocopilot.com/wp-login.php" "Mozilla/5.0 (Macintosh; Intel Mac OS X 10_15_7) AppleWebKit/537.36 (KHTML, like Gecko) Chrome/94.0.4606.71 Safari/537.36"
35.199.70.61 - - [29/May/2026:03:32:01 +0000] "GET /threaddump HTTP/1.1" 499 0 "-" "Mozilla/5.0 (Windows NT 5.2; rv:10.0.1) Gecko/20100101 Firefox/10.0.1 SeaMonkey/2.7.1"
35.199.70.61 - - [29/May/2026:03:32:01 +0000] "GET /api/actuator/heapdump HTTP/1.1" 499 0 "-" "Opera/9.80 (X11; FreeBSD 8.1-RELEASE i386; Edition Next) Presto/2.12.388 Version/12.10"
35.199.70.61 - - [29/May/2026:03:32:01 +0000] "GET /api/actuator/env HTTP/1.1" 499 0 "-" "Mozilla/5.0 (Linux; webOS/2.2.4; U; en-US) AppleWebKit/534.6 (KHTML, like Gecko) webOSBrowser/221.56 Safari/534.6 Pre/3.0"
35.199.70.61 - - [29/May/2026:03:32:01 +0000] "GET /api/actuator/configprops HTTP/1.1" 499 0 "-" "Mozilla/5.0 (iPad; CPU OS 12_3_1 like Mac OS X) AppleWebKit/605.1.15 (KHTML, like Gecko) Version/12.1.1 Mobile/15E148 Safari/604.1"
35.199.70.61 - - [29/May/2026:03:32:01 +0000] "GET /api/actuator/logfile HTTP/1.1" 499 0 "-" "Mozilla/5.0 (Linux; Android 9; SM-G960W) AppleWebKit/537.36 (KHTML, like Gecko) Chrome/76.0.3809.111 Mobile Safari/537.36"
134.209.147.209 - - [29/May/2026:03:32:01 +0000] "GET /wp-content/plugins/lifeline-plugin/assets/json/social-profile.json HTTP/1.1" 200 4033 "-" "WordPress/7.0; https://bharti-foundation.stgviitor.com"
35.199.70.61 - - [29/May/2026:03:32:01 +0000] "GET /api/heapdump HTTP/1.1" 499 0 "-" "Mozilla/5.0 (Linux; Android 8.0.0; SM-G930F) AppleWebKit/537.36 (KHTML, like Gecko) Chrome/76.0.3809.89 Mobile Safari/537.36"
35.199.70.61 - - [29/May/2026:03:32:01 +0000] "GET /api/env HTTP/1.1" 499 0 "-" "Mozilla/5.0 (Macintosh; U; Intel Mac OS X 10_5_8; en-US) AppleWebKit/532.8 (KHTML, like Gecko) Chrome/4.0.302.2 Safari/532.8"
35.199.70.61 - - [29/May/2026:03:32:01 +0000] "GET /api/configprops HTTP/1.1" 499 0 "-" "Mozilla/5.0 (Symbian/3; Series60/5.2 NokiaE7-00/010.016; Profile/MIDP-2.1 Configuration/CLDC-1.1 ) AppleWebKit/525 (KHTML, like Gecko) Version/3.0 BrowserNG/7.2.7.3 3gpp-gba"
35.199.70.61 - - [29/May/2026:03:32:01 +0000] "GET /app/actuator/heapdump HTTP/1.1" 499 0 "-" "Mozilla/5.0 (X11; U; Linux x86_64; en-US; rv:1.9.1.3) Gecko/20091020 Linux Mint/8 (Helena) Firefox/3.5.3"
35.199.70.61 - - [29/May/2026:03:32:01 +0000] "GET /app/actuator/env HTTP/1.1" 499 0 "-" "Mozilla/5.0 (X11; FreeBSD amd64) AppleWebKit/537.36 (KHTML, like Gecko) Chrome/35.0.1916.153 Safari/537.36"
35.199.70.61 - - [29/May/2026:03:32:01 +0000] "GET /app/actuator/configprops HTTP/1.1" 499 0 "-" "Opera/10.61 (J2ME/MIDP; Opera Mini/5.1.21219/19.999; en-US; rv:1.9.3a5) WebKit/534.5 Presto/2.6.30"
161.118.210.105 - - [29/May/2026:03:32:01 +0000] "POST /wp-login.php HTTP/1.1" 405 552 "https://cxocopilot.com/wp-login.php" "Mozilla/5.0 (Windows NT 10.0; Win64; x64) AppleWebKit/537.36 (KHTML, like Gecko) Chrome/94.0.4606.71 Safari/537.36"
35.199.70.61 - - [29/May/2026:03:32:01 +0000] "GET /app/actuator/logfile HTTP/1.1" 499 0 "-" "Mozilla/5.0 (Symbian/3; Series60/5.2 NokiaE6-00/021.002; Profile/MIDP-2.1 Configuration/CLDC-1.1) AppleWebKit/533.4 (KHTML, like Gecko) NokiaBrowser/7.3.1.16 Mobile Safari/533.4 3gpp-gba"
35.199.70.61 - - [29/May/2026:03:32:01 +0000] "GET /app/heapdump HTTP/1.1" 499 0 "-" "msnbot/1.0 ( http://search.msn.com/msnbot.htm)"
35.199.70.61 - - [29/May/2026:03:32:01 +0000] "GET /v1/actuator/heapdump HTTP/1.1" 499 0 "-" "Mozilla/5.0 (Macintosh; Intel Mac OS X 10_12_6) AppleWebKit/537.36 (KHTML, like Gecko) Chrome/75.0.3770.100 Safari/537.36 OPR/62.0.3331.101"
35.199.70.61 - - [29/May/2026:03:32:01 +0000] "GET /v1/actuator/env HTTP/1.1" 499 0 "-" "Mozilla/5.0 (Windows NT 10.0; WOW64) AppleWebKit/537.36 (KHTML, like Gecko) Chrome/51.0.2704.103 Safari/537.36"
35.199.70.61 - - [29/May/2026:03:32:01 +0000] "GET /v1/actuator/configprops HTTP/1.1" 499 0 "-" "Mozilla/5.0 (Macintosh; Intel Mac OS X 10.6; rv:9.0) Gecko/20100101 Firefox/9.0"
134.209.147.209 - - [29/May/2026:03:32:01 +0000] "GET /wp-content/plugins/lifeline-plugin/assets/data/font-awesome-5.json HTTP/1.1" 200 13009 "-" "WordPress/7.0; https://bharti-foundation.stgviitor.com"
35.199.70.61 - - [29/May/2026:03:32:01 +0000] "GET /v2/actuator/heapdump HTTP/1.1" 499 0 "-" "Mozilla/5.0 (Linux; Android 9; SM-G960F) AppleWebKit/537.36 (KHTML, like Gecko) Chrome/76.0.3809.111 Mobile Safari/537.36"
35.199.70.61 - - [29/May/2026:03:32:01 +0000] "GET /v2/actuator/env HTTP/1.1" 499 0 "-" "Mozilla/5.0 (Macintosh; Intel Mac OS X 10_13_1) AppleWebKit/537.36 (KHTML, like Gecko) Chrome/75.0.3770.142 Safari/537.36"
35.199.70.61 - - [29/May/2026:03:32:01 +0000] "GET /v2/actuator/configprops HTTP/1.1" 499 0 "-" "Mozilla/5.0 (Macintosh; Intel Mac OS X 10.5; rv:10.0.1) Gecko/20100101 Firefox/10.0.1 SeaMonkey/2.7.1"
161.118.210.105 - - [29/May/2026:03:32:01 +0000] "GET /wp-admin/index.php HTTP/1.1" 200 4559 "https://cxocopilot.com/wp-login.php" "Mozilla/5.0 (Windows NT 10.0; Win64; x64) AppleWebKit/605.1.15 (KHTML, like Gecko) Version/15.0 Safari/605.1.15"
134.209.147.209 - - [29/May/2026:03:32:01 +0000] "GET /wp-content/plugins/lifeline-plugin/assets/data/font-awesome-5.json HTTP/1.1" 200 13009 "-" "WordPress/7.0; https://bharti-foundation.stgviitor.com"
35.199.70.61 - - [29/May/2026:03:32:01 +0000] "GET /backend/actuator/heapdump HTTP/1.1" 499 0 "-" "Mozilla/5.0 (Windows NT 10.0; Win64; x64; rv:52.0) Gecko/20100101 Firefox/52.0"
35.199.70.61 - - [29/May/2026:03:32:01 +0000] "GET /backend/actuator/env HTTP/1.1" 499 0 "-" "Mozilla/5.0 (Windows NT 6.3; Win64; x64) AppleWebKit/537.36 (KHTML, like Gecko) Chrome/72.0.3626.121 Safari/537.36"
35.199.70.61 - - [29/May/2026:03:32:01 +0000] "GET /backend/actuator/configprops HTTP/1.1" 499 0 "-" "Mozilla/5.0 (X11; Linux i686; rv:40.0) Gecko/20100101 Firefox/40.0"
35.199.70.61 - - [29/May/2026:03:32:01 +0000] "GET /server/actuator/heapdump HTTP/1.1" 499 0 "-" "Mozilla/5.0 (compatible; archive.org_bot +http://www.archive.org/details/archive.org_bot)"
35.199.70.61 - - [29/May/2026:03:32:01 +0000] "GET /server/actuator/env HTTP/1.1" 499 0 "-" "Mozilla/5.0 (Windows; U; ; en-NZ) AppleWebKit/527  (KHTML, like Gecko, Safari/419.3) Arora/0.8.0"
35.199.70.61 - - [29/May/2026:03:32:01 +0000] "GET /internal/actuator/heapdump HTTP/1.1" 499 0 "-" "Mozilla/5.0 (Windows NT 6.1; WOW64) AppleWebKit/537.36 (KHTML, like Gecko) Chrome/55.0.2883.87 UBrowser/6.2.4098.3 Safari/537.36"
35.199.70.61 - - [29/May/2026:03:32:01 +0000] "GET /internal/actuator/env HTTP/1.1" 499 0 "-" "Mozilla/5.0 (Macintosh; Intel Mac OS X 10_14_2) AppleWebKit/605.1.15 (KHTML, like Gecko) Version/12.0.2 Safari/605.1.15"
35.199.70.61 - - [29/May/2026:03:32:01 +0000] "GET /.aws/credentials HTTP/1.1" 499 0 "-" "Mozilla/5.0 (Windows NT 10.0; Win64; x64) AppleWebKit/537.36 (KHTML, like Gecko) Chrome/77.0.3865.10 Safari/537.36 Edg/77.0.235.5"
35.199.70.61 - - [29/May/2026:03:32:01 +0000] "GET /.aws/config HTTP/1.1" 499 0 "-" "Mozilla/5.0 (SymbianOS/9.2; U; Series60/3.1 NokiaN95/10.0.018; Profile/MIDP-2.0 Configuration/CLDC-1.1) AppleWebKit/413 (KHTML, like Gecko) Safari/413 UP.Link/6.3.0.0.0"
35.199.70.61 - - [29/May/2026:03:32:01 +0000] "GET /.gcloud/credentials.json HTTP/1.1" 499 0 "-" "Mozilla/5.0 (Linux; U; Android 1.5; en-us; SPH-M900 Build/CUPCAKE) AppleWebKit/528.5  (KHTML, like Gecko) Version/3.1.2 Mobile Safari/525.20.1"
35.199.70.61 - - [29/May/2026:03:32:01 +0000] "GET /.config/gcloud/credentials.db HTTP/1.1" 499 0 "-" "Mozilla/5.0 (Windows NT 10.0; ARM; Lumia 950 Dual SIM) AppleWebKit/537.36 (KHTML, like Gecko) Chrome/51.0.2704.79 Safari/537.36 Edge/14.14393"
35.199.70.61 - - [29/May/2026:03:32:01 +0000] "GET /.gitconfig HTTP/1.1" 403 146 "-" "Mozilla/5.0 (iPhone; CPU iPhone OS 11_4 like Mac OS X) AppleWebKit/605.1.15 (KHTML, like Gecko) Version/11.0 Mobile/15E148 Safari/604.1"
35.199.70.61 - - [29/May/2026:03:32:01 +0000] "GET /.azure/credentials HTTP/1.1" 499 0 "-" "Mozilla/5.0 (Macintosh; Intel Mac OS X 10_14_3) AppleWebKit/537.36 (KHTML, like Gecko) Chrome/75.0.3770.100 Safari/537.36"
35.199.70.61 - - [29/May/2026:03:32:01 +0000] "GET /credentials HTTP/1.1" 499 0 "-" "Mozilla/5.0 (Linux; Android 5.0.2; SAMSUNG SM-T530NU Build/LRX22G) AppleWebKit/537.36 (KHTML, like Gecko) SamsungBrowser/3.2 Chrome/38.0.2125.102 Safari/537.36"
134.209.147.209 - - [29/May/2026:03:32:01 +0000] "GET /wp-content/plugins/lifeline-plugin/assets/data/font-awesome-5.json HTTP/1.1" 200 13009 "-" "WordPress/7.0; https://bharti-foundation.stgviitor.com"
161.118.210.105 - - [29/May/2026:03:32:01 +0000] "POST /wp-login.php HTTP/1.1" 405 150 "https://cxocopilot.com/wp-login.php" "Mozilla/5.0 (Windows NT 6.1; Win64; x64; rv:89.0) Gecko/20100101 Firefox/89.0.2"
35.199.70.61 - - [29/May/2026:03:32:01 +0000] "GET /aws.json HTTP/1.1" 499 0 "-" "Mozilla/5.0 (Linux; Android 8.1.0; MI PLAY) AppleWebKit/537.36 (KHTML, like Gecko) Chrome/76.0.3809.111 Mobile Safari/537.36"
35.199.70.61 - - [29/May/2026:03:32:01 +0000] "GET /aws_credentials.json HTTP/1.1" 499 0 "-" "Mozilla/5.0 (X11; U; SunOS i86pc; en-US; rv:1.8.1.12) Gecko/20080303 SeaMonkey/1.1.8"
35.199.70.61 - - [29/May/2026:03:32:01 +0000] "GET /aws-credentials.json HTTP/1.1" 499 0 "-" "MOT-V9mm/00.62 UP.Browser/6.2.3.4.c.1.123 (GUI) MMP/2.0"
35.199.70.61 - - [29/May/2026:03:32:01 +0000] "GET /service-account.json HTTP/1.1" 499 0 "-" "Mozilla/5.0 (X11; Linux x86_64) AppleWebKit/537.36 (KHTML, like Gecko) Ubuntu Chromium/69.0.3497.81 Chrome/69.0.3497.81 Safari/537.36"
161.118.210.105 - - [29/May/2026:03:32:01 +0000] "GET /wp-admin/index.php HTTP/1.1" 200 4559 "https://cxocopilot.com/wp-login.php" "Mozilla/5.0 (Windows NT 10.0; Win64; x64; rv:90.0) Gecko/20100101 Firefox/90.0.1"
35.199.70.61 - - [29/May/2026:03:32:01 +0000] "GET /serviceaccount.json HTTP/1.1" 499 0 "-" "Mozilla/5.0 (Windows NT 6.0) AppleWebKit/535.2 (KHTML, like Gecko) Chrome/15.0.874.120 Safari/535.2"
35.199.70.61 - - [29/May/2026:03:32:01 +0000] "GET /google-credentials.json HTTP/1.1" 499 0 "-" "Mozilla/5.0 (Macintosh; Intel Mac OS X 10_11_6) AppleWebKit/537.36 (KHTML, like Gecko) Chrome/54.0.2840.98 Safari/537.36"
35.199.70.61 - - [29/May/2026:03:32:01 +0000] "GET /gcp-credentials.json HTTP/1.1" 499 0 "-" "Mozilla/5.0 (Macintosh; Intel Mac OS X 10_14_6) AppleWebKit/537.36 (KHTML, like Gecko) Chrome/76.0.3809.100 Safari/537.36"
161.118.210.105 - - [29/May/2026:03:32:01 +0000] "POST /wp-login.php HTTP/1.1" 405 150 "https://cxocopilot.com/wp-login.php" "Mozilla/5.0 (X11; Linux x86_64; rv:90.0) Gecko/20100101 Firefox/90.0.1"
35.199.70.61 - - [29/May/2026:03:32:01 +0000] "GET /gcp.json HTTP/1.1" 499 0 "-" "Mozilla/5.0 (Macintosh; Intel Mac OS X 10_12_6) AppleWebKit/537.36 (KHTML, like Gecko) Chrome/75.0.3770.100 Safari/537.36"
35.199.70.61 - - [29/May/2026:03:32:01 +0000] "GET /heapdump HTTP/1.1" 400 650 "-" "Mozilla/5.0 (Linux; Android 8.0.0; SM-G935U) AppleWebKit/537.36 (KHTML, like Gecko) Chrome/76.0.3809.111 Mobile Safari/537.36"
35.199.70.61 - - [29/May/2026:03:32:01 +0000] "GET /firebase-credentials.json HTTP/1.1" 499 0 "-" "Mozilla/5.0 (Linux; Android 8.0.0; HTC U11) AppleWebKit/537.36 (KHTML, like Gecko) Chrome/76.0.3809.111 Mobile Safari/537.36"
35.199.70.61 - - [29/May/2026:03:32:01 +0000] "GET /env HTTP/1.1" 400 248 "-" "MSIE (MSIE 6.0; X11; Linux; i686) Opera 7.23"
35.199.70.61 - - [29/May/2026:03:32:01 +0000] "GET /configprops HTTP/1.1" 400 248 "-" "Mozilla/5.0 (X11; NetBSD amd64; rv:16.0) Gecko/20121102 Firefox/16.0"
35.199.70.61 - - [29/May/2026:03:32:01 +0000] "GET /firebase-adminsdk.json HTTP/1.1" 499 0 "-" "Mozilla/5.0 (Linux; Android 9; moto g(6)) AppleWebKit/537.36 (KHTML, like Gecko) Chrome/76.0.3809.89 Mobile Safari/537.36"
35.199.70.61 - - [29/May/2026:03:32:01 +0000] "GET /cloud.json HTTP/1.1" 499 0 "-" "Mozilla/5.0 (Windows NT 6.1; WOW64) AppleWebKit/534.27 (KHTML, like Gecko) Chrome/12.0.712.0 Safari/534.27"
35.199.70.61 - - [29/May/2026:03:32:02 +0000] "GET /.credentials HTTP/1.1" 499 0 "-" "Mozilla/5.0 (Windows NT 10.0; Win64; x64) AppleWebKit/537.36 (KHTML, like Gecko) Chrome/62.0.3202.94 Safari/537.36"
35.199.70.61 - - [29/May/2026:03:32:02 +0000] "GET /dump HTTP/1.1" 400 650 "-" "Mozilla/5.0 (Linux; Android 9; ONEPLUS A5010 Build/PKQ1.180716.001; wv) AppleWebKit/537.36 (KHTML, like Gecko) Version/4.0 Chrome/66.0.3359.126 MQQBrowser/6.2 TBS/044807 Mobile Safari/537.36 MMWEBID/1699 MicroMessenger/7.0.6.1460(0x27000634) Process/tools NetType/4G Language/zh_CN"
35.199.70.61 - - [29/May/2026:03:32:02 +0000] "GET /config/.aws/credentials HTTP/1.1" 499 0 "-" "msnbot/1.0 ( http://search.msn.com/msnbot.htm)"
134.209.147.209 - - [29/May/2026:03:32:02 +0000] "GET /wp-content/plugins/lifeline-plugin/assets/json/social-profile.json HTTP/1.1" 200 4033 "-" "WordPress/7.0; https://bharti-foundation.stgviitor.com"
35.199.70.61 - - [29/May/2026:03:32:02 +0000] "GET /trace HTTP/1.1" 400 650 "-" "Mozilla/5.0 (Linux; Android 8.1.0; vivo 1726) AppleWebKit/537.36 (KHTML, like Gecko) Chrome/74.0.3729.157 Mobile Safari/537.36"
161.118.210.105 - - [29/May/2026:03:32:02 +0000] "GET /wp-admin/index.php HTTP/1.1" 200 4559 "https://cxocopilot.com/wp-login.php" "Mozilla/5.0 (Windows NT 10.0; Win64; x64) AppleWebKit/537.36 (KHTML, like Gecko) Chrome/90.0.4430.212 Safari/537.36"
35.199.70.61 - - [29/May/2026:03:32:02 +0000] "GET /config/aws.json HTTP/1.1" 499 0 "-" "Mozilla/5.0 (X11; Linux x86_64) AppleWebKit/537.36 (KHTML, like Gecko) Chrome/66.0.3359.117 Safari/537.36"
35.199.70.61 - - [29/May/2026:03:32:02 +0000] "GET /logfile HTTP/1.1" 400 248 "-" "Mozilla/5.0 (Macintosh; Intel Mac OS X 10.13; rv:55.0) Gecko/20100101 Firefox/55.0"
35.199.70.61 - - [29/May/2026:03:32:02 +0000] "GET /threaddump HTTP/1.1" 400 248 "-" "Mozilla/4.8 [en] (Windows NT 5.1; U)"
35.199.70.61 - - [29/May/2026:03:32:02 +0000] "GET /api/actuator/heapdump HTTP/1.1" 400 248 "-" "Mozilla/5.0 (iPhone; CPU iPhone OS 12_4 like Mac OS X) AppleWebKit/605.1.15 (KHTML, like Gecko) CriOS/76.0.3809.123 Mobile/15E148 Safari/605.1"
35.199.70.61 - - [29/May/2026:03:32:02 +0000] "GET /config/service-account.json HTTP/1.1" 499 0 "-" "Mozilla/5.0 (Macintosh; Intel Mac OS X 10_14_4) AppleWebKit/605.1.15 (KHTML, like Gecko) Version/12.1 Safari/605.1.15"
35.199.70.61 - - [29/May/2026:03:32:02 +0000] "GET /backend/service-account.json HTTP/1.1" 499 0 "-" "Mozilla/5.0 (Linux; Android 6.0.1; SM-G900F) AppleWebKit/537.36 (KHTML, like Gecko) Chrome/75.0.3770.143 Mobile Safari/537.36"
35.199.70.61 - - [29/May/2026:03:32:02 +0000] "GET /backend/aws.json HTTP/1.1" 499 0 "-" "Mozilla/5.0 (iPhone; CPU iPhone OS 12_2 like Mac OS X) AppleWebKit/605.1.15 (KHTML, like Gecko) CriOS/76.0.3809.81 Mobile/15E148 Safari/605.1"
35.199.70.61 - - [29/May/2026:03:32:02 +0000] "GET /api/actuator/configprops HTTP/1.1" 400 650 "-" "Mozilla/5.0 (Macintosh; Intel Mac OS X 10_14_1) AppleWebKit/537.36 (KHTML, like Gecko) Chrome/75.0.3770.142 Safari/537.36"
35.199.70.61 - - [29/May/2026:03:32:02 +0000] "GET /api/actuator/env HTTP/1.1" 400 650 "-" "Mozilla/5.0 (Linux; Android 9; Pixel XL) AppleWebKit/537.36 (KHTML, like Gecko) Chrome/76.0.3809.111 Mobile Safari/537.36"
35.199.70.61 - - [29/May/2026:03:32:02 +0000] "GET /api/actuator/logfile HTTP/1.1" 400 650 "-" "Mozilla/5.0 (Windows NT 6.1; Win64; x64) AppleWebKit/537.36 (KHTML, like Gecko) Chrome/69.0.3497.100 Safari/537.36"
35.199.70.61 - - [29/May/2026:03:32:02 +0000] "GET /app/service-account.json HTTP/1.1" 499 0 "-" "Opera/7.50 (Windows XP; U)"
35.199.70.61 - - [29/May/2026:03:32:02 +0000] "GET /api/aws.json HTTP/1.1" 499 0 "-" "Mozilla/5.0 (Linux; Android 8.1.0; Moto G (5S) Plus) AppleWebKit/537.36 (KHTML, like Gecko) Chrome/75.0.3770.143 Mobile Safari/537.36"
35.199.70.61 - - [29/May/2026:03:32:02 +0000] "GET /api/heapdump HTTP/1.1" 400 650 "-" "Mozilla/5.0 (Linux; Android 9; VTR-AL00 Build/HUAWEIVTR-AL00; wv) AppleWebKit/537.36 (KHTML, like Gecko) Version/4.0 Chrome/66.0.3359.126 MQQBrowser/6.2 TBS/044807 Mobile Safari/537.36 MMWEBID/6475 MicroMessenger/7.0.6.1460(0x27000634) Process/tools NetType/4G Language/zh_CN"
35.199.70.61 - - [29/May/2026:03:32:02 +0000] "GET /api/env HTTP/1.1" 400 650 "-" "Mozilla/5.0 (X11; Linux x86_64) AppleWebKit/537.36 (KHTML, like Gecko) Ubuntu Chromium/75.0.3770.142 Chrome/75.0.3770.142 Safari/537.36"
35.199.70.61 - - [29/May/2026:03:32:02 +0000] "GET /api/credentials.json HTTP/1.1" 499 0 "-" "Mozilla/5.0 (Windows NT 6.3; Win64; x64) AppleWebKit/537.36 (KHTML, like Gecko) Chrome/74.0.3729.169 Safari/537.36"
35.199.70.61 - - [29/May/2026:03:32:02 +0000] "GET /api/configprops HTTP/1.1" 400 248 "-" "msnbot/0.11 ( http://search.msn.com/msnbot.htm)"
161.118.210.105 - - [29/May/2026:03:32:02 +0000] "POST /wp-login.php HTTP/1.1" 405 552 "https://cxocopilot.com/wp-login.php" "Mozilla/5.0 (Windows NT 6.1; Win64; x64) AppleWebKit/537.36 (KHTML, like Gecko) Chrome/93.0.4577.63 Safari/537.36"
35.199.70.61 - - [29/May/2026:03:32:02 +0000] "GET /app/actuator/heapdump HTTP/1.1" 400 248 "-" "Mozilla/5.0 (webOS/1.3; U; en-US) AppleWebKit/525.27.1 (KHTML, like Gecko) Version/1.0 Safari/525.27.1 Desktop/1.0"
35.199.70.61 - - [29/May/2026:03:32:02 +0000] "GET /deploy/credentials.json HTTP/1.1" 499 0 "-" "Mozilla/5.0 (Linux; Android 8.0.0; F5321) AppleWebKit/537.36 (KHTML, like Gecko) Chrome/76.0.3809.89 Mobile Safari/537.36"
35.199.70.61 - - [29/May/2026:03:32:02 +0000] "GET /app/actuator/env HTTP/1.1" 400 650 "-" "Mozilla/5.0 (X11; U; Linux i686; en-gb) AppleWebKit/534.35 (KHTML, like Gecko) Chrome/11.0.696.65 Safari/534.35 Puffin/2.0.5603M"
35.199.70.61 - - [29/May/2026:03:32:02 +0000] "GET /deploy/service-account.json HTTP/1.1" 499 0 "-" "Mozilla/5.0 (Linux; Android 9; Redmi Note 5) AppleWebKit/537.36 (KHTML, like Gecko) Chrome/72.0.3626.121 Mobile Safari/537.36"
35.199.70.61 - - [29/May/2026:03:32:02 +0000] "GET /app/actuator/configprops HTTP/1.1" 400 248 "-" "Mozilla/5.0 (Windows NT 10.0; Win64; x64; rv:52.0) Gecko/20100101 Firefox/52.0"
35.199.70.61 - - [29/May/2026:03:32:02 +0000] "GET /private/credentials.json HTTP/1.1" 499 0 "-" "Mozilla/5.0 (Linux; Android 9; SM-G901F Build/PQ3A.190705.003) AppleWebKit/537.36 (KHTML, like Gecko) Version/4.0 Chrome/76.0.3809.89 Mobile Safari/537.36"
35.199.70.61 - - [29/May/2026:03:32:02 +0000] "GET /private/service-account.json HTTP/1.1" 499 0 "-" "Mozilla/5.0 (Windows NT 10.0; WOW64) AppleWebKit/537.36 (KHTML, like Gecko) Chrome/75.0.3770.143 YaBrowser/19.7.2.470 Yowser/2.5 Safari/537.36"
35.199.70.61 - - [29/May/2026:03:32:02 +0000] "GET /app/actuator/logfile HTTP/1.1" 400 650 "-" "Mozilla/5.0 (X11; Linux i686) AppleWebKit/537.36 (KHTML, like Gecko) Chrome/39.0.2166.2 Safari/537.36"
35.199.70.61 - - [29/May/2026:03:32:02 +0000] "GET /app/heapdump HTTP/1.1" 400 650 "-" "Mozilla/5.0 (Windows NT 6.1; Win64; x64) AppleWebKit/537.36 (KHTML, like Gecko) Chrome/76.0.3809.87 Safari/537.36"
161.118.210.105 - - [29/May/2026:03:32:02 +0000] "GET /wp-admin/index.php HTTP/1.1" 200 4559 "https://cxocopilot.com/wp-login.php" "Mozilla/5.0 (X11; Linux x86_64) AppleWebKit/537.36 (KHTML, like Gecko) Chrome/90.0.4430.212 Safari/537.36"
35.199.70.61 - - [29/May/2026:03:32:02 +0000] "GET /secrets/aws.json HTTP/1.1" 499 0 "-" "Mozilla/5.0 (Macintosh; Intel Mac OS X 10_13_4) AppleWebKit/537.36 (KHTML, like Gecko) Chrome/76.0.3809.100 Safari/537.36"
35.199.70.61 - - [29/May/2026:03:32:02 +0000] "GET /v1/actuator/heapdump HTTP/1.1" 400 650 "-" "Mozilla/5.0 (Windows NT 10.0; WOW64) AppleWebKit/537.36 (KHTML, like Gecko) Chrome/49.0.2623.87 Safari/537.36 OPR/36.0.2130.46"
35.199.70.61 - - [29/May/2026:03:32:02 +0000] "GET /v1/actuator/env HTTP/1.1" 400 248 "-" "Mozilla/5.0 (iPhone; CPU iPhone OS 7_1_2 like Mac OS X) AppleWebKit/537.51.2 (KHTML like Gecko) Version/7.0 Mobile/11D257 Safari/9537.53"
35.199.70.61 - - [29/May/2026:03:32:02 +0000] "GET /secrets/gcp.json HTTP/1.1" 499 0 "-" "Mozilla/5.0 (Windows NT 10.0; WOW64) AppleWebKit/537.36 (KHTML, like Gecko) Chrome/73.0.3683.103 Safari/537.36"
35.199.70.61 - - [29/May/2026:03:32:02 +0000] "GET /v1/actuator/configprops HTTP/1.1" 400 650 "-" "Mozilla/5.0 (Windows NT 6.2) AppleWebKit/537.36 (KHTML, like Gecko) Chrome/75.0.3770.142 Safari/537.36 OPR/62.0.3331.116"
35.199.70.61 - - [29/May/2026:03:32:02 +0000] "GET /secrets/azure.json HTTP/1.1" 499 0 "-" "Mozilla/5.0 (Macintosh; Intel Mac OS X 10_14_6) AppleWebKit/537.36 (KHTML, like Gecko) Chrome/75.0.3770.145 Safari/537.36 Vivaldi/2.6.1566.49"
35.199.70.61 - - [29/May/2026:03:32:02 +0000] "GET /v2/actuator/heapdump HTTP/1.1" 400 248 "-" "WebCopier v4.6"
35.199.70.61 - - [29/May/2026:03:32:02 +0000] "GET /secrets/credentials.json HTTP/1.1" 499 0 "-" "Mozilla/5.0 (Macintosh; Intel Mac OS X 10_11_5) AppleWebKit/537.36 (KHTML, like Gecko) Chrome/75.0.3770.142 Safari/537.36"
35.199.70.61 - - [29/May/2026:03:32:02 +0000] "GET /v2/actuator/env HTTP/1.1" 400 650 "-" "Mozilla/5.0 (X11; Linux x86_64) AppleWebKit/537.36 (KHTML, like Gecko) Chrome/73.0.3683.103 Safari/537.36"
35.199.70.61 - - [29/May/2026:03:32:02 +0000] "GET /backend/actuator/heapdump HTTP/1.1" 400 248 "-" "Mozilla/5.0 (iPhone; CPU iPhone OS 7_1_2 like Mac OS X) AppleWebKit/537.51.2 (KHTML like Gecko) Version/7.0 Mobile/11D257 Safari/9537.53"
35.199.70.61 - - [29/May/2026:03:32:02 +0000] "GET /v2/actuator/configprops HTTP/1.1" 400 248 "-" "Mozilla/5.0 (Macintosh; Intel Mac OS X 10_14_1) AppleWebKit/605.1.15 (KHTML, like Gecko) Version/12.0.1 Safari/605.1.15"
161.118.210.105 - - [29/May/2026:03:32:02 +0000] "POST /wp-login.php HTTP/1.1" 405 150 "https://cxocopilot.com/wp-login.php" "Mozilla/5.0 (Windows NT 6.1; Win64; x64; rv:93.0) Gecko/20100101 Firefox/93.0"
35.199.70.61 - - [29/May/2026:03:32:02 +0000] "GET /backend/actuator/env HTTP/1.1" 400 650 "-" "Mozilla/5.0 (Linux; Android 9; ANE-LX1) AppleWebKit/537.36 (KHTML, like Gecko) Chrome/76.0.3809.111 Mobile Safari/537.36"
35.199.70.61 - - [29/May/2026:03:32:02 +0000] "GET /server/actuator/heapdump HTTP/1.1" 400 248 "-" "Mozilla/5.0 (Unknown; U; UNIX BSD/SYSV system; C -) AppleWebKit/527  (KHTML, like Gecko, Safari/419.3) Arora/0.10.2"
35.199.70.61 - - [29/May/2026:03:32:02 +0000] "GET /backend/actuator/configprops HTTP/1.1" 400 650 "-" "Mozilla/5.0 (X11; Linux x86_64) AppleWebKit/537.36 (KHTML, like Gecko) Chrome/74.0.3729.169 YaBrowser/19.6.2.594 (beta) Yowser/2.5 Safari/537.36"
134.209.147.209 - - [29/May/2026:03:32:02 +0000] "GET /wp-content/plugins/lifeline-plugin/assets/data/font-awesome-5.json HTTP/1.1" 200 13009 "-" "WordPress/7.0; https://bharti-foundation.stgviitor.com"
35.199.70.61 - - [29/May/2026:03:32:02 +0000] "GET /server/actuator/env HTTP/1.1" 400 248 "-" "SonyEricssonT68/R201A"
35.199.70.61 - - [29/May/2026:03:32:02 +0000] "GET /_profiler HTTP/1.1" 499 0 "-" "Mozilla/5.0 (X11; Linux i686; rv:14.0) Gecko/20100101 Firefox/14.0.1 Iceweasel/14.0.1"
35.199.70.61 - - [29/May/2026:03:32:02 +0000] "GET /internal/actuator/env HTTP/1.1" 400 650 "-" "Mozilla/5.0 (Linux; Android 5.1.1; KYOCERA-C6742) AppleWebKit/537.36 (KHTML, like Gecko) Chrome/76.0.3809.111 Mobile Safari/537.36"
35.199.70.61 - - [29/May/2026:03:32:02 +0000] "GET /internal/actuator/heapdump HTTP/1.1" 400 650 "-" "Mozilla/4.0 (compatible; MSIE 7.0; Windows Phone OS 7.0; Trident/3.1; IEMobile/7.0)"
35.199.70.61 - - [29/May/2026:03:32:02 +0000] "GET /_profiler/phpinfo HTTP/1.1" 499 0 "-" "Mozilla/5.0 (X11; CrOS x86_64 12371.22.0) AppleWebKit/537.36 (KHTML, like Gecko) Chrome/77.0.3865.35 Safari/537.36"
35.199.70.61 - - [29/May/2026:03:32:02 +0000] "GET /_profiler/open HTTP/1.1" 499 0 "-" "Mozilla/5.0 (Linux; Android 9; Mi MIX 2S) AppleWebKit/537.36 (KHTML, like Gecko) Chrome/76.0.3809.111 Mobile Safari/537.36"
35.199.70.61 - - [29/May/2026:03:32:02 +0000] "GET /.aws/credentials HTTP/1.1" 400 650 "-" "Mozilla/5.0 Slackware/13.37 (X11; U; Linux x86_64; en-US) AppleWebKit/535.1 (KHTML, like Gecko) Chrome/13.0.782.41"
35.199.70.61 - - [29/May/2026:03:32:02 +0000] "GET /.aws/config HTTP/1.1" 400 248 "-" "P3P Validator"
35.199.70.61 - - [29/May/2026:03:32:02 +0000] "GET /profiler HTTP/1.1" 499 0 "-" "Mozilla/5.0 (Linux; Android 4.4.2; SAMSUNG-SM-T537A Build/KOT49H) AppleWebKit/537.36 (KHTML like Gecko) Chrome/35.0.1916.141 Safari/537.36"
161.118.210.105 - - [29/May/2026:03:32:02 +0000] "GET /wp-admin/index.php HTTP/1.1" 200 4559 "https://cxocopilot.com/wp-login.php" "Mozilla/5.0 (X11; Linux x86_64) AppleWebKit/537.36 (KHTML, like Gecko) Chrome/90.0.4430.212 Safari/537.36"
35.199.70.61 - - [29/May/2026:03:32:02 +0000] "GET /profiler/phpinfo HTTP/1.1" 499 0 "-" "Mozilla/5.0 (Linux; Android 6.0.1; ONE E1003) AppleWebKit/537.36 (KHTML, like Gecko) Chrome/74.0.3729.136 Mobile Safari/537.36"
35.199.70.61 - - [29/May/2026:03:32:02 +0000] "GET /.gcloud/credentials.json HTTP/1.1" 400 248 "-" "Mozilla/5.0 (Mobile; Windows Phone 8.1; Android 4.0; ARM; Trident/7.0; Touch; rv:11.0; IEMobile/11.0; NOKIA; Lumia 929) like iPhone OS 7_0_3 Mac OS X AppleWebKit/537 (KHTML, like Gecko) Mobile Safari/537"
35.199.70.61 - - [29/May/2026:03:32:02 +0000] "GET /.config/gcloud/credentials.db HTTP/1.1" 400 650 "-" "Mozilla/5.0 (Linux; Android 7.0; Moto G (5) Plus Build/NPNS25.137-35-5) AppleWebKit/537.36 (KHTML, like Gecko) Chrome/60.0.3112.107 Mobile Safari/537.36"
35.199.70.61 - - [29/May/2026:03:32:02 +0000] "GET /docker-compose.yml HTTP/1.1" 499 0 "-" "Konqueror/3.0-rc4; (Konqueror/3.0-rc4; i686 Linux;;datecode)"
35.199.70.61 - - [29/May/2026:03:32:02 +0000] "GET /.azure/credentials HTTP/1.1" 400 650 "-" "Mozilla/5.0 (X11; Linux x86_64) AppleWebKit/537.36 (KHTML, like Gecko) Chrome/75.0.3770.145 Safari/537.36 Vivaldi/2.6.1566.51"
35.199.70.61 - - [29/May/2026:03:32:02 +0000] "GET /docker-compose.yaml HTTP/1.1" 499 0 "-" "Mozilla/5.0 (Windows; U; Windows NT 6.1; en-GB; rv:1.9.1.17) Gecko/20110123 (like Firefox/3.x) SeaMonkey/2.0.12"
35.199.70.61 - - [29/May/2026:03:32:02 +0000] "GET /docker-compose.prod.yml HTTP/1.1" 499 0 "-" "Mozilla/5.0 (Windows NT 6.1; Win64; x64) AppleWebKit/537.36 (KHTML, like Gecko) Chrome/76.0.3809.87 Safari/537.36"
161.118.210.105 - - [29/May/2026:03:32:02 +0000] "POST /wp-login.php HTTP/1.1" 405 552 "https://cxocopilot.com/wp-login.php" "Mozilla/5.0 (Windows NT 10.0; Win64; x64) AppleWebKit/537.36 (KHTML, like Gecko) Chrome/91.0.4472.124 Safari/537.36"
35.199.70.61 - - [29/May/2026:03:32:02 +0000] "GET /aws.json HTTP/1.1" 400 650 "-" "Mozilla/5.0 (X11; Fedora; Linux x86_64) AppleWebKit/537.36 (KHTML, like Gecko) Chrome/52.0.2743.116 Safari/537.36"
35.199.70.61 - - [29/May/2026:03:32:02 +0000] "GET /docker-compose.prod.yaml HTTP/1.1" 499 0 "-" "Mozilla/5.0 (Linux; U; Android 1.0; en-us; dream) AppleWebKit/525.10  (KHTML, like Gecko) Version/3.0.4 Mobile Safari/523.12.2"
35.199.70.61 - - [29/May/2026:03:32:02 +0000] "GET /credentials HTTP/1.1" 400 248 "-" "Mozilla/5.0 (iPhone; CPU iPhone OS 10_2_1 like Mac OS X) AppleWebKit/602.4.6 (KHTML, like Gecko) Version/10.0 Mobile/14D27 Safari/602.1"
35.199.70.61 - - [29/May/2026:03:32:02 +0000] "GET /aws_credentials.json HTTP/1.1" 400 650 "-" "Mozilla/4.0 (compatible; MSIE 8.0; Windows NT 6.0; Trident/4.0)"
35.199.70.61 - - [29/May/2026:03:32:02 +0000] "GET /docker-compose.production.yml HTTP/1.1" 499 0 "-" "Mozilla/5.0 (Linux; Android 9; SM-G950F) AppleWebKit/537.36 (KHTML, like Gecko) Chrome/76.0.3809.89 Mobile Safari/537.36"
134.209.147.209 - - [29/May/2026:03:32:02 +0000] "GET /wp-content/plugins/lifeline-plugin/assets/json/social-profile.json HTTP/1.1" 200 4033 "-" "WordPress/7.0; https://bharti-foundation.stgviitor.com"
35.199.70.61 - - [29/May/2026:03:32:02 +0000] "GET /aws-credentials.json HTTP/1.1" 400 248 "-" "Mozilla/5.0 (OS/2; Warp 4.5; rv:10.0.12) Gecko/20100101 Firefox/10.0.12"
35.199.70.61 - - [29/May/2026:03:32:02 +0000] "GET /docker-compose.dev.yml HTTP/1.1" 499 0 "-" "Mozilla/5.0 (iPhone; CPU iPhone OS 12_4 like Mac OS X) AppleWebKit/605.1.15 (KHTML, like Gecko) Mobile/15E148 Safari/605.1.15 Version/12.2.1.0.4"
35.199.70.61 - - [29/May/2026:03:32:02 +0000] "GET /service-account.json HTTP/1.1" 400 650 "-" "Mozilla/5.0 (Macintosh; Intel Mac OS X 10_14_5) AppleWebKit/537.36 (KHTML, like Gecko) Chrome/73.0.3683.103 Safari/537.36 OPR/60.0.3255.170"
35.199.70.61 - - [29/May/2026:03:32:02 +0000] "GET /docker-compose.staging.yml HTTP/1.1" 499 0 "-" "Mozilla/5.0 (Linux; U; Android 9; en-US; RMX1851 Build/PKQ1.190101.001) AppleWebKit/537.36 (KHTML, like Gecko) Version/4.0 Chrome/57.0.2987.108 UCBrowser/12.12.8.1206 Mobile Safari/537.36"
35.199.70.61 - - [29/May/2026:03:32:02 +0000] "GET /docker-compose.override.yml HTTP/1.1" 499 0 "-" "Mozilla/5.0 (Macintosh; Intel Mac OS X 10_12_6) AppleWebKit/537.36 (KHTML, like Gecko) Chrome/76.0.3809.87 Safari/537.36"
35.199.70.61 - - [29/May/2026:03:32:02 +0000] "GET /docker-compose.local.yml HTTP/1.1" 499 0 "-" "Mozilla/5.0 (Linux; Android 7.0; LG-H850) AppleWebKit/537.36 (KHTML, like Gecko) Chrome/76.0.3809.89 Mobile Safari/537.36"
35.199.70.61 - - [29/May/2026:03:32:02 +0000] "GET /serviceaccount.json HTTP/1.1" 400 248 "-" "Mozilla/5.0 (Windows; U; Windows NT 5.1; en-US; BOLT/2.800) AppleWebKit/534.6 (KHTML, like Gecko) Version/5.0 Safari/534.6.3"
35.199.70.61 - - [29/May/2026:03:32:02 +0000] "GET /Dockerfile HTTP/1.1" 499 0 "-" "Mozilla/5.0 (Windows NT 10.0; Win64; x64) AppleWebKit/537.36 (KHTML, like Gecko) Chrome/75.0.3770.142 Safari/537.36 OPR/62.0.3331.116 (Edition Campaign 34)"
161.118.210.105 - - [29/May/2026:03:32:02 +0000] "GET /wp-admin/index.php HTTP/1.1" 200 4559 "https://cxocopilot.com/wp-login.php" "Mozilla/5.0 (Macintosh; Intel Mac OS X 10_15_7) AppleWebKit/537.36 (KHTML, like Gecko) Chrome/91.0.4472.124 Safari/537.36"
35.199.70.61 - - [29/May/2026:03:32:02 +0000] "GET /.docker/config.json HTTP/1.1" 499 0 "-" "Mozilla/5.0 (Macintosh; Intel Mac OS X 10_11_4) AppleWebKit/537.36 (KHTML, like Gecko) Chrome/76.0.3809.100 Safari/537.36"
134.209.147.209 - - [29/May/2026:03:32:02 +0000] "GET /wp-content/plugins/lifeline-plugin/assets/data/font-awesome-5.json HTTP/1.1" 200 13009 "-" "WordPress/7.0; https://bharti-foundation.stgviitor.com"
35.199.70.61 - - [29/May/2026:03:32:02 +0000] "GET /api/docker-compose.yml HTTP/1.1" 499 0 "-" "Mozilla/5.0 (Windows NT 10.0; Win64; x64) AppleWebKit/537.36 (KHTML, like Gecko) Chrome/69.0.3497.100 Safari/537.36"
35.199.70.61 - - [29/May/2026:03:32:02 +0000] "GET /google-credentials.json HTTP/1.1" 400 650 "-" "Mozilla/4.0 (compatible; MSIE 8.0; Windows NT 5.1; Trident/4.0; .NET CLR 2.0.50727; .NET CLR 3.0.04506.648; .NET CLR 3.5.21022; .NET CLR 3.0.4506.2152; .NET CLR 3.5.30729)"
35.199.70.61 - - [29/May/2026:03:32:02 +0000] "GET /api/docker-compose.prod.yml HTTP/1.1" 499 0 "-" "Mozilla/5.0 (Macintosh; Intel Mac OS X 10_12_6) AppleWebKit/537.36 (KHTML, like Gecko) Chrome/76.0.3809.87 Safari/537.36"
35.199.70.61 - - [29/May/2026:03:32:02 +0000] "GET /gcp-credentials.json HTTP/1.1" 400 650 "-" "Mozilla/5.0 (Macintosh; Intel Mac OS X 10_14_0) AppleWebKit/537.36 (KHTML, like Gecko) Chrome/74.0.3729.131 Safari/537.36"
35.199.70.61 - - [29/May/2026:03:32:02 +0000] "GET /app/docker-compose.yml HTTP/1.1" 499 0 "-" "Mozilla/5.0 (Windows NT 6.1; Win64; x64) AppleWebKit/537.36 (KHTML, like Gecko) Chrome/76.0.3786.0 Safari/537.36"
35.199.70.61 - - [29/May/2026:03:32:02 +0000] "GET /gcp.json HTTP/1.1" 400 650 "-" "Mozilla/5.0 (Windows NT 10.0; WOW64) AppleWebKit/537.36 (KHTML, like Gecko) Chrome/73.0.3683.86 Safari/537.36"
35.199.70.61 - - [29/May/2026:03:32:02 +0000] "GET /app/docker-compose.prod.yml HTTP/1.1" 499 0 "-" "Mozilla/5.0 (Macintosh; U; PPC Mac OS X 10.5; en-US; rv:1.9.0.3) Gecko/2008092414 Firefox/3.0.3"
35.199.70.61 - - [29/May/2026:03:32:02 +0000] "GET /backend/docker-compose.yml HTTP/1.1" 499 0 "-" "Mozilla/5.0 (X11; U; Linux i686; rv:19.0) Gecko/20100101 Slackware/13 Firefox/19.0"
35.199.70.61 - - [29/May/2026:03:32:02 +0000] "GET /firebase-credentials.json HTTP/1.1" 400 650 "-" "Mozilla/5.0 (X11; Linux x86_64) AppleWebKit/537.36 (KHTML, like Gecko) Chrome/78.0.3889.0 Safari/537.36"
35.199.70.61 - - [29/May/2026:03:32:02 +0000] "GET /firebase-adminsdk.json HTTP/1.1" 400 248 "-" "Mozilla/5.0 (compatible; Yahoo! Slurp China; http://misc.yahoo.com.cn/help.html)"
35.199.70.61 - - [29/May/2026:03:32:02 +0000] "GET /backend/docker-compose.prod.yml HTTP/1.1" 499 0 "-" "Mozilla/5.0 (Linux; Android 9; ONEPLUS A5010) AppleWebKit/537.36 (KHTML, like Gecko) Chrome/76.0.3809.89 Mobile Safari/537.36"
35.199.70.61 - - [29/May/2026:03:32:02 +0000] "GET /cloud.json HTTP/1.1" 400 650 "-" "Mozilla/5.0 (X11; Linux x86_64) AppleWebKit/537.36 (KHTML, like Gecko) Chrome/70.0.3538.113 Safari/537.36 Vivaldi/2.1.1337.51"
35.199.70.61 - - [29/May/2026:03:32:02 +0000] "GET /deploy/docker-compose.yml HTTP/1.1" 499 0 "-" "Mozilla/5.0 (Windows NT 10.0; WOW64) AppleWebKit/537.36 (KHTML, like Gecko) Chrome/64.0.3282.186 YaBrowser/18.3.1.1220 Yowser/2.5 Safari/537.36"
161.118.210.105 - - [29/May/2026:03:32:02 +0000] "POST /wp-login.php HTTP/1.1" 405 150 "https://cxocopilot.com/wp-login.php" "Mozilla/5.0 (Macintosh; Intel Mac OS X 10_15_7) AppleWebKit/605.1.15 (KHTML, like Gecko) Version/14.0.3 Safari/605.1.15"
35.199.70.61 - - [29/May/2026:03:32:02 +0000] "GET /deploy/docker-compose.prod.yml HTTP/1.1" 499 0 "-" "Mozilla/5.0 (OS/2; Warp 4.5; rv:38.0) Gecko/20100101 Firefox/38.0 SeaMonkey/2.35"
35.199.70.61 - - [29/May/2026:03:32:02 +0000] "GET /config/.aws/credentials HTTP/1.1" 400 650 "-" "Mozilla/5.0 (Linux; Android 6.0.1; Lenovo P1a42) AppleWebKit/537.36 (KHTML, like Gecko) Chrome/76.0.3809.111 Mobile Safari/537.36"
35.199.70.61 - - [29/May/2026:03:32:02 +0000] "GET /.credentials HTTP/1.1" 400 650 "-" "Mozilla/5.0 (Windows NT 6.3; WOW64) AppleWebKit/537.36 (KHTML, like Gecko) Chrome/61.0.3163.79 Safari/537.36 Maxthon/5.2.7.5000"
35.199.70.61 - - [29/May/2026:03:32:02 +0000] "GET /infra/docker-compose.yml HTTP/1.1" 499 0 "-" "Mozilla/5.0 (Windows; U; Windows NT 5.1; en-US) AppleWebKit/531.21.8 (KHTML, like Gecko) Version/4.0.4 Safari/531.21.10"
35.199.70.61 - - [29/May/2026:03:32:02 +0000] "GET /config/aws.json HTTP/1.1" 400 650 "-" "Mozilla/5.0 (Macintosh; Intel Mac OS X 10_10_1) AppleWebKit/537.36 (KHTML, like Gecko) Chrome/60.0.3112.90 Safari/537.36"
35.199.70.61 - - [29/May/2026:03:32:02 +0000] "GET /infrastructure/docker-compose.yml HTTP/1.1" 499 0 "-" "Mozilla/5.0 (X11; U; Linux i686; en-us) AppleWebKit/528.5  (KHTML, like Gecko, Safari/528.5 ) lt-GtkLauncher"
35.199.70.61 - - [29/May/2026:03:32:02 +0000] "GET /config/service-account.json HTTP/1.1" 400 650 "-" "Mozilla/5.0 (Macintosh; Intel Mac OS X 10_14_3) AppleWebKit/537.36 (KHTML, like Gecko) Chrome/73.0.3683.103 Safari/537.36"
35.199.70.61 - - [29/May/2026:03:32:02 +0000] "GET /backend/service-account.json HTTP/1.1" 400 650 "-" "Mozilla/4.0 (compatible; MSIE 4.01; Windows CE; PPC; MDA Pro/1.0 Profile/MIDP-2.0 Configuration/CLDC-1.1)"
35.199.70.61 - - [29/May/2026:03:32:02 +0000] "GET /devops/docker-compose.yml HTTP/1.1" 499 0 "-" "Mozilla/5.0 (Linux; Android 9; Nokia 7.1) AppleWebKit/537.36 (KHTML, like Gecko) Chrome/72.0.3626.121 Mobile Safari/537.36"
35.199.70.61 - - [29/May/2026:03:32:02 +0000] "GET /services/docker-compose.yml HTTP/1.1" 499 0 "-" "SonyEricssonW950i/R100 Mozilla/4.0 (compatible; MSIE 6.0; Symbian OS; 323) Opera 8.60 [en-US]"
161.118.210.105 - - [29/May/2026:03:32:02 +0000] "GET /wp-admin/index.php HTTP/1.1" 200 4559 "https://cxocopilot.com/wp-login.php" "Mozilla/5.0 (X11; Linux x86_64; rv:89.0) Gecko/20100101 Firefox/89.0.2"
35.199.70.61 - - [29/May/2026:03:32:02 +0000] "GET /server/docker-compose.yml HTTP/1.1" 499 0 "-" "Mozilla/5.0 (Windows NT 10.0; Win64; x64) AppleWebKit/537.36 (KHTML, like Gecko) Chrome/77.0.3835.0 Safari/537.36"
35.199.70.61 - - [29/May/2026:03:32:02 +0000] "GET /internal/docker-compose.yml HTTP/1.1" 499 0 "-" "Mozilla/5.0 (iPad; CPU OS 12_2 like Mac OS X) AppleWebKit/605.1.15 (KHTML, like Gecko) Version/12.1 Mobile/15E148 Safari/604.1"
35.199.70.61 - - [29/May/2026:03:32:02 +0000] "GET /backend/aws.json HTTP/1.1" 400 650 "-" "Mozilla/5.0 (Windows NT 10.0; WOW64) AppleWebKit/537.36 (KHTML, like Gecko) Chrome/64.0.3282.186 YaBrowser/18.3.1.1220 Yowser/2.5 Safari/537.36"
35.199.70.61 - - [29/May/2026:03:32:02 +0000] "GET /api/aws.json HTTP/1.1" 400 650 "-" "Mozilla/5.0 (Windows NT 6.1; WOW64) AppleWebKit/537.36 (KHTML, like Gecko) Chrome/63.0.3239.132 Safari/537.36"
35.199.70.61 - - [29/May/2026:03:32:02 +0000] "GET /app/service-account.json HTTP/1.1" 400 248 "-" "Opera/9.80 (Macintosh; Intel Mac OS X 10.4.11; U; en) Presto/2.7.62 Version/11.00"
35.199.70.61 - - [29/May/2026:03:32:02 +0000] "GET /config/docker-compose.yml HTTP/1.1" 499 0 "-" "Mozilla/5.0 (Windows NT 6.1; WOW64) AppleWebKit/537.36 (KHTML, like Gecko) Chrome/62.0.3202.94 Safari/537.36"
35.199.70.61 - - [29/May/2026:03:32:02 +0000] "GET /api/credentials.json HTTP/1.1" 400 248 "-" "Mozilla/5.0 (Macintosh; U; Intel Mac OS X 10_5_6; en-US) AppleWebKit/528.16 (KHTML, like Gecko, Safari/528.16) OmniWeb/v622.8.0"
35.199.70.61 - - [29/May/2026:03:32:02 +0000] "GET /docker/docker-compose.yml HTTP/1.1" 499 0 "-" "Mozilla/5.0 (iPhone; CPU iPhone OS 11_4 like Mac OS X) AppleWebKit/604.1.34 (KHTML, like Gecko) CriOS/76.0.3809.81 Mobile/15E148 Safari/604.1"
35.199.70.61 - - [29/May/2026:03:32:02 +0000] "GET /docker/docker-compose.prod.yml HTTP/1.1" 499 0 "-" "Mozilla/5.0 (Linux; Android 6.0.1; Redmi 4) AppleWebKit/537.36 (KHTML, like Gecko) Chrome/76.0.3809.111 Mobile Safari/537.36"
35.199.70.61 - - [29/May/2026:03:32:02 +0000] "GET /kubernetes.yml HTTP/1.1" 499 0 "-" "Mozilla/5.0 (Windows NT 10.0; Win64; x64) AppleWebKit/537.36 (KHTML, like Gecko) Chrome/75.0.3770.100 Safari/537.36 OPR/62.0.3331.109"
35.199.70.61 - - [29/May/2026:03:32:02 +0000] "GET /deploy/credentials.json HTTP/1.1" 400 248 "-" "Mozilla/5.0 (OS/2; Warp 4.5; rv:24.0) Gecko/20100101 Firefox/24.0 SeaMonkey/2.21"
161.118.210.105 - - [29/May/2026:03:32:02 +0000] "POST /wp-login.php HTTP/1.1" 405 150 "https://cxocopilot.com/wp-login.php" "Mozilla/5.0 (X11; Linux x86_64; rv:90.0) Gecko/20100101 Firefox/90.0.1"
35.199.70.61 - - [29/May/2026:03:32:02 +0000] "GET /private/credentials.json HTTP/1.1" 400 650 "-" "Mozilla/5.0 (Macintosh; Intel Mac OS X 10_14_6) AppleWebKit/537.36 (KHTML, like Gecko) Chrome/75.0.3770.145 Safari/537.36 Vivaldi/2.6.1566.49"
35.199.70.61 - - [29/May/2026:03:32:02 +0000] "GET /deploy/service-account.json HTTP/1.1" 400 650 "-" "Mozilla/5.0 (X11; Linux x86_64) AppleWebKit/537.36 (KHTML, like Gecko) Chrome/46.0.2490.86 Safari/537.36"
35.199.70.61 - - [29/May/2026:03:32:02 +0000] "GET /k8s.yml HTTP/1.1" 499 0 "-" "Mozilla/5.0 (Windows NT 10.0; Win64; x64) AppleWebKit/537.36 (KHTML, like Gecko) Chrome/74.0.3850.0 Iron Safari/537.36"
35.199.70.61 - - [29/May/2026:03:32:02 +0000] "GET /kubernetes.yaml HTTP/1.1" 499 0 "-" "Opera/9.80 (J2ME/MIDP; Opera Mini/8.0.35626/37.8918; U; en) Presto/2.12.423 Version/12.16"
35.199.70.61 - - [29/May/2026:03:32:02 +0000] "GET /private/service-account.json HTTP/1.1" 400 650 "-" "Mozilla/5.0 (Windows NT 10.0; WOW64) AppleWebKit/537.36 (KHTML, like Gecko) Maxthon/5.0.4.3000 Chrome/47.0.2526.73 Safari/537.36"
35.199.70.61 - - [29/May/2026:03:32:02 +0000] "GET /k8s.yaml HTTP/1.1" 499 0 "-" "Mozilla/5.0 (X11; U; Linux x86_64; en-US; rv:1.9.1.13) Gecko/20100916 Iceape/2.0.8"
35.199.70.61 - - [29/May/2026:03:32:02 +0000] "GET /helm/values.yaml HTTP/1.1" 499 0 "-" "Mozilla/5.0 (Linux; Android 7.0; PIC-AL00) AppleWebKit/537.36 (KHTML, like Gecko) Chrome/76.0.3809.111 Mobile Safari/537.36"
35.199.70.61 - - [29/May/2026:03:32:02 +0000] "GET /helm/values.yml HTTP/1.1" 499 0 "-" "nook browser/1.0"
35.199.70.61 - - [29/May/2026:03:32:02 +0000] "GET /secrets/aws.json HTTP/1.1" 400 650 "-" "Mozilla/5.0 (Linux; U; Android 9; en-us; POCOPHONE F1 Build/PKQ1.180729.001) AppleWebKit/537.36 (KHTML, like Gecko) Version/4.0 Chrome/71.0.3578.141 Mobile Safari/537.36 XiaoMi/MiuiBrowser/10.9.7-g"
35.199.70.61 - - [29/May/2026:03:32:02 +0000] "GET /secrets/gcp.json HTTP/1.1" 400 650 "-" "Mozilla/5.0 (Linux; Android 9; G8343 Build/47.2.A.10.107; wv) AppleWebKit/537.36 (KHTML, like Gecko) Version/4.0 Chrome/76.0.3809.111 Mobile Safari/537.36 [FB_IAB/Orca-Android;FBAV/229.1.0.17.118;]"
35.199.70.61 - - [29/May/2026:03:32:02 +0000] "GET /helm/values-production.yaml HTTP/1.1" 499 0 "-" "Mozilla/5.0 (Linux; Android 9; VOG-L09 Build/HUAWEIVOG-L09) AppleWebKit/537.36 (KHTML, like Gecko) Chrome/69.0.3497.128 Mobile Safari/537.36 (Ecosia android@69.0.3497.128)"
161.118.210.105 - - [29/May/2026:03:32:02 +0000] "GET /wp-admin/index.php HTTP/1.1" 200 4559 "https://cxocopilot.com/wp-login.php" "Mozilla/5.0 (Windows NT 10.0; Win64; x64) AppleWebKit/537.36 (KHTML, like Gecko) Chrome/91.0.4472.124 Safari/537.36"
35.199.70.61 - - [29/May/2026:03:32:02 +0000] "GET /terraform.tfvars HTTP/1.1" 499 0 "-" "Mozilla/5.0 (Linux; Android 5.1.1; SM-E700H) AppleWebKit/537.36 (KHTML, like Gecko) Chrome/74.0.3729.157 Mobile Safari/537.36"
35.199.70.61 - - [29/May/2026:03:32:02 +0000] "GET /secrets/credentials.json HTTP/1.1" 400 650 "-" "Mozilla/5.0 (Windows NT 10.0; Win64; x64) AppleWebKit/537.36 (KHTML, like Gecko) Chrome/75.0.3770.100 Safari/537.36 OPR/62.0.3331.99"
35.199.70.61 - - [29/May/2026:03:32:02 +0000] "GET /terraform.tfstate HTTP/1.1" 499 0 "-" "Mozilla/5.0 (Macintosh; Intel Mac OS X 10_11_3) AppleWebKit/537.36 (KHTML, like Gecko) Chrome/61.0.3163.100 Safari/537.36"
35.199.70.61 - - [29/May/2026:03:32:02 +0000] "GET /secrets/azure.json HTTP/1.1" 400 650 "-" "Mozilla/5.0 (Macintosh; Intel Mac OS X 10_14_4) AppleWebKit/537.36 (KHTML, like Gecko) Chrome/76.0.3809.80 Safari/537.36"
35.199.70.61 - - [29/May/2026:03:32:02 +0000] "GET /.terraform/terraform.tfstate HTTP/1.1" 499 0 "-" "Mozilla/5.0 (Linux; Android 9; STF-L09) AppleWebKit/537.36 (KHTML, like Gecko) Chrome/76.0.3809.111 Mobile Safari/537.36"
35.199.70.61 - - [29/May/2026:03:32:02 +0000] "GET /infra/terraform.tfvars HTTP/1.1" 499 0 "-" "Mozilla/5.0 (Windows; U; Windows XP) Gecko MultiZilla/1.6.1.0a"
35.199.70.61 - - [29/May/2026:03:32:02 +0000] "GET /deploy/terraform.tfvars HTTP/1.1" 499 0 "-" "Mozilla/5.0 (Linux; U; Android 1.6; en-us; SonyEricssonX10i Build/R1AA056) AppleWebKit/528.5  (KHTML, like Gecko) Version/3.1.2 Mobile Safari/525.20.1"
134.209.147.209 - - [29/May/2026:03:32:02 +0000] "GET /wp-content/plugins/lifeline-plugin/assets/data/font-awesome-5.json HTTP/1.1" 200 13009 "-" "WordPress/7.0; https://bharti-foundation.stgviitor.com"
35.199.70.61 - - [29/May/2026:03:32:02 +0000] "GET /backup.sql HTTP/1.1" 499 0 "-" "Mozilla/5.0 (Linux; U; Android 7.0; es-es; Redmi Note 4 Build/NRD90M) AppleWebKit/537.36 (KHTML, like Gecko) Version/4.0 Chrome/71.0.3578.141 Mobile Safari/537.36 XiaoMi/MiuiBrowser/10.9.7-g"
35.199.70.61 - - [29/May/2026:03:32:02 +0000] "GET /dump.sql HTTP/1.1" 499 0 "-" "Mozilla/4.0 (compatible; MSIE 6.0; j2me) ReqwirelessWeb/3.5"
35.199.70.61 - - [29/May/2026:03:32:02 +0000] "GET /db.sql HTTP/1.1" 499 0 "-" "Mozilla/5.0 (Windows NT 5.1) AppleWebKit/537.36 (KHTML, like Gecko) MxBrowser/4.5.10.7000 Chrome/30.0.1551.0 Safari/537.36"
35.199.70.61 - - [29/May/2026:03:32:02 +0000] "GET /_profiler HTTP/1.1" 400 650 "-" "Mozilla/5.0 (Macintosh; Intel Mac OS X 10_13_0) AppleWebKit/537.36 (KHTML, like Gecko) Chrome/76.0.3809.87 Safari/537.36"
35.199.70.61 - - [29/May/2026:03:32:02 +0000] "GET /database.sql HTTP/1.1" 499 0 "-" "Mozilla/5.0 (compatible; MSIE 9.0; Windows NT 6.2; WOW64; Trident/5.0)"
35.199.70.61 - - [29/May/2026:03:32:02 +0000] "GET /_profiler/phpinfo HTTP/1.1" 400 650 "-" "Mozilla/5.0 (Linux; U; Android 6.0; he-il; Redmi Note 4X Build/MRA58K) AppleWebKit/537.36 (KHTML, like Gecko) Version/4.0 Chrome/71.0.3578.141 Mobile Safari/537.36 XiaoMi/MiuiBrowser/10.9.7-g"
35.199.70.61 - - [29/May/2026:03:32:02 +0000] "GET /mysqldump.sql HTTP/1.1" 499 0 "-" "Mozilla/5.0 (X11; Fedora; Linux x86_64) AppleWebKit/537.36 (KHTML, like Gecko) Chrome/75.0.3770.100 Safari/537.36"
35.199.70.61 - - [29/May/2026:03:32:02 +0000] "GET /pg_dump.sql HTTP/1.1" 499 0 "-" "Mozilla/5.0 (Linux; Android 9; SAMSUNG SM-G960F Build/PPR1.180610.011) AppleWebKit/537.36 (KHTML, like Gecko) SamsungBrowser/8.2 Chrome/63.0.3239.111 Mobile Safari/537.36"
35.199.70.61 - - [29/May/2026:03:32:02 +0000] "GET /profiler HTTP/1.1" 400 248 "-" "Mozilla/5.0 (X11; OpenBSD amd64; rv:28.0) Gecko/20100101 Firefox/28.0"
35.199.70.61 - - [29/May/2026:03:32:02 +0000] "GET /_profiler/open HTTP/1.1" 400 650 "-" "Mozilla/5.0 (Macintosh; Intel Mac OS X 10_14_5) AppleWebKit/537.36 (KHTML, like Gecko) Chrome/76.0.3809.100 Safari/537.36"
35.199.70.61 - - [29/May/2026:03:32:02 +0000] "GET /data.sql HTTP/1.1" 499 0 "-" "mukewang/7.2.0 (iPhone; iOS 12.3.1; Scale/2.00) webview"
35.199.70.61 - - [29/May/2026:03:32:02 +0000] "GET /backup.sql.gz HTTP/1.1" 499 0 "-" "Mozilla/5.0 (X11; U; Linux x86_64; en-gb) AppleWebKit/534.35 (KHTML, like Gecko) Chrome/11.0.696.65 Safari/534.35 Puffin/2.9174AP"
35.199.70.61 - - [29/May/2026:03:32:02 +0000] "GET /profiler/phpinfo HTTP/1.1" 400 248 "-" "Download Demon/3.5.0.11"
35.199.70.61 - - [29/May/2026:03:32:02 +0000] "GET /dump.sql.gz HTTP/1.1" 499 0 "-" "Mozilla/5.0 (Windows NT 6.3; WOW64) AppleWebKit/537.36 (KHTML, like Gecko) Chrome/75.0.3770.142 Safari/537.36"
35.199.70.61 - - [29/May/2026:03:32:02 +0000] "GET /db.sql.gz HTTP/1.1" 499 0 "-" "Mozilla/5.0 (X11; Ubuntu; Linux x86_64; rv:20.0) Gecko/20100101 Firefox/20.0"
35.199.70.61 - - [29/May/2026:03:32:02 +0000] "GET /backup.zip HTTP/1.1" 499 0 "-" "Mozilla/5.0 (X11; Linux x86_64) AppleWebKit/537.36 (KHTML, like Gecko) Chrome/72.0.3626.96 Safari/537.36"
35.199.70.61 - - [29/May/2026:03:32:02 +0000] "GET /docker-compose.yaml HTTP/1.1" 400 650 "-" "Mozilla/5.0 (Windows NT 10.0; WOW64) AppleWebKit/537.36 (KHTML, like Gecko) Chrome/74.0.3729.131 Safari/537.36"
35.199.70.61 - - [29/May/2026:03:32:02 +0000] "GET /backup.tar.gz HTTP/1.1" 499 0 "-" "Opera/9.80 (X11; FreeBSD 8.1-RELEASE i386; Edition Next) Presto/2.12.388 Version/12.10"
35.199.70.61 - - [29/May/2026:03:32:02 +0000] "GET /docker-compose.prod.yml HTTP/1.1" 400 650 "-" "Mozilla/5.0 (Linux; U; Android 6.0; en-US; Redmi Note 4 Build/MRA58K) AppleWebKit/537.36 (KHTML, like Gecko) Version/4.0 Chrome/57.0.2987.108 UCBrowser/12.13.0.1207 Mobile Safari/537.36"
35.199.70.61 - - [29/May/2026:03:32:02 +0000] "GET /docker-compose.yml HTTP/1.1" 400 650 "-" "Mozilla/5.0 (Linux; Android 7.1.2; Redmi 4) AppleWebKit/537.36 (KHTML, like Gecko) Chrome/73.0.3683.90 Mobile Safari/537.36"
35.199.70.61 - - [29/May/2026:03:32:02 +0000] "GET /db.zip HTTP/1.1" 499 0 "-" "Mozilla/5.0 (Linux; U; Android 2.3.4; en-us; BNTV250 Build/GINGERBREAD) AppleWebKit/533.1 (KHTML, like Gecko) Version/4.0 Safari/533.1"
