66.249.74.76 - - [29/May/2026:02:50:39 +0000] "GET /wp-includes/js/jquery/jquery.min.js?ver=3.7.1 HTTP/1.1" 200 30432 "https://vcstore.viitorcloud.co/online-kaszino-jatekok-attekintese-es-lehetosegei/" "Mozilla/5.0 (Linux; Android 6.0.1; Nexus 5X Build/MMB29P) AppleWebKit/537.36 (KHTML, like Gecko) Chrome/148.0.7778.96 Mobile Safari/537.36 (compatible; Googlebot/2.1; +http://www.google.com/bot.html)"
66.249.74.76 - - [29/May/2026:02:50:40 +0000] "GET /wp-includes/js/jquery/jquery.min.js?ver=3.7.1 HTTP/1.1" 200 30432 "https://vcstore.viitorcloud.co/online-kaszino-jatekok-attekintese-es-lehetosegei/" "Mozilla/5.0 (Linux; Android 6.0.1; Nexus 5X Build/MMB29P) AppleWebKit/537.36 (KHTML, like Gecko) Chrome/148.0.7778.96 Mobile Safari/537.36 (compatible; Googlebot/2.1; +http://www.google.com/bot.html)"
134.209.147.209 - - [29/May/2026:02:50:49 +0000] "POST /wp-cron.php?doing_wp_cron=1780023049.1750249862670898437500 HTTP/1.1" 200 31 "-" "WordPress/6.9.1; https://e-tdr.com"
64.227.35.51 - - [29/May/2026:02:50:49 +0000] "POST /wp-login.php HTTP/1.1" 200 6388 "-" "Mozilla/5.0"
64.227.35.51 - - [29/May/2026:02:50:49 +0000] "POST /wp-login.php HTTP/1.1" 200 6398 "-" "Mozilla/5.0"
172.71.82.140 - - [29/May/2026:02:51:13 +0000] "POST /xmlrpc.php HTTP/1.1" 200 141 "-" "Mozilla/5.0 (Windows NT 10.0; Win64; x64) AppleWebKit/537.36 (KHTML, like Gecko) Chrome/145.0.0.0 Safari/537.36"
134.209.147.209 - - [29/May/2026:02:51:13 +0000] "POST /wp-cron.php?doing_wp_cron=1780023073.7529969215393066406250 HTTP/1.1" 200 31 "-" "WordPress/6.5.3; https://vcstore.viitorcloud.co"
172.70.188.186 - - [29/May/2026:02:51:13 +0000] "POST /xmlrpc.php HTTP/1.1" 200 6320 "-" "Mozilla/5.0 (Windows NT 10.0; Win64; x64) AppleWebKit/537.36 (KHTML, like Gecko) Chrome/145.0.0.0 Safari/537.36"
134.209.147.209 - - [29/May/2026:02:51:51 +0000] "POST /wp-cron.php?doing_wp_cron=1780023111.2028160095214843750000 HTTP/1.1" 200 31 "-" "WordPress/6.9.1; https://e-tdr.com"
163.223.13.54 - - [29/May/2026:02:51:51 +0000] "GET /wp-login.php HTTP/1.1" 200 2007 "-" "Mozilla/5.0 (Windows NT 10.0) AppleWebKit/537.36 (KHTML, like Gecko) Chrome/133.0.0.0 Safari/537.36"
163.223.13.54 - - [29/May/2026:02:51:51 +0000] "POST /wp-login.php HTTP/1.1" 200 2144 "https://e-tdr.com/wp-login.php" "Mozilla/5.0 (Windows NT 10.0) AppleWebKit/537.36 (KHTML, like Gecko) Chrome/133.0.0.0 Safari/537.36"
52.208.151.205 - - [29/May/2026:02:52:44 +0000] "GET / HTTP/1.1" 404 178 "-" "Mozilla/5.0 (Linux; Android 13; Pixel 7) AppleWebKit/537.36 (KHTML, like Gecko) Chrome/119.0.0.0 Mobile Safari/537.36"
167.235.143.113 - - [29/May/2026:02:53:04 +0000] "HEAD / HTTP/1.1" 301 0 "https://viitor.cloud" "Mozilla/5.0+(compatible; UptimeRobot/2.0; http://www.uptimerobot.com/)"
134.209.147.209 - - [29/May/2026:02:53:06 +0000] "GET /wp-content/plugins/lifeline-plugin/assets/data/font-awesome-5.json HTTP/1.1" 200 13009 "-" "WordPress/7.0; https://bharti-foundation.stgviitor.com"
134.209.147.209 - - [29/May/2026:02:53:06 +0000] "GET /wp-content/plugins/lifeline-plugin/assets/data/font-awesome-5.json HTTP/1.1" 200 13009 "-" "WordPress/7.0; https://bharti-foundation.stgviitor.com"
134.209.147.209 - - [29/May/2026:02:53:06 +0000] "GET /wp-content/plugins/lifeline-plugin/assets/json/social-profile.json HTTP/1.1" 200 4033 "-" "WordPress/7.0; https://bharti-foundation.stgviitor.com"
134.209.147.209 - - [29/May/2026:02:53:06 +0000] "GET /wp-content/plugins/lifeline-plugin/assets/data/font-awesome-5.json HTTP/1.1" 200 13009 "-" "WordPress/7.0; https://bharti-foundation.stgviitor.com"
134.209.147.209 - - [29/May/2026:02:53:06 +0000] "POST /wp-cron.php?doing_wp_cron=1780023186.8279559612274169921875 HTTP/1.1" 200 31 "-" "WordPress/7.0; https://bharti-foundation.stgviitor.com"
64.62.156.26 - - [29/May/2026:02:53:06 +0000] "GET / HTTP/1.1" 301 11 "-" "Mozilla/5.0 (X11; Linux x86_64) AppleWebKit/537.36 (KHTML, like Gecko) Chrome/140.0.0.0 Safari/537.36"
134.209.147.209 - - [29/May/2026:02:53:06 +0000] "GET /wp-content/plugins/lifeline-plugin/assets/data/font-awesome-5.json HTTP/1.1" 200 13009 "-" "WordPress/7.0; https://bharti-foundation.stgviitor.com"
134.209.147.209 - - [29/May/2026:02:53:07 +0000] "GET /wp-content/plugins/lifeline-plugin/assets/data/font-awesome-5.json HTTP/1.1" 200 13009 "-" "WordPress/7.0; https://bharti-foundation.stgviitor.com"
134.209.147.209 - - [29/May/2026:02:53:07 +0000] "GET /wp-content/plugins/lifeline-plugin/assets/json/social-profile.json HTTP/1.1" 200 4033 "-" "WordPress/7.0; https://bharti-foundation.stgviitor.com"
134.209.147.209 - - [29/May/2026:02:53:07 +0000] "GET /wp-content/plugins/lifeline-plugin/assets/data/font-awesome-5.json HTTP/1.1" 200 13009 "-" "WordPress/7.0; https://bharti-foundation.stgviitor.com"
134.209.147.209 - - [29/May/2026:02:53:18 +0000] "POST /wp-cron.php?doing_wp_cron=1780023198.0331320762634277343750 HTTP/1.1" 200 31 "-" "WordPress/6.5.3; https://vcstore.stgviitor.com"
49.12.3.147 - - [29/May/2026:02:53:18 +0000] "GET /wp-login.php HTTP/1.1" 200 1831 "-" "Mozilla/5.0 (X11; Linux i686) AppleWebKit/537.36 (KHTML, like Gecko) Chrome/133.0.0.0 Safari/537.36"
49.12.3.147 - - [29/May/2026:02:53:18 +0000] "POST /wp-login.php HTTP/1.1" 200 1965 "https://vcstore.stgviitor.com/wp-login.php" "Mozilla/5.0 (X11; Linux i686) AppleWebKit/537.36 (KHTML, like Gecko) Chrome/133.0.0.0 Safari/537.36"
176.95.46.127 - - [29/May/2026:02:53:29 +0000] "GET /wp-login.php HTTP/1.1" 200 1831 "-" "Mozilla/5.0 (X11; Linux x86_64) AppleWebKit/537.36 (KHTML, like Gecko) Chrome/133.0.0.0 Safari/537.36 Edg/133.0.0.0"
176.95.46.127 - - [29/May/2026:02:53:33 +0000] "POST /wp-login.php HTTP/1.1" 200 1965 "https://vcstore.stgviitor.com/wp-login.php" "Mozilla/5.0 (X11; Linux x86_64) AppleWebKit/537.36 (KHTML, like Gecko) Chrome/133.0.0.0 Safari/537.36 Edg/133.0.0.0"
134.209.147.209 - - [29/May/2026:02:53:46 +0000] "POST /wp-cron.php?doing_wp_cron=1780023226.6527769565582275390625 HTTP/1.1" 200 31 "-" "WordPress/6.9.1; https://e-tdr.com"
138.68.19.42 - - [29/May/2026:02:53:46 +0000] "POST /wp-login.php HTTP/1.1" 200 6388 "-" "Mozilla/5.0"
138.68.19.42 - - [29/May/2026:02:53:46 +0000] "POST /wp-login.php HTTP/1.1" 200 6398 "-" "Mozilla/5.0"
42.83.147.56 - - [29/May/2026:02:53:49 +0000] "GET / HTTP/1.1" 301 162 "-" "Mozilla/5.0 (Windows NT 6.1; Win64; x64) AppleWebKit/537.36 (KHTML, like Gecko)Chrome/74.0.3729.169 Safari/537.36"
42.83.147.56 - - [29/May/2026:02:53:50 +0000] "GET / HTTP/1.1" 200 17669 "-" "Mozilla/5.0 (Windows NT 6.1; Win64; x64) AppleWebKit/537.36 (KHTML, like Gecko)Chrome/74.0.3729.169 Safari/537.36"
134.209.147.209 - - [29/May/2026:02:53:56 +0000] "POST /wp-cron.php?doing_wp_cron=1780023236.3402268886566162109375 HTTP/1.1" 200 31 "-" "WordPress/6.6.1; https://newfaith.focalat.com"
213.171.208.232 - - [29/May/2026:02:53:56 +0000] "GET /wp-login.php HTTP/1.1" 200 2033 "-" "Mozilla/5.0 (Windows NT 10.0; Win64; x64; rv:133.0) Gecko/20100101 Firefox/133.0"
213.171.208.232 - - [29/May/2026:02:53:57 +0000] "POST /wp-login.php HTTP/1.1" 200 2196 "https://newfaith.focalat.com/wp-login.php" "Mozilla/5.0 (Windows NT 10.0; Win64; x64; rv:133.0) Gecko/20100101 Firefox/133.0"
222.165.190.235 - - [29/May/2026:02:53:57 +0000] "GET /wp-login.php HTTP/1.1" 200 2033 "-" "Mozilla/5.0 (Windows NT 10.0) AppleWebKit/537.36 (KHTML, like Gecko) Chrome/133.0.0.0 Safari/537.36"
222.165.190.235 - - [29/May/2026:02:54:02 +0000] "POST /wp-login.php HTTP/1.1" 200 2196 "https://newfaith.focalat.com/wp-login.php" "Mozilla/5.0 (Windows NT 10.0) AppleWebKit/537.36 (KHTML, like Gecko) Chrome/133.0.0.0 Safari/537.36"
34.197.140.5 - - [29/May/2026:02:54:03 +0000] "GET / HTTP/1.1" 301 162 "-" "Mozilla/5.0 (Macintosh; Intel Mac OS X 10_15_7) AppleWebKit/605.1.15 (KHTML, like Gecko) Version/17.2 Safari/605.1.15"
77.90.154.170 - aios [29/May/2026:02:54:11 +0000] "GET /wp-json/wp/v2/pages?context=edit&slug=olimp-kazino-poluchay-bonus-100-250-besplatnyh-vrashcheniy&per_page=5&_fields=id,link,slug,status,content HTTP/1.1" 404 146 "-" "Mozilla/5.0 (Windows NT 10.0; Win64; x64; rv:148.0) Gecko/20100101 Firefox/148.0"
77.90.154.170 - aios [29/May/2026:02:54:12 +0000] "GET /wp-json/wp/v2/pages?context=edit&search=https%3A%2F%2Fengime.org%2F&per_page=50&_fields=id,link,slug,status,content HTTP/1.1" 404 146 "-" "Mozilla/5.0 (Windows NT 10.0; Win64; x64; rv:148.0) Gecko/20100101 Firefox/148.0"
77.90.154.170 - aios [29/May/2026:02:54:13 +0000] "POST /wp-json/wp/v2/pages HTTP/1.1" 404 146 "-" "Mozilla/5.0 (Windows NT 10.0; Win64; x64; rv:148.0) Gecko/20100101 Firefox/148.0"
77.90.154.170 - - [29/May/2026:02:54:14 +0000] "POST /xmlrpc.php HTTP/1.1" 404 146 "-" "Mozilla/5.0 (Windows NT 10.0; Win64; x64; rv:148.0) Gecko/20100101 Firefox/148.0"
77.90.154.170 - aios [29/May/2026:02:54:14 +0000] "GET /wp-json/wp/v2/posts?context=edit&slug=olimp-kazino-poluchay-bonus-100-250-besplatnyh-vrashcheniy&per_page=5&_fields=id,link,slug,status,content HTTP/1.1" 404 146 "-" "Mozilla/5.0 (Windows NT 10.0; Win64; x64; rv:148.0) Gecko/20100101 Firefox/148.0"
77.90.154.170 - aios [29/May/2026:02:54:15 +0000] "GET /wp-json/wp/v2/posts?context=edit&search=https%3A%2F%2Fengime.org%2F&per_page=50&_fields=id,link,slug,status,content HTTP/1.1" 404 146 "-" "Mozilla/5.0 (Windows NT 10.0; Win64; x64; rv:148.0) Gecko/20100101 Firefox/148.0"
134.209.147.209 - - [29/May/2026:02:54:16 +0000] "GET /wp-content/plugins/lifeline-plugin/assets/data/font-awesome-5.json HTTP/1.1" 200 13009 "-" "WordPress/7.0; https://bharti-foundation.stgviitor.com"
134.209.147.209 - - [29/May/2026:02:54:16 +0000] "GET /wp-content/plugins/lifeline-plugin/assets/data/font-awesome-5.json HTTP/1.1" 200 13009 "-" "WordPress/7.0; https://bharti-foundation.stgviitor.com"
134.209.147.209 - - [29/May/2026:02:54:16 +0000] "GET /wp-content/plugins/lifeline-plugin/assets/json/social-profile.json HTTP/1.1" 200 4033 "-" "WordPress/7.0; https://bharti-foundation.stgviitor.com"
134.209.147.209 - - [29/May/2026:02:54:16 +0000] "GET /wp-content/plugins/lifeline-plugin/assets/data/font-awesome-5.json HTTP/1.1" 200 13009 "-" "WordPress/7.0; https://bharti-foundation.stgviitor.com"
134.209.147.209 - - [29/May/2026:02:54:16 +0000] "POST /wp-cron.php?doing_wp_cron=1780023256.7354409694671630859375 HTTP/1.1" 200 31 "-" "WordPress/7.0; https://bharti-foundation.stgviitor.com"
64.62.156.29 - - [29/May/2026:02:54:16 +0000] "GET / HTTP/1.1" 301 11 "-" "Mozilla/5.0 (X11; Linux x86_64) AppleWebKit/537.36 (KHTML, like Gecko) Chrome/138.0.0.0 Safari/537.36"
134.209.147.209 - - [29/May/2026:02:54:16 +0000] "GET /wp-content/plugins/lifeline-plugin/assets/data/font-awesome-5.json HTTP/1.1" 200 13009 "-" "WordPress/7.0; https://bharti-foundation.stgviitor.com"
134.209.147.209 - - [29/May/2026:02:54:16 +0000] "GET /wp-content/plugins/lifeline-plugin/assets/data/font-awesome-5.json HTTP/1.1" 200 13009 "-" "WordPress/7.0; https://bharti-foundation.stgviitor.com"
134.209.147.209 - - [29/May/2026:02:54:16 +0000] "GET /wp-content/plugins/lifeline-plugin/assets/json/social-profile.json HTTP/1.1" 200 4033 "-" "WordPress/7.0; https://bharti-foundation.stgviitor.com"
77.90.154.170 - aios [29/May/2026:02:54:17 +0000] "POST /wp-json/wp/v2/posts HTTP/1.1" 404 146 "-" "Mozilla/5.0 (Windows NT 10.0; Win64; x64; rv:148.0) Gecko/20100101 Firefox/148.0"
134.209.147.209 - - [29/May/2026:02:54:17 +0000] "GET /wp-content/plugins/lifeline-plugin/assets/data/font-awesome-5.json HTTP/1.1" 200 13009 "-" "WordPress/7.0; https://bharti-foundation.stgviitor.com"
77.90.154.170 - - [29/May/2026:02:54:18 +0000] "POST /xmlrpc.php HTTP/1.1" 404 146 "-" "Mozilla/5.0 (Windows NT 10.0; Win64; x64; rv:148.0) Gecko/20100101 Firefox/148.0"
134.209.147.209 - - [29/May/2026:02:54:28 +0000] "GET /wp-content/plugins/lifeline-plugin/assets/data/font-awesome-5.json HTTP/1.1" 200 13009 "-" "WordPress/7.0; https://bharti-foundation.stgviitor.com"
134.209.147.209 - - [29/May/2026:02:54:29 +0000] "GET /wp-content/plugins/lifeline-plugin/assets/data/font-awesome-5.json HTTP/1.1" 200 13009 "-" "WordPress/7.0; https://bharti-foundation.stgviitor.com"
134.209.147.209 - - [29/May/2026:02:54:29 +0000] "GET /wp-content/plugins/lifeline-plugin/assets/json/social-profile.json HTTP/1.1" 200 4033 "-" "WordPress/7.0; https://bharti-foundation.stgviitor.com"
134.209.147.209 - - [29/May/2026:02:54:29 +0000] "GET /wp-content/plugins/lifeline-plugin/assets/data/font-awesome-5.json HTTP/1.1" 200 13009 "-" "WordPress/7.0; https://bharti-foundation.stgviitor.com"
134.209.147.209 - - [29/May/2026:02:54:29 +0000] "POST /wp-cron.php?doing_wp_cron=1780023269.2640008926391601562500 HTTP/1.1" 200 31 "-" "WordPress/7.0; https://bharti-foundation.stgviitor.com"
160.250.186.220 - - [29/May/2026:02:54:29 +0000] "GET /wp-login.php HTTP/1.1" 200 2044 "-" "Mozilla/5.0 (X11; Linux i686) AppleWebKit/537.36 (KHTML, like Gecko) Chrome/133.0.0.0 Safari/537.36"
134.209.147.209 - - [29/May/2026:02:54:29 +0000] "GET /wp-content/plugins/lifeline-plugin/assets/data/font-awesome-5.json HTTP/1.1" 200 13009 "-" "WordPress/7.0; https://bharti-foundation.stgviitor.com"
134.209.147.209 - - [29/May/2026:02:54:29 +0000] "GET /wp-content/plugins/lifeline-plugin/assets/data/font-awesome-5.json HTTP/1.1" 200 13009 "-" "WordPress/7.0; https://bharti-foundation.stgviitor.com"
134.209.147.209 - - [29/May/2026:02:54:29 +0000] "GET /wp-content/plugins/lifeline-plugin/assets/data/font-awesome-5.json HTTP/1.1" 200 13009 "-" "WordPress/7.0; https://bharti-foundation.stgviitor.com"
134.209.147.209 - - [29/May/2026:02:54:29 +0000] "GET /wp-content/plugins/lifeline-plugin/assets/data/font-awesome-5.json HTTP/1.1" 200 13009 "-" "WordPress/7.0; https://bharti-foundation.stgviitor.com"
134.209.147.209 - - [29/May/2026:02:54:29 +0000] "GET /wp-content/plugins/lifeline-plugin/assets/json/social-profile.json HTTP/1.1" 200 4033 "-" "WordPress/7.0; https://bharti-foundation.stgviitor.com"
134.209.147.209 - - [29/May/2026:02:54:29 +0000] "GET /wp-content/plugins/lifeline-plugin/assets/json/social-profile.json HTTP/1.1" 200 4033 "-" "WordPress/7.0; https://bharti-foundation.stgviitor.com"
134.209.147.209 - - [29/May/2026:02:54:29 +0000] "GET /wp-content/plugins/lifeline-plugin/assets/data/font-awesome-5.json HTTP/1.1" 200 13009 "-" "WordPress/7.0; https://bharti-foundation.stgviitor.com"
134.209.147.209 - - [29/May/2026:02:54:29 +0000] "GET /wp-content/plugins/lifeline-plugin/assets/data/font-awesome-5.json HTTP/1.1" 200 13009 "-" "WordPress/7.0; https://bharti-foundation.stgviitor.com"
134.209.147.209 - - [29/May/2026:02:54:29 +0000] "GET /wp-content/plugins/lifeline-plugin/assets/data/font-awesome-5.json HTTP/1.1" 200 13009 "-" "WordPress/7.0; https://bharti-foundation.stgviitor.com"
134.209.147.209 - - [29/May/2026:02:54:30 +0000] "GET /wp-content/plugins/lifeline-plugin/assets/data/font-awesome-5.json HTTP/1.1" 200 13009 "-" "WordPress/7.0; https://bharti-foundation.stgviitor.com"
64.31.25.250 - - [29/May/2026:02:54:30 +0000] "GET /wp-login.php HTTP/1.1" 200 2044 "-" "Mozilla/5.0 (X11; Fedora; Linux x86_64) AppleWebKit/537.36 (KHTML, like Gecko) Chrome/133.0.0.0 Safari/537.36"
134.209.147.209 - - [29/May/2026:02:54:30 +0000] "GET /wp-content/plugins/lifeline-plugin/assets/json/social-profile.json HTTP/1.1" 200 4033 "-" "WordPress/7.0; https://bharti-foundation.stgviitor.com"
134.209.147.209 - - [29/May/2026:02:54:30 +0000] "GET /wp-content/plugins/lifeline-plugin/assets/data/font-awesome-5.json HTTP/1.1" 200 13009 "-" "WordPress/7.0; https://bharti-foundation.stgviitor.com"
160.250.186.220 - - [29/May/2026:02:54:30 +0000] "POST /wp-login.php HTTP/1.1" 200 2206 "https://bharti-foundation.stgviitor.com/wp-login.php" "Mozilla/5.0 (X11; Linux i686) AppleWebKit/537.36 (KHTML, like Gecko) Chrome/133.0.0.0 Safari/537.36"
134.209.147.209 - - [29/May/2026:02:54:31 +0000] "POST /wp-cron.php?doing_wp_cron=1780023271.5610020160675048828125 HTTP/1.1" 200 31 "-" "WordPress/6.9.4; https://laracopilot.stgviitor.com"
78.142.18.172 - - [29/May/2026:02:54:31 +0000] "GET /wp-login.php HTTP/1.1" 200 2008 "-" "Mozilla/5.0 (X11; CrOS x86_64 14541.0.0) AppleWebKit/537.36 (KHTML, like Gecko) Chrome/133.0.0.0 Safari/537.36"
134.209.147.209 - - [29/May/2026:02:54:31 +0000] "GET /wp-content/plugins/lifeline-plugin/assets/data/font-awesome-5.json HTTP/1.1" 200 13009 "-" "WordPress/7.0; https://bharti-foundation.stgviitor.com"
134.209.147.209 - - [29/May/2026:02:54:31 +0000] "GET /wp-content/plugins/lifeline-plugin/assets/data/font-awesome-5.json HTTP/1.1" 200 13009 "-" "WordPress/7.0; https://bharti-foundation.stgviitor.com"
134.209.147.209 - - [29/May/2026:02:54:31 +0000] "GET /wp-content/plugins/lifeline-plugin/assets/json/social-profile.json HTTP/1.1" 200 4033 "-" "WordPress/7.0; https://bharti-foundation.stgviitor.com"
134.209.147.209 - - [29/May/2026:02:54:32 +0000] "GET /wp-content/plugins/lifeline-plugin/assets/data/font-awesome-5.json HTTP/1.1" 200 13009 "-" "WordPress/7.0; https://bharti-foundation.stgviitor.com"
64.31.25.250 - - [29/May/2026:02:54:32 +0000] "POST /wp-login.php HTTP/1.1" 200 2206 "https://bharti-foundation.stgviitor.com/wp-login.php" "Mozilla/5.0 (X11; Fedora; Linux x86_64) AppleWebKit/537.36 (KHTML, like Gecko) Chrome/133.0.0.0 Safari/537.36"
78.142.18.172 - - [29/May/2026:02:54:34 +0000] "POST /wp-login.php HTTP/1.1" 200 2138 "https://laracopilot.stgviitor.com/wp-login.php" "Mozilla/5.0 (X11; CrOS x86_64 14541.0.0) AppleWebKit/537.36 (KHTML, like Gecko) Chrome/133.0.0.0 Safari/537.36"
134.209.147.209 - - [29/May/2026:02:54:46 +0000] "POST /wp-cron.php?doing_wp_cron=1780023286.6464509963989257812500 HTTP/1.1" 200 31 "-" "WordPress/6.5.3; https://vcstore.stgviitor.com"
195.250.21.26 - - [29/May/2026:02:54:46 +0000] "GET /wp-login.php HTTP/1.1" 200 1831 "-" "Mozilla/5.0 (X11; Linux x86_64) AppleWebKit/537.36 (KHTML, like Gecko) Chrome/133.0.0.0 Safari/537.36 Edg/133.0.0.0"
195.250.21.26 - - [29/May/2026:02:54:46 +0000] "POST /wp-login.php HTTP/1.1" 200 1998 "https://vcstore.stgviitor.com/wp-login.php" "Mozilla/5.0 (X11; Linux x86_64) AppleWebKit/537.36 (KHTML, like Gecko) Chrome/133.0.0.0 Safari/537.36 Edg/133.0.0.0"
78.142.18.172 - - [29/May/2026:02:54:52 +0000] "GET /wp-login.php HTTP/1.1" 200 1831 "-" "Mozilla/5.0 (X11; Linux x86_64) AppleWebKit/537.36 (KHTML, like Gecko) Chrome/133.0.0.0 Safari/537.36"
78.142.18.172 - - [29/May/2026:02:54:56 +0000] "POST /wp-login.php HTTP/1.1" 200 1998 "https://vcstore.stgviitor.com/wp-login.php" "Mozilla/5.0 (X11; Linux x86_64) AppleWebKit/537.36 (KHTML, like Gecko) Chrome/133.0.0.0 Safari/537.36"
118.88.24.31 - - [29/May/2026:02:54:58 +0000] "GET /.well-known/acme-challenge/2RWAOHB6CHJ86UJHTBR0QGC_6FDVA3U6 HTTP/1.1" 301 162 "-" "Cpanel-HTTP-Client/1.0"
118.88.24.31 - - [29/May/2026:02:54:59 +0000] "GET /.well-known/acme-challenge/2RWAOHB6CHJ86UJHTBR0QGC_6FDVA3U6 HTTP/1.1" 404 146 "-" "Cpanel-HTTP-Client/1.0"
168.63.79.147 - Trendygital.com [29/May/2026:02:55:04 +0000] "GET /wp-json/wp/v2/users/me HTTP/1.1" 401 154 "-" "Mozilla/5.0 (X11; Linux i686) AppleWebKit/537.36 (KHTML, like Gecko) Chrome/133.0.0.0 Safari/537.36"
134.209.147.209 - - [29/May/2026:02:55:06 +0000] "GET /wp-content/plugins/lifeline-plugin/assets/data/font-awesome-5.json HTTP/1.1" 200 13009 "-" "WordPress/7.0; https://bharti-foundation.stgviitor.com"
134.209.147.209 - - [29/May/2026:02:55:06 +0000] "GET /wp-content/plugins/lifeline-plugin/assets/data/font-awesome-5.json HTTP/1.1" 200 13009 "-" "WordPress/7.0; https://bharti-foundation.stgviitor.com"
134.209.147.209 - - [29/May/2026:02:55:06 +0000] "GET /wp-content/plugins/lifeline-plugin/assets/json/social-profile.json HTTP/1.1" 200 4033 "-" "WordPress/7.0; https://bharti-foundation.stgviitor.com"
134.209.147.209 - - [29/May/2026:02:55:07 +0000] "GET /wp-content/plugins/lifeline-plugin/assets/data/font-awesome-5.json HTTP/1.1" 200 13009 "-" "WordPress/7.0; https://bharti-foundation.stgviitor.com"
162.240.12.204 - Jhon [29/May/2026:02:55:07 +0000] "GET /wp-json/wp/v2/users/me HTTP/1.1" 401 108 "-" "Mozilla/5.0 (X11; Ubuntu; Linux x86_64) AppleWebKit/537.36 (KHTML, like Gecko) Chrome/133.0.0.0 Safari/537.36"
64.227.35.51 - - [29/May/2026:02:55:29 +0000] "POST /wp-login.php HTTP/1.1" 200 6388 "-" "Mozilla/5.0"
134.209.147.209 - - [29/May/2026:02:55:29 +0000] "POST /wp-cron.php?doing_wp_cron=1780023329.0914359092712402343750 HTTP/1.1" 200 31 "-" "WordPress/6.9.1; https://e-tdr.com"
64.227.35.51 - - [29/May/2026:02:55:29 +0000] "POST /wp-login.php HTTP/1.1" 200 6398 "-" "Mozilla/5.0"
170.106.140.110 - - [29/May/2026:02:55:31 +0000] "GET /blog/how-to-verify-a-tdr-certificate-digitally-in-india/ HTTP/1.1" 200 17258 "-" "Mozilla/5.0 (iPhone; CPU iPhone OS 13_2_3 like Mac OS X) AppleWebKit/605.1.15 (KHTML, like Gecko) Version/13.0.3 Mobile/15E148 Safari/604.1"
134.209.147.209 - - [29/May/2026:02:56:02 +0000] "GET /wp-content/plugins/lifeline-plugin/assets/data/font-awesome-5.json HTTP/1.1" 200 13009 "-" "WordPress/7.0; https://bharti-foundation.stgviitor.com"
134.209.147.209 - - [29/May/2026:02:56:02 +0000] "GET /wp-content/plugins/lifeline-plugin/assets/data/font-awesome-5.json HTTP/1.1" 200 13009 "-" "WordPress/7.0; https://bharti-foundation.stgviitor.com"
134.209.147.209 - - [29/May/2026:02:56:02 +0000] "GET /wp-content/plugins/lifeline-plugin/assets/json/social-profile.json HTTP/1.1" 200 4033 "-" "WordPress/7.0; https://bharti-foundation.stgviitor.com"
134.209.147.209 - - [29/May/2026:02:56:02 +0000] "GET /wp-content/plugins/lifeline-plugin/assets/data/font-awesome-5.json HTTP/1.1" 200 13009 "-" "WordPress/7.0; https://bharti-foundation.stgviitor.com"
134.209.147.209 - - [29/May/2026:02:56:02 +0000] "POST /wp-cron.php?doing_wp_cron=1780023362.4042870998382568359375 HTTP/1.1" 200 31 "-" "WordPress/7.0; https://bharti-foundation.stgviitor.com"
141.98.11.117 - - [29/May/2026:02:56:02 +0000] "GET /wp-login.php HTTP/1.1" 200 2044 "-" "Mozilla/5.0 (Windows NT 10.0; WOW64) AppleWebKit/537.36 (KHTML, like Gecko) Chrome/133.0.0.0 Safari/537.36"
134.209.147.209 - - [29/May/2026:02:56:02 +0000] "GET /wp-content/plugins/lifeline-plugin/assets/data/font-awesome-5.json HTTP/1.1" 200 13009 "-" "WordPress/7.0; https://bharti-foundation.stgviitor.com"
134.209.147.209 - - [29/May/2026:02:56:02 +0000] "GET /wp-content/plugins/lifeline-plugin/assets/data/font-awesome-5.json HTTP/1.1" 200 13009 "-" "WordPress/7.0; https://bharti-foundation.stgviitor.com"
134.209.147.209 - - [29/May/2026:02:56:02 +0000] "GET /wp-content/plugins/lifeline-plugin/assets/json/social-profile.json HTTP/1.1" 200 4033 "-" "WordPress/7.0; https://bharti-foundation.stgviitor.com"
134.209.147.209 - - [29/May/2026:02:56:02 +0000] "GET /wp-content/plugins/lifeline-plugin/assets/data/font-awesome-5.json HTTP/1.1" 200 13009 "-" "WordPress/7.0; https://bharti-foundation.stgviitor.com"
134.209.147.209 - - [29/May/2026:02:56:03 +0000] "GET /wp-content/plugins/lifeline-plugin/assets/data/font-awesome-5.json HTTP/1.1" 200 13009 "-" "WordPress/7.0; https://bharti-foundation.stgviitor.com"
134.209.147.209 - - [29/May/2026:02:56:03 +0000] "GET /wp-content/plugins/lifeline-plugin/assets/data/font-awesome-5.json HTTP/1.1" 200 13009 "-" "WordPress/7.0; https://bharti-foundation.stgviitor.com"
134.209.147.209 - - [29/May/2026:02:56:03 +0000] "GET /wp-content/plugins/lifeline-plugin/assets/json/social-profile.json HTTP/1.1" 200 4033 "-" "WordPress/7.0; https://bharti-foundation.stgviitor.com"
134.209.147.209 - - [29/May/2026:02:56:03 +0000] "GET /wp-content/plugins/lifeline-plugin/assets/data/font-awesome-5.json HTTP/1.1" 200 13009 "-" "WordPress/7.0; https://bharti-foundation.stgviitor.com"
141.98.11.117 - - [29/May/2026:02:56:03 +0000] "POST /wp-login.php HTTP/1.1" 200 2206 "https://bharti-foundation.stgviitor.com/wp-login.php" "Mozilla/5.0 (Windows NT 10.0; WOW64) AppleWebKit/537.36 (KHTML, like Gecko) Chrome/133.0.0.0 Safari/537.36"
162.14.114.97 - - [29/May/2026:02:56:19 +0000] "GET / HTTP/1.1" 301 162 "-" "Mozilla/5.0 (iPhone; CPU iPhone OS 13_2_3 like Mac OS X) AppleWebKit/605.1.15 (KHTML, like Gecko) Version/13.0.3 Mobile/15E148 Safari/604.1"
134.209.147.209 - - [29/May/2026:02:56:23 +0000] "POST /wp-cron.php?doing_wp_cron=1780023383.7111620903015136718750 HTTP/1.1" 200 31 "-" "WordPress/6.9.1; https://e-tdr.com"
162.14.114.97 - - [29/May/2026:02:56:23 +0000] "GET / HTTP/1.1" 200 17669 "http://e-tdr.com" "Mozilla/5.0 (iPhone; CPU iPhone OS 13_2_3 like Mac OS X) AppleWebKit/605.1.15 (KHTML, like Gecko) Version/13.0.3 Mobile/15E148 Safari/604.1"
64.62.156.26 - - [29/May/2026:02:56:58 +0000] "GET /favicon.ico HTTP/1.1" 404 146 "-" "Mozilla/5.0 (Macintosh; Intel Mac OS X 10.15; rv:109.0) Gecko/20100101 Firefox/109.0"
204.77.129.150 - aios [29/May/2026:02:57:22 +0000] "GET /wp-json/wp/v2/pages?context=edit&slug=pinco-online-kazino-2026-strategiyalar-v-m-sl-h-tl-r-pinko-kazino-onlayn&per_page=5&_fields=id,link,slug,status,content HTTP/1.1" 404 146 "-" "Mozilla/5.0 (Windows NT 10.0; Win64; x64; rv:148.0) Gecko/20100101 Firefox/148.0"
204.77.129.150 - aios [29/May/2026:02:57:24 +0000] "GET /wp-json/wp/v2/pages?context=edit&search=https%3A%2F%2Fwartranslated.com%2F&per_page=50&_fields=id,link,slug,status,content HTTP/1.1" 404 146 "-" "Mozilla/5.0 (Windows NT 10.0; Win64; x64; rv:148.0) Gecko/20100101 Firefox/148.0"
204.77.129.150 - aios [29/May/2026:02:57:26 +0000] "POST /wp-json/wp/v2/pages HTTP/1.1" 404 146 "-" "Mozilla/5.0 (Windows NT 10.0; Win64; x64; rv:148.0) Gecko/20100101 Firefox/148.0"
204.77.129.150 - - [29/May/2026:02:57:29 +0000] "POST /xmlrpc.php HTTP/1.1" 404 146 "-" "Mozilla/5.0 (Windows NT 10.0; Win64; x64; rv:148.0) Gecko/20100101 Firefox/148.0"
204.77.129.150 - aios [29/May/2026:02:57:30 +0000] "GET /wp-json/wp/v2/posts?context=edit&slug=pinco-online-kazino-2026-strategiyalar-v-m-sl-h-tl-r-pinko-kazino-onlayn&per_page=5&_fields=id,link,slug,status,content HTTP/1.1" 404 146 "-" "Mozilla/5.0 (Windows NT 10.0; Win64; x64; rv:148.0) Gecko/20100101 Firefox/148.0"
134.209.147.209 - - [29/May/2026:02:57:31 +0000] "POST /wp-cron.php?doing_wp_cron=1780023451.9850680828094482421875 HTTP/1.1" 200 31 "-" "WordPress/6.5.3; https://vcstore.viitorcloud.co"
104.22.66.51 - - [29/May/2026:02:57:32 +0000] "GET /wp-login.php HTTP/1.1" 200 1770 "-" "Mozilla/5.0 (X11; Fedora; Linux x86_64) AppleWebKit/537.36 (KHTML, like Gecko) Chrome/133.0.0.0 Safari/537.36"
172.69.176.62 - - [29/May/2026:02:57:32 +0000] "GET /wp-login.php HTTP/1.1" 200 1770 "-" "Mozilla/5.0 (X11; Ubuntu; Linux x86_64) AppleWebKit/537.36 (KHTML, like Gecko) Chrome/133.0.0.0 Safari/537.36"
172.70.93.17 - - [29/May/2026:02:57:32 +0000] "POST /wp-login.php HTTP/1.1" 200 1940 "https://vcstore.viitorcloud.com/wp-login.php" "Mozilla/5.0 (X11; Fedora; Linux x86_64) AppleWebKit/537.36 (KHTML, like Gecko) Chrome/133.0.0.0 Safari/537.36"
204.77.129.150 - aios [29/May/2026:02:57:32 +0000] "GET /wp-json/wp/v2/posts?context=edit&search=https%3A%2F%2Fwartranslated.com%2F&per_page=50&_fields=id,link,slug,status,content HTTP/1.1" 404 146 "-" "Mozilla/5.0 (Windows NT 10.0; Win64; x64; rv:148.0) Gecko/20100101 Firefox/148.0"
172.69.165.26 - - [29/May/2026:02:57:33 +0000] "POST /wp-login.php HTTP/1.1" 200 1940 "https://vcstore.viitorcloud.com/wp-login.php" "Mozilla/5.0 (X11; Ubuntu; Linux x86_64) AppleWebKit/537.36 (KHTML, like Gecko) Chrome/133.0.0.0 Safari/537.36"
204.77.129.150 - aios [29/May/2026:02:57:34 +0000] "POST /wp-json/wp/v2/posts HTTP/1.1" 404 146 "-" "Mozilla/5.0 (Windows NT 10.0; Win64; x64; rv:148.0) Gecko/20100101 Firefox/148.0"
204.77.129.150 - - [29/May/2026:02:57:37 +0000] "POST /xmlrpc.php HTTP/1.1" 404 146 "-" "Mozilla/5.0 (Windows NT 10.0; Win64; x64; rv:148.0) Gecko/20100101 Firefox/148.0"
134.209.147.209 - - [29/May/2026:02:57:47 +0000] "POST /wp-cron.php?doing_wp_cron=1780023467.9122009277343750000000 HTTP/1.1" 200 31 "-" "WordPress/6.9.1; https://e-tdr.com"
138.68.19.42 - - [29/May/2026:02:57:47 +0000] "POST /wp-login.php HTTP/1.1" 200 6388 "-" "Mozilla/5.0"
134.209.147.209 - - [29/May/2026:02:57:48 +0000] "POST /wp-cron.php?doing_wp_cron=1780023468.0847039222717285156250 HTTP/1.1" 200 31 "-" "WordPress/6.9.1; https://e-tdr.com"
138.68.19.42 - - [29/May/2026:02:57:48 +0000] "POST /wp-login.php HTTP/1.1" 200 6398 "-" "Mozilla/5.0"
134.209.147.209 - - [29/May/2026:02:57:55 +0000] "POST /wp-cron.php?doing_wp_cron=1780023475.0368630886077880859375 HTTP/1.1" 200 31 "-" "WordPress/6.6.1; https://newfaith.focalat.com"
92.205.109.21 - - [29/May/2026:02:57:55 +0000] "GET /wp-login.php HTTP/1.1" 200 2033 "-" "Mozilla/5.0 (Macintosh; Intel Mac OS X 11_7_10) AppleWebKit/537.36 (KHTML, like Gecko) Chrome/133.0.0.0 Safari/537.36"
89.45.125.246 - - [29/May/2026:02:57:57 +0000] "GET /wp-login.php HTTP/1.1" 200 1770 "-" "Mozilla/5.0 (Windows NT 10.0; Win64; x64) AppleWebKit/537.36 (KHTML, like Gecko) Chrome/145.0.0.0 Safari/537.36"
92.205.109.21 - - [29/May/2026:02:57:58 +0000] "POST /wp-login.php HTTP/1.1" 200 2196 "https://newfaith.focalat.com/wp-login.php" "Mozilla/5.0 (Macintosh; Intel Mac OS X 11_7_10) AppleWebKit/537.36 (KHTML, like Gecko) Chrome/133.0.0.0 Safari/537.36"
89.45.125.246 - - [29/May/2026:02:57:59 +0000] "POST /wp-login.php HTTP/1.1" 302 5 "https://vcstore.viitorcloud.co/wp-login.php" "Mozilla/5.0 (Windows NT 10.0; Win64; x64) AppleWebKit/537.36 (KHTML, like Gecko) Chrome/145.0.0.0 Safari/537.36"
89.45.125.246 - - [29/May/2026:02:58:00 +0000] "GET /wp-admin/ HTTP/1.1" 200 18924 "https://vcstore.viitorcloud.co/wp-login.php" "Mozilla/5.0 (Windows NT 10.0; Win64; x64) AppleWebKit/537.36 (KHTML, like Gecko) Chrome/145.0.0.0 Safari/537.36"
89.45.125.246 - - [29/May/2026:02:58:02 +0000] "GET /wp-admin/user-new.php HTTP/1.1" 200 8625 "https://vcstore.viitorcloud.co/wp-login.php" "Mozilla/5.0 (Windows NT 10.0; Win64; x64) AppleWebKit/537.36 (KHTML, like Gecko) Chrome/145.0.0.0 Safari/537.36"
159.69.158.189 - - [29/May/2026:02:58:10 +0000] "HEAD / HTTP/1.1" 301 0 "https://viitor.cloud" "Mozilla/5.0+(compatible; UptimeRobot/2.0; http://www.uptimerobot.com/)"
89.45.125.246 - - [29/May/2026:02:58:12 +0000] "POST /wp-admin/user-new.php HTTP/1.1" 302 5 "https://vcstore.viitorcloud.co/wp-login.php" "Mozilla/5.0 (Windows NT 10.0; Win64; x64) AppleWebKit/537.36 (KHTML, like Gecko) Chrome/145.0.0.0 Safari/537.36"
89.45.125.246 - - [29/May/2026:02:58:13 +0000] "GET /wp-admin/users.php?update=add&id=48 HTTP/1.1" 200 12722 "https://vcstore.viitorcloud.co/wp-login.php" "Mozilla/5.0 (Windows NT 10.0; Win64; x64) AppleWebKit/537.36 (KHTML, like Gecko) Chrome/145.0.0.0 Safari/537.36"
162.158.108.24 - - [29/May/2026:02:58:14 +0000] "GET /wp-login.php HTTP/1.1" 200 1770 "-" "Mozilla/5.0 (X11; Linux i686) AppleWebKit/537.36 (KHTML, like Gecko) Chrome/133.0.0.0 Safari/537.36"
89.45.125.246 - - [29/May/2026:02:58:17 +0000] "GET /wp-admin/plugins.php?plugin_status=all&paged=1&s HTTP/1.1" 200 15579 "https://vcstore.viitorcloud.co/wp-login.php" "Mozilla/5.0 (Windows NT 10.0; Win64; x64) AppleWebKit/537.36 (KHTML, like Gecko) Chrome/145.0.0.0 Safari/537.36"
138.128.153.190 - - [29/May/2026:02:58:19 +0000] "GET /wp-login.php HTTP/1.1" 200 1770 "-" "Mozilla/5.0 (Windows NT 10.0; Win64; x64) AppleWebKit/537.36 (KHTML, like Gecko) Chrome/145.0.0.0 Safari/537.36"
195.172.211.174 - - [29/May/2026:02:58:20 +0000] "GET /wp-login.php HTTP/1.1" 200 1770 "-" "Mozilla/5.0 (Windows NT 10.0; Win64; x64) AppleWebKit/537.36 (KHTML, like Gecko) Chrome/145.0.0.0 Safari/537.36"
138.128.153.190 - - [29/May/2026:02:58:21 +0000] "POST /wp-login.php HTTP/1.1" 302 5 "https://vcstore.viitorcloud.co/wp-login.php" "Mozilla/5.0 (Windows NT 10.0; Win64; x64) AppleWebKit/537.36 (KHTML, like Gecko) Chrome/145.0.0.0 Safari/537.36"
195.172.211.174 - - [29/May/2026:02:58:21 +0000] "POST /wp-login.php HTTP/1.1" 302 5 "https://vcstore.viitorcloud.co/wp-login.php" "Mozilla/5.0 (Windows NT 10.0; Win64; x64) AppleWebKit/537.36 (KHTML, like Gecko) Chrome/145.0.0.0 Safari/537.36"
89.45.125.246 - - [29/May/2026:02:58:21 +0000] "GET /wp-admin/plugins.php HTTP/1.1" 200 15544 "https://vcstore.viitorcloud.co/wp-login.php" "Mozilla/5.0 (Windows NT 10.0; Win64; x64) AppleWebKit/537.36 (KHTML, like Gecko) Chrome/145.0.0.0 Safari/537.36"
138.128.153.190 - - [29/May/2026:02:58:21 +0000] "GET /wp-admin/ HTTP/1.1" 200 18922 "https://vcstore.viitorcloud.co/wp-login.php" "Mozilla/5.0 (Windows NT 10.0; Win64; x64) AppleWebKit/537.36 (KHTML, like Gecko) Chrome/145.0.0.0 Safari/537.36"
195.172.211.174 - - [29/May/2026:02:58:22 +0000] "GET /wp-admin/ HTTP/1.1" 200 18920 "https://vcstore.viitorcloud.co/wp-login.php" "Mozilla/5.0 (Windows NT 10.0; Win64; x64) AppleWebKit/537.36 (KHTML, like Gecko) Chrome/145.0.0.0 Safari/537.36"
138.128.153.190 - - [29/May/2026:02:58:24 +0000] "GET /wp-admin/user-new.php HTTP/1.1" 200 8626 "https://vcstore.viitorcloud.co/wp-login.php" "Mozilla/5.0 (Windows NT 10.0; Win64; x64) AppleWebKit/537.36 (KHTML, like Gecko) Chrome/145.0.0.0 Safari/537.36"
89.45.125.246 - - [29/May/2026:02:58:24 +0000] "GET /wp-admin/plugins.php HTTP/1.1" 200 15545 "https://vcstore.viitorcloud.co/wp-login.php" "Mozilla/5.0 (Windows NT 10.0; Win64; x64) AppleWebKit/537.36 (KHTML, like Gecko) Chrome/145.0.0.0 Safari/537.36"
195.172.211.174 - - [29/May/2026:02:58:25 +0000] "GET /wp-admin/user-new.php HTTP/1.1" 200 8623 "https://vcstore.viitorcloud.co/wp-login.php" "Mozilla/5.0 (Windows NT 10.0; Win64; x64) AppleWebKit/537.36 (KHTML, like Gecko) Chrome/145.0.0.0 Safari/537.36"
138.128.153.190 - - [29/May/2026:02:58:27 +0000] "POST /wp-admin/user-new.php HTTP/1.1" 200 8689 "https://vcstore.viitorcloud.co/wp-login.php" "Mozilla/5.0 (Windows NT 10.0; Win64; x64) AppleWebKit/537.36 (KHTML, like Gecko) Chrome/145.0.0.0 Safari/537.36"
89.45.125.246 - - [29/May/2026:02:58:27 +0000] "POST /wp-admin/plugins.php?plugin_status=all&paged=1&s HTTP/1.1" 302 5 "https://vcstore.viitorcloud.co/wp-login.php" "Mozilla/5.0 (Windows NT 10.0; Win64; x64) AppleWebKit/537.36 (KHTML, like Gecko) Chrome/145.0.0.0 Safari/537.36"
195.172.211.174 - - [29/May/2026:02:58:28 +0000] "POST /wp-admin/user-new.php HTTP/1.1" 200 8689 "https://vcstore.viitorcloud.co/wp-login.php" "Mozilla/5.0 (Windows NT 10.0; Win64; x64) AppleWebKit/537.36 (KHTML, like Gecko) Chrome/145.0.0.0 Safari/537.36"
89.45.125.246 - - [29/May/2026:02:58:28 +0000] "GET /wp-admin/plugins.php?plugin_status=all&paged=1&s= HTTP/1.1" 200 15577 "https://vcstore.viitorcloud.co/wp-login.php" "Mozilla/5.0 (Windows NT 10.0; Win64; x64) AppleWebKit/537.36 (KHTML, like Gecko) Chrome/145.0.0.0 Safari/537.36"
138.128.153.190 - - [29/May/2026:02:58:29 +0000] "GET /wp-admin/plugins.php?plugin_status=all&paged=1&s HTTP/1.1" 200 15577 "https://vcstore.viitorcloud.co/wp-login.php" "Mozilla/5.0 (Windows NT 10.0; Win64; x64) AppleWebKit/537.36 (KHTML, like Gecko) Chrome/145.0.0.0 Safari/537.36"
195.172.211.174 - - [29/May/2026:02:58:29 +0000] "GET /wp-admin/plugins.php?plugin_status=all&paged=1&s HTTP/1.1" 200 15575 "https://vcstore.viitorcloud.co/wp-login.php" "Mozilla/5.0 (Windows NT 10.0; Win64; x64) AppleWebKit/537.36 (KHTML, like Gecko) Chrome/145.0.0.0 Safari/537.36"
138.128.153.190 - - [29/May/2026:02:58:32 +0000] "GET /wp-admin/plugins.php HTTP/1.1" 200 15544 "https://vcstore.viitorcloud.co/wp-login.php" "Mozilla/5.0 (Windows NT 10.0; Win64; x64) AppleWebKit/537.36 (KHTML, like Gecko) Chrome/145.0.0.0 Safari/537.36"
195.172.211.174 - - [29/May/2026:02:58:32 +0000] "GET /wp-admin/plugins.php HTTP/1.1" 200 15541 "https://vcstore.viitorcloud.co/wp-login.php" "Mozilla/5.0 (Windows NT 10.0; Win64; x64) AppleWebKit/537.36 (KHTML, like Gecko) Chrome/145.0.0.0 Safari/537.36"
138.128.153.190 - - [29/May/2026:02:58:33 +0000] "GET /wp-admin/plugins.php HTTP/1.1" 200 15543 "https://vcstore.viitorcloud.co/wp-login.php" "Mozilla/5.0 (Windows NT 10.0; Win64; x64) AppleWebKit/537.36 (KHTML, like Gecko) Chrome/145.0.0.0 Safari/537.36"
195.172.211.174 - - [29/May/2026:02:58:33 +0000] "GET /wp-admin/plugins.php HTTP/1.1" 200 15541 "https://vcstore.viitorcloud.co/wp-login.php" "Mozilla/5.0 (Windows NT 10.0; Win64; x64) AppleWebKit/537.36 (KHTML, like Gecko) Chrome/145.0.0.0 Safari/537.36"
162.158.106.143 - Trendygital.com [29/May/2026:02:58:34 +0000] "GET /wp-json/wp/v2/users/me HTTP/1.1" 499 0 "-" "Mozilla/5.0 (X11; Linux i686) AppleWebKit/537.36 (KHTML, like Gecko) Chrome/133.0.0.0 Safari/537.36"
138.128.153.190 - - [29/May/2026:02:58:35 +0000] "POST /wp-admin/plugins.php?plugin_status=all&paged=1&s HTTP/1.1" 302 5 "https://vcstore.viitorcloud.co/wp-login.php" "Mozilla/5.0 (Windows NT 10.0; Win64; x64) AppleWebKit/537.36 (KHTML, like Gecko) Chrome/145.0.0.0 Safari/537.36"
195.172.211.174 - - [29/May/2026:02:58:36 +0000] "POST /wp-admin/plugins.php?plugin_status=all&paged=1&s HTTP/1.1" 302 5 "https://vcstore.viitorcloud.co/wp-login.php" "Mozilla/5.0 (Windows NT 10.0; Win64; x64) AppleWebKit/537.36 (KHTML, like Gecko) Chrome/145.0.0.0 Safari/537.36"
138.128.153.190 - - [29/May/2026:02:58:36 +0000] "GET /wp-admin/plugins.php?plugin_status=all&paged=1&s= HTTP/1.1" 200 15577 "https://vcstore.viitorcloud.co/wp-login.php" "Mozilla/5.0 (Windows NT 10.0; Win64; x64) AppleWebKit/537.36 (KHTML, like Gecko) Chrome/145.0.0.0 Safari/537.36"
195.172.211.174 - - [29/May/2026:02:58:36 +0000] "GET /wp-admin/plugins.php?plugin_status=all&paged=1&s= HTTP/1.1" 200 15574 "https://vcstore.viitorcloud.co/wp-login.php" "Mozilla/5.0 (Windows NT 10.0; Win64; x64) AppleWebKit/537.36 (KHTML, like Gecko) Chrome/145.0.0.0 Safari/537.36"
172.71.82.140 - - [29/May/2026:02:58:37 +0000] "GET /ta-kalytera-kazino-stin-ellada-vimata-kai-methodoi/ HTTP/1.1" 200 4019 "-" "Mozilla/5.0 (Windows NT 10.0; Win64; x64) AppleWebKit/537.36 (KHTML, like Gecko) Chrome/145.0.0.0 Safari/537.36"
64.49.37.13 - - [29/May/2026:02:58:39 +0000] "GET /ta-kalytera-kazino-stin-ellada-vimata-kai-methodoi/ HTTP/1.1" 200 4002 "-" "Mozilla/5.0 (Windows NT 10.0; Win64; x64) AppleWebKit/537.36 (KHTML, like Gecko) Chrome/145.0.0.0 Safari/537.36"
134.209.147.209 - - [29/May/2026:02:58:40 +0000] "POST /wp-cron.php?doing_wp_cron=1780023520.9388868808746337890625 HTTP/1.1" 200 31 "-" "WordPress/6.9.4; https://laracopilot.stgviitor.com"
222.165.190.235 - - [29/May/2026:02:58:40 +0000] "GET /wp-login.php HTTP/1.1" 200 2008 "-" "Mozilla/5.0 (Windows NT 10.0; Win64; x64) AppleWebKit/537.36 (KHTML, like Gecko) Chrome/133.0.0.0 Safari/537.36"
222.165.190.235 - - [29/May/2026:02:58:43 +0000] "POST /wp-login.php HTTP/1.1" 200 2144 "https://laracopilot.stgviitor.com/wp-login.php" "Mozilla/5.0 (Windows NT 10.0; Win64; x64) AppleWebKit/537.36 (KHTML, like Gecko) Chrome/133.0.0.0 Safari/537.36"
85.215.36.85 - - [29/May/2026:02:58:46 +0000] "GET /wp-login.php HTTP/1.1" 200 2008 "-" "Mozilla/5.0 (Windows NT 10.0; WOW64) AppleWebKit/537.36 (KHTML, like Gecko) Chrome/133.0.0.0 Safari/537.36"
162.214.206.32 - - [29/May/2026:02:58:48 +0000] "GET /wp-login.php HTTP/1.1" 200 1857 "-" "Mozilla/5.0 (X11; Linux x86_64) AppleWebKit/537.36 (KHTML, like Gecko) Chrome/133.0.0.0 Safari/537.36 Edg/133.0.0.0"
162.214.206.32 - - [29/May/2026:02:58:49 +0000] "POST /wp-login.php HTTP/1.1" 200 1992 "https://stg.everycred.com/wp-login.php" "Mozilla/5.0 (X11; Linux x86_64) AppleWebKit/537.36 (KHTML, like Gecko) Chrome/133.0.0.0 Safari/537.36 Edg/133.0.0.0"
134.209.147.209 - - [29/May/2026:02:59:17 +0000] "POST /wp-cron.php?doing_wp_cron=1780023557.9158039093017578125000 HTTP/1.1" 200 31 "-" "WordPress/6.5.3; https://vcstore.stgviitor.com"
123.30.233.12 - - [29/May/2026:02:59:17 +0000] "GET /wp-login.php HTTP/1.1" 200 1831 "-" "Mozilla/5.0 (X11; Linux x86_64; rv:133.0) Gecko/20100101 Firefox/133.0"
123.30.233.12 - - [29/May/2026:02:59:18 +0000] "POST /wp-login.php HTTP/1.1" 200 1991 "https://vcstore.stgviitor.com/wp-login.php" "Mozilla/5.0 (X11; Linux x86_64; rv:133.0) Gecko/20100101 Firefox/133.0"
162.214.206.32 - - [29/May/2026:02:59:18 +0000] "GET /wp-login.php HTTP/1.1" 200 1831 "-" "Mozilla/5.0 (X11; Ubuntu; Linux x86_64; rv:133.0) Gecko/20100101 Firefox/133.0"
162.214.206.32 - - [29/May/2026:02:59:19 +0000] "POST /wp-login.php HTTP/1.1" 200 1991 "https://vcstore.stgviitor.com/wp-login.php" "Mozilla/5.0 (X11; Ubuntu; Linux x86_64; rv:133.0) Gecko/20100101 Firefox/133.0"
79.116.89.28 - - [29/May/2026:02:59:22 +0000] "GET /wp-login.php HTTP/1.1" 200 1831 "-" "Mozilla/5.0 (Windows NT 10.0; Win64; x64) AppleWebKit/537.36 (KHTML, like Gecko) Chrome/133.0.0.0 Safari/537.36"
79.116.89.28 - - [29/May/2026:02:59:24 +0000] "POST /wp-login.php HTTP/1.1" 200 1991 "https://vcstore.stgviitor.com/wp-login.php" "Mozilla/5.0 (Windows NT 10.0; Win64; x64) AppleWebKit/537.36 (KHTML, like Gecko) Chrome/133.0.0.0 Safari/537.36"
123.30.233.12 - - [29/May/2026:02:59:37 +0000] "GET /wp-login.php HTTP/1.1" 200 1770 "-" "Mozilla/5.0 (X11; Linux x86_64) AppleWebKit/537.36 (KHTML, like Gecko) Chrome/133.0.0.0 Safari/537.36 Edg/133.0.0.0"
123.30.233.12 - - [29/May/2026:02:59:38 +0000] "POST /wp-login.php HTTP/1.1" 200 1913 "https://vcstore.viitorcloud.co/wp-login.php" "Mozilla/5.0 (X11; Linux x86_64) AppleWebKit/537.36 (KHTML, like Gecko) Chrome/133.0.0.0 Safari/537.36 Edg/133.0.0.0"
78.142.18.172 - - [29/May/2026:02:59:39 +0000] "GET /wp-login.php HTTP/1.1" 200 1770 "-" "Mozilla/5.0 (Macintosh; Intel Mac OS X 10_15_7) AppleWebKit/605.1.15 (KHTML, like Gecko) Version/18.3 Safari/605.1.15"
78.142.18.172 - - [29/May/2026:02:59:40 +0000] "POST /wp-login.php HTTP/1.1" 200 1913 "https://vcstore.viitorcloud.co/wp-login.php" "Mozilla/5.0 (Macintosh; Intel Mac OS X 10_15_7) AppleWebKit/605.1.15 (KHTML, like Gecko) Version/18.3 Safari/605.1.15"
134.209.147.209 - - [29/May/2026:03:00:03 +0000] "POST /wp-cron.php?doing_wp_cron=1780023603.5523099899291992187500 HTTP/1.1" 200 31 "-" "WordPress/6.9.4; https://laracopilot.stgviitor.com"
213.171.208.232 - - [29/May/2026:03:00:03 +0000] "GET /wp-login.php HTTP/1.1" 200 2008 "-" "Mozilla/5.0 (Macintosh; Intel Mac OS X 14_7_4) AppleWebKit/537.36 (KHTML, like Gecko) Chrome/133.0.0.0 Safari/537.36"
213.171.208.232 - - [29/May/2026:03:00:07 +0000] "POST /wp-login.php HTTP/1.1" 200 2149 "https://laracopilot.stgviitor.com/wp-login.php" "Mozilla/5.0 (Macintosh; Intel Mac OS X 14_7_4) AppleWebKit/537.36 (KHTML, like Gecko) Chrome/133.0.0.0 Safari/537.36"
134.209.147.209 - - [29/May/2026:03:00:23 +0000] "POST /wp-cron.php?doing_wp_cron=1780023623.3222699165344238281250 HTTP/1.1" 200 31 "-" "WordPress/6.9.1; https://e-tdr.com"
64.227.35.51 - - [29/May/2026:03:00:23 +0000] "POST /wp-login.php HTTP/1.1" 200 6388 "-" "Mozilla/5.0"
134.209.147.209 - - [29/May/2026:03:00:23 +0000] "POST /wp-cron.php?doing_wp_cron=1780023623.3237280845642089843750 HTTP/1.1" 200 31 "-" "WordPress/6.9.1; https://e-tdr.com"
64.227.35.51 - - [29/May/2026:03:00:23 +0000] "POST /wp-login.php HTTP/1.1" 200 6398 "-" "Mozilla/5.0"
46.151.178.13 - - [29/May/2026:03:01:10 +0000] "PROPFIND / HTTP/1.1" 405 150 "http://134.209.147.209:443/" "-"
134.209.147.209 - - [29/May/2026:03:01:14 +0000] "POST /wp-cron.php?doing_wp_cron=1780023674.3240859508514404296875 HTTP/1.1" 200 31 "-" "WordPress/6.6.1; https://newfaith.focalat.com"
213.171.208.62 - - [29/May/2026:03:01:14 +0000] "GET /wp-login.php HTTP/1.1" 200 2033 "-" "Mozilla/5.0 (X11; Ubuntu; Linux x86_64) AppleWebKit/537.36 (KHTML, like Gecko) Chrome/133.0.0.0 Safari/537.36"
223.123.15.164 - - [29/May/2026:03:01:14 +0000] "GET /industries/finance/ HTTP/1.1" 301 5 "-" "Mozilla/5.0 (Windows NT 10.0; Win64; x64) AppleWebKit/537.36 (KHTML, like Gecko) Chrome/80.0.3987.132 Safari/537.36"
123.30.233.12 - - [29/May/2026:03:01:14 +0000] "GET /wp-login.php HTTP/1.1" 200 2033 "-" "Mozilla/5.0 (X11; Fedora; Linux x86_64) AppleWebKit/537.36 (KHTML, like Gecko) Chrome/133.0.0.0 Safari/537.36"
213.171.208.62 - - [29/May/2026:03:01:15 +0000] "POST /wp-login.php HTTP/1.1" 200 2168 "https://newfaith.focalat.com/wp-login.php" "Mozilla/5.0 (X11; Ubuntu; Linux x86_64) AppleWebKit/537.36 (KHTML, like Gecko) Chrome/133.0.0.0 Safari/537.36"
123.30.233.12 - - [29/May/2026:03:01:15 +0000] "POST /wp-login.php HTTP/1.1" 200 2168 "https://newfaith.focalat.com/wp-login.php" "Mozilla/5.0 (X11; Fedora; Linux x86_64) AppleWebKit/537.36 (KHTML, like Gecko) Chrome/133.0.0.0 Safari/537.36"
223.123.15.164 - - [29/May/2026:03:01:15 +0000] "GET /?attachment_id=1720 HTTP/1.1" 200 16006 "-" "Mozilla/5.0 (Windows NT 10.0; Win64; x64) AppleWebKit/537.36 (KHTML, like Gecko) Chrome/80.0.3987.132 Safari/537.36"
172.69.176.63 - - [29/May/2026:03:01:22 +0000] "GET /ta-kalytera-online-casino-2025-analytikos-odigos-bonus-kai-pos-na-ta-axiopoiisete/ HTTP/1.1" 200 4068 "-" "Mozilla/5.0 (Windows NT 10.0; Win64; x64) AppleWebKit/537.36 (KHTML, like Gecko) Chrome/145.0.0.0 Safari/537.36"
20.153.140.50 - - [29/May/2026:03:01:23 +0000] "GET /wp-login.php HTTP/1.1" 200 2033 "-" "Mozilla/5.0 (X11; Linux x86_64) AppleWebKit/537.36 (KHTML, like Gecko) Chrome/133.0.0.0 Safari/537.36 Edg/133.0.0.0"
64.49.37.13 - - [29/May/2026:03:01:24 +0000] "GET /ta-kalytera-online-casino-2025-analytikos-odigos-bonus-kai-pos-na-ta-axiopoiisete/ HTTP/1.1" 200 4052 "-" "Mozilla/5.0 (Windows NT 10.0; Win64; x64) AppleWebKit/537.36 (KHTML, like Gecko) Chrome/145.0.0.0 Safari/537.36"
20.153.140.50 - - [29/May/2026:03:01:26 +0000] "POST /wp-login.php HTTP/1.1" 200 2194 "https://newfaith.focalat.com/wp-login.php" "Mozilla/5.0 (X11; Linux x86_64) AppleWebKit/537.36 (KHTML, like Gecko) Chrome/133.0.0.0 Safari/537.36 Edg/133.0.0.0"
134.209.147.209 - - [29/May/2026:03:01:36 +0000] "POST /wp-cron.php?doing_wp_cron=1780023696.8311250209808349609375 HTTP/1.1" 200 31 "-" "WordPress/6.9.1; https://e-tdr.com"
138.68.19.42 - - [29/May/2026:03:01:36 +0000] "POST /wp-login.php HTTP/1.1" 200 6388 "-" "Mozilla/5.0"
138.68.19.42 - - [29/May/2026:03:01:37 +0000] "POST /wp-login.php HTTP/1.1" 200 6398 "-" "Mozilla/5.0"
134.209.147.209 - - [29/May/2026:03:02:31 +0000] "GET /wp-content/plugins/lifeline-plugin/assets/data/font-awesome-5.json HTTP/1.1" 200 13009 "-" "WordPress/7.0; https://bharti-foundation.stgviitor.com"
134.209.147.209 - - [29/May/2026:03:02:31 +0000] "GET /wp-content/plugins/lifeline-plugin/assets/data/font-awesome-5.json HTTP/1.1" 200 13009 "-" "WordPress/7.0; https://bharti-foundation.stgviitor.com"
134.209.147.209 - - [29/May/2026:03:02:31 +0000] "GET /wp-content/plugins/lifeline-plugin/assets/json/social-profile.json HTTP/1.1" 200 4033 "-" "WordPress/7.0; https://bharti-foundation.stgviitor.com"
134.209.147.209 - - [29/May/2026:03:02:31 +0000] "GET /wp-content/plugins/lifeline-plugin/assets/data/font-awesome-5.json HTTP/1.1" 200 13009 "-" "WordPress/7.0; https://bharti-foundation.stgviitor.com"
134.209.147.209 - - [29/May/2026:03:02:31 +0000] "POST /wp-cron.php?doing_wp_cron=1780023751.8417329788208007812500 HTTP/1.1" 200 31 "-" "WordPress/7.0; https://bharti-foundation.stgviitor.com"
195.33.205.242 - - [29/May/2026:03:02:31 +0000] "GET /wp-login.php HTTP/1.1" 200 2044 "-" "Mozilla/5.0 (Macintosh; Intel Mac OS X 10_15_7) AppleWebKit/537.36 (KHTML, like Gecko) Chrome/133.0.0.0 Safari/537.36 Edg/133.0.0.0"
134.209.147.209 - - [29/May/2026:03:02:31 +0000] "GET /wp-content/plugins/lifeline-plugin/assets/data/font-awesome-5.json HTTP/1.1" 200 13009 "-" "WordPress/7.0; https://bharti-foundation.stgviitor.com"
134.209.147.209 - - [29/May/2026:03:02:32 +0000] "GET /wp-content/plugins/lifeline-plugin/assets/data/font-awesome-5.json HTTP/1.1" 200 13009 "-" "WordPress/7.0; https://bharti-foundation.stgviitor.com"
134.209.147.209 - - [29/May/2026:03:02:32 +0000] "GET /wp-content/plugins/lifeline-plugin/assets/json/social-profile.json HTTP/1.1" 200 4033 "-" "WordPress/7.0; https://bharti-foundation.stgviitor.com"
134.209.147.209 - - [29/May/2026:03:02:32 +0000] "GET /wp-content/plugins/lifeline-plugin/assets/data/font-awesome-5.json HTTP/1.1" 200 13009 "-" "WordPress/7.0; https://bharti-foundation.stgviitor.com"
134.209.147.209 - - [29/May/2026:03:02:37 +0000] "GET /wp-content/plugins/lifeline-plugin/assets/data/font-awesome-5.json HTTP/1.1" 200 13009 "-" "WordPress/7.0; https://bharti-foundation.stgviitor.com"
134.209.147.209 - - [29/May/2026:03:02:37 +0000] "GET /wp-content/plugins/lifeline-plugin/assets/data/font-awesome-5.json HTTP/1.1" 200 13009 "-" "WordPress/7.0; https://bharti-foundation.stgviitor.com"
134.209.147.209 - - [29/May/2026:03:02:37 +0000] "GET /wp-content/plugins/lifeline-plugin/assets/json/social-profile.json HTTP/1.1" 200 4033 "-" "WordPress/7.0; https://bharti-foundation.stgviitor.com"
134.209.147.209 - - [29/May/2026:03:02:37 +0000] "GET /wp-content/plugins/lifeline-plugin/assets/data/font-awesome-5.json HTTP/1.1" 200 13009 "-" "WordPress/7.0; https://bharti-foundation.stgviitor.com"
195.33.205.242 - - [29/May/2026:03:02:37 +0000] "POST /wp-login.php HTTP/1.1" 200 2181 "https://bharti-foundation.stgviitor.com/wp-login.php" "Mozilla/5.0 (Macintosh; Intel Mac OS X 10_15_7) AppleWebKit/537.36 (KHTML, like Gecko) Chrome/133.0.0.0 Safari/537.36 Edg/133.0.0.0"
52.208.151.205 - - [29/May/2026:03:02:53 +0000] "GET / HTTP/1.1" 404 146 "-" "Mozilla/5.0 (Macintosh; Intel Mac OS X 10_15_7) AppleWebKit/605.1.15 (KHTML, like Gecko) Version/17.0 Safari/605.1.15"
168.119.96.239 - - [29/May/2026:03:03:15 +0000] "HEAD / HTTP/1.1" 301 0 "https://viitor.cloud" "Mozilla/5.0+(compatible; UptimeRobot/2.0; http://www.uptimerobot.com/)"
172.68.164.91 - - [29/May/2026:03:03:20 +0000] "GET /wp-login.php HTTP/1.1" 200 1770 "-" "Mozilla/5.0 (Macintosh; Intel Mac OS X 14_7_4) AppleWebKit/537.36 (KHTML, like Gecko) Chrome/133.0.0.0 Safari/537.36"
104.23.175.94 - - [29/May/2026:03:03:22 +0000] "POST /wp-login.php HTTP/1.1" 200 1913 "https://vcstore.viitorcloud.com/wp-login.php" "Mozilla/5.0 (Macintosh; Intel Mac OS X 14_7_4) AppleWebKit/537.36 (KHTML, like Gecko) Chrome/133.0.0.0 Safari/537.36"
134.209.147.209 - - [29/May/2026:03:03:25 +0000] "GET /wp-content/plugins/lifeline-plugin/assets/data/font-awesome-5.json HTTP/1.1" 200 13009 "-" "WordPress/7.0; https://bharti-foundation.stgviitor.com"
134.209.147.209 - - [29/May/2026:03:03:25 +0000] "GET /wp-content/plugins/lifeline-plugin/assets/data/font-awesome-5.json HTTP/1.1" 200 13009 "-" "WordPress/7.0; https://bharti-foundation.stgviitor.com"
