162.214.206.32 - - [29/May/2026:01:38:32 +0000] "POST /wp-login.php HTTP/1.1" 200 2144 "https://laracopilot.stgviitor.com/wp-login.php" "Mozilla/5.0 (X11; Ubuntu; Linux x86_64) AppleWebKit/537.36 (KHTML, like Gecko) Chrome/133.0.0.0 Safari/537.36"
37.221.208.71 - - [29/May/2026:01:38:32 +0000] "GET /cloud/data/nextcloud.log HTTP/1.1" 200 899 "-" "python-requests/2.32.4"
37.221.208.71 - - [29/May/2026:01:38:32 +0000] "GET /cloud/data/owncloud.log HTTP/1.1" 301 162 "-" "python-requests/2.32.4"
37.221.208.71 - - [29/May/2026:01:38:33 +0000] "GET /cloud/data/owncloud.log HTTP/1.1" 200 899 "-" "python-requests/2.32.4"
37.221.208.71 - - [29/May/2026:01:38:33 +0000] "GET /data/nextcloud.log HTTP/1.1" 301 162 "-" "python-requests/2.32.4"
37.221.208.71 - - [29/May/2026:01:38:34 +0000] "GET /data/nextcloud.log HTTP/1.1" 200 899 "-" "python-requests/2.32.4"
37.221.208.71 - - [29/May/2026:01:38:35 +0000] "GET /data/owncloud.log HTTP/1.1" 301 162 "-" "python-requests/2.32.4"
37.221.208.71 - - [29/May/2026:01:38:36 +0000] "GET /data/owncloud.log HTTP/1.1" 200 899 "-" "python-requests/2.32.4"
37.221.208.71 - - [29/May/2026:01:38:36 +0000] "GET /nc-data/nextcloud.log HTTP/1.1" 301 162 "-" "python-requests/2.32.4"
37.221.208.71 - - [29/May/2026:01:38:37 +0000] "GET /nc-data/nextcloud.log HTTP/1.1" 200 899 "-" "python-requests/2.32.4"
37.221.208.71 - - [29/May/2026:01:38:37 +0000] "GET /nc-data/owncloud.log HTTP/1.1" 301 162 "-" "python-requests/2.32.4"
37.221.208.71 - - [29/May/2026:01:38:38 +0000] "GET /nc-data/owncloud.log HTTP/1.1" 200 899 "-" "python-requests/2.32.4"
37.221.208.71 - - [29/May/2026:01:38:39 +0000] "GET /owncloud/data/nextcloud.log HTTP/1.1" 301 162 "-" "python-requests/2.32.4"
37.221.208.71 - - [29/May/2026:01:38:40 +0000] "GET /owncloud/data/nextcloud.log HTTP/1.1" 200 899 "-" "python-requests/2.32.4"
37.221.208.71 - - [29/May/2026:01:38:40 +0000] "GET /owncloud/data/owncloud.log HTTP/1.1" 301 162 "-" "python-requests/2.32.4"
134.209.147.209 - - [29/May/2026:01:38:41 +0000] "POST /wp-cron.php?doing_wp_cron=1780018721.3098340034484863281250 HTTP/1.1" 200 31 "-" "WordPress/6.5.3; https://vcstore.stgviitor.com"
37.221.208.71 - - [29/May/2026:01:38:41 +0000] "GET /owncloud/data/owncloud.log HTTP/1.1" 200 899 "-" "python-requests/2.32.4"
123.30.233.12 - - [29/May/2026:01:38:41 +0000] "GET /wp-login.php HTTP/1.1" 200 1831 "-" "Mozilla/5.0 (Windows NT 10.0) AppleWebKit/537.36 (KHTML, like Gecko) Chrome/133.0.0.0 Safari/537.36"
37.221.208.71 - - [29/May/2026:01:38:41 +0000] "GET /nextcloud/data/nextcloud.log HTTP/1.1" 301 162 "-" "python-requests/2.32.4"
123.30.233.12 - - [29/May/2026:01:38:41 +0000] "POST /wp-login.php HTTP/1.1" 200 1967 "https://vcstore.stgviitor.com/wp-login.php" "Mozilla/5.0 (Windows NT 10.0) AppleWebKit/537.36 (KHTML, like Gecko) Chrome/133.0.0.0 Safari/537.36"
37.221.208.71 - - [29/May/2026:01:38:42 +0000] "GET /nextcloud/data/nextcloud.log HTTP/1.1" 200 899 "-" "python-requests/2.32.4"
37.221.208.71 - - [29/May/2026:01:38:42 +0000] "GET /nextcloud/data/owncloud.log HTTP/1.1" 301 162 "-" "python-requests/2.32.4"
37.221.208.71 - - [29/May/2026:01:38:43 +0000] "GET /nextcloud/data/owncloud.log HTTP/1.1" 200 899 "-" "python-requests/2.32.4"
37.221.208.71 - - [29/May/2026:01:38:44 +0000] "GET /../data/nextcloud.log HTTP/1.1" 400 150 "-" "-"
37.221.208.71 - - [29/May/2026:01:38:44 +0000] "GET /../data/owncloud.log HTTP/1.1" 400 150 "-" "-"
171.25.193.235 - - [29/May/2026:01:38:45 +0000] "GET /oc-data/nextcloud.log HTTP/1.1" 301 162 "-" "python-requests/2.32.4"
107.189.6.232 - - [29/May/2026:01:38:47 +0000] "GET /oc-data/nextcloud.log HTTP/1.1" 200 899 "-" "python-requests/2.32.4"
171.25.193.235 - - [29/May/2026:01:38:48 +0000] "GET /oc-data/owncloud.log HTTP/1.1" 301 162 "-" "python-requests/2.32.4"
45.94.31.244 - - [29/May/2026:01:38:50 +0000] "GET /oc-data/owncloud.log HTTP/1.1" 200 899 "-" "python-requests/2.32.4"
171.25.193.235 - - [29/May/2026:01:38:50 +0000] "GET /owncloud_old/data/nextcloud.log HTTP/1.1" 301 162 "-" "python-requests/2.32.4"
178.170.114.117 - - [29/May/2026:01:38:52 +0000] "GET /owncloud_old/data/nextcloud.log HTTP/1.1" 200 899 "-" "python-requests/2.32.4"
171.25.193.235 - - [29/May/2026:01:38:55 +0000] "GET /owncloud_old/data/owncloud.log HTTP/1.1" 301 162 "-" "python-requests/2.32.4"
5.255.102.26 - - [29/May/2026:01:38:56 +0000] "GET /owncloud_old/data/owncloud.log HTTP/1.1" 200 899 "-" "python-requests/2.32.4"
45.84.107.47 - - [29/May/2026:01:38:58 +0000] "GET /owncloud/media/nextcloud.log HTTP/1.1" 200 899 "-" "python-requests/2.32.4"
171.25.193.45 - - [29/May/2026:01:39:00 +0000] "GET /owncloud/media/owncloud.log HTTP/1.1" 200 899 "-" "python-requests/2.32.4"
203.55.81.2 - - [29/May/2026:01:39:02 +0000] "GET /media/nextcloud.log HTTP/1.1" 200 899 "-" "python-requests/2.32.4"
185.220.101.11 - - [29/May/2026:01:39:03 +0000] "GET /media/owncloud.log HTTP/1.1" 200 899 "-" "python-requests/2.32.4"
193.189.100.195 - - [29/May/2026:01:39:06 +0000] "GET /cloud/data/nextcloud.log HTTP/1.1" 200 899 "-" "python-requests/2.32.4"
185.220.101.138 - - [29/May/2026:01:39:09 +0000] "GET /cloud/data/owncloud.log HTTP/1.1" 200 899 "-" "python-requests/2.32.4"
185.220.100.240 - - [29/May/2026:01:39:11 +0000] "GET /data/nextcloud.log HTTP/1.1" 200 899 "-" "python-requests/2.32.4"
107.189.31.52 - - [29/May/2026:01:39:13 +0000] "GET /data/owncloud.log HTTP/1.1" 200 899 "-" "python-requests/2.32.4"
185.220.101.159 - - [29/May/2026:01:39:15 +0000] "GET /nc-data/nextcloud.log HTTP/1.1" 200 899 "-" "python-requests/2.32.4"
23.129.64.219 - - [29/May/2026:01:39:17 +0000] "GET /nc-data/owncloud.log HTTP/1.1" 200 899 "-" "python-requests/2.32.4"
109.70.100.11 - - [29/May/2026:01:39:19 +0000] "GET /owncloud/data/nextcloud.log HTTP/1.1" 200 899 "-" "python-requests/2.32.4"
185.220.101.146 - - [29/May/2026:01:39:20 +0000] "GET /owncloud/data/owncloud.log HTTP/1.1" 200 899 "-" "python-requests/2.32.4"
45.154.98.19 - - [29/May/2026:01:39:22 +0000] "GET /nextcloud/data/nextcloud.log HTTP/1.1" 200 899 "-" "python-requests/2.32.4"
185.220.101.13 - - [29/May/2026:01:39:24 +0000] "GET /nextcloud/data/owncloud.log HTTP/1.1" 200 899 "-" "python-requests/2.32.4"
185.220.101.18 - - [29/May/2026:01:39:25 +0000] "GET /../data/nextcloud.log HTTP/1.1" 400 150 "-" "-"
54.217.83.13 - - [29/May/2026:01:39:28 +0000] "GET /simplertodayai HTTP/1.1" 404 146 "-" "Mozilla/5.0 (Macintosh; Intel Mac OS X 10.15; rv:121.0) Gecko/20100101 Firefox/121.0"
45.137.69.5 - - [29/May/2026:01:39:29 +0000] "GET /../data/owncloud.log HTTP/1.1" 400 150 "-" "-"
185.220.101.105 - - [29/May/2026:01:39:30 +0000] "GET /oc-data/nextcloud.log HTTP/1.1" 200 899 "-" "python-requests/2.32.4"
45.133.74.53 - - [29/May/2026:01:39:37 +0000] "GET /owncloud/media/nextcloud.log HTTP/1.1" 404 146 "-" "python-requests/2.32.4"
45.133.74.53 - - [29/May/2026:01:39:37 +0000] "GET /owncloud/media/owncloud.log HTTP/1.1" 404 146 "-" "python-requests/2.32.4"
45.133.74.53 - - [29/May/2026:01:39:38 +0000] "GET /media/nextcloud.log HTTP/1.1" 404 146 "-" "python-requests/2.32.4"
45.133.74.53 - - [29/May/2026:01:39:38 +0000] "GET /media/owncloud.log HTTP/1.1" 404 146 "-" "python-requests/2.32.4"
45.133.74.53 - - [29/May/2026:01:39:38 +0000] "GET /cloud/data/nextcloud.log HTTP/1.1" 404 146 "-" "python-requests/2.32.4"
45.133.74.53 - - [29/May/2026:01:39:39 +0000] "GET /cloud/data/owncloud.log HTTP/1.1" 404 146 "-" "python-requests/2.32.4"
45.133.74.53 - - [29/May/2026:01:39:39 +0000] "GET /data/nextcloud.log HTTP/1.1" 404 146 "-" "python-requests/2.32.4"
45.133.74.53 - - [29/May/2026:01:39:40 +0000] "GET /data/owncloud.log HTTP/1.1" 404 146 "-" "python-requests/2.32.4"
172.234.217.192 - - [29/May/2026:01:39:40 +0000] "GET / HTTP/1.1" 200 3133 "-" "Mozilla/5.0 (Macintosh; Intel Mac OS X 13_1) AppleWebKit/537.36 (KHTML, like Gecko) Chrome/108.0.0.0 Safari/537.36"
45.133.74.53 - - [29/May/2026:01:39:40 +0000] "GET /nc-data/nextcloud.log HTTP/1.1" 404 146 "-" "python-requests/2.32.4"
45.133.74.53 - - [29/May/2026:01:39:41 +0000] "GET /nc-data/owncloud.log HTTP/1.1" 404 146 "-" "python-requests/2.32.4"
45.133.74.53 - - [29/May/2026:01:39:42 +0000] "GET /owncloud/data/nextcloud.log HTTP/1.1" 404 146 "-" "python-requests/2.32.4"
45.133.74.53 - - [29/May/2026:01:39:43 +0000] "GET /owncloud/data/owncloud.log HTTP/1.1" 404 146 "-" "python-requests/2.32.4"
45.133.74.53 - - [29/May/2026:01:39:43 +0000] "GET /nextcloud/data/nextcloud.log HTTP/1.1" 404 146 "-" "python-requests/2.32.4"
134.209.147.209 - - [29/May/2026:01:39:44 +0000] "POST /wp-cron.php?doing_wp_cron=1780018784.0621640682220458984375 HTTP/1.1" 200 31 "-" "WordPress/6.8.3; https://viitorcloud.stgviitor.com"
51.77.82.63 - - [29/May/2026:01:39:44 +0000] "GET /wp-json/bm/v1/ HTTP/1.1" 404 125 "-" "Mozilla/5.0 (Windows NT 10.0; Win64; x64; rv:150.0) Gecko/20100101 Firefox/150.0"
45.133.74.53 - - [29/May/2026:01:39:44 +0000] "GET /nextcloud/data/owncloud.log HTTP/1.1" 404 146 "-" "python-requests/2.32.4"
45.133.74.53 - - [29/May/2026:01:39:44 +0000] "GET /../data/nextcloud.log HTTP/1.1" 400 150 "-" "-"
185.220.100.240 - - [29/May/2026:01:39:47 +0000] "GET /../data/owncloud.log HTTP/1.1" 400 150 "-" "-"
134.209.147.209 - - [29/May/2026:01:39:48 +0000] "POST /wp-cron.php?doing_wp_cron=1780018788.0807778835296630859375 HTTP/1.1" 200 31 "-" "WordPress/6.9.4; https://laracopilot.stgviitor.com"
52.66.96.197 - - [29/May/2026:01:39:48 +0000] "GET /wp-login.php HTTP/1.1" 200 2008 "-" "Mozilla/5.0 (Macintosh; Intel Mac OS X 10_15_7) AppleWebKit/605.1.15 (KHTML, like Gecko) Version/18.3 Safari/605.1.15"
52.66.96.197 - - [29/May/2026:01:39:48 +0000] "POST /wp-login.php HTTP/1.1" 200 2139 "https://laracopilot.stgviitor.com/wp-login.php" "Mozilla/5.0 (Macintosh; Intel Mac OS X 10_15_7) AppleWebKit/605.1.15 (KHTML, like Gecko) Version/18.3 Safari/605.1.15"
147.90.235.20 - - [29/May/2026:01:39:49 +0000] "GET /oc-data/nextcloud.log HTTP/1.1" 404 146 "-" "python-requests/2.32.4"
147.90.235.20 - - [29/May/2026:01:39:49 +0000] "GET /oc-data/owncloud.log HTTP/1.1" 404 146 "-" "python-requests/2.32.4"
147.90.235.20 - - [29/May/2026:01:39:50 +0000] "GET /owncloud_old/data/nextcloud.log HTTP/1.1" 404 146 "-" "python-requests/2.32.4"
147.90.235.20 - - [29/May/2026:01:39:51 +0000] "GET /owncloud_old/data/owncloud.log HTTP/1.1" 404 146 "-" "python-requests/2.32.4"
134.209.147.209 - - [29/May/2026:01:39:54 +0000] "GET /wp-content/plugins/lifeline-plugin/assets/data/font-awesome-5.json HTTP/1.1" 200 13009 "-" "WordPress/7.0; https://bharti-foundation.stgviitor.com"
134.209.147.209 - - [29/May/2026:01:39:54 +0000] "GET /wp-content/plugins/lifeline-plugin/assets/data/font-awesome-5.json HTTP/1.1" 200 13009 "-" "WordPress/7.0; https://bharti-foundation.stgviitor.com"
134.209.147.209 - - [29/May/2026:01:39:54 +0000] "GET /wp-content/plugins/lifeline-plugin/assets/json/social-profile.json HTTP/1.1" 200 4033 "-" "WordPress/7.0; https://bharti-foundation.stgviitor.com"
134.209.147.209 - - [29/May/2026:01:39:54 +0000] "GET /wp-content/plugins/lifeline-plugin/assets/data/font-awesome-5.json HTTP/1.1" 200 13009 "-" "WordPress/7.0; https://bharti-foundation.stgviitor.com"
134.209.147.209 - - [29/May/2026:01:39:55 +0000] "POST /wp-cron.php?doing_wp_cron=1780018795.6440119743347167968750 HTTP/1.1" 200 31 "-" "WordPress/7.0; https://bharti-foundation.stgviitor.com"
185.220.101.2 - - [29/May/2026:01:39:55 +0000] "GET /owncloud/media/nextcloud.log HTTP/1.1" 404 14146 "-" "python-requests/2.32.4"
134.209.147.209 - - [29/May/2026:01:39:55 +0000] "GET /wp-content/plugins/lifeline-plugin/assets/data/font-awesome-5.json HTTP/1.1" 200 13009 "-" "WordPress/7.0; https://bharti-foundation.stgviitor.com"
134.209.147.209 - - [29/May/2026:01:39:55 +0000] "GET /wp-content/plugins/lifeline-plugin/assets/data/font-awesome-5.json HTTP/1.1" 200 13009 "-" "WordPress/7.0; https://bharti-foundation.stgviitor.com"
134.209.147.209 - - [29/May/2026:01:39:55 +0000] "GET /wp-content/plugins/lifeline-plugin/assets/json/social-profile.json HTTP/1.1" 200 4033 "-" "WordPress/7.0; https://bharti-foundation.stgviitor.com"
134.209.147.209 - - [29/May/2026:01:39:55 +0000] "GET /wp-content/plugins/lifeline-plugin/assets/data/font-awesome-5.json HTTP/1.1" 200 13009 "-" "WordPress/7.0; https://bharti-foundation.stgviitor.com"
160.250.186.220 - root [29/May/2026:01:39:58 +0000] "GET /wp-json/wp/v2/users/me HTTP/1.1" 401 107 "-" "Mozilla/5.0 (X11; Linux x86_64) AppleWebKit/537.36 (KHTML, like Gecko) Chrome/133.0.0.0 Safari/537.36"
134.209.147.209 - - [29/May/2026:01:40:00 +0000] "GET /wp-content/plugins/lifeline-plugin/assets/data/font-awesome-5.json HTTP/1.1" 200 13009 "-" "WordPress/7.0; https://bharti-foundation.stgviitor.com"
134.209.147.209 - - [29/May/2026:01:40:00 +0000] "GET /wp-content/plugins/lifeline-plugin/assets/data/font-awesome-5.json HTTP/1.1" 200 13009 "-" "WordPress/7.0; https://bharti-foundation.stgviitor.com"
134.209.147.209 - - [29/May/2026:01:40:00 +0000] "GET /wp-content/plugins/lifeline-plugin/assets/json/social-profile.json HTTP/1.1" 200 4033 "-" "WordPress/7.0; https://bharti-foundation.stgviitor.com"
134.209.147.209 - - [29/May/2026:01:40:00 +0000] "GET /wp-content/plugins/lifeline-plugin/assets/data/font-awesome-5.json HTTP/1.1" 200 13009 "-" "WordPress/7.0; https://bharti-foundation.stgviitor.com"
45.13.225.78 - - [29/May/2026:01:40:01 +0000] "GET /owncloud/media/owncloud.log HTTP/1.1" 404 14135 "-" "python-requests/2.32.4"
134.209.147.209 - - [29/May/2026:01:40:03 +0000] "GET /wp-content/plugins/lifeline-plugin/assets/data/font-awesome-5.json HTTP/1.1" 200 13009 "-" "WordPress/7.0; https://bharti-foundation.stgviitor.com"
134.209.147.209 - - [29/May/2026:01:40:03 +0000] "GET /wp-content/plugins/lifeline-plugin/assets/data/font-awesome-5.json HTTP/1.1" 200 13009 "-" "WordPress/7.0; https://bharti-foundation.stgviitor.com"
134.209.147.209 - - [29/May/2026:01:40:03 +0000] "GET /wp-content/plugins/lifeline-plugin/assets/json/social-profile.json HTTP/1.1" 200 4033 "-" "WordPress/7.0; https://bharti-foundation.stgviitor.com"
134.209.147.209 - - [29/May/2026:01:40:03 +0000] "GET /wp-content/plugins/lifeline-plugin/assets/data/font-awesome-5.json HTTP/1.1" 200 13009 "-" "WordPress/7.0; https://bharti-foundation.stgviitor.com"
185.220.101.33 - - [29/May/2026:01:40:04 +0000] "GET /media/nextcloud.log HTTP/1.1" 404 14144 "-" "python-requests/2.32.4"
134.209.147.209 - - [29/May/2026:01:40:10 +0000] "GET /wp-content/plugins/lifeline-plugin/assets/data/font-awesome-5.json HTTP/1.1" 200 13009 "-" "WordPress/7.0; https://bharti-foundation.stgviitor.com"
134.209.147.209 - - [29/May/2026:01:40:10 +0000] "GET /wp-content/plugins/lifeline-plugin/assets/data/font-awesome-5.json HTTP/1.1" 200 13009 "-" "WordPress/7.0; https://bharti-foundation.stgviitor.com"
134.209.147.209 - - [29/May/2026:01:40:10 +0000] "GET /wp-content/plugins/lifeline-plugin/assets/json/social-profile.json HTTP/1.1" 200 4033 "-" "WordPress/7.0; https://bharti-foundation.stgviitor.com"
134.209.147.209 - - [29/May/2026:01:40:10 +0000] "GET /wp-content/plugins/lifeline-plugin/assets/data/font-awesome-5.json HTTP/1.1" 200 13009 "-" "WordPress/7.0; https://bharti-foundation.stgviitor.com"
178.20.55.16 - - [29/May/2026:01:40:10 +0000] "GET /media/owncloud.log HTTP/1.1" 404 14136 "-" "python-requests/2.32.4"
134.209.147.209 - - [29/May/2026:01:40:13 +0000] "GET /wp-content/plugins/lifeline-plugin/assets/data/font-awesome-5.json HTTP/1.1" 200 13009 "-" "WordPress/7.0; https://bharti-foundation.stgviitor.com"
134.209.147.209 - - [29/May/2026:01:40:13 +0000] "GET /wp-content/plugins/lifeline-plugin/assets/data/font-awesome-5.json HTTP/1.1" 200 13009 "-" "WordPress/7.0; https://bharti-foundation.stgviitor.com"
134.209.147.209 - - [29/May/2026:01:40:13 +0000] "GET /wp-content/plugins/lifeline-plugin/assets/json/social-profile.json HTTP/1.1" 200 4033 "-" "WordPress/7.0; https://bharti-foundation.stgviitor.com"
134.209.147.209 - - [29/May/2026:01:40:13 +0000] "GET /wp-content/plugins/lifeline-plugin/assets/data/font-awesome-5.json HTTP/1.1" 200 13009 "-" "WordPress/7.0; https://bharti-foundation.stgviitor.com"
185.220.100.254 - - [29/May/2026:01:40:14 +0000] "GET /cloud/data/nextcloud.log HTTP/1.1" 404 14138 "-" "python-requests/2.32.4"
134.209.147.209 - - [29/May/2026:01:40:16 +0000] "GET /wp-content/plugins/lifeline-plugin/assets/data/font-awesome-5.json HTTP/1.1" 200 13009 "-" "WordPress/7.0; https://bharti-foundation.stgviitor.com"
134.209.147.209 - - [29/May/2026:01:40:16 +0000] "POST /wp-cron.php?doing_wp_cron=1780018816.2130329608917236328125 HTTP/1.1" 200 31 "-" "WordPress/6.9.4; https://laracopilot.stgviitor.com"
51.89.32.55 - - [29/May/2026:01:40:16 +0000] "GET /blog-verify HTTP/1.1" 404 68171 "-" "Mozilla/5.0 (Windows NT 10.0; Win64; x64; rv:150.0) Gecko/20100101 Firefox/150.0"
134.209.147.209 - - [29/May/2026:01:40:16 +0000] "GET /wp-content/plugins/lifeline-plugin/assets/data/font-awesome-5.json HTTP/1.1" 200 13009 "-" "WordPress/7.0; https://bharti-foundation.stgviitor.com"
134.209.147.209 - - [29/May/2026:01:40:16 +0000] "GET /wp-content/plugins/lifeline-plugin/assets/json/social-profile.json HTTP/1.1" 200 4033 "-" "WordPress/7.0; https://bharti-foundation.stgviitor.com"
134.209.147.209 - - [29/May/2026:01:40:16 +0000] "GET /wp-content/plugins/lifeline-plugin/assets/data/font-awesome-5.json HTTP/1.1" 200 13009 "-" "WordPress/7.0; https://bharti-foundation.stgviitor.com"
203.55.81.2 - - [29/May/2026:01:40:17 +0000] "GET /cloud/data/owncloud.log HTTP/1.1" 404 14136 "-" "python-requests/2.32.4"
134.209.147.209 - - [29/May/2026:01:40:19 +0000] "GET /wp-content/plugins/lifeline-plugin/assets/data/font-awesome-5.json HTTP/1.1" 200 13009 "-" "WordPress/7.0; https://bharti-foundation.stgviitor.com"
134.209.147.209 - - [29/May/2026:01:40:19 +0000] "GET /wp-content/plugins/lifeline-plugin/assets/data/font-awesome-5.json HTTP/1.1" 200 13009 "-" "WordPress/7.0; https://bharti-foundation.stgviitor.com"
134.209.147.209 - - [29/May/2026:01:40:19 +0000] "GET /wp-content/plugins/lifeline-plugin/assets/json/social-profile.json HTTP/1.1" 200 4033 "-" "WordPress/7.0; https://bharti-foundation.stgviitor.com"
134.209.147.209 - - [29/May/2026:01:40:19 +0000] "GET /wp-content/plugins/lifeline-plugin/assets/data/font-awesome-5.json HTTP/1.1" 200 13009 "-" "WordPress/7.0; https://bharti-foundation.stgviitor.com"
45.154.98.160 - - [29/May/2026:01:40:19 +0000] "GET /data/nextcloud.log HTTP/1.1" 404 14137 "-" "python-requests/2.32.4"
134.209.147.209 - - [29/May/2026:01:40:21 +0000] "POST /wp-cron.php?doing_wp_cron=1780018821.4571130275726318359375 HTTP/1.1" 200 31 "-" "WordPress/6.6.1; https://newfaith.focalat.com"
64.31.25.250 - - [29/May/2026:01:40:21 +0000] "GET /wp-login.php HTTP/1.1" 200 2033 "-" "Mozilla/5.0 (X11; Ubuntu; Linux x86_64) AppleWebKit/537.36 (KHTML, like Gecko) Chrome/133.0.0.0 Safari/537.36"
134.209.147.209 - - [29/May/2026:01:40:21 +0000] "GET /wp-content/plugins/lifeline-plugin/assets/data/font-awesome-5.json HTTP/1.1" 200 13009 "-" "WordPress/7.0; https://bharti-foundation.stgviitor.com"
134.209.147.209 - - [29/May/2026:01:40:21 +0000] "GET /wp-content/plugins/lifeline-plugin/assets/data/font-awesome-5.json HTTP/1.1" 200 13009 "-" "WordPress/7.0; https://bharti-foundation.stgviitor.com"
134.209.147.209 - - [29/May/2026:01:40:21 +0000] "GET /wp-content/plugins/lifeline-plugin/assets/json/social-profile.json HTTP/1.1" 200 4033 "-" "WordPress/7.0; https://bharti-foundation.stgviitor.com"
134.209.147.209 - - [29/May/2026:01:40:22 +0000] "GET /wp-content/plugins/lifeline-plugin/assets/data/font-awesome-5.json HTTP/1.1" 200 13009 "-" "WordPress/7.0; https://bharti-foundation.stgviitor.com"
185.220.101.143 - - [29/May/2026:01:40:22 +0000] "GET /data/owncloud.log HTTP/1.1" 404 14136 "-" "python-requests/2.32.4"
64.31.25.250 - - [29/May/2026:01:40:23 +0000] "POST /wp-login.php HTTP/1.1" 200 2196 "https://newfaith.focalat.com/wp-login.php" "Mozilla/5.0 (X11; Ubuntu; Linux x86_64) AppleWebKit/537.36 (KHTML, like Gecko) Chrome/133.0.0.0 Safari/537.36"
134.209.147.209 - - [29/May/2026:01:40:58 +0000] "GET /wp-content/plugins/lifeline-plugin/assets/data/font-awesome-5.json HTTP/1.1" 200 13009 "-" "WordPress/7.0; https://bharti-foundation.stgviitor.com"
134.209.147.209 - - [29/May/2026:01:40:58 +0000] "GET /wp-content/plugins/lifeline-plugin/assets/data/font-awesome-5.json HTTP/1.1" 200 13009 "-" "WordPress/7.0; https://bharti-foundation.stgviitor.com"
134.209.147.209 - - [29/May/2026:01:40:58 +0000] "GET /wp-content/plugins/lifeline-plugin/assets/json/social-profile.json HTTP/1.1" 200 4033 "-" "WordPress/7.0; https://bharti-foundation.stgviitor.com"
134.209.147.209 - - [29/May/2026:01:40:58 +0000] "GET /wp-content/plugins/lifeline-plugin/assets/data/font-awesome-5.json HTTP/1.1" 200 13009 "-" "WordPress/7.0; https://bharti-foundation.stgviitor.com"
134.209.147.209 - - [29/May/2026:01:40:58 +0000] "POST /wp-cron.php?doing_wp_cron=1780018858.6888880729675292968750 HTTP/1.1" 200 31 "-" "WordPress/7.0; https://bharti-foundation.stgviitor.com"
45.79.149.50 - - [29/May/2026:01:40:58 +0000] "GET / HTTP/1.1" 301 11 "-" "Mozilla/5.0 (Macintosh; Intel Mac OS X 13_1) AppleWebKit/537.36 (KHTML, like Gecko) Chrome/108.0.0.0 Safari/537.36"
134.209.147.209 - - [29/May/2026:01:40:58 +0000] "GET /wp-content/plugins/lifeline-plugin/assets/data/font-awesome-5.json HTTP/1.1" 200 13009 "-" "WordPress/7.0; https://bharti-foundation.stgviitor.com"
134.209.147.209 - - [29/May/2026:01:40:58 +0000] "GET /wp-content/plugins/lifeline-plugin/assets/data/font-awesome-5.json HTTP/1.1" 200 13009 "-" "WordPress/7.0; https://bharti-foundation.stgviitor.com"
134.209.147.209 - - [29/May/2026:01:40:58 +0000] "GET /wp-content/plugins/lifeline-plugin/assets/json/social-profile.json HTTP/1.1" 200 4033 "-" "WordPress/7.0; https://bharti-foundation.stgviitor.com"
134.209.147.209 - - [29/May/2026:01:40:58 +0000] "GET /wp-content/plugins/lifeline-plugin/assets/data/font-awesome-5.json HTTP/1.1" 200 13009 "-" "WordPress/7.0; https://bharti-foundation.stgviitor.com"
134.209.147.209 - - [29/May/2026:01:40:59 +0000] "GET /wp-content/plugins/lifeline-plugin/assets/data/font-awesome-5.json HTTP/1.1" 200 13009 "-" "WordPress/7.0; https://bharti-foundation.stgviitor.com"
134.209.147.209 - - [29/May/2026:01:40:59 +0000] "GET /wp-content/plugins/lifeline-plugin/assets/data/font-awesome-5.json HTTP/1.1" 200 13009 "-" "WordPress/7.0; https://bharti-foundation.stgviitor.com"
134.209.147.209 - - [29/May/2026:01:40:59 +0000] "GET /wp-content/plugins/lifeline-plugin/assets/json/social-profile.json HTTP/1.1" 200 4033 "-" "WordPress/7.0; https://bharti-foundation.stgviitor.com"
134.209.147.209 - - [29/May/2026:01:40:59 +0000] "GET /wp-content/plugins/lifeline-plugin/assets/data/font-awesome-5.json HTTP/1.1" 200 13009 "-" "WordPress/7.0; https://bharti-foundation.stgviitor.com"
45.79.149.50 - - [29/May/2026:01:41:00 +0000] "GET / HTTP/1.1" 200 31483 "https://134.209.147.209/" "Mozilla/5.0 (Macintosh; Intel Mac OS X 13_1) AppleWebKit/537.36 (KHTML, like Gecko) Chrome/108.0.0.0 Safari/537.36"
74.7.228.52 - - [29/May/2026:01:41:23 +0000] "GET /robots.txt HTTP/1.1" 404 178 "-" "Mozilla/5.0 (Macintosh; Intel Mac OS X 10_15_7) AppleWebKit/537.36 (KHTML, like Gecko) Chrome/131.0.0.0 Safari/537.36; compatible; OAI-SearchBot/1.4; robots.txt; +https://openai.com/searchbot"
134.209.147.209 - - [29/May/2026:01:41:28 +0000] "POST /wp-cron.php?doing_wp_cron=1780018888.2326159477233886718750 HTTP/1.1" 200 31 "-" "WordPress/6.5.3; https://vcstore.stgviitor.com"
213.171.208.62 - - [29/May/2026:01:41:28 +0000] "GET /wp-login.php HTTP/1.1" 200 1831 "-" "Mozilla/5.0 (Windows NT 10.0; Win64; x64; rv:133.0) Gecko/20100101 Firefox/133.0"
213.171.208.62 - - [29/May/2026:01:41:30 +0000] "POST /wp-login.php HTTP/1.1" 200 1965 "https://vcstore.stgviitor.com/wp-login.php" "Mozilla/5.0 (Windows NT 10.0; Win64; x64; rv:133.0) Gecko/20100101 Firefox/133.0"
168.63.79.147 - - [29/May/2026:01:41:36 +0000] "GET /wp-login.php HTTP/1.1" 200 1831 "-" "Mozilla/5.0 (Windows NT 10.0) AppleWebKit/537.36 (KHTML, like Gecko) Chrome/133.0.0.0 Safari/537.36"
141.98.11.117 - - [29/May/2026:01:41:44 +0000] "GET /wp-login.php HTTP/1.1" 200 1831 "-" "Mozilla/5.0 (X11; Ubuntu; Linux x86_64) AppleWebKit/537.36 (KHTML, like Gecko) Chrome/133.0.0.0 Safari/537.36"
141.98.11.117 - - [29/May/2026:01:41:44 +0000] "POST /wp-login.php HTTP/1.1" 200 1991 "https://vcstore.stgviitor.com/wp-login.php" "Mozilla/5.0 (X11; Ubuntu; Linux x86_64) AppleWebKit/537.36 (KHTML, like Gecko) Chrome/133.0.0.0 Safari/537.36"
43.135.145.73 - - [29/May/2026:01:41:45 +0000] "GET / HTTP/1.1" 200 3133 "-" "Mozilla/5.0 (iPhone; CPU iPhone OS 13_2_3 like Mac OS X) AppleWebKit/605.1.15 (KHTML, like Gecko) Version/13.0.3 Mobile/15E148 Safari/604.1"
168.63.79.147 - authorise [29/May/2026:01:41:45 +0000] "GET /wp-json/wp/v2/users/me HTTP/1.1" 401 132 "-" "Mozilla/5.0 (Windows NT 10.0) AppleWebKit/537.36 (KHTML, like Gecko) Chrome/133.0.0.0 Safari/537.36"
162.214.206.32 - - [29/May/2026:01:41:48 +0000] "GET /wp-login.php HTTP/1.1" 200 1831 "-" "Mozilla/5.0 (X11; Fedora; Linux x86_64) AppleWebKit/537.36 (KHTML, like Gecko) Chrome/133.0.0.0 Safari/537.36"
162.214.206.32 - - [29/May/2026:01:41:49 +0000] "POST /wp-login.php HTTP/1.1" 200 1991 "https://vcstore.stgviitor.com/wp-login.php" "Mozilla/5.0 (X11; Fedora; Linux x86_64) AppleWebKit/537.36 (KHTML, like Gecko) Chrome/133.0.0.0 Safari/537.36"
162.158.108.25 - - [29/May/2026:01:41:49 +0000] "GET / HTTP/1.1" 301 5 "http://vcstore.viitorcloud.com" "Mozilla/5.0 (iPhone; CPU iPhone OS 13_2_3 like Mac OS X) AppleWebKit/605.1.15 (KHTML, like Gecko) Version/13.0.3 Mobile/15E148 Safari/604.1"
31.57.90.224 - - [29/May/2026:01:41:50 +0000] "GET /wp-login.php HTTP/1.1" 200 1857 "-" "Mozilla/5.0 (Windows NT 10.0; Win64; x64) AppleWebKit/537.36 (KHTML, like Gecko) Chrome/145.0.0.0 Safari/537.36"
43.165.7.135 - - [29/May/2026:01:41:51 +0000] "GET / HTTP/1.1" 200 3801 "https://vcstore.viitorcloud.com/" "Mozilla/5.0 (iPhone; CPU iPhone OS 13_2_3 like Mac OS X) AppleWebKit/605.1.15 (KHTML, like Gecko) Version/13.0.3 Mobile/15E148 Safari/604.1"
160.242.199.210 - - [29/May/2026:01:41:51 +0000] "GET /wp-login.php HTTP/1.1" 200 1831 "-" "Mozilla/5.0 (X11; CrOS x86_64 14541.0.0) AppleWebKit/537.36 (KHTML, like Gecko) Chrome/133.0.0.0 Safari/537.36"
31.57.90.224 - - [29/May/2026:01:41:53 +0000] "POST /wp-login.php HTTP/1.1" 302 5 "https://stg.everycred.com/wp-login.php" "Mozilla/5.0 (Windows NT 10.0; Win64; x64) AppleWebKit/537.36 (KHTML, like Gecko) Chrome/145.0.0.0 Safari/537.36"
123.30.233.12 - - [29/May/2026:01:41:54 +0000] "GET /wp-login.php HTTP/1.1" 200 1770 "-" "Mozilla/5.0 (Windows NT 10.0) AppleWebKit/537.36 (KHTML, like Gecko) Chrome/133.0.0.0 Safari/537.36"
123.30.233.12 - - [29/May/2026:01:41:55 +0000] "POST /wp-login.php HTTP/1.1" 200 1906 "https://vcstore.viitorcloud.co/wp-login.php" "Mozilla/5.0 (Windows NT 10.0) AppleWebKit/537.36 (KHTML, like Gecko) Chrome/133.0.0.0 Safari/537.36"
123.30.233.12 - - [29/May/2026:01:41:55 +0000] "GET /wp-login.php HTTP/1.1" 200 1770 "-" "Mozilla/5.0 (Windows NT 10.0; Win64; x64; rv:133.0) Gecko/20100101 Firefox/133.0"
31.57.90.224 - - [29/May/2026:01:41:55 +0000] "GET /wp-admin/ HTTP/1.1" 200 19615 "https://stg.everycred.com/wp-login.php" "Mozilla/5.0 (Windows NT 10.0; Win64; x64) AppleWebKit/537.36 (KHTML, like Gecko) Chrome/145.0.0.0 Safari/537.36"
123.30.233.12 - - [29/May/2026:01:41:55 +0000] "POST /wp-login.php HTTP/1.1" 200 1906 "https://vcstore.viitorcloud.co/wp-login.php" "Mozilla/5.0 (Windows NT 10.0; Win64; x64; rv:133.0) Gecko/20100101 Firefox/133.0"
160.242.199.210 - - [29/May/2026:01:41:55 +0000] "POST /wp-login.php HTTP/1.1" 200 1991 "https://vcstore.stgviitor.com/wp-login.php" "Mozilla/5.0 (X11; CrOS x86_64 14541.0.0) AppleWebKit/537.36 (KHTML, like Gecko) Chrome/133.0.0.0 Safari/537.36"
78.47.173.76 - - [29/May/2026:01:41:56 +0000] "HEAD / HTTP/1.1" 301 0 "https://viitor.cloud" "Mozilla/5.0+(compatible; UptimeRobot/2.0; http://www.uptimerobot.com/)"
31.57.90.224 - - [29/May/2026:01:41:59 +0000] "GET /wp-admin/user-new.php HTTP/1.1" 200 19981 "https://stg.everycred.com/wp-login.php" "Mozilla/5.0 (Windows NT 10.0; Win64; x64) AppleWebKit/537.36 (KHTML, like Gecko) Chrome/145.0.0.0 Safari/537.36"
134.209.147.209 - - [29/May/2026:01:42:00 +0000] "POST /wp-cron.php?doing_wp_cron=1780018920.8112719058990478515625 HTTP/1.1" 200 31 "-" "WordPress/6.6.1; https://newfaith.focalat.com"
160.250.186.220 - - [29/May/2026:01:42:00 +0000] "GET /wp-login.php HTTP/1.1" 200 2033 "-" "Mozilla/5.0 (Macintosh; Intel Mac OS X 10_15_7) AppleWebKit/537.36 (KHTML, like Gecko) Chrome/133.0.0.0 Safari/537.36"
160.250.186.220 - - [29/May/2026:01:42:03 +0000] "POST /wp-login.php HTTP/1.1" 200 2194 "https://newfaith.focalat.com/wp-login.php" "Mozilla/5.0 (Macintosh; Intel Mac OS X 10_15_7) AppleWebKit/537.36 (KHTML, like Gecko) Chrome/133.0.0.0 Safari/537.36"
31.57.90.224 - - [29/May/2026:01:42:04 +0000] "POST /wp-admin/user-new.php HTTP/1.1" 302 5 "https://stg.everycred.com/wp-login.php" "Mozilla/5.0 (Windows NT 10.0; Win64; x64) AppleWebKit/537.36 (KHTML, like Gecko) Chrome/145.0.0.0 Safari/537.36"
134.209.147.209 - - [29/May/2026:01:42:04 +0000] "POST /wp-cron.php?doing_wp_cron=1780018924.9244999885559082031250 HTTP/1.1" 200 31 "-" "WordPress/6.9.1; https://e-tdr.com"
62.232.51.140 - - [29/May/2026:01:42:04 +0000] "GET /wp-login.php HTTP/1.1" 200 2007 "-" "Mozilla/5.0 (Windows NT 10.0; Win64; x64) AppleWebKit/537.36 (KHTML, like Gecko) Chrome/133.0.0.0 Safari/537.36"
31.57.90.224 - - [29/May/2026:01:42:05 +0000] "GET /wp-admin/users.php?update=add&id=9 HTTP/1.1" 200 16585 "https://stg.everycred.com/wp-login.php" "Mozilla/5.0 (Windows NT 10.0; Win64; x64) AppleWebKit/537.36 (KHTML, like Gecko) Chrome/145.0.0.0 Safari/537.36"
62.232.51.140 - - [29/May/2026:01:42:05 +0000] "POST /wp-login.php HTTP/1.1" 200 2138 "https://e-tdr.com/wp-login.php" "Mozilla/5.0 (Windows NT 10.0; Win64; x64) AppleWebKit/537.36 (KHTML, like Gecko) Chrome/133.0.0.0 Safari/537.36"
222.165.190.235 - authorise [29/May/2026:01:42:06 +0000] "GET /wp-json/wp/v2/users/me HTTP/1.1" 499 0 "-" "Mozilla/5.0 (Macintosh; Intel Mac OS X 10_15_7) AppleWebKit/537.36 (KHTML, like Gecko) Chrome/133.0.0.0 Safari/537.36"
134.209.147.209 - - [29/May/2026:01:42:06 +0000] "POST /wp-cron.php?doing_wp_cron=1780018926.9371449947357177734375 HTTP/1.1" 200 31 "-" "WordPress/6.5.3; https://vcstore.stgviitor.com"
31.57.90.224 - - [29/May/2026:01:42:08 +0000] "GET /wp-admin/plugins.php?plugin_status=all&paged=1&s HTTP/1.1" 200 20392 "https://stg.everycred.com/wp-login.php" "Mozilla/5.0 (Windows NT 10.0; Win64; x64) AppleWebKit/537.36 (KHTML, like Gecko) Chrome/145.0.0.0 Safari/537.36"
134.209.147.209 - - [29/May/2026:01:42:11 +0000] "GET /wp-content/plugins/lifeline-plugin/assets/data/font-awesome-5.json HTTP/1.1" 200 13009 "-" "WordPress/7.0; https://bharti-foundation.stgviitor.com"
134.209.147.209 - - [29/May/2026:01:42:11 +0000] "POST /wp-cron.php?doing_wp_cron=1780018931.1360900402069091796875 HTTP/1.1" 200 31 "-" "WordPress/6.9.1; https://e-tdr.com"
91.134.89.60 - - [29/May/2026:01:42:11 +0000] "GET /wp-login.php HTTP/1.1" 200 2007 "-" "Mozilla/5.0 (X11; Ubuntu; Linux x86_64; rv:133.0) Gecko/20100101 Firefox/133.0"
134.209.147.209 - - [29/May/2026:01:42:11 +0000] "GET /wp-content/plugins/lifeline-plugin/assets/data/font-awesome-5.json HTTP/1.1" 200 13009 "-" "WordPress/7.0; https://bharti-foundation.stgviitor.com"
134.209.147.209 - - [29/May/2026:01:42:11 +0000] "GET /wp-content/plugins/lifeline-plugin/assets/json/social-profile.json HTTP/1.1" 200 4033 "-" "WordPress/7.0; https://bharti-foundation.stgviitor.com"
134.209.147.209 - - [29/May/2026:01:42:11 +0000] "GET /wp-content/plugins/lifeline-plugin/assets/data/font-awesome-5.json HTTP/1.1" 200 13009 "-" "WordPress/7.0; https://bharti-foundation.stgviitor.com"
134.209.147.209 - - [29/May/2026:01:42:11 +0000] "POST /wp-cron.php?doing_wp_cron=1780018931.5283200740814208984375 HTTP/1.1" 200 31 "-" "WordPress/7.0; https://bharti-foundation.stgviitor.com"
162.240.12.204 - - [29/May/2026:01:42:11 +0000] "GET /wp-login.php HTTP/1.1" 200 2044 "-" "Mozilla/5.0 (Macintosh; Intel Mac OS X 10_15_7) AppleWebKit/537.36 (KHTML, like Gecko) Chrome/133.0.0.0 Safari/537.36"
134.209.147.209 - - [29/May/2026:01:42:11 +0000] "GET /wp-content/plugins/lifeline-plugin/assets/data/font-awesome-5.json HTTP/1.1" 200 13009 "-" "WordPress/7.0; https://bharti-foundation.stgviitor.com"
134.209.147.209 - - [29/May/2026:01:42:11 +0000] "GET /wp-content/plugins/lifeline-plugin/assets/data/font-awesome-5.json HTTP/1.1" 200 13009 "-" "WordPress/7.0; https://bharti-foundation.stgviitor.com"
134.209.147.209 - - [29/May/2026:01:42:11 +0000] "GET /wp-content/plugins/lifeline-plugin/assets/json/social-profile.json HTTP/1.1" 200 4033 "-" "WordPress/7.0; https://bharti-foundation.stgviitor.com"
31.57.90.224 - - [29/May/2026:01:42:11 +0000] "GET /wp-admin/plugins.php HTTP/1.1" 200 20386 "https://stg.everycred.com/wp-login.php" "Mozilla/5.0 (Windows NT 10.0; Win64; x64) AppleWebKit/537.36 (KHTML, like Gecko) Chrome/145.0.0.0 Safari/537.36"
134.209.147.209 - - [29/May/2026:01:42:11 +0000] "GET /wp-content/plugins/lifeline-plugin/assets/data/font-awesome-5.json HTTP/1.1" 200 13009 "-" "WordPress/7.0; https://bharti-foundation.stgviitor.com"
134.209.147.209 - - [29/May/2026:01:42:13 +0000] "GET /wp-content/plugins/lifeline-plugin/assets/data/font-awesome-5.json HTTP/1.1" 200 13009 "-" "WordPress/7.0; https://bharti-foundation.stgviitor.com"
134.209.147.209 - - [29/May/2026:01:42:13 +0000] "GET /wp-content/plugins/lifeline-plugin/assets/data/font-awesome-5.json HTTP/1.1" 200 13009 "-" "WordPress/7.0; https://bharti-foundation.stgviitor.com"
134.209.147.209 - - [29/May/2026:01:42:13 +0000] "GET /wp-content/plugins/lifeline-plugin/assets/json/social-profile.json HTTP/1.1" 200 4033 "-" "WordPress/7.0; https://bharti-foundation.stgviitor.com"
134.209.147.209 - - [29/May/2026:01:42:13 +0000] "GET /wp-content/plugins/lifeline-plugin/assets/data/font-awesome-5.json HTTP/1.1" 200 13009 "-" "WordPress/7.0; https://bharti-foundation.stgviitor.com"
162.240.12.204 - - [29/May/2026:01:42:13 +0000] "POST /wp-login.php HTTP/1.1" 200 2206 "https://bharti-foundation.stgviitor.com/wp-login.php" "Mozilla/5.0 (Macintosh; Intel Mac OS X 10_15_7) AppleWebKit/537.36 (KHTML, like Gecko) Chrome/133.0.0.0 Safari/537.36"
91.134.89.60 - - [29/May/2026:01:42:15 +0000] "POST /wp-login.php HTTP/1.1" 200 2138 "https://e-tdr.com/wp-login.php" "Mozilla/5.0 (X11; Ubuntu; Linux x86_64; rv:133.0) Gecko/20100101 Firefox/133.0"
31.57.90.224 - - [29/May/2026:01:42:17 +0000] "GET /wp-admin/plugin-install.php HTTP/1.1" 200 20003 "https://stg.everycred.com/wp-login.php" "Mozilla/5.0 (Windows NT 10.0; Win64; x64) AppleWebKit/537.36 (KHTML, like Gecko) Chrome/145.0.0.0 Safari/537.36"
134.209.147.209 - - [29/May/2026:01:42:19 +0000] "POST /wp-cron.php?doing_wp_cron=1780018939.2160298824310302734375 HTTP/1.1" 200 31 "-" "WordPress/6.5.3; https://vcstore.viitorcloud.co"
84.247.129.9 - - [29/May/2026:01:42:19 +0000] "GET /wp-login.php HTTP/1.1" 200 1770 "-" "Mozilla/5.0 (Macintosh; Intel Mac OS X 14_7_4) AppleWebKit/537.36 (KHTML, like Gecko) Chrome/133.0.0.0 Safari/537.36"
64.31.25.250 - - [29/May/2026:01:42:19 +0000] "GET /wp-login.php HTTP/1.1" 200 1770 "-" "Mozilla/5.0 (Macintosh; Intel Mac OS X 10_15_7) AppleWebKit/537.36 (KHTML, like Gecko) Chrome/133.0.0.0 Safari/537.36 Edg/133.0.0.0"
84.247.129.9 - - [29/May/2026:01:42:20 +0000] "POST /wp-login.php HTTP/1.1" 200 1905 "https://vcstore.viitorcloud.co/wp-login.php" "Mozilla/5.0 (Macintosh; Intel Mac OS X 14_7_4) AppleWebKit/537.36 (KHTML, like Gecko) Chrome/133.0.0.0 Safari/537.36"
64.31.25.250 - - [29/May/2026:01:42:20 +0000] "POST /wp-login.php HTTP/1.1" 200 1905 "https://vcstore.viitorcloud.co/wp-login.php" "Mozilla/5.0 (Macintosh; Intel Mac OS X 10_15_7) AppleWebKit/537.36 (KHTML, like Gecko) Chrome/133.0.0.0 Safari/537.36 Edg/133.0.0.0"
31.57.90.224 - - [29/May/2026:01:42:24 +0000] "POST /wp-admin/admin-ajax.php HTTP/1.1" 200 201 "https://stg.everycred.com/wp-login.php" "Mozilla/5.0 (Windows NT 10.0; Win64; x64) AppleWebKit/537.36 (KHTML, like Gecko) Chrome/145.0.0.0 Safari/537.36"
31.57.90.224 - - [29/May/2026:01:42:33 +0000] "POST /wp-admin/admin-ajax.php HTTP/1.1" 200 175 "https://stg.everycred.com/wp-login.php" "Mozilla/5.0 (Windows NT 10.0; Win64; x64) AppleWebKit/537.36 (KHTML, like Gecko) Chrome/145.0.0.0 Safari/537.36"
31.57.90.224 - - [29/May/2026:01:42:35 +0000] "GET /wp-admin/plugins.php?plugin_status=all&paged=1&s HTTP/1.1" 200 20392 "https://stg.everycred.com/wp-login.php" "Mozilla/5.0 (Windows NT 10.0; Win64; x64) AppleWebKit/537.36 (KHTML, like Gecko) Chrome/145.0.0.0 Safari/537.36"
46.151.178.13 - - [29/May/2026:01:43:09 +0000] "PROPFIND / HTTP/1.1" 405 150 "http://134.209.147.209:443/" "-"
134.209.147.209 - - [29/May/2026:01:43:36 +0000] "POST /wp-cron.php?doing_wp_cron=1780019016.1219570636749267578125 HTTP/1.1" 200 31 "-" "WordPress/6.6.1; https://newfaith.focalat.com"
195.33.205.242 - - [29/May/2026:01:43:36 +0000] "GET /wp-login.php HTTP/1.1" 200 2033 "-" "Mozilla/5.0 (Macintosh; Intel Mac OS X 11_7_10) AppleWebKit/537.36 (KHTML, like Gecko) Chrome/133.0.0.0 Safari/537.36"
195.33.205.242 - - [29/May/2026:01:43:36 +0000] "POST /wp-login.php HTTP/1.1" 200 2168 "https://newfaith.focalat.com/wp-login.php" "Mozilla/5.0 (Macintosh; Intel Mac OS X 11_7_10) AppleWebKit/537.36 (KHTML, like Gecko) Chrome/133.0.0.0 Safari/537.36"
193.176.31.236 - - [29/May/2026:01:44:52 +0000] "GET / HTTP/1.1" 200 3133 "-" "Mozilla/5.0 (compatible; Infrawatch/1.0; +https://infrawat.ch/)"
193.176.31.220 - - [29/May/2026:01:44:52 +0000] "GET /favicon.ico HTTP/1.1" 404 146 "-" "Mozilla/5.0 (compatible; Infrawatch/1.0; +https://infrawat.ch/)"
134.209.147.209 - - [29/May/2026:01:44:57 +0000] "POST /wp-cron.php?doing_wp_cron=1780019097.8233680725097656250000 HTTP/1.1" 200 31 "-" "WordPress/6.5.3; https://vcstore.stgviitor.com"
211.23.68.235 - - [29/May/2026:01:44:57 +0000] "GET /wp-login.php HTTP/1.1" 200 1831 "-" "Mozilla/5.0 (Macintosh; Intel Mac OS X 10_15_7) AppleWebKit/537.36 (KHTML, like Gecko) Chrome/133.0.0.0 Safari/537.36"
211.23.68.235 - - [29/May/2026:01:45:02 +0000] "POST /wp-login.php HTTP/1.1" 200 1967 "https://vcstore.stgviitor.com/wp-login.php" "Mozilla/5.0 (Macintosh; Intel Mac OS X 10_15_7) AppleWebKit/537.36 (KHTML, like Gecko) Chrome/133.0.0.0 Safari/537.36"
134.209.147.209 - - [29/May/2026:01:45:39 +0000] "POST /wp-cron.php?doing_wp_cron=1780019139.1991178989410400390625 HTTP/1.1" 200 31 "-" "WordPress/6.9.1; https://e-tdr.com"
162.214.206.32 - - [29/May/2026:01:45:39 +0000] "GET /wp-login.php HTTP/1.1" 200 2007 "-" "Mozilla/5.0 (Macintosh; Intel Mac OS X 11_7_10) AppleWebKit/537.36 (KHTML, like Gecko) Chrome/133.0.0.0 Safari/537.36"
162.214.206.32 - - [29/May/2026:01:45:39 +0000] "POST /wp-login.php HTTP/1.1" 200 2144 "https://e-tdr.com/wp-login.php" "Mozilla/5.0 (Macintosh; Intel Mac OS X 11_7_10) AppleWebKit/537.36 (KHTML, like Gecko) Chrome/133.0.0.0 Safari/537.36"
176.95.46.127 - - [29/May/2026:01:45:45 +0000] "GET /wp-login.php HTTP/1.1" 200 2007 "-" "Mozilla/5.0 (Macintosh; Intel Mac OS X 10_15_7) AppleWebKit/605.1.15 (KHTML, like Gecko) Version/18.3 Safari/605.1.15"
176.95.46.127 - - [29/May/2026:01:45:49 +0000] "POST /wp-login.php HTTP/1.1" 200 2144 "https://e-tdr.com/wp-login.php" "Mozilla/5.0 (Macintosh; Intel Mac OS X 10_15_7) AppleWebKit/605.1.15 (KHTML, like Gecko) Version/18.3 Safari/605.1.15"
134.209.147.209 - - [29/May/2026:01:46:06 +0000] "POST /wp-cron.php?doing_wp_cron=1780019166.7170469760894775390625 HTTP/1.1" 200 31 "-" "WordPress/6.6.1; https://newfaith.focalat.com"
121.200.216.55 - - [29/May/2026:01:46:06 +0000] "GET /wp-login.php HTTP/1.1" 200 2033 "-" "Mozilla/5.0 (X11; Ubuntu; Linux x86_64; rv:133.0) Gecko/20100101 Firefox/133.0"
134.209.147.209 - - [29/May/2026:01:46:09 +0000] "POST /wp-cron.php?doing_wp_cron=1780019169.5004320144653320312500 HTTP/1.1" 200 31 "-" "WordPress/6.6.1; https://newfaith.focalat.com"
121.200.216.55 - - [29/May/2026:01:46:09 +0000] "POST /wp-login.php HTTP/1.1" 200 2171 "https://newfaith.focalat.com/wp-login.php" "Mozilla/5.0 (X11; Ubuntu; Linux x86_64; rv:133.0) Gecko/20100101 Firefox/133.0"
168.119.96.239 - - [29/May/2026:01:47:00 +0000] "HEAD / HTTP/1.1" 301 0 "https://viitor.cloud" "Mozilla/5.0+(compatible; UptimeRobot/2.0; http://www.uptimerobot.com/)"
134.209.147.209 - - [29/May/2026:01:47:10 +0000] "POST /wp-cron.php?doing_wp_cron=1780019230.3981750011444091796875 HTTP/1.1" 200 31 "-" "WordPress/6.9.4; https://laracopilot.stgviitor.com"
123.30.233.12 - - [29/May/2026:01:47:10 +0000] "GET /wp-login.php HTTP/1.1" 200 2008 "-" "Mozilla/5.0 (Windows NT 10.0) AppleWebKit/537.36 (KHTML, like Gecko) Chrome/133.0.0.0 Safari/537.36"
123.30.233.12 - - [29/May/2026:01:47:11 +0000] "POST /wp-login.php HTTP/1.1" 200 2144 "https://laracopilot.stgviitor.com/wp-login.php" "Mozilla/5.0 (Windows NT 10.0) AppleWebKit/537.36 (KHTML, like Gecko) Chrome/133.0.0.0 Safari/537.36"
45.117.169.86 - - [29/May/2026:01:47:21 +0000] "GET /wp-login.php HTTP/1.1" 200 2008 "-" "Mozilla/5.0 (Windows NT 10.0; Win64; x64) AppleWebKit/537.36 (KHTML, like Gecko) Chrome/133.0.0.0 Safari/537.36 Edg/133.0.0.0"
172.68.164.90 - - [29/May/2026:01:47:24 +0000] "GET /wp-login.php HTTP/1.1" 200 1770 "-" "Mozilla/5.0 (X11; Ubuntu; Linux x86_64) AppleWebKit/537.36 (KHTML, like Gecko) Chrome/133.0.0.0 Safari/537.36"
172.70.93.17 - - [29/May/2026:01:47:25 +0000] "POST /wp-login.php HTTP/1.1" 200 1905 "https://vcstore.viitorcloud.com/wp-login.php" "Mozilla/5.0 (X11; Ubuntu; Linux x86_64) AppleWebKit/537.36 (KHTML, like Gecko) Chrome/133.0.0.0 Safari/537.36"
195.33.205.242 - - [29/May/2026:01:47:25 +0000] "GET /wp-login.php HTTP/1.1" 200 2008 "-" "Mozilla/5.0 (X11; Ubuntu; Linux x86_64; rv:133.0) Gecko/20100101 Firefox/133.0"
195.33.205.242 - - [29/May/2026:01:47:26 +0000] "POST /wp-login.php HTTP/1.1" 200 2144 "https://laracopilot.stgviitor.com/wp-login.php" "Mozilla/5.0 (X11; Ubuntu; Linux x86_64; rv:133.0) Gecko/20100101 Firefox/133.0"
45.117.169.86 - - [29/May/2026:01:47:28 +0000] "POST /wp-login.php HTTP/1.1" 200 2144 "https://laracopilot.stgviitor.com/wp-login.php" "Mozilla/5.0 (Windows NT 10.0; Win64; x64) AppleWebKit/537.36 (KHTML, like Gecko) Chrome/133.0.0.0 Safari/537.36 Edg/133.0.0.0"
108.162.226.21 - - [29/May/2026:01:47:30 +0000] "GET /wp-login.php HTTP/1.1" 200 1770 "-" "Mozilla/5.0 (X11; Linux i686) AppleWebKit/537.36 (KHTML, like Gecko) Chrome/133.0.0.0 Safari/537.36"
162.158.108.25 - - [29/May/2026:01:47:34 +0000] "POST /wp-login.php HTTP/1.1" 200 1905 "https://vcstore.viitorcloud.com/wp-login.php" "Mozilla/5.0 (X11; Linux i686) AppleWebKit/537.36 (KHTML, like Gecko) Chrome/133.0.0.0 Safari/537.36"
172.70.188.187 - - [29/May/2026:01:48:03 +0000] "GET /wp-login.php HTTP/1.1" 499 0 "-" "Mozilla/5.0 (X11; Fedora; Linux x86_64) AppleWebKit/537.36 (KHTML, like Gecko) Chrome/133.0.0.0 Safari/537.36"
172.71.82.140 - wadminw [29/May/2026:01:48:23 +0000] "GET /wp-json/wp/v2/users/me HTTP/1.1" 401 107 "-" "Mozilla/5.0 (X11; Fedora; Linux x86_64) AppleWebKit/537.36 (KHTML, like Gecko) Chrome/133.0.0.0 Safari/537.36"
121.205.226.135 - - [29/May/2026:01:48:31 +0000] "GET /wp-login.php HTTP/1.1" 200 1770 "-" "Mozilla/5.0 (Windows NT 10.0; Win64; x64) AppleWebKit/537.36 (KHTML, like Gecko) HeadlessChrome/148.0.0.0 Safari/537.36"
121.205.226.135 - - [29/May/2026:01:48:31 +0000] "GET /wp-admin/load-styles.php?c=1&dir=ltr&load%5Bchunk_0%5D=dashicons,buttons,forms,l10n,login&ver=6.5.3 HTTP/1.1" 200 45840 "https://vcstore.viitorcloud.co/wp-login.php" "Mozilla/5.0 (Windows NT 10.0; Win64; x64) AppleWebKit/537.36 (KHTML, like Gecko) HeadlessChrome/148.0.0.0 Safari/537.36"
121.205.226.135 - - [29/May/2026:01:48:31 +0000] "GET /wp-includes/js/dist/i18n.min.js?ver=5e580eb46a90c2b997e6 HTTP/1.1" 200 3679 "https://vcstore.viitorcloud.co/wp-login.php" "Mozilla/5.0 (Windows NT 10.0; Win64; x64) AppleWebKit/537.36 (KHTML, like Gecko) HeadlessChrome/148.0.0.0 Safari/537.36"
121.205.226.135 - - [29/May/2026:01:48:31 +0000] "GET /wp-admin/load-scripts.php?c=1&load%5Bchunk_0%5D=jquery-core,jquery-migrate,zxcvbn-async,wp-polyfill-inert,regenerator-runtime,wp-polyfill,wp-hooks&ver=6.5.3 HTTP/1.1" 200 53741 "https://vcstore.viitorcloud.co/wp-login.php" "Mozilla/5.0 (Windows NT 10.0; Win64; x64) AppleWebKit/537.36 (KHTML, like Gecko) HeadlessChrome/148.0.0.0 Safari/537.36"
121.205.226.135 - - [29/May/2026:01:48:32 +0000] "GET /wp-admin/js/password-strength-meter.min.js?ver=6.5.3 HTTP/1.1" 200 633 "https://vcstore.viitorcloud.co/wp-login.php" "Mozilla/5.0 (Windows NT 10.0; Win64; x64) AppleWebKit/537.36 (KHTML, like Gecko) HeadlessChrome/148.0.0.0 Safari/537.36"
121.205.226.135 - - [29/May/2026:01:48:32 +0000] "GET /wp-includes/js/underscore.min.js?ver=1.13.4 HTTP/1.1" 200 7324 "https://vcstore.viitorcloud.co/wp-login.php" "Mozilla/5.0 (Windows NT 10.0; Win64; x64) AppleWebKit/537.36 (KHTML, like Gecko) HeadlessChrome/148.0.0.0 Safari/537.36"
121.205.226.135 - - [29/May/2026:01:48:32 +0000] "GET /wp-includes/js/wp-util.min.js?ver=6.5.3 HTTP/1.1" 200 768 "https://vcstore.viitorcloud.co/wp-login.php" "Mozilla/5.0 (Windows NT 10.0; Win64; x64) AppleWebKit/537.36 (KHTML, like Gecko) HeadlessChrome/148.0.0.0 Safari/537.36"
121.205.226.135 - - [29/May/2026:01:48:32 +0000] "GET /wp-admin/js/user-profile.min.js?ver=6.5.3 HTTP/1.1" 200 2373 "https://vcstore.viitorcloud.co/wp-login.php" "Mozilla/5.0 (Windows NT 10.0; Win64; x64) AppleWebKit/537.36 (KHTML, like Gecko) HeadlessChrome/148.0.0.0 Safari/537.36"
121.205.226.135 - - [29/May/2026:01:48:33 +0000] "GET /favicon.ico HTTP/1.1" 404 178 "https://vcstore.viitorcloud.co/wp-login.php" "Mozilla/5.0 (Windows NT 10.0; Win64; x64) AppleWebKit/537.36 (KHTML, like Gecko) HeadlessChrome/148.0.0.0 Safari/537.36"
121.205.226.135 - - [29/May/2026:01:48:33 +0000] "POST /wp-login.php HTTP/1.1" 302 5 "https://vcstore.viitorcloud.co/wp-login.php" "Mozilla/5.0 (Windows NT 10.0; Win64; x64) AppleWebKit/537.36 (KHTML, like Gecko) HeadlessChrome/148.0.0.0 Safari/537.36"
121.205.226.135 - - [29/May/2026:01:48:33 +0000] "GET /wp-admin/ HTTP/1.1" 200 18483 "https://vcstore.viitorcloud.co/wp-login.php" "Mozilla/5.0 (Windows NT 10.0; Win64; x64) AppleWebKit/537.36 (KHTML, like Gecko) HeadlessChrome/148.0.0.0 Safari/537.36"
121.205.226.135 - - [29/May/2026:01:48:34 +0000] "GET /wp-includes/js/zxcvbn.min.js HTTP/1.1" 200 399255 "https://vcstore.viitorcloud.co/wp-login.php" "Mozilla/5.0 (Windows NT 10.0; Win64; x64) AppleWebKit/537.36 (KHTML, like Gecko) HeadlessChrome/148.0.0.0 Safari/537.36"
121.205.226.135 - - [29/May/2026:01:48:34 +0000] "GET /wp-admin/load-scripts.php?c=1&load%5Bchunk_0%5D=jquery-core,jquery-migrate,utils&ver=6.5.3 HTTP/1.1" 200 35121 "https://vcstore.viitorcloud.co/wp-admin/" "Mozilla/5.0 (Windows NT 10.0; Win64; x64) AppleWebKit/537.36 (KHTML, like Gecko) HeadlessChrome/148.0.0.0 Safari/537.36"
121.205.226.135 - - [29/May/2026:01:48:34 +0000] "GET /wp-content/plugins/wp-file-manager/css/fm_common.css?ver=6.5.3 HTTP/1.1" 200 194 "https://vcstore.viitorcloud.co/wp-admin/" "Mozilla/5.0 (Windows NT 10.0; Win64; x64) AppleWebKit/537.36 (KHTML, like Gecko) HeadlessChrome/148.0.0.0 Safari/537.36"
121.205.226.135 - - [29/May/2026:01:48:34 +0000] "GET /wp-includes/css/editor.min.css?ver=6.5.3 HTTP/1.1" 200 5826 "https://vcstore.viitorcloud.co/wp-admin/" "Mozilla/5.0 (Windows NT 10.0; Win64; x64) AppleWebKit/537.36 (KHTML, like Gecko) HeadlessChrome/148.0.0.0 Safari/537.36"
121.205.226.135 - - [29/May/2026:01:48:34 +0000] "GET /wp-includes/js/thickbox/thickbox.css?ver=6.5.3 HTTP/1.1" 200 951 "https://vcstore.viitorcloud.co/wp-admin/" "Mozilla/5.0 (Windows NT 10.0; Win64; x64) AppleWebKit/537.36 (KHTML, like Gecko) HeadlessChrome/148.0.0.0 Safari/537.36"
121.205.226.135 - - [29/May/2026:01:48:34 +0000] "GET /wp-admin/load-scripts.php?c=1&load%5Bchunk_0%5D=hoverIntent,wp-polyfill-inert,regenerator-runtime,wp-polyfill,wp-hooks&ver=6.5.3 HTTP/1.1" 200 20205 "https://vcstore.viitorcloud.co/wp-admin/" "Mozilla/5.0 (Windows NT 10.0; Win64; x64) AppleWebKit/537.36 (KHTML, like Gecko) HeadlessChrome/148.0.0.0 Safari/537.36"
121.205.226.135 - - [29/May/2026:01:48:34 +0000] "GET /wp-admin/load-styles.php?c=1&dir=ltr&load%5Bchunk_0%5D=dashicons,admin-bar,site-health,common,forms,admin-menu,dashboard,list-tables,edit,revisions,media,themes,about,nav-menus,wp-poi&load%5Bchunk_1%5D=nter,widgets,site-icon,l10n,buttons,wp-auth-check&ver=6.5.3 HTTP/1.1" 200 100629 "https://vcstore.viitorcloud.co/wp-admin/" "Mozilla/5.0 (Windows NT 10.0; Win64; x64) AppleWebKit/537.36 (KHTML, like Gecko) HeadlessChrome/148.0.0.0 Safari/537.36"
121.205.226.135 - - [29/May/2026:01:48:34 +0000] "GET /wp-admin/js/common.min.js?ver=6.5.3 HTTP/1.1" 200 7290 "https://vcstore.viitorcloud.co/wp-admin/" "Mozilla/5.0 (Windows NT 10.0; Win64; x64) AppleWebKit/537.36 (KHTML, like Gecko) HeadlessChrome/148.0.0.0 Safari/537.36"
121.205.226.135 - - [29/May/2026:01:48:35 +0000] "GET /wp-includes/js/hoverintent-js.min.js?ver=2.2.1 HTTP/1.1" 200 730 "https://vcstore.viitorcloud.co/wp-admin/" "Mozilla/5.0 (Windows NT 10.0; Win64; x64) AppleWebKit/537.36 (KHTML, like Gecko) HeadlessChrome/148.0.0.0 Safari/537.36"
121.205.226.135 - - [29/May/2026:01:48:35 +0000] "GET /wp-includes/js/admin-bar.min.js?ver=6.5.3 HTTP/1.1" 200 1485 "https://vcstore.viitorcloud.co/wp-admin/" "Mozilla/5.0 (Windows NT 10.0; Win64; x64) AppleWebKit/537.36 (KHTML, like Gecko) HeadlessChrome/148.0.0.0 Safari/537.36"
121.205.226.135 - - [29/May/2026:01:48:35 +0000] "GET /wp-includes/js/clipboard.min.js?ver=2.0.11 HTTP/1.1" 200 3163 "https://vcstore.viitorcloud.co/wp-admin/" "Mozilla/5.0 (Windows NT 10.0; Win64; x64) AppleWebKit/537.36 (KHTML, like Gecko) HeadlessChrome/148.0.0.0 Safari/537.36"
