167.99.210.137 - - [30/May/2026:00:21:29 +0000] "GET /.vscode/sftp.json HTTP/1.1" 404 14142 "-" "Mozilla/5.0 (l9scan/2.0.930323e2734313e2930323e2433313; +https://leakix.net)"
167.99.210.137 - - [30/May/2026:00:21:30 +0000] "OPTIONS / HTTP/1.1" 405 150 "-" "Mozilla/5.0 (l9scan/2.0.930323e2734313e2930323e2433313; +https://leakix.net)"
134.209.147.209 - - [30/May/2026:00:21:31 +0000] "GET /wp-content/plugins/lifeline-plugin/assets/data/font-awesome-5.json HTTP/1.1" 200 13009 "-" "WordPress/7.0; https://bharti-foundation.stgviitor.com"
134.209.147.209 - - [30/May/2026:00:21:31 +0000] "GET /wp-content/plugins/lifeline-plugin/assets/data/font-awesome-5.json HTTP/1.1" 200 13009 "-" "WordPress/7.0; https://bharti-foundation.stgviitor.com"
134.209.147.209 - - [30/May/2026:00:21:31 +0000] "GET /wp-content/plugins/lifeline-plugin/assets/json/social-profile.json HTTP/1.1" 200 4033 "-" "WordPress/7.0; https://bharti-foundation.stgviitor.com"
134.209.147.209 - - [30/May/2026:00:21:31 +0000] "GET /wp-content/plugins/lifeline-plugin/assets/data/font-awesome-5.json HTTP/1.1" 200 13009 "-" "WordPress/7.0; https://bharti-foundation.stgviitor.com"
167.99.210.137 - - [30/May/2026:00:21:31 +0000] "GET /?rest_route=/wp/v2/users/ HTTP/1.1" 200 449 "-" "Mozilla/5.0 (l9scan/2.0.930323e2734313e2930323e2433313; +https://leakix.net)"
134.209.147.209 - - [30/May/2026:00:21:32 +0000] "GET /wp-content/plugins/lifeline-plugin/assets/data/font-awesome-5.json HTTP/1.1" 200 13009 "-" "WordPress/7.0; https://bharti-foundation.stgviitor.com"
134.209.147.209 - - [30/May/2026:00:21:32 +0000] "GET /wp-content/plugins/lifeline-plugin/assets/data/font-awesome-5.json HTTP/1.1" 200 13009 "-" "WordPress/7.0; https://bharti-foundation.stgviitor.com"
134.209.147.209 - - [30/May/2026:00:21:32 +0000] "GET /wp-content/plugins/lifeline-plugin/assets/json/social-profile.json HTTP/1.1" 200 4033 "-" "WordPress/7.0; https://bharti-foundation.stgviitor.com"
134.209.147.209 - - [30/May/2026:00:21:32 +0000] "GET /wp-content/plugins/lifeline-plugin/assets/data/font-awesome-5.json HTTP/1.1" 200 13009 "-" "WordPress/7.0; https://bharti-foundation.stgviitor.com"
167.99.210.137 - - [30/May/2026:00:21:33 +0000] "GET /debug/default/view?panel=config HTTP/1.1" 404 14143 "-" "Mozilla/5.0 (l9scan/2.0.930323e2734313e2930323e2433313; +https://leakix.net)"
178.128.207.138 - - [30/May/2026:00:21:34 +0000] "GET / HTTP/1.1" 200 79426 "-" "Mozilla/5.0 (l9scan/2.0.930323e2734313e2930323e2433313; +https://leakix.net)"
178.128.207.138 - - [30/May/2026:00:21:34 +0000] "GET /console/ HTTP/1.1" 404 13631 "-" "Mozilla/5.0 (l9scan/2.0.930323e2734313e2930323e2433313; +https://leakix.net)"
178.128.207.138 - - [30/May/2026:00:21:36 +0000] "GET /server HTTP/1.1" 404 13631 "-" "Mozilla/5.0 (l9scan/2.0.930323e2734313e2930323e2433313; +https://leakix.net)"
178.128.207.138 - - [30/May/2026:00:21:36 +0000] "GET /server-status HTTP/1.1" 404 13631 "-" "Mozilla/5.0 (l9scan/2.0.930323e2734313e2930323e2433313; +https://leakix.net)"
178.128.207.138 - - [30/May/2026:00:21:39 +0000] "GET /about HTTP/1.1" 301 5 "-" "Mozilla/5.0 (l9scan/2.0.930323e2734313e2930323e2433313; +https://leakix.net)"
178.128.207.138 - - [30/May/2026:00:21:39 +0000] "GET /login.action HTTP/1.1" 404 13631 "-" "Mozilla/5.0 (l9scan/2.0.930323e2734313e2930323e2433313; +https://leakix.net)"
178.128.207.138 - - [30/May/2026:00:21:40 +0000] "GET / HTTP/1.1" 200 14795 "-" "Mozilla/5.0 (l9scan/2.0.930323e2734313e2930323e2433313; +https://leakix.net)"
178.128.207.138 - - [30/May/2026:00:21:41 +0000] "GET /___proxy_subdomain_whm/login HTTP/1.1" 404 13631 "-" "Mozilla/5.0 (l9scan/2.0.930323e2734313e2930323e2433313; +https://leakix.net)"
178.128.207.138 - - [30/May/2026:00:21:42 +0000] "GET /___proxy_subdomain_cpanel HTTP/1.1" 404 13631 "-" "Mozilla/5.0 (l9scan/2.0.930323e2734313e2930323e2433313; +https://leakix.net)"
178.128.207.138 - - [30/May/2026:00:21:43 +0000] "GET /v2/_catalog HTTP/1.1" 404 13631 "-" "Mozilla/5.0 (l9scan/2.0.930323e2734313e2930323e2433313; +https://leakix.net)"
178.128.207.138 - - [30/May/2026:00:21:44 +0000] "GET /.DS_Store HTTP/1.1" 404 13631 "-" "Mozilla/5.0 (l9scan/2.0.930323e2734313e2930323e2433313; +https://leakix.net)"
178.128.207.138 - - [30/May/2026:00:21:45 +0000] "GET /.env HTTP/1.1" 404 13631 "-" "Mozilla/5.0 (l9scan/2.0.930323e2734313e2930323e2433313; +https://leakix.net)"
178.128.207.138 - - [30/May/2026:00:21:47 +0000] "GET /ecp/Current/exporttool/microsoft.exchange.ediscovery.exporttool.application HTTP/1.1" 404 13631 "-" "Mozilla/5.0 (l9scan/2.0.930323e2734313e2930323e2433313; +https://leakix.net)"
128.140.106.114 - - [30/May/2026:00:21:49 +0000] "HEAD / HTTP/1.1" 301 0 "https://viitor.cloud" "Mozilla/5.0+(compatible; UptimeRobot/2.0; http://www.uptimerobot.com/)"
178.128.207.138 - - [30/May/2026:00:21:49 +0000] "GET /.git/config HTTP/1.1" 403 146 "-" "Mozilla/5.0 (l9scan/2.0.930323e2734313e2930323e2433313; +https://leakix.net)"
178.128.207.138 - - [30/May/2026:00:21:51 +0000] "POST /graphql HTTP/1.1" 404 13631 "-" "Mozilla/5.0 (l9scan/2.0.930323e2734313e2930323e2433313; +https://leakix.net)"
178.128.207.138 - - [30/May/2026:00:21:51 +0000] "POST /api HTTP/1.1" 404 13631 "-" "Mozilla/5.0 (l9scan/2.0.930323e2734313e2930323e2433313; +https://leakix.net)"
178.128.207.138 - - [30/May/2026:00:21:52 +0000] "POST /api/graphql HTTP/1.1" 404 13631 "-" "Mozilla/5.0 (l9scan/2.0.930323e2734313e2930323e2433313; +https://leakix.net)"
178.128.207.138 - - [30/May/2026:00:21:53 +0000] "POST /graphql/api HTTP/1.1" 404 13631 "-" "Mozilla/5.0 (l9scan/2.0.930323e2734313e2930323e2433313; +https://leakix.net)"
178.128.207.138 - - [30/May/2026:00:21:54 +0000] "POST /api/gql HTTP/1.1" 404 13631 "-" "Mozilla/5.0 (l9scan/2.0.930323e2734313e2930323e2433313; +https://leakix.net)"
178.128.207.138 - - [30/May/2026:00:21:55 +0000] "GET /s/930323e2734313e2930323e2433313/_/;/META-INF/maven/com.atlassian.jira/jira-webapp-dist/pom.properties HTTP/1.1" 404 13631 "-" "Mozilla/5.0 (l9scan/2.0.930323e2734313e2930323e2433313; +https://leakix.net)"
178.128.207.138 - - [30/May/2026:00:21:56 +0000] "GET /config.json HTTP/1.1" 404 13631 "-" "Mozilla/5.0 (l9scan/2.0.930323e2734313e2930323e2433313; +https://leakix.net)"
178.128.207.138 - - [30/May/2026:00:21:58 +0000] "GET /telescope/requests HTTP/1.1" 404 13631 "-" "Mozilla/5.0 (l9scan/2.0.930323e2734313e2930323e2433313; +https://leakix.net)"
178.128.207.138 - - [30/May/2026:00:21:59 +0000] "GET /info.php HTTP/1.1" 404 146 "-" "Mozilla/5.0 (l9scan/2.0.930323e2734313e2930323e2433313; +https://leakix.net)"
178.128.207.138 - - [30/May/2026:00:22:00 +0000] "GET /.well-known/security.txt HTTP/1.1" 404 13631 "-" "Mozilla/5.0 (l9scan/2.0.930323e2734313e2930323e2433313; +https://leakix.net)"
66.249.73.102 - - [30/May/2026:00:22:00 +0000] "GET /azrbaycan-pinco-kazinosunun-unikal-xususiyytlri/ HTTP/1.1" 200 16293 "-" "Mozilla/5.0 (Linux; Android 6.0.1; Nexus 5X Build/MMB29P) AppleWebKit/537.36 (KHTML, like Gecko) Chrome/148.0.7778.96 Mobile Safari/537.36 (compatible; GoogleOther)"
178.128.207.138 - - [30/May/2026:00:22:01 +0000] "GET /actuator/env HTTP/1.1" 404 13631 "-" "Mozilla/5.0 (l9scan/2.0.930323e2734313e2930323e2433313; +https://leakix.net)"
178.128.207.138 - - [30/May/2026:00:22:02 +0000] "GET /trace.axd HTTP/1.1" 404 13631 "-" "Mozilla/5.0 (l9scan/2.0.930323e2734313e2930323e2433313; +https://leakix.net)"
178.128.207.138 - - [30/May/2026:00:22:03 +0000] "GET /@vite/env HTTP/1.1" 404 13631 "-" "Mozilla/5.0 (l9scan/2.0.930323e2734313e2930323e2433313; +https://leakix.net)"
178.128.207.138 - - [30/May/2026:00:22:05 +0000] "GET /.vscode/sftp.json HTTP/1.1" 404 13631 "-" "Mozilla/5.0 (l9scan/2.0.930323e2734313e2930323e2433313; +https://leakix.net)"
178.128.207.138 - - [30/May/2026:00:22:06 +0000] "OPTIONS / HTTP/1.1" 405 150 "-" "Mozilla/5.0 (l9scan/2.0.930323e2734313e2930323e2433313; +https://leakix.net)"
178.128.207.138 - - [30/May/2026:00:22:07 +0000] "GET /?rest_route=/wp/v2/users/ HTTP/1.1" 200 443 "-" "Mozilla/5.0 (l9scan/2.0.930323e2734313e2930323e2433313; +https://leakix.net)"
178.128.207.138 - - [30/May/2026:00:22:08 +0000] "GET /debug/default/view?panel=config HTTP/1.1" 404 13631 "-" "Mozilla/5.0 (l9scan/2.0.930323e2734313e2930323e2433313; +https://leakix.net)"
134.209.147.209 - - [30/May/2026:00:23:04 +0000] "POST /wp-cron.php?doing_wp_cron=1780100584.1152501106262207031250 HTTP/1.1" 200 31 "-" "WordPress/6.6.1; https://newfaith.focalat.com"
82.223.24.195 - - [30/May/2026:00:23:04 +0000] "GET /wp-login.php HTTP/1.1" 200 2035 "-" "Mozilla/5.0 (X11; Linux x86_64) AppleWebKit/537.36 (KHTML, like Gecko) Chrome/133.0.0.0 Safari/537.36 Edg/133.0.0.0"
134.209.147.209 - - [30/May/2026:00:23:09 +0000] "POST /wp-cron.php?doing_wp_cron=1780100589.3471689224243164062500 HTTP/1.1" 200 31 "-" "WordPress/6.5.3; https://vcstore.stgviitor.com"
87.106.134.37 - - [30/May/2026:00:23:09 +0000] "GET / HTTP/1.1" 200 103533 "-" "Mozilla/5.0"
134.209.147.209 - - [30/May/2026:00:23:10 +0000] "POST /wp-cron.php?doing_wp_cron=1780100590.9670889377593994140625 HTTP/1.1" 200 31 "-" "WordPress/6.6.1; https://newfaith.focalat.com"
82.223.24.195 - - [30/May/2026:00:23:11 +0000] "POST /wp-login.php HTTP/1.1" 200 2168 "https://newfaith.focalat.com/wp-login.php" "Mozilla/5.0 (X11; Linux x86_64) AppleWebKit/537.36 (KHTML, like Gecko) Chrome/133.0.0.0 Safari/537.36 Edg/133.0.0.0"
134.209.147.209 - - [30/May/2026:00:24:31 +0000] "POST /wp-cron.php?doing_wp_cron=1780100671.0359590053558349609375 HTTP/1.1" 200 31 "-" "WordPress/6.9.1; https://e-tdr.com"
209.141.37.7 - - [30/May/2026:00:24:31 +0000] "GET /wp-login.php HTTP/1.1" 200 5984 "-" "Mozilla/5.0 (Macintosh; Intel Mac OS X 10_9_3) AppleWebKit/537.75.14 (KHTML, like Gecko) Version/7.0.3 Safari/537.75.14"
209.141.37.7 - - [30/May/2026:00:24:38 +0000] "POST /wp-login.php HTTP/1.1" 200 6416 "-" "Mozilla/5.0 (Macintosh; Intel Mac OS X 10_9_3) AppleWebKit/537.75.14 (KHTML, like Gecko) Version/7.0.3 Safari/537.75.14"
134.209.147.209 - - [30/May/2026:00:24:43 +0000] "POST /wp-cron.php?doing_wp_cron=1780100683.0061271190643310546875 HTTP/1.1" 200 31 "-" "WordPress/6.9.4; https://laracopilot.stgviitor.com"
141.98.11.117 - - [30/May/2026:00:24:43 +0000] "GET /wp-login.php HTTP/1.1" 200 2008 "-" "Mozilla/5.0 (X11; Linux x86_64; rv:133.0) Gecko/20100101 Firefox/133.0"
134.209.147.209 - - [30/May/2026:00:24:43 +0000] "GET /wp-content/plugins/lifeline-plugin/assets/data/font-awesome-5.json HTTP/1.1" 200 13009 "-" "WordPress/7.0; https://bharti-foundation.stgviitor.com"
134.209.147.209 - - [30/May/2026:00:24:43 +0000] "GET /wp-content/plugins/lifeline-plugin/assets/data/font-awesome-5.json HTTP/1.1" 200 13009 "-" "WordPress/7.0; https://bharti-foundation.stgviitor.com"
134.209.147.209 - - [30/May/2026:00:24:43 +0000] "GET /wp-content/plugins/lifeline-plugin/assets/json/social-profile.json HTTP/1.1" 200 4033 "-" "WordPress/7.0; https://bharti-foundation.stgviitor.com"
134.209.147.209 - - [30/May/2026:00:24:43 +0000] "GET /wp-content/plugins/lifeline-plugin/assets/data/font-awesome-5.json HTTP/1.1" 200 13009 "-" "WordPress/7.0; https://bharti-foundation.stgviitor.com"
141.98.11.117 - - [30/May/2026:00:24:44 +0000] "POST /wp-login.php HTTP/1.1" 200 2145 "https://laracopilot.stgviitor.com/wp-login.php" "Mozilla/5.0 (X11; Linux x86_64; rv:133.0) Gecko/20100101 Firefox/133.0"
134.209.147.209 - - [30/May/2026:00:24:44 +0000] "POST /wp-cron.php?doing_wp_cron=1780100684.4980239868164062500000 HTTP/1.1" 200 31 "-" "WordPress/7.0; https://bharti-foundation.stgviitor.com"
43.133.41.88 - - [30/May/2026:00:24:44 +0000] "GET /?s= HTTP/1.1" 200 27447 "-" "Mozilla/5.0 (iPhone; CPU iPhone OS 13_2_3 like Mac OS X) AppleWebKit/605.1.15 (KHTML, like Gecko) Version/13.0.3 Mobile/15E148 Safari/604.1"
134.209.147.209 - - [30/May/2026:00:24:44 +0000] "GET /wp-content/plugins/lifeline-plugin/assets/data/font-awesome-5.json HTTP/1.1" 200 13009 "-" "WordPress/7.0; https://bharti-foundation.stgviitor.com"
134.209.147.209 - - [30/May/2026:00:24:44 +0000] "GET /wp-content/plugins/lifeline-plugin/assets/data/font-awesome-5.json HTTP/1.1" 200 13009 "-" "WordPress/7.0; https://bharti-foundation.stgviitor.com"
134.209.147.209 - - [30/May/2026:00:24:44 +0000] "GET /wp-content/plugins/lifeline-plugin/assets/json/social-profile.json HTTP/1.1" 200 4033 "-" "WordPress/7.0; https://bharti-foundation.stgviitor.com"
134.209.147.209 - - [30/May/2026:00:24:44 +0000] "GET /wp-content/plugins/lifeline-plugin/assets/data/font-awesome-5.json HTTP/1.1" 200 13009 "-" "WordPress/7.0; https://bharti-foundation.stgviitor.com"
134.209.147.209 - - [30/May/2026:00:24:56 +0000] "POST /wp-cron.php?doing_wp_cron=1780100696.2044160366058349609375 HTTP/1.1" 200 31 "-" "WordPress/6.6.1; https://newfaith.focalat.com"
82.223.24.195 - cmsmasters [30/May/2026:00:24:56 +0000] "GET /wp-json/wp/v2/users/me HTTP/1.1" 401 107 "-" "Mozilla/5.0 (X11; Ubuntu; Linux x86_64; rv:133.0) Gecko/20100101 Firefox/133.0"
91.123.67.32 - - [30/May/2026:00:25:00 +0000] "GET / HTTP/1.1" 200 14795 "-" "Mozilla/5.0 (X11; Linux x86_64) AppleWebKit/537.36 (KHTML, like Gecko) Chrome/119.0.0.0 Safari/537.36"
5.45.84.175 - - [30/May/2026:00:25:02 +0000] "POST /xmlrpc.php HTTP/1.1" 200 555130 "-" "Mozilla/5.0 (Windows NT 10.0; Win64; x64; rv:121.0) Gecko/20100101 Firefox/121.0"
5.45.84.175 - - [30/May/2026:00:25:04 +0000] "POST /xmlrpc.php HTTP/1.1" 200 10274 "-" "Mozilla/5.0 (Windows NT 10.0; Win64; x64; rv:121.0) Gecko/20100101 Firefox/121.0"
5.45.84.175 - - [30/May/2026:00:25:05 +0000] "POST /xmlrpc.php HTTP/1.1" 200 189 "-" "Mozilla/5.0 (Windows NT 10.0; Win64; x64) AppleWebKit/537.36 (KHTML, like Gecko) Chrome/120.0.0.0 Safari/537.36"
5.45.84.175 - - [30/May/2026:00:25:07 +0000] "GET / HTTP/1.1" 200 79509 "-" "Mozilla/5.0 (Windows NT 10.0; Win64; x64) AppleWebKit/537.36"
172.70.188.186 - wadminw_w34ima [30/May/2026:00:25:12 +0000] "GET /wp-json/wp/v2/users/me HTTP/1.1" 401 107 "-" "Mozilla/5.0 (X11; Linux x86_64) AppleWebKit/537.36 (KHTML, like Gecko) Chrome/133.0.0.0 Safari/537.36"
91.123.67.32 - - [30/May/2026:00:25:18 +0000] "GET /?nocache=1780100718083_odicpnafc9s HTTP/1.1" 200 14814 "-" "Mozilla/5.0 (Windows NT 10.0; Win64; x64) AppleWebKit/537.36 (KHTML, like Gecko) Chrome/122.0.0.0 Safari/537.36"
91.123.67.32 - - [30/May/2026:00:25:41 +0000] "GET / HTTP/1.1" 200 14814 "-" "Mozilla/5.0 (Windows NT 10.0; Win64; x64) AppleWebKit/537.36 (KHTML, like Gecko) Chrome/120.0.0.0 Safari/537.36"
5.45.84.175 - - [30/May/2026:00:25:43 +0000] "POST /xmlrpc.php HTTP/1.1" 200 555185 "-" "Mozilla/5.0 (Windows NT 10.0; Win64; x64) AppleWebKit/537.36 (KHTML, like Gecko) Chrome/119.0.0.0 Safari/537.36 Edg/119.0.0.0"
5.45.84.175 - - [30/May/2026:00:25:44 +0000] "POST /xmlrpc.php HTTP/1.1" 200 10336 "-" "Mozilla/5.0 (X11; Linux x86_64) AppleWebKit/537.36 (KHTML, like Gecko) Chrome/120.0.0.0 Safari/537.36"
5.45.84.175 - - [30/May/2026:00:25:45 +0000] "POST /xmlrpc.php HTTP/1.1" 200 189 "-" "Mozilla/5.0 (Macintosh; Intel Mac OS X 10_15_7) AppleWebKit/537.36 (KHTML, like Gecko) Chrome/120.0.0.0 Safari/537.36"
5.45.84.175 - - [30/May/2026:00:25:48 +0000] "GET / HTTP/1.1" 200 79633 "-" "Mozilla/5.0 (Windows NT 10.0; Win64; x64) AppleWebKit/537.36"
91.123.67.32 - - [30/May/2026:00:26:00 +0000] "GET /?nocache=1780100759247_8lotlu6b4bs HTTP/1.1" 200 14852 "-" "Mozilla/5.0 (Windows NT 10.0; Win64; x64) AppleWebKit/537.36 (KHTML, like Gecko) Chrome/122.0.0.0 Safari/537.36"
162.158.108.157 - - [30/May/2026:00:26:19 +0000] "GET /robots.txt HTTP/1.1" 200 80 "-" "Mozilla/5.0 AppleWebKit/537.36 (KHTML, like Gecko; compatible; ClaudeBot/1.0; +claudebot@anthropic.com)"
162.158.162.73 - - [30/May/2026:00:26:19 +0000] "GET /sitemap.xml HTTP/1.1" 404 3717 "-" "Mozilla/5.0 AppleWebKit/537.36 (KHTML, like Gecko; compatible; ClaudeBot/1.0; +claudebot@anthropic.com)"
157.90.156.63 - - [30/May/2026:00:26:54 +0000] "HEAD / HTTP/1.1" 301 0 "https://viitor.cloud" "Mozilla/5.0+(compatible; UptimeRobot/2.0; http://www.uptimerobot.com/)"
91.123.67.32 - - [30/May/2026:00:27:03 +0000] "GET / HTTP/1.1" 200 14852 "-" "Mozilla/5.0 (Windows NT 10.0; Win64; x64; rv:122.0) Gecko/20100101 Firefox/122.0"
5.45.84.175 - - [30/May/2026:00:27:05 +0000] "POST /xmlrpc.php HTTP/1.1" 200 555371 "-" "Mozilla/5.0 (X11; Linux x86_64) AppleWebKit/537.36 (KHTML, like Gecko) Chrome/120.0.0.0 Safari/537.36"
5.45.84.175 - - [30/May/2026:00:27:06 +0000] "POST /xmlrpc.php HTTP/1.1" 200 10498 "-" "Mozilla/5.0 (Macintosh; Intel Mac OS X 10_15_7) AppleWebKit/537.36 (KHTML, like Gecko) Chrome/120.0.0.0 Safari/537.36"
5.45.84.175 - - [30/May/2026:00:27:07 +0000] "POST /xmlrpc.php HTTP/1.1" 200 189 "-" "Mozilla/5.0 (X11; Linux x86_64) AppleWebKit/537.36 (KHTML, like Gecko) Chrome/120.0.0.0 Safari/537.36"
5.45.84.175 - - [30/May/2026:00:27:09 +0000] "GET / HTTP/1.1" 200 79749 "-" "Mozilla/5.0 (Windows NT 10.0; Win64; x64) AppleWebKit/537.36"
91.123.67.32 - - [30/May/2026:00:27:20 +0000] "GET /?nocache=1780100840174_qmewvfj46u HTTP/1.1" 200 14870 "-" "Mozilla/5.0 (Windows NT 10.0; Win64; x64; rv:122.0) Gecko/20100101 Firefox/122.0"
134.209.147.209 - - [30/May/2026:00:27:22 +0000] "POST /wp-cron.php?doing_wp_cron=1780100842.8709189891815185546875 HTTP/1.1" 200 31 "-" "WordPress/6.9.1; https://e-tdr.com"
49.13.171.11 - - [30/May/2026:00:27:22 +0000] "GET /wp-login.php HTTP/1.1" 200 2007 "-" "Mozilla/5.0 (Windows NT 10.0; WOW64) AppleWebKit/537.36 (KHTML, like Gecko) Chrome/133.0.0.0 Safari/537.36"
172.236.228.245 - - [30/May/2026:00:27:24 +0000] "GET / HTTP/1.1" 200 3133 "-" "Mozilla/5.0 (Macintosh; Intel Mac OS X 13_1) AppleWebKit/537.36 (KHTML, like Gecko) Chrome/108.0.0.0 Safari/537.36"
45.188.237.32 - - [30/May/2026:00:27:40 +0000] "GET /blog/sportwedstrijden-inzetten-voor-geld/ HTTP/1.1" 301 5 "-" "Mozilla/5.0 (Macintosh; Intel Mac OS X 10_11_6) AppleWebKit/537.36 (KHTML, like Gecko) Chrome/80.0.3987.132 Safari/537.36"
45.188.237.32 - - [30/May/2026:00:27:41 +0000] "GET /sportwedstrijden-inzetten-voor-geld/ HTTP/1.1" 200 16298 "-" "Mozilla/5.0 (Macintosh; Intel Mac OS X 10_11_6) AppleWebKit/537.36 (KHTML, like Gecko) Chrome/80.0.3987.132 Safari/537.36"
134.209.147.209 - - [30/May/2026:00:28:31 +0000] "GET /wp-content/plugins/lifeline-plugin/assets/data/font-awesome-5.json HTTP/1.1" 200 13009 "-" "WordPress/7.0; https://bharti-foundation.stgviitor.com"
134.209.147.209 - - [30/May/2026:00:28:31 +0000] "GET /wp-content/plugins/lifeline-plugin/assets/data/font-awesome-5.json HTTP/1.1" 200 13009 "-" "WordPress/7.0; https://bharti-foundation.stgviitor.com"
134.209.147.209 - - [30/May/2026:00:28:31 +0000] "GET /wp-content/plugins/lifeline-plugin/assets/json/social-profile.json HTTP/1.1" 200 4033 "-" "WordPress/7.0; https://bharti-foundation.stgviitor.com"
134.209.147.209 - - [30/May/2026:00:28:31 +0000] "GET /wp-content/plugins/lifeline-plugin/assets/data/font-awesome-5.json HTTP/1.1" 200 13009 "-" "WordPress/7.0; https://bharti-foundation.stgviitor.com"
134.209.147.209 - - [30/May/2026:00:28:31 +0000] "POST /wp-cron.php?doing_wp_cron=1780100911.7838580608367919921875 HTTP/1.1" 200 31 "-" "WordPress/7.0; https://bharti-foundation.stgviitor.com"
82.223.24.195 - - [30/May/2026:00:28:31 +0000] "GET /wp-login.php HTTP/1.1" 200 2045 "-" "Mozilla/5.0 (Macintosh; Intel Mac OS X 14_7_4) AppleWebKit/537.36 (KHTML, like Gecko) Chrome/133.0.0.0 Safari/537.36"
134.209.147.209 - - [30/May/2026:00:28:31 +0000] "GET /wp-content/plugins/lifeline-plugin/assets/data/font-awesome-5.json HTTP/1.1" 200 13009 "-" "WordPress/7.0; https://bharti-foundation.stgviitor.com"
134.209.147.209 - - [30/May/2026:00:28:31 +0000] "GET /wp-content/plugins/lifeline-plugin/assets/data/font-awesome-5.json HTTP/1.1" 200 13009 "-" "WordPress/7.0; https://bharti-foundation.stgviitor.com"
134.209.147.209 - - [30/May/2026:00:28:31 +0000] "GET /wp-content/plugins/lifeline-plugin/assets/json/social-profile.json HTTP/1.1" 200 4033 "-" "WordPress/7.0; https://bharti-foundation.stgviitor.com"
134.209.147.209 - - [30/May/2026:00:28:32 +0000] "GET /wp-content/plugins/lifeline-plugin/assets/data/font-awesome-5.json HTTP/1.1" 200 13009 "-" "WordPress/7.0; https://bharti-foundation.stgviitor.com"
134.209.147.209 - - [30/May/2026:00:28:35 +0000] "GET /wp-content/plugins/lifeline-plugin/assets/data/font-awesome-5.json HTTP/1.1" 200 13009 "-" "WordPress/7.0; https://bharti-foundation.stgviitor.com"
134.209.147.209 - - [30/May/2026:00:28:35 +0000] "GET /wp-content/plugins/lifeline-plugin/assets/data/font-awesome-5.json HTTP/1.1" 200 13009 "-" "WordPress/7.0; https://bharti-foundation.stgviitor.com"
134.209.147.209 - - [30/May/2026:00:28:35 +0000] "GET /wp-content/plugins/lifeline-plugin/assets/json/social-profile.json HTTP/1.1" 200 4033 "-" "WordPress/7.0; https://bharti-foundation.stgviitor.com"
134.209.147.209 - - [30/May/2026:00:28:35 +0000] "GET /wp-content/plugins/lifeline-plugin/assets/data/font-awesome-5.json HTTP/1.1" 200 13009 "-" "WordPress/7.0; https://bharti-foundation.stgviitor.com"
82.223.24.195 - - [30/May/2026:00:28:35 +0000] "POST /wp-login.php HTTP/1.1" 200 2206 "https://bharti-foundation.stgviitor.com/wp-login.php" "Mozilla/5.0 (Macintosh; Intel Mac OS X 14_7_4) AppleWebKit/537.36 (KHTML, like Gecko) Chrome/133.0.0.0 Safari/537.36"
134.209.147.209 - - [30/May/2026:00:28:53 +0000] "POST /wp-cron.php?doing_wp_cron=1780100933.3174209594726562500000 HTTP/1.1" 200 31 "-" "WordPress/6.5.3; https://vcstore.stgviitor.com"
213.171.208.62 - Trendygital.com [30/May/2026:00:28:53 +0000] "GET /wp-json/wp/v2/users/me HTTP/1.1" 401 154 "-" "Mozilla/5.0 (X11; Fedora; Linux x86_64) AppleWebKit/537.36 (KHTML, like Gecko) Chrome/133.0.0.0 Safari/537.36"
113.188.27.192 - - [30/May/2026:00:28:59 +0000] "GET /privacy-policy/ HTTP/1.1" 200 15234 "-" "Mozilla/5.0 (Macintosh; Intel Mac OS X 10_14_6) AppleWebKit/537.36 (KHTML, like Gecko) Chrome/98.0.4758.109 Safari/537.36"
134.209.147.209 - - [30/May/2026:00:29:04 +0000] "GET /wp-content/plugins/lifeline-plugin/assets/data/font-awesome-5.json HTTP/1.1" 200 13009 "-" "WordPress/7.0; https://bharti-foundation.stgviitor.com"
134.209.147.209 - - [30/May/2026:00:29:04 +0000] "GET /wp-content/plugins/lifeline-plugin/assets/data/font-awesome-5.json HTTP/1.1" 200 13009 "-" "WordPress/7.0; https://bharti-foundation.stgviitor.com"
134.209.147.209 - - [30/May/2026:00:29:04 +0000] "GET /wp-content/plugins/lifeline-plugin/assets/json/social-profile.json HTTP/1.1" 200 4033 "-" "WordPress/7.0; https://bharti-foundation.stgviitor.com"
134.209.147.209 - - [30/May/2026:00:29:04 +0000] "GET /wp-content/plugins/lifeline-plugin/assets/data/font-awesome-5.json HTTP/1.1" 200 13009 "-" "WordPress/7.0; https://bharti-foundation.stgviitor.com"
49.13.171.11 - feed [30/May/2026:00:29:04 +0000] "GET /wp-json/wp/v2/users/me HTTP/1.1" 499 0 "-" "Mozilla/5.0 (Macintosh; Intel Mac OS X 10_15_7) AppleWebKit/605.1.15 (KHTML, like Gecko) Version/18.3 Safari/605.1.15"
134.209.147.209 - - [30/May/2026:00:29:04 +0000] "POST /wp-cron.php?doing_wp_cron=1780100944.8107700347900390625000 HTTP/1.1" 200 31 "-" "WordPress/7.0; https://bharti-foundation.stgviitor.com"
134.209.147.209 - - [30/May/2026:00:29:04 +0000] "GET /wp-content/plugins/lifeline-plugin/assets/data/font-awesome-5.json HTTP/1.1" 200 13009 "-" "WordPress/7.0; https://bharti-foundation.stgviitor.com"
134.209.147.209 - - [30/May/2026:00:29:04 +0000] "GET /wp-content/plugins/lifeline-plugin/assets/data/font-awesome-5.json HTTP/1.1" 200 13009 "-" "WordPress/7.0; https://bharti-foundation.stgviitor.com"
134.209.147.209 - - [30/May/2026:00:29:05 +0000] "GET /wp-content/plugins/lifeline-plugin/assets/json/social-profile.json HTTP/1.1" 200 4033 "-" "WordPress/7.0; https://bharti-foundation.stgviitor.com"
134.209.147.209 - - [30/May/2026:00:29:05 +0000] "GET /wp-content/plugins/lifeline-plugin/assets/data/font-awesome-5.json HTTP/1.1" 200 13009 "-" "WordPress/7.0; https://bharti-foundation.stgviitor.com"
104.22.66.51 - - [30/May/2026:00:29:07 +0000] "GET /wp-login.php HTTP/1.1" 499 0 "-" "Mozilla/5.0 (Windows NT 10.0; Win64; x64) AppleWebKit/537.36 (KHTML, like Gecko) Chrome/133.0.0.0 Safari/537.36 Edg/133.0.0.0"
172.71.124.45 - Trendygital.com [30/May/2026:00:29:27 +0000] "GET /wp-json/wp/v2/users/me HTTP/1.1" 499 0 "-" "Mozilla/5.0 (Windows NT 10.0; Win64; x64) AppleWebKit/537.36 (KHTML, like Gecko) Chrome/133.0.0.0 Safari/537.36 Edg/133.0.0.0"
134.209.147.209 - - [30/May/2026:00:30:29 +0000] "POST /wp-cron.php?doing_wp_cron=1780101029.5218141078948974609375 HTTP/1.1" 200 31 "-" "WordPress/6.9.1; https://e-tdr.com"
213.171.208.62 - - [30/May/2026:00:30:29 +0000] "GET /wp-login.php HTTP/1.1" 200 2007 "-" "Mozilla/5.0 (Windows NT 10.0; Win64; x64; rv:133.0) Gecko/20100101 Firefox/133.0"
213.171.208.62 - - [30/May/2026:00:30:29 +0000] "POST /wp-login.php HTTP/1.1" 200 2138 "https://e-tdr.com/wp-login.php" "Mozilla/5.0 (Windows NT 10.0; Win64; x64; rv:133.0) Gecko/20100101 Firefox/133.0"
68.183.43.38 - - [30/May/2026:00:30:33 +0000] "GET /wp-login.php HTTP/1.1" 200 2007 "-" "Mozilla/5.0 (Macintosh; Intel Mac OS X 11_7_10) AppleWebKit/537.36 (KHTML, like Gecko) Chrome/133.0.0.0 Safari/537.36"
68.183.43.38 - - [30/May/2026:00:30:33 +0000] "POST /wp-login.php HTTP/1.1" 200 2138 "https://e-tdr.com/wp-login.php" "Mozilla/5.0 (Macintosh; Intel Mac OS X 11_7_10) AppleWebKit/537.36 (KHTML, like Gecko) Chrome/133.0.0.0 Safari/537.36"
134.209.147.209 - - [30/May/2026:00:30:39 +0000] "POST /wp-cron.php?doing_wp_cron=1780101039.0916149616241455078125 HTTP/1.1" 200 31 "-" "WordPress/6.9.4; https://laracopilot.stgviitor.com"
162.214.206.32 - - [30/May/2026:00:30:39 +0000] "GET /wp-login.php HTTP/1.1" 200 2008 "-" "Mozilla/5.0 (Windows NT 10.0; Win64; x64) AppleWebKit/537.36 (KHTML, like Gecko) Chrome/133.0.0.0 Safari/537.36"
162.214.206.32 - - [30/May/2026:00:30:42 +0000] "POST /wp-login.php HTTP/1.1" 200 2144 "https://laracopilot.stgviitor.com/wp-login.php" "Mozilla/5.0 (Windows NT 10.0; Win64; x64) AppleWebKit/537.36 (KHTML, like Gecko) Chrome/133.0.0.0 Safari/537.36"
134.209.147.209 - - [30/May/2026:00:31:21 +0000] "POST /wp-cron.php?doing_wp_cron=1780101081.5483551025390625000000 HTTP/1.1" 200 31 "-" "WordPress/6.5.3; https://vcstore.stgviitor.com"
115.131.3.84 - - [30/May/2026:00:31:21 +0000] "GET /wp-login.php HTTP/1.1" 200 1829 "-" "Mozilla/5.0 (X11; Ubuntu; Linux x86_64; rv:133.0) Gecko/20100101 Firefox/133.0"
89.249.193.62 - - [30/May/2026:00:31:23 +0000] "GET /spelen-zonder-cruks-spelen-bij-internationale-online-casinos/ HTTP/1.1" 200 18783 "-" "undici"
115.131.3.84 - - [30/May/2026:00:31:24 +0000] "POST /wp-login.php HTTP/1.1" 200 1968 "https://vcstore.stgviitor.com/wp-login.php" "Mozilla/5.0 (X11; Ubuntu; Linux x86_64; rv:133.0) Gecko/20100101 Firefox/133.0"
134.209.147.209 - - [30/May/2026:00:31:34 +0000] "GET /wp-content/plugins/lifeline-plugin/assets/data/font-awesome-5.json HTTP/1.1" 200 13009 "-" "WordPress/7.0; https://bharti-foundation.stgviitor.com"
134.209.147.209 - - [30/May/2026:00:31:34 +0000] "GET /wp-content/plugins/lifeline-plugin/assets/data/font-awesome-5.json HTTP/1.1" 200 13009 "-" "WordPress/7.0; https://bharti-foundation.stgviitor.com"
134.209.147.209 - - [30/May/2026:00:31:34 +0000] "GET /wp-content/plugins/lifeline-plugin/assets/json/social-profile.json HTTP/1.1" 200 4033 "-" "WordPress/7.0; https://bharti-foundation.stgviitor.com"
134.209.147.209 - - [30/May/2026:00:31:34 +0000] "GET /wp-content/plugins/lifeline-plugin/assets/data/font-awesome-5.json HTTP/1.1" 200 13009 "-" "WordPress/7.0; https://bharti-foundation.stgviitor.com"
134.209.147.209 - - [30/May/2026:00:31:34 +0000] "POST /wp-cron.php?doing_wp_cron=1780101094.3656659126281738281250 HTTP/1.1" 200 31 "-" "WordPress/7.0; https://bharti-foundation.stgviitor.com"
79.131.103.152 - - [30/May/2026:00:31:34 +0000] "GET /wp-login.php HTTP/1.1" 200 2045 "-" "Mozilla/5.0 (X11; Ubuntu; Linux x86_64; rv:133.0) Gecko/20100101 Firefox/133.0"
134.209.147.209 - - [30/May/2026:00:31:34 +0000] "GET /wp-content/plugins/lifeline-plugin/assets/data/font-awesome-5.json HTTP/1.1" 200 13009 "-" "WordPress/7.0; https://bharti-foundation.stgviitor.com"
134.209.147.209 - - [30/May/2026:00:31:34 +0000] "GET /wp-content/plugins/lifeline-plugin/assets/data/font-awesome-5.json HTTP/1.1" 200 13009 "-" "WordPress/7.0; https://bharti-foundation.stgviitor.com"
134.209.147.209 - - [30/May/2026:00:31:34 +0000] "GET /wp-content/plugins/lifeline-plugin/assets/json/social-profile.json HTTP/1.1" 200 4033 "-" "WordPress/7.0; https://bharti-foundation.stgviitor.com"
134.209.147.209 - - [30/May/2026:00:31:34 +0000] "GET /wp-content/plugins/lifeline-plugin/assets/data/font-awesome-5.json HTTP/1.1" 200 13009 "-" "WordPress/7.0; https://bharti-foundation.stgviitor.com"
134.209.147.209 - - [30/May/2026:00:31:34 +0000] "GET /wp-content/plugins/lifeline-plugin/assets/data/font-awesome-5.json HTTP/1.1" 200 13009 "-" "WordPress/7.0; https://bharti-foundation.stgviitor.com"
134.209.147.209 - - [30/May/2026:00:31:34 +0000] "GET /wp-content/plugins/lifeline-plugin/assets/data/font-awesome-5.json HTTP/1.1" 200 13009 "-" "WordPress/7.0; https://bharti-foundation.stgviitor.com"
134.209.147.209 - - [30/May/2026:00:31:35 +0000] "GET /wp-content/plugins/lifeline-plugin/assets/json/social-profile.json HTTP/1.1" 200 4033 "-" "WordPress/7.0; https://bharti-foundation.stgviitor.com"
134.209.147.209 - - [30/May/2026:00:31:35 +0000] "GET /wp-content/plugins/lifeline-plugin/assets/data/font-awesome-5.json HTTP/1.1" 200 13009 "-" "WordPress/7.0; https://bharti-foundation.stgviitor.com"
79.131.103.152 - - [30/May/2026:00:31:35 +0000] "POST /wp-login.php HTTP/1.1" 200 2182 "https://bharti-foundation.stgviitor.com/wp-login.php" "Mozilla/5.0 (X11; Ubuntu; Linux x86_64; rv:133.0) Gecko/20100101 Firefox/133.0"
134.209.147.209 - - [30/May/2026:00:31:50 +0000] "GET /wp-content/plugins/lifeline-plugin/assets/data/font-awesome-5.json HTTP/1.1" 200 13009 "-" "WordPress/7.0; https://bharti-foundation.stgviitor.com"
134.209.147.209 - - [30/May/2026:00:31:50 +0000] "GET /wp-content/plugins/lifeline-plugin/assets/data/font-awesome-5.json HTTP/1.1" 200 13009 "-" "WordPress/7.0; https://bharti-foundation.stgviitor.com"
134.209.147.209 - - [30/May/2026:00:31:50 +0000] "GET /wp-content/plugins/lifeline-plugin/assets/json/social-profile.json HTTP/1.1" 200 4033 "-" "WordPress/7.0; https://bharti-foundation.stgviitor.com"
134.209.147.209 - - [30/May/2026:00:31:50 +0000] "GET /wp-content/plugins/lifeline-plugin/assets/data/font-awesome-5.json HTTP/1.1" 200 13009 "-" "WordPress/7.0; https://bharti-foundation.stgviitor.com"
92.205.109.21 - - [30/May/2026:00:31:50 +0000] "GET /wp-login.php HTTP/1.1" 200 2045 "-" "Mozilla/5.0 (Windows NT 10.0; Win64; x64) AppleWebKit/537.36 (KHTML, like Gecko) Chrome/133.0.0.0 Safari/537.36"
49.13.130.29 - - [30/May/2026:00:31:58 +0000] "HEAD / HTTP/1.1" 301 0 "https://viitor.cloud" "Mozilla/5.0+(compatible; UptimeRobot/2.0; http://www.uptimerobot.com/)"
160.250.186.220 - - [30/May/2026:00:32:03 +0000] "GET /wp-login.php HTTP/1.1" 200 1857 "-" "Mozilla/5.0 (X11; Ubuntu; Linux x86_64; rv:133.0) Gecko/20100101 Firefox/133.0"
160.250.186.220 - - [30/May/2026:00:32:06 +0000] "POST /wp-login.php HTTP/1.1" 200 1991 "https://stg.everycred.com/wp-login.php" "Mozilla/5.0 (X11; Ubuntu; Linux x86_64; rv:133.0) Gecko/20100101 Firefox/133.0"
64.31.25.250 - - [30/May/2026:00:32:07 +0000] "GET /wp-login.php HTTP/1.1" 200 1772 "-" "Mozilla/5.0 (Macintosh; Intel Mac OS X 10_15_7) AppleWebKit/537.36 (KHTML, like Gecko) Chrome/133.0.0.0 Safari/537.36 Edg/133.0.0.0"
64.31.25.250 - - [30/May/2026:00:32:10 +0000] "POST /wp-login.php HTTP/1.1" 200 1907 "https://vcstore.viitorcloud.co/wp-login.php" "Mozilla/5.0 (Macintosh; Intel Mac OS X 10_15_7) AppleWebKit/537.36 (KHTML, like Gecko) Chrome/133.0.0.0 Safari/537.36 Edg/133.0.0.0"
54.162.69.192 - - [30/May/2026:00:32:37 +0000] "GET /wp-json/oembed/1.0/embed?format=xml&url=https://stg.everycred.com/digital-identity-verification-law-enforcement/ HTTP/1.1" 200 1302 "-" "Mozilla/5.0 AppleWebKit/537.36 (KHTML, like Gecko; compatible; Amazonbot/0.1; +https://developer.amazon.com/support/amazonbot) Chrome/119.0.6045.214 Safari/537.36"
134.209.147.209 - - [30/May/2026:00:33:00 +0000] "GET /wp-content/plugins/lifeline-plugin/assets/data/font-awesome-5.json HTTP/1.1" 200 13009 "-" "WordPress/7.0; https://bharti-foundation.stgviitor.com"
134.209.147.209 - - [30/May/2026:00:33:00 +0000] "GET /wp-content/plugins/lifeline-plugin/assets/data/font-awesome-5.json HTTP/1.1" 200 13009 "-" "WordPress/7.0; https://bharti-foundation.stgviitor.com"
134.209.147.209 - - [30/May/2026:00:33:00 +0000] "GET /wp-content/plugins/lifeline-plugin/assets/json/social-profile.json HTTP/1.1" 200 4033 "-" "WordPress/7.0; https://bharti-foundation.stgviitor.com"
134.209.147.209 - - [30/May/2026:00:33:00 +0000] "GET /wp-content/plugins/lifeline-plugin/assets/data/font-awesome-5.json HTTP/1.1" 200 13009 "-" "WordPress/7.0; https://bharti-foundation.stgviitor.com"
134.209.147.209 - - [30/May/2026:00:33:01 +0000] "POST /wp-cron.php?doing_wp_cron=1780101181.0117480754852294921875 HTTP/1.1" 200 31 "-" "WordPress/7.0; https://bharti-foundation.stgviitor.com"
213.171.208.62 - - [30/May/2026:00:33:01 +0000] "GET /wp-login.php HTTP/1.1" 200 2045 "-" "Mozilla/5.0 (X11; Linux i686) AppleWebKit/537.36 (KHTML, like Gecko) Chrome/133.0.0.0 Safari/537.36"
134.209.147.209 - - [30/May/2026:00:33:01 +0000] "GET /wp-content/plugins/lifeline-plugin/assets/data/font-awesome-5.json HTTP/1.1" 200 13009 "-" "WordPress/7.0; https://bharti-foundation.stgviitor.com"
134.209.147.209 - - [30/May/2026:00:33:01 +0000] "GET /wp-content/plugins/lifeline-plugin/assets/data/font-awesome-5.json HTTP/1.1" 200 13009 "-" "WordPress/7.0; https://bharti-foundation.stgviitor.com"
134.209.147.209 - - [30/May/2026:00:33:01 +0000] "GET /wp-content/plugins/lifeline-plugin/assets/json/social-profile.json HTTP/1.1" 200 4033 "-" "WordPress/7.0; https://bharti-foundation.stgviitor.com"
134.209.147.209 - - [30/May/2026:00:33:01 +0000] "GET /wp-content/plugins/lifeline-plugin/assets/data/font-awesome-5.json HTTP/1.1" 200 13009 "-" "WordPress/7.0; https://bharti-foundation.stgviitor.com"
134.209.147.209 - - [30/May/2026:00:33:01 +0000] "GET /wp-content/plugins/lifeline-plugin/assets/data/font-awesome-5.json HTTP/1.1" 200 13009 "-" "WordPress/7.0; https://bharti-foundation.stgviitor.com"
134.209.147.209 - - [30/May/2026:00:33:01 +0000] "GET /wp-content/plugins/lifeline-plugin/assets/data/font-awesome-5.json HTTP/1.1" 200 13009 "-" "WordPress/7.0; https://bharti-foundation.stgviitor.com"
134.209.147.209 - - [30/May/2026:00:33:01 +0000] "GET /wp-content/plugins/lifeline-plugin/assets/json/social-profile.json HTTP/1.1" 200 4033 "-" "WordPress/7.0; https://bharti-foundation.stgviitor.com"
134.209.147.209 - - [30/May/2026:00:33:01 +0000] "GET /wp-content/plugins/lifeline-plugin/assets/data/font-awesome-5.json HTTP/1.1" 200 13009 "-" "WordPress/7.0; https://bharti-foundation.stgviitor.com"
213.171.208.62 - - [30/May/2026:00:33:02 +0000] "POST /wp-login.php HTTP/1.1" 200 2208 "https://bharti-foundation.stgviitor.com/wp-login.php" "Mozilla/5.0 (X11; Linux i686) AppleWebKit/537.36 (KHTML, like Gecko) Chrome/133.0.0.0 Safari/537.36"
134.209.147.209 - - [30/May/2026:00:33:06 +0000] "POST /wp-cron.php?doing_wp_cron=1780101186.6218330860137939453125 HTTP/1.1" 200 31 "-" "WordPress/6.6.1; https://newfaith.focalat.com"
50.6.169.131 - - [30/May/2026:00:33:06 +0000] "GET /wp-login.php HTTP/1.1" 200 2035 "-" "Mozilla/5.0 (Windows NT 10.0; WOW64) AppleWebKit/537.36 (KHTML, like Gecko) Chrome/133.0.0.0 Safari/537.36"
78.142.18.172 - - [30/May/2026:00:33:07 +0000] "GET /wp-login.php HTTP/1.1" 200 2035 "-" "Mozilla/5.0 (Windows NT 10.0) AppleWebKit/537.36 (KHTML, like Gecko) Chrome/133.0.0.0 Safari/537.36"
134.209.147.209 - - [30/May/2026:00:33:11 +0000] "POST /wp-cron.php?doing_wp_cron=1780101191.6621329784393310546875 HTTP/1.1" 200 31 "-" "WordPress/6.6.1; https://newfaith.focalat.com"
78.142.18.172 - - [30/May/2026:00:33:11 +0000] "POST /wp-login.php HTTP/1.1" 200 2195 "https://newfaith.focalat.com/wp-login.php" "Mozilla/5.0 (Windows NT 10.0) AppleWebKit/537.36 (KHTML, like Gecko) Chrome/133.0.0.0 Safari/537.36"
50.6.169.131 - - [30/May/2026:00:33:12 +0000] "POST /wp-login.php HTTP/1.1" 200 2195 "https://newfaith.focalat.com/wp-login.php" "Mozilla/5.0 (Windows NT 10.0; WOW64) AppleWebKit/537.36 (KHTML, like Gecko) Chrome/133.0.0.0 Safari/537.36"
45.79.207.129 - - [30/May/2026:00:33:45 +0000] "GET / HTTP/1.1" 200 3133 "-" "Mozilla/5.0 zgrab/0.x"
45.79.5.11 - - [30/May/2026:00:33:47 +0000] "GET / HTTP/1.1" 400 248 "-" "Mozilla/5.0 zgrab/0.x"
134.209.147.209 - - [30/May/2026:00:34:37 +0000] "POST /wp-cron.php?doing_wp_cron=1780101277.4064579010009765625000 HTTP/1.1" 200 31 "-" "WordPress/6.9.4; https://laracopilot.stgviitor.com"
123.30.233.12 - - [30/May/2026:00:34:37 +0000] "GET /wp-login.php HTTP/1.1" 200 2008 "-" "Mozilla/5.0 (X11; Linux x86_64) AppleWebKit/537.36 (KHTML, like Gecko) Chrome/133.0.0.0 Safari/537.36"
123.30.233.12 - - [30/May/2026:00:34:38 +0000] "POST /wp-login.php HTTP/1.1" 200 2144 "https://laracopilot.stgviitor.com/wp-login.php" "Mozilla/5.0 (X11; Linux x86_64) AppleWebKit/537.36 (KHTML, like Gecko) Chrome/133.0.0.0 Safari/537.36"
43.135.138.128 - - [30/May/2026:00:35:40 +0000] "GET / HTTP/1.1" 400 248 "-" "Mozilla/5.0 (iPhone; CPU iPhone OS 13_2_3 like Mac OS X) AppleWebKit/605.1.15 (KHTML, like Gecko) Version/13.0.3 Mobile/15E148 Safari/604.1"
134.209.147.209 - - [30/May/2026:00:35:48 +0000] "GET /wp-content/plugins/lifeline-plugin/assets/data/font-awesome-5.json HTTP/1.1" 200 13009 "-" "WordPress/7.0; https://bharti-foundation.stgviitor.com"
134.209.147.209 - - [30/May/2026:00:35:48 +0000] "GET /wp-content/plugins/lifeline-plugin/assets/data/font-awesome-5.json HTTP/1.1" 200 13009 "-" "WordPress/7.0; https://bharti-foundation.stgviitor.com"
134.209.147.209 - - [30/May/2026:00:35:48 +0000] "GET /wp-content/plugins/lifeline-plugin/assets/json/social-profile.json HTTP/1.1" 200 4033 "-" "WordPress/7.0; https://bharti-foundation.stgviitor.com"
134.209.147.209 - - [30/May/2026:00:35:49 +0000] "GET /wp-content/plugins/lifeline-plugin/assets/data/font-awesome-5.json HTTP/1.1" 200 13009 "-" "WordPress/7.0; https://bharti-foundation.stgviitor.com"
134.209.147.209 - - [30/May/2026:00:35:49 +0000] "POST /wp-cron.php?doing_wp_cron=1780101349.2052259445190429687500 HTTP/1.1" 200 31 "-" "WordPress/7.0; https://bharti-foundation.stgviitor.com"
172.236.228.111 - - [30/May/2026:00:35:49 +0000] "GET / HTTP/1.1" 301 11 "-" "Mozilla/5.0 (Macintosh; Intel Mac OS X 13_1) AppleWebKit/537.36 (KHTML, like Gecko) Chrome/108.0.0.0 Safari/537.36"
134.209.147.209 - - [30/May/2026:00:35:49 +0000] "GET /wp-content/plugins/lifeline-plugin/assets/data/font-awesome-5.json HTTP/1.1" 200 13009 "-" "WordPress/7.0; https://bharti-foundation.stgviitor.com"
134.209.147.209 - - [30/May/2026:00:35:49 +0000] "GET /wp-content/plugins/lifeline-plugin/assets/data/font-awesome-5.json HTTP/1.1" 200 13009 "-" "WordPress/7.0; https://bharti-foundation.stgviitor.com"
134.209.147.209 - - [30/May/2026:00:35:49 +0000] "GET /wp-content/plugins/lifeline-plugin/assets/json/social-profile.json HTTP/1.1" 200 4033 "-" "WordPress/7.0; https://bharti-foundation.stgviitor.com"
134.209.147.209 - - [30/May/2026:00:35:49 +0000] "GET /wp-content/plugins/lifeline-plugin/assets/data/font-awesome-5.json HTTP/1.1" 200 13009 "-" "WordPress/7.0; https://bharti-foundation.stgviitor.com"
134.209.147.209 - - [30/May/2026:00:35:50 +0000] "GET /wp-content/plugins/lifeline-plugin/assets/data/font-awesome-5.json HTTP/1.1" 200 13009 "-" "WordPress/7.0; https://bharti-foundation.stgviitor.com"
134.209.147.209 - - [30/May/2026:00:35:50 +0000] "GET /wp-content/plugins/lifeline-plugin/assets/data/font-awesome-5.json HTTP/1.1" 200 13009 "-" "WordPress/7.0; https://bharti-foundation.stgviitor.com"
134.209.147.209 - - [30/May/2026:00:35:51 +0000] "GET /wp-content/plugins/lifeline-plugin/assets/json/social-profile.json HTTP/1.1" 200 4033 "-" "WordPress/7.0; https://bharti-foundation.stgviitor.com"
134.209.147.209 - - [30/May/2026:00:35:51 +0000] "GET /wp-content/plugins/lifeline-plugin/assets/data/font-awesome-5.json HTTP/1.1" 200 13009 "-" "WordPress/7.0; https://bharti-foundation.stgviitor.com"
172.236.228.111 - - [30/May/2026:00:35:51 +0000] "GET / HTTP/1.1" 200 31475 "https://134.209.147.209/" "Mozilla/5.0 (Macintosh; Intel Mac OS X 13_1) AppleWebKit/537.36 (KHTML, like Gecko) Chrome/108.0.0.0 Safari/537.36"
45.148.10.5 - - [30/May/2026:00:35:52 +0000] "GET / HTTP/1.1" 301 162 "-" "Mozilla/5.0 (Windows NT 10.0; Win64; x64) AppleWebKit/537.36"
172.236.228.86 - - [30/May/2026:00:36:16 +0000] "GET / HTTP/1.1" 200 3133 "-" "Mozilla/5.0 (Macintosh; Intel Mac OS X 13_1) AppleWebKit/537.36 (KHTML, like Gecko) Chrome/108.0.0.0 Safari/537.36"
91.123.67.32 - - [30/May/2026:00:36:16 +0000] "GET / HTTP/1.1" 200 14870 "-" "Mozilla/5.0 (Windows NT 10.0; Win64; x64; rv:122.0) Gecko/20100101 Firefox/122.0"
5.45.84.175 - - [30/May/2026:00:36:19 +0000] "POST /xmlrpc.php HTTP/1.1" 200 555532 "-" "Mozilla/5.0 (Windows NT 10.0; Win64; x64) AppleWebKit/537.36 (KHTML, like Gecko) Chrome/120.0.0.0 Safari/537.36"
5.45.84.175 - - [30/May/2026:00:36:20 +0000] "POST /xmlrpc.php HTTP/1.1" 200 10652 "-" "Mozilla/5.0 (Macintosh; Intel Mac OS X 10_15_7) AppleWebKit/537.36 (KHTML, like Gecko) Chrome/120.0.0.0 Safari/537.36"
5.45.84.175 - - [30/May/2026:00:36:21 +0000] "POST /xmlrpc.php HTTP/1.1" 200 189 "-" "Mozilla/5.0 (X11; Linux x86_64) AppleWebKit/537.36 (KHTML, like Gecko) Chrome/120.0.0.0 Safari/537.36"
5.45.84.175 - - [30/May/2026:00:36:24 +0000] "GET / HTTP/1.1" 200 79860 "-" "Mozilla/5.0 (Windows NT 10.0; Win64; x64) AppleWebKit/537.36"
91.123.67.32 - - [30/May/2026:00:36:35 +0000] "GET /?nocache=1780101395148_kpm2fveuexq HTTP/1.1" 200 14891 "-" "Mozilla/5.0 (Windows NT 10.0; Win64; x64) AppleWebKit/537.36 (KHTML, like Gecko) Chrome/120.0.0.0 Safari/537.36"
134.209.147.209 - - [30/May/2026:00:36:42 +0000] "POST /wp-cron.php?doing_wp_cron=1780101402.9169120788574218750000 HTTP/1.1" 200 31 "-" "WordPress/6.9.1; https://e-tdr.com"
82.223.24.195 - - [30/May/2026:00:36:42 +0000] "GET /wp-login.php HTTP/1.1" 200 2007 "-" "Mozilla/5.0 (Windows NT 10.0; WOW64) AppleWebKit/537.36 (KHTML, like Gecko) Chrome/133.0.0.0 Safari/537.36"
82.223.24.195 - - [30/May/2026:00:36:45 +0000] "POST /wp-login.php HTTP/1.1" 200 2138 "https://e-tdr.com/wp-login.php" "Mozilla/5.0 (Windows NT 10.0; WOW64) AppleWebKit/537.36 (KHTML, like Gecko) Chrome/133.0.0.0 Safari/537.36"
134.209.147.209 - - [30/May/2026:00:36:57 +0000] "POST /wp-cron.php?doing_wp_cron=1780101417.6068890094757080078125 HTTP/1.1" 200 31 "-" "WordPress/6.5.3; https://vcstore.viitorcloud.co"
157.230.248.184 - - [30/May/2026:00:36:57 +0000] "GET /wp-login.php HTTP/1.1" 200 1772 "-" "Mozilla/5.0 (Macintosh; Intel Mac OS X 13_6_2) AppleWebKit/537.36 (KHTML, like Gecko) Chrome/118.0.5993.88 Safari/537.36"
157.230.248.184 - - [30/May/2026:00:36:58 +0000] "GET /wp-login.php HTTP/1.1" 200 1772 "-" "Mozilla/5.0 (Windows NT 10.0; Win64; x64) AppleWebKit/537.36 (KHTML, like Gecko) Chrome/122.0.6261.57 Safari/537.36"
205.185.124.118 - - [30/May/2026:00:36:58 +0000] "GET /wp-login.php HTTP/1.1" 200 5984 "-" "Mozilla/5.0 (Macintosh; Intel Mac OS X 10_9_4) AppleWebKit/537.36 (KHTML, like Gecko) Chrome/36.0.1985.143 Safari/537.36"
157.230.248.184 - - [30/May/2026:00:36:59 +0000] "POST /wp-login.php HTTP/1.1" 200 1897 "https://vcstore.viitorcloud.co/wp-login.php" "Mozilla/5.0 (X11; Ubuntu; Linux x86_64) AppleWebKit/537.36 (KHTML, like Gecko) Chrome/121.0.6167.85 Safari/537.36"
157.230.248.184 - - [30/May/2026:00:37:00 +0000] "GET /wp-admin/index.php HTTP/1.1" 302 5 "https://vcstore.viitorcloud.co/wp-login.php" "Mozilla/5.0 (X11; Ubuntu; Linux x86_64) AppleWebKit/537.36 (KHTML, like Gecko) Chrome/121.0.6167.85 Safari/537.36"
157.230.248.184 - - [30/May/2026:00:37:01 +0000] "GET /wp-login.php?redirect_to=https%3A%2F%2Fvcstore.viitorcloud.co%2Fwp-admin%2Findex.php&reauth=1 HTTP/1.1" 200 1774 "https://vcstore.viitorcloud.co/wp-login.php" "Mozilla/5.0 (X11; Ubuntu; Linux x86_64) AppleWebKit/537.36 (KHTML, like Gecko) Chrome/121.0.6167.85 Safari/537.36"
157.230.248.184 - - [30/May/2026:00:37:03 +0000] "POST /wp-login.php HTTP/1.1" 200 1936 "https://vcstore.viitorcloud.co/wp-login.php" "Mozilla/5.0 (Macintosh; Intel Mac OS X 13_6_2) AppleWebKit/537.36 (KHTML, like Gecko) Chrome/119.0.6045.159 Safari/537.36"
157.230.248.184 - - [30/May/2026:00:37:04 +0000] "GET /wp-admin/index.php HTTP/1.1" 302 5 "https://vcstore.viitorcloud.co/wp-login.php" "Mozilla/5.0 (Macintosh; Intel Mac OS X 13_6_2) AppleWebKit/537.36 (KHTML, like Gecko) Chrome/119.0.6045.159 Safari/537.36"
52.59.43.236 - - [30/May/2026:00:37:04 +0000] "HEAD / HTTP/1.1" 301 0 "https://viitor.cloud" "Mozilla/5.0+(compatible; UptimeRobot/2.0; http://www.uptimerobot.com/)"
157.230.248.184 - - [30/May/2026:00:37:04 +0000] "GET /wp-login.php?redirect_to=https%3A%2F%2Fvcstore.viitorcloud.co%2Fwp-admin%2Findex.php&reauth=1 HTTP/1.1" 200 1774 "https://vcstore.viitorcloud.co/wp-login.php" "Mozilla/5.0 (Macintosh; Intel Mac OS X 13_6_2) AppleWebKit/537.36 (KHTML, like Gecko) Chrome/119.0.6045.159 Safari/537.36"
157.230.248.184 - - [30/May/2026:00:37:06 +0000] "POST /wp-login.php HTTP/1.1" 200 1927 "https://vcstore.viitorcloud.co/wp-login.php" "Mozilla/5.0 (Windows NT 10.0; Win64; x64) Gecko/20100101 Firefox/121.0"
157.230.248.184 - - [30/May/2026:00:37:06 +0000] "GET /wp-admin/index.php HTTP/1.1" 302 5 "https://vcstore.viitorcloud.co/wp-login.php" "Mozilla/5.0 (Windows NT 10.0; Win64; x64) Gecko/20100101 Firefox/121.0"
157.230.248.184 - - [30/May/2026:00:37:07 +0000] "GET /wp-login.php?redirect_to=https%3A%2F%2Fvcstore.viitorcloud.co%2Fwp-admin%2Findex.php&reauth=1 HTTP/1.1" 200 1774 "https://vcstore.viitorcloud.co/wp-login.php" "Mozilla/5.0 (Windows NT 10.0; Win64; x64) Gecko/20100101 Firefox/121.0"
157.230.248.184 - - [30/May/2026:00:37:09 +0000] "POST /wp-login.php HTTP/1.1" 200 1932 "https://vcstore.viitorcloud.co/wp-login.php" "Mozilla/5.0 (Macintosh; Intel Mac OS X 13_6_2) AppleWebKit/537.36 (KHTML, like Gecko) Chrome/121.0.6167.85 Safari/537.36"
157.230.248.184 - - [30/May/2026:00:37:09 +0000] "GET /wp-admin/index.php HTTP/1.1" 302 5 "https://vcstore.viitorcloud.co/wp-login.php" "Mozilla/5.0 (Macintosh; Intel Mac OS X 13_6_2) AppleWebKit/537.36 (KHTML, like Gecko) Chrome/121.0.6167.85 Safari/537.36"
157.230.248.184 - - [30/May/2026:00:37:10 +0000] "GET /wp-login.php?redirect_to=https%3A%2F%2Fvcstore.viitorcloud.co%2Fwp-admin%2Findex.php&reauth=1 HTTP/1.1" 200 1774 "https://vcstore.viitorcloud.co/wp-login.php" "Mozilla/5.0 (Macintosh; Intel Mac OS X 13_6_2) AppleWebKit/537.36 (KHTML, like Gecko) Chrome/121.0.6167.85 Safari/537.36"
157.230.248.184 - - [30/May/2026:00:37:12 +0000] "POST /wp-login.php HTTP/1.1" 200 1927 "https://vcstore.viitorcloud.co/wp-login.php" "Mozilla/5.0 (X11; Linux x86_64) Gecko/20100101 Firefox/120.0.1"
157.230.248.184 - - [30/May/2026:00:37:13 +0000] "GET /wp-admin/index.php HTTP/1.1" 302 5 "https://vcstore.viitorcloud.co/wp-login.php" "Mozilla/5.0 (X11; Linux x86_64) Gecko/20100101 Firefox/120.0.1"
157.230.248.184 - - [30/May/2026:00:37:13 +0000] "GET /wp-login.php?redirect_to=https%3A%2F%2Fvcstore.viitorcloud.co%2Fwp-admin%2Findex.php&reauth=1 HTTP/1.1" 200 1774 "https://vcstore.viitorcloud.co/wp-login.php" "Mozilla/5.0 (X11; Linux x86_64) Gecko/20100101 Firefox/120.0.1"
43.134.129.51 - - [30/May/2026:00:37:14 +0000] "CONNECT www.google-analytics.com:80 HTTP/1.1" 400 150 "-" "-"
157.230.248.184 - - [30/May/2026:00:37:15 +0000] "POST /wp-login.php HTTP/1.1" 200 1934 "https://vcstore.viitorcloud.co/wp-login.php" "Mozilla/5.0 (Macintosh; Intel Mac OS X 10.15) Gecko/20100101 Firefox/120.0.1"
157.230.248.184 - - [30/May/2026:00:37:16 +0000] "GET /wp-admin/index.php HTTP/1.1" 302 5 "https://vcstore.viitorcloud.co/wp-login.php" "Mozilla/5.0 (Macintosh; Intel Mac OS X 10.15) Gecko/20100101 Firefox/120.0.1"
157.230.248.184 - - [30/May/2026:00:37:17 +0000] "GET /wp-login.php?redirect_to=https%3A%2F%2Fvcstore.viitorcloud.co%2Fwp-admin%2Findex.php&reauth=1 HTTP/1.1" 200 1774 "https://vcstore.viitorcloud.co/wp-login.php" "Mozilla/5.0 (Macintosh; Intel Mac OS X 10.15) Gecko/20100101 Firefox/120.0.1"
157.230.248.184 - - [30/May/2026:00:37:18 +0000] "POST /wp-login.php HTTP/1.1" 200 1928 "https://vcstore.viitorcloud.co/wp-login.php" "Mozilla/5.0 (Windows NT 10.0; Win64; x64) Gecko/20100101 Firefox/121.0"
157.230.248.184 - - [30/May/2026:00:37:19 +0000] "GET /wp-admin/index.php HTTP/1.1" 302 5 "https://vcstore.viitorcloud.co/wp-login.php" "Mozilla/5.0 (Windows NT 10.0; Win64; x64) Gecko/20100101 Firefox/121.0"
157.230.248.184 - - [30/May/2026:00:37:20 +0000] "GET /wp-login.php?redirect_to=https%3A%2F%2Fvcstore.viitorcloud.co%2Fwp-admin%2Findex.php&reauth=1 HTTP/1.1" 200 1774 "https://vcstore.viitorcloud.co/wp-login.php" "Mozilla/5.0 (Windows NT 10.0; Win64; x64) Gecko/20100101 Firefox/121.0"
157.230.248.184 - - [30/May/2026:00:37:21 +0000] "POST /wp-login.php HTTP/1.1" 200 1929 "https://vcstore.viitorcloud.co/wp-login.php" "Mozilla/5.0 (Windows NT 10.0; Win64; x64) AppleWebKit/537.36 (KHTML, like Gecko) Chrome/120.0.6099.130 Safari/537.36"
157.230.248.184 - - [30/May/2026:00:37:21 +0000] "GET /wp-admin/index.php HTTP/1.1" 302 5 "https://vcstore.viitorcloud.co/wp-login.php" "Mozilla/5.0 (Windows NT 10.0; Win64; x64) AppleWebKit/537.36 (KHTML, like Gecko) Chrome/120.0.6099.130 Safari/537.36"
157.230.248.184 - - [30/May/2026:00:37:22 +0000] "GET /wp-login.php?redirect_to=https%3A%2F%2Fvcstore.viitorcloud.co%2Fwp-admin%2Findex.php&reauth=1 HTTP/1.1" 200 1774 "https://vcstore.viitorcloud.co/wp-login.php" "Mozilla/5.0 (Windows NT 10.0; Win64; x64) AppleWebKit/537.36 (KHTML, like Gecko) Chrome/120.0.6099.130 Safari/537.36"
157.230.248.184 - - [30/May/2026:00:37:23 +0000] "POST /wp-login.php HTTP/1.1" 200 1927 "https://vcstore.viitorcloud.co/wp-login.php" "Mozilla/5.0 (X11; Linux x86_64) AppleWebKit/537.36 (KHTML, like Gecko) Chrome/119.0.6045.159 Safari/537.36"
