178.128.98.102 - - [30/May/2026:01:14:43 +0000] "GET /private_secrets.yml HTTP/1.1" 404 178 "-" "Mozlila/5.0 (Linux; Android 7.0; SM-G892A Bulid/NRD90M; wv) AppleWebKit/537.36 (KHTML, like Gecko) Version/4.0 Chrome/60.0.3112.107 Moblie Safari/537.36"
178.128.98.102 - - [30/May/2026:01:14:43 +0000] "GET /module_secrets.yml HTTP/1.1" 404 178 "-" "Mozlila/5.0 (Linux; Android 7.0; SM-G892A Bulid/NRD90M; wv) AppleWebKit/537.36 (KHTML, like Gecko) Version/4.0 Chrome/60.0.3112.107 Moblie Safari/537.36"
178.128.98.102 - - [30/May/2026:01:14:43 +0000] "GET /keys.json HTTP/1.1" 404 178 "-" "Mozlila/5.0 (Linux; Android 7.0; SM-G892A Bulid/NRD90M; wv) AppleWebKit/537.36 (KHTML, like Gecko) Version/4.0 Chrome/60.0.3112.107 Moblie Safari/537.36"
178.128.98.102 - - [30/May/2026:01:14:43 +0000] "GET /private.key HTTP/1.1" 404 178 "-" "Mozlila/5.0 (Linux; Android 7.0; SM-G892A Bulid/NRD90M; wv) AppleWebKit/537.36 (KHTML, like Gecko) Version/4.0 Chrome/60.0.3112.107 Moblie Safari/537.36"
178.128.98.102 - - [30/May/2026:01:14:44 +0000] "GET /passwords.json HTTP/1.1" 404 178 "-" "Mozlila/5.0 (Linux; Android 7.0; SM-G892A Bulid/NRD90M; wv) AppleWebKit/537.36 (KHTML, like Gecko) Version/4.0 Chrome/60.0.3112.107 Moblie Safari/537.36"
178.128.98.102 - - [30/May/2026:01:14:44 +0000] "GET /s3_config.yml HTTP/1.1" 404 178 "-" "Mozlila/5.0 (Linux; Android 7.0; SM-G892A Bulid/NRD90M; wv) AppleWebKit/537.36 (KHTML, like Gecko) Version/4.0 Chrome/60.0.3112.107 Moblie Safari/537.36"
178.128.98.102 - - [30/May/2026:01:14:44 +0000] "GET /s3_config.json HTTP/1.1" 404 178 "-" "Mozlila/5.0 (Linux; Android 7.0; SM-G892A Bulid/NRD90M; wv) AppleWebKit/537.36 (KHTML, like Gecko) Version/4.0 Chrome/60.0.3112.107 Moblie Safari/537.36"
178.128.98.102 - - [30/May/2026:01:14:44 +0000] "GET /public.key HTTP/1.1" 404 178 "-" "Mozlila/5.0 (Linux; Android 7.0; SM-G892A Bulid/NRD90M; wv) AppleWebKit/537.36 (KHTML, like Gecko) Version/4.0 Chrome/60.0.3112.107 Moblie Safari/537.36"
178.128.98.102 - - [30/May/2026:01:14:44 +0000] "GET /s3config.json HTTP/1.1" 404 178 "-" "Mozlila/5.0 (Linux; Android 7.0; SM-G892A Bulid/NRD90M; wv) AppleWebKit/537.36 (KHTML, like Gecko) Version/4.0 Chrome/60.0.3112.107 Moblie Safari/537.36"
178.128.98.102 - - [30/May/2026:01:14:45 +0000] "GET /s3config.js HTTP/1.1" 404 178 "-" "Mozlila/5.0 (Linux; Android 7.0; SM-G892A Bulid/NRD90M; wv) AppleWebKit/537.36 (KHTML, like Gecko) Version/4.0 Chrome/60.0.3112.107 Moblie Safari/537.36"
178.128.98.102 - - [30/May/2026:01:14:45 +0000] "GET /secrets.json HTTP/1.1" 404 178 "-" "Mozlila/5.0 (Linux; Android 7.0; SM-G892A Bulid/NRD90M; wv) AppleWebKit/537.36 (KHTML, like Gecko) Version/4.0 Chrome/60.0.3112.107 Moblie Safari/537.36"
178.128.98.102 - - [30/May/2026:01:14:45 +0000] "GET /s3.js HTTP/1.1" 404 178 "-" "Mozlila/5.0 (Linux; Android 7.0; SM-G892A Bulid/NRD90M; wv) AppleWebKit/537.36 (KHTML, like Gecko) Version/4.0 Chrome/60.0.3112.107 Moblie Safari/537.36"
178.128.98.102 - - [30/May/2026:01:14:45 +0000] "GET /production_secrets.yml HTTP/1.1" 404 178 "-" "Mozlila/5.0 (Linux; Android 7.0; SM-G892A Bulid/NRD90M; wv) AppleWebKit/537.36 (KHTML, like Gecko) Version/4.0 Chrome/60.0.3112.107 Moblie Safari/537.36"
178.128.98.102 - - [30/May/2026:01:14:45 +0000] "GET /secret.js HTTP/1.1" 404 178 "-" "Mozlila/5.0 (Linux; Android 7.0; SM-G892A Bulid/NRD90M; wv) AppleWebKit/537.36 (KHTML, like Gecko) Version/4.0 Chrome/60.0.3112.107 Moblie Safari/537.36"
178.128.98.102 - - [30/May/2026:01:14:45 +0000] "GET /secrets.js HTTP/1.1" 404 178 "-" "Mozlila/5.0 (Linux; Android 7.0; SM-G892A Bulid/NRD90M; wv) AppleWebKit/537.36 (KHTML, like Gecko) Version/4.0 Chrome/60.0.3112.107 Moblie Safari/537.36"
178.128.98.102 - - [30/May/2026:01:14:45 +0000] "GET /secrets.yml HTTP/1.1" 404 178 "-" "Mozlila/5.0 (Linux; Android 7.0; SM-G892A Bulid/NRD90M; wv) AppleWebKit/537.36 (KHTML, like Gecko) Version/4.0 Chrome/60.0.3112.107 Moblie Safari/537.36"
178.128.98.102 - - [30/May/2026:01:14:46 +0000] "GET /secrets.xml HTTP/1.1" 404 178 "-" "Mozlila/5.0 (Linux; Android 7.0; SM-G892A Bulid/NRD90M; wv) AppleWebKit/537.36 (KHTML, like Gecko) Version/4.0 Chrome/60.0.3112.107 Moblie Safari/537.36"
178.128.98.102 - - [30/May/2026:01:14:46 +0000] "GET /secrets_handler.py HTTP/1.1" 404 178 "-" "Mozlila/5.0 (Linux; Android 7.0; SM-G892A Bulid/NRD90M; wv) AppleWebKit/537.36 (KHTML, like Gecko) Version/4.0 Chrome/60.0.3112.107 Moblie Safari/537.36"
178.128.98.102 - - [30/May/2026:01:14:46 +0000] "GET /secrets_backup.yaml HTTP/1.1" 404 178 "-" "Mozlila/5.0 (Linux; Android 7.0; SM-G892A Bulid/NRD90M; wv) AppleWebKit/537.36 (KHTML, like Gecko) Version/4.0 Chrome/60.0.3112.107 Moblie Safari/537.36"
178.128.98.102 - - [30/May/2026:01:14:46 +0000] "GET /secrets_manager.py HTTP/1.1" 404 178 "-" "Mozlila/5.0 (Linux; Android 7.0; SM-G892A Bulid/NRD90M; wv) AppleWebKit/537.36 (KHTML, like Gecko) Version/4.0 Chrome/60.0.3112.107 Moblie Safari/537.36"
178.128.98.102 - - [30/May/2026:01:14:46 +0000] "GET /ses.js HTTP/1.1" 404 178 "-" "Mozlila/5.0 (Linux; Android 7.0; SM-G892A Bulid/NRD90M; wv) AppleWebKit/537.36 (KHTML, like Gecko) Version/4.0 Chrome/60.0.3112.107 Moblie Safari/537.36"
178.128.98.102 - - [30/May/2026:01:14:46 +0000] "GET /secrets_store.yml HTTP/1.1" 404 178 "-" "Mozlila/5.0 (Linux; Android 7.0; SM-G892A Bulid/NRD90M; wv) AppleWebKit/537.36 (KHTML, like Gecko) Version/4.0 Chrome/60.0.3112.107 Moblie Safari/537.36"
178.128.98.102 - - [30/May/2026:01:14:46 +0000] "GET /secrets.yaml HTTP/1.1" 404 178 "-" "Mozlila/5.0 (Linux; Android 7.0; SM-G892A Bulid/NRD90M; wv) AppleWebKit/537.36 (KHTML, like Gecko) Version/4.0 Chrome/60.0.3112.107 Moblie Safari/537.36"
178.128.98.102 - - [30/May/2026:01:14:46 +0000] "GET /servidor.env HTTP/1.1" 404 178 "-" "Mozlila/5.0 (Linux; Android 7.0; SM-G892A Bulid/NRD90M; wv) AppleWebKit/537.36 (KHTML, like Gecko) Version/4.0 Chrome/60.0.3112.107 Moblie Safari/537.36"
178.128.98.102 - - [30/May/2026:01:14:47 +0000] "GET /ses_config.js HTTP/1.1" 404 178 "-" "Mozlila/5.0 (Linux; Android 7.0; SM-G892A Bulid/NRD90M; wv) AppleWebKit/537.36 (KHTML, like Gecko) Version/4.0 Chrome/60.0.3112.107 Moblie Safari/537.36"
178.128.98.102 - - [30/May/2026:01:14:47 +0000] "GET /service-account.json HTTP/1.1" 404 178 "-" "Mozlila/5.0 (Linux; Android 7.0; SM-G892A Bulid/NRD90M; wv) AppleWebKit/537.36 (KHTML, like Gecko) Version/4.0 Chrome/60.0.3112.107 Moblie Safari/537.36"
178.128.98.102 - - [30/May/2026:01:14:47 +0000] "GET /ses.ts HTTP/1.1" 404 178 "-" "Mozlila/5.0 (Linux; Android 7.0; SM-G892A Bulid/NRD90M; wv) AppleWebKit/537.36 (KHTML, like Gecko) Version/4.0 Chrome/60.0.3112.107 Moblie Safari/537.36"
178.128.98.102 - - [30/May/2026:01:14:47 +0000] "GET /secrets_manager.yaml HTTP/1.1" 404 178 "-" "Mozlila/5.0 (Linux; Android 7.0; SM-G892A Bulid/NRD90M; wv) AppleWebKit/537.36 (KHTML, like Gecko) Version/4.0 Chrome/60.0.3112.107 Moblie Safari/537.36"
178.128.98.102 - - [30/May/2026:01:14:47 +0000] "GET /server_secrets.yml HTTP/1.1" 404 178 "-" "Mozlila/5.0 (Linux; Android 7.0; SM-G892A Bulid/NRD90M; wv) AppleWebKit/537.36 (KHTML, like Gecko) Version/4.0 Chrome/60.0.3112.107 Moblie Safari/537.36"
178.128.98.102 - - [30/May/2026:01:14:47 +0000] "GET /staging_secrets.yml HTTP/1.1" 404 178 "-" "Mozlila/5.0 (Linux; Android 7.0; SM-G892A Bulid/NRD90M; wv) AppleWebKit/537.36 (KHTML, like Gecko) Version/4.0 Chrome/60.0.3112.107 Moblie Safari/537.36"
178.128.98.102 - - [30/May/2026:01:14:47 +0000] "GET /test.env HTTP/1.1" 404 178 "-" "Mozlila/5.0 (Linux; Android 7.0; SM-G892A Bulid/NRD90M; wv) AppleWebKit/537.36 (KHTML, like Gecko) Version/4.0 Chrome/60.0.3112.107 Moblie Safari/537.36"
178.128.98.102 - - [30/May/2026:01:14:48 +0000] "GET /ses_config.json HTTP/1.1" 404 178 "-" "Mozlila/5.0 (Linux; Android 7.0; SM-G892A Bulid/NRD90M; wv) AppleWebKit/537.36 (KHTML, like Gecko) Version/4.0 Chrome/60.0.3112.107 Moblie Safari/537.36"
178.128.98.102 - - [30/May/2026:01:14:48 +0000] "GET /session.json HTTP/1.1" 404 178 "-" "Mozlila/5.0 (Linux; Android 7.0; SM-G892A Bulid/NRD90M; wv) AppleWebKit/537.36 (KHTML, like Gecko) Version/4.0 Chrome/60.0.3112.107 Moblie Safari/537.36"
178.128.98.102 - - [30/May/2026:01:14:48 +0000] "GET /token.php HTTP/1.1" 404 178 "-" "Mozlila/5.0 (Linux; Android 7.0; SM-G892A Bulid/NRD90M; wv) AppleWebKit/537.36 (KHTML, like Gecko) Version/4.0 Chrome/60.0.3112.107 Moblie Safari/537.36"
178.128.98.102 - - [30/May/2026:01:14:48 +0000] "GET /tokens.yaml HTTP/1.1" 404 178 "-" "Mozlila/5.0 (Linux; Android 7.0; SM-G892A Bulid/NRD90M; wv) AppleWebKit/537.36 (KHTML, like Gecko) Version/4.0 Chrome/60.0.3112.107 Moblie Safari/537.36"
178.128.98.102 - - [30/May/2026:01:14:48 +0000] "GET /tokens.json HTTP/1.1" 404 178 "-" "Mozlila/5.0 (Linux; Android 7.0; SM-G892A Bulid/NRD90M; wv) AppleWebKit/537.36 (KHTML, like Gecko) Version/4.0 Chrome/60.0.3112.107 Moblie Safari/537.36"
104.28.156.40 - - [30/May/2026:01:14:48 +0000] "POST /xmlrpc.php HTTP/1.1" 200 415 "-" "Jetpack by WordPress.com"
178.128.98.102 - - [30/May/2026:01:14:48 +0000] "GET /?phpinfo=1 HTTP/1.1" 200 3133 "-" "Mozlila/5.0 (Linux; Android 7.0; SM-G892A Bulid/NRD90M; wv) AppleWebKit/537.36 (KHTML, like Gecko) Version/4.0 Chrome/60.0.3112.107 Moblie Safari/537.36"
178.128.98.102 - - [30/May/2026:01:14:48 +0000] "GET /tokens.yml HTTP/1.1" 404 178 "-" "Mozlila/5.0 (Linux; Android 7.0; SM-G892A Bulid/NRD90M; wv) AppleWebKit/537.36 (KHTML, like Gecko) Version/4.0 Chrome/60.0.3112.107 Moblie Safari/537.36"
178.128.98.102 - - [30/May/2026:01:14:49 +0000] "GET /web_secrets.yml HTTP/1.1" 404 178 "-" "Mozlila/5.0 (Linux; Android 7.0; SM-G892A Bulid/NRD90M; wv) AppleWebKit/537.36 (KHTML, like Gecko) Version/4.0 Chrome/60.0.3112.107 Moblie Safari/537.36"
178.128.98.102 - - [30/May/2026:01:14:49 +0000] "GET /.gitlab-ci.yml HTTP/1.1" 404 178 "-" "Mozlila/5.0 (Linux; Android 7.0; SM-G892A Bulid/NRD90M; wv) AppleWebKit/537.36 (KHTML, like Gecko) Version/4.0 Chrome/60.0.3112.107 Moblie Safari/537.36"
178.128.98.102 - - [30/May/2026:01:14:49 +0000] "GET /.travis.yml HTTP/1.1" 404 178 "-" "Mozlila/5.0 (Linux; Android 7.0; SM-G892A Bulid/NRD90M; wv) AppleWebKit/537.36 (KHTML, like Gecko) Version/4.0 Chrome/60.0.3112.107 Moblie Safari/537.36"
178.128.98.102 - - [30/May/2026:01:14:49 +0000] "GET /EmailHelper.js HTTP/1.1" 404 178 "-" "Mozlila/5.0 (Linux; Android 7.0; SM-G892A Bulid/NRD90M; wv) AppleWebKit/537.36 (KHTML, like Gecko) Version/4.0 Chrome/60.0.3112.107 Moblie Safari/537.36"
178.128.98.102 - - [30/May/2026:01:14:50 +0000] "GET /.git HTTP/1.1" 404 178 "-" "Mozlila/5.0 (Linux; Android 7.0; SM-G892A Bulid/NRD90M; wv) AppleWebKit/537.36 (KHTML, like Gecko) Version/4.0 Chrome/60.0.3112.107 Moblie Safari/537.36"
178.128.98.102 - - [30/May/2026:01:14:50 +0000] "GET /?q=info HTTP/1.1" 200 3133 "-" "Mozlila/5.0 (Linux; Android 7.0; SM-G892A Bulid/NRD90M; wv) AppleWebKit/537.36 (KHTML, like Gecko) Version/4.0 Chrome/60.0.3112.107 Moblie Safari/537.36"
178.128.98.102 - - [30/May/2026:01:14:50 +0000] "GET /PHPInfo.php HTTP/1.1" 404 178 "-" "Mozlila/5.0 (Linux; Android 7.0; SM-G892A Bulid/NRD90M; wv) AppleWebKit/537.36 (KHTML, like Gecko) Version/4.0 Chrome/60.0.3112.107 Moblie Safari/537.36"
178.128.98.102 - - [30/May/2026:01:14:50 +0000] "GET /Scraper.js HTTP/1.1" 404 178 "-" "Mozlila/5.0 (Linux; Android 7.0; SM-G892A Bulid/NRD90M; wv) AppleWebKit/537.36 (KHTML, like Gecko) Version/4.0 Chrome/60.0.3112.107 Moblie Safari/537.36"
178.128.98.102 - - [30/May/2026:01:14:50 +0000] "GET /Gemfile.lock HTTP/1.1" 404 178 "-" "Mozlila/5.0 (Linux; Android 7.0; SM-G892A Bulid/NRD90M; wv) AppleWebKit/537.36 (KHTML, like Gecko) Version/4.0 Chrome/60.0.3112.107 Moblie Safari/537.36"
178.128.98.102 - - [30/May/2026:01:14:50 +0000] "GET /access_logs.json HTTP/1.1" 404 178 "-" "Mozlila/5.0 (Linux; Android 7.0; SM-G892A Bulid/NRD90M; wv) AppleWebKit/537.36 (KHTML, like Gecko) Version/4.0 Chrome/60.0.3112.107 Moblie Safari/537.36"
178.128.98.102 - - [30/May/2026:01:14:50 +0000] "GET /access.log HTTP/1.1" 404 178 "-" "Mozlila/5.0 (Linux; Android 7.0; SM-G892A Bulid/NRD90M; wv) AppleWebKit/537.36 (KHTML, like Gecko) Version/4.0 Chrome/60.0.3112.107 Moblie Safari/537.36"
178.128.98.102 - - [30/May/2026:01:14:50 +0000] "GET /activity_logger.rb HTTP/1.1" 404 178 "-" "Mozlila/5.0 (Linux; Android 7.0; SM-G892A Bulid/NRD90M; wv) AppleWebKit/537.36 (KHTML, like Gecko) Version/4.0 Chrome/60.0.3112.107 Moblie Safari/537.36"
178.128.98.102 - - [30/May/2026:01:14:50 +0000] "GET /access_log.txt HTTP/1.1" 404 178 "-" "Mozlila/5.0 (Linux; Android 7.0; SM-G892A Bulid/NRD90M; wv) AppleWebKit/537.36 (KHTML, like Gecko) Version/4.0 Chrome/60.0.3112.107 Moblie Safari/537.36"
178.128.98.102 - - [30/May/2026:01:14:51 +0000] "GET /access_logs.txt HTTP/1.1" 404 178 "-" "Mozlila/5.0 (Linux; Android 7.0; SM-G892A Bulid/NRD90M; wv) AppleWebKit/537.36 (KHTML, like Gecko) Version/4.0 Chrome/60.0.3112.107 Moblie Safari/537.36"
178.128.98.102 - - [30/May/2026:01:14:51 +0000] "GET /adminPanel.js HTTP/1.1" 404 178 "-" "Mozlila/5.0 (Linux; Android 7.0; SM-G892A Bulid/NRD90M; wv) AppleWebKit/537.36 (KHTML, like Gecko) Version/4.0 Chrome/60.0.3112.107 Moblie Safari/537.36"
178.128.98.102 - - [30/May/2026:01:14:51 +0000] "GET /admin_log.txt HTTP/1.1" 404 178 "-" "Mozlila/5.0 (Linux; Android 7.0; SM-G892A Bulid/NRD90M; wv) AppleWebKit/537.36 (KHTML, like Gecko) Version/4.0 Chrome/60.0.3112.107 Moblie Safari/537.36"
178.128.98.102 - - [30/May/2026:01:14:51 +0000] "GET /admin_phpinfo.php HTTP/1.1" 404 178 "-" "Mozlila/5.0 (Linux; Android 7.0; SM-G892A Bulid/NRD90M; wv) AppleWebKit/537.36 (KHTML, like Gecko) Version/4.0 Chrome/60.0.3112.107 Moblie Safari/537.36"
178.128.98.102 - - [30/May/2026:01:14:51 +0000] "GET /access_logs.yml HTTP/1.1" 404 178 "-" "Mozlila/5.0 (Linux; Android 7.0; SM-G892A Bulid/NRD90M; wv) AppleWebKit/537.36 (KHTML, like Gecko) Version/4.0 Chrome/60.0.3112.107 Moblie Safari/537.36"
178.128.98.102 - - [30/May/2026:01:14:51 +0000] "GET /apache2.php HTTP/1.1" 404 178 "-" "Mozlila/5.0 (Linux; Android 7.0; SM-G892A Bulid/NRD90M; wv) AppleWebKit/537.36 (KHTML, like Gecko) Version/4.0 Chrome/60.0.3112.107 Moblie Safari/537.36"
178.128.98.102 - - [30/May/2026:01:14:52 +0000] "GET /admin_routes.yaml HTTP/1.1" 404 178 "-" "Mozlila/5.0 (Linux; Android 7.0; SM-G892A Bulid/NRD90M; wv) AppleWebKit/537.36 (KHTML, like Gecko) Version/4.0 Chrome/60.0.3112.107 Moblie Safari/537.36"
178.128.98.102 - - [30/May/2026:01:14:52 +0000] "GET /admin_settings.yml HTTP/1.1" 404 178 "-" "Mozlila/5.0 (Linux; Android 7.0; SM-G892A Bulid/NRD90M; wv) AppleWebKit/537.36 (KHTML, like Gecko) Version/4.0 Chrome/60.0.3112.107 Moblie Safari/537.36"
178.128.98.102 - - [30/May/2026:01:14:52 +0000] "GET /admin_report.csv HTTP/1.1" 404 178 "-" "Mozlila/5.0 (Linux; Android 7.0; SM-G892A Bulid/NRD90M; wv) AppleWebKit/537.36 (KHTML, like Gecko) Version/4.0 Chrome/60.0.3112.107 Moblie Safari/537.36"
178.128.98.102 - - [30/May/2026:01:14:52 +0000] "GET /api_access_log.txt HTTP/1.1" 404 178 "-" "Mozlila/5.0 (Linux; Android 7.0; SM-G892A Bulid/NRD90M; wv) AppleWebKit/537.36 (KHTML, like Gecko) Version/4.0 Chrome/60.0.3112.107 Moblie Safari/537.36"
178.128.98.102 - - [30/May/2026:01:14:52 +0000] "GET /api.js HTTP/1.1" 404 178 "-" "Mozlila/5.0 (Linux; Android 7.0; SM-G892A Bulid/NRD90M; wv) AppleWebKit/537.36 (KHTML, like Gecko) Version/4.0 Chrome/60.0.3112.107 Moblie Safari/537.36"
178.128.98.102 - - [30/May/2026:01:14:52 +0000] "GET /admin_routes.yml HTTP/1.1" 404 178 "-" "Mozlila/5.0 (Linux; Android 7.0; SM-G892A Bulid/NRD90M; wv) AppleWebKit/537.36 (KHTML, like Gecko) Version/4.0 Chrome/60.0.3112.107 Moblie Safari/537.36"
178.128.98.102 - - [30/May/2026:01:14:52 +0000] "GET /api.log HTTP/1.1" 404 178 "-" "Mozlila/5.0 (Linux; Android 7.0; SM-G892A Bulid/NRD90M; wv) AppleWebKit/537.36 (KHTML, like Gecko) Version/4.0 Chrome/60.0.3112.107 Moblie Safari/537.36"
178.128.98.102 - - [30/May/2026:01:14:52 +0000] "GET /apache.php HTTP/1.1" 404 178 "-" "Mozlila/5.0 (Linux; Android 7.0; SM-G892A Bulid/NRD90M; wv) AppleWebKit/537.36 (KHTML, like Gecko) Version/4.0 Chrome/60.0.3112.107 Moblie Safari/537.36"
178.128.98.102 - - [30/May/2026:01:14:52 +0000] "GET /api_controller.js HTTP/1.1" 404 178 "-" "Mozlila/5.0 (Linux; Android 7.0; SM-G892A Bulid/NRD90M; wv) AppleWebKit/537.36 (KHTML, like Gecko) Version/4.0 Chrome/60.0.3112.107 Moblie Safari/537.36"
178.128.98.102 - - [30/May/2026:01:14:52 +0000] "GET /api_caller.py HTTP/1.1" 404 178 "-" "Mozlila/5.0 (Linux; Android 7.0; SM-G892A Bulid/NRD90M; wv) AppleWebKit/537.36 (KHTML, like Gecko) Version/4.0 Chrome/60.0.3112.107 Moblie Safari/537.36"
178.128.98.102 - - [30/May/2026:01:14:52 +0000] "GET /api_endpoints.yml HTTP/1.1" 404 178 "-" "Mozlila/5.0 (Linux; Android 7.0; SM-G892A Bulid/NRD90M; wv) AppleWebKit/537.36 (KHTML, like Gecko) Version/4.0 Chrome/60.0.3112.107 Moblie Safari/537.36"
178.128.98.102 - - [30/May/2026:01:14:53 +0000] "GET /api_caller.rb HTTP/1.1" 404 178 "-" "Mozlila/5.0 (Linux; Android 7.0; SM-G892A Bulid/NRD90M; wv) AppleWebKit/537.36 (KHTML, like Gecko) Version/4.0 Chrome/60.0.3112.107 Moblie Safari/537.36"
178.128.98.102 - - [30/May/2026:01:14:53 +0000] "GET /api_manager.py HTTP/1.1" 404 178 "-" "Mozlila/5.0 (Linux; Android 7.0; SM-G892A Bulid/NRD90M; wv) AppleWebKit/537.36 (KHTML, like Gecko) Version/4.0 Chrome/60.0.3112.107 Moblie Safari/537.36"
178.128.98.102 - - [30/May/2026:01:14:53 +0000] "GET /api_fetcher.rb HTTP/1.1" 404 178 "-" "Mozlila/5.0 (Linux; Android 7.0; SM-G892A Bulid/NRD90M; wv) AppleWebKit/537.36 (KHTML, like Gecko) Version/4.0 Chrome/60.0.3112.107 Moblie Safari/537.36"
178.128.98.102 - - [30/May/2026:01:14:53 +0000] "GET /api_calls.js HTTP/1.1" 404 178 "-" "Mozlila/5.0 (Linux; Android 7.0; SM-G892A Bulid/NRD90M; wv) AppleWebKit/537.36 (KHTML, like Gecko) Version/4.0 Chrome/60.0.3112.107 Moblie Safari/537.36"
178.128.98.102 - - [30/May/2026:01:14:53 +0000] "GET /api_handler.rb HTTP/1.1" 404 178 "-" "Mozlila/5.0 (Linux; Android 7.0; SM-G892A Bulid/NRD90M; wv) AppleWebKit/537.36 (KHTML, like Gecko) Version/4.0 Chrome/60.0.3112.107 Moblie Safari/537.36"
178.128.98.102 - - [30/May/2026:01:14:53 +0000] "GET /api_connector.rb HTTP/1.1" 404 178 "-" "Mozlila/5.0 (Linux; Android 7.0; SM-G892A Bulid/NRD90M; wv) AppleWebKit/537.36 (KHTML, like Gecko) Version/4.0 Chrome/60.0.3112.107 Moblie Safari/537.36"
178.128.98.102 - - [30/May/2026:01:14:53 +0000] "GET /api_handler.py HTTP/1.1" 404 178 "-" "Mozlila/5.0 (Linux; Android 7.0; SM-G892A Bulid/NRD90M; wv) AppleWebKit/537.36 (KHTML, like Gecko) Version/4.0 Chrome/60.0.3112.107 Moblie Safari/537.36"
178.128.98.102 - - [30/May/2026:01:14:53 +0000] "GET /api_routes.yml HTTP/1.1" 404 178 "-" "Mozlila/5.0 (Linux; Android 7.0; SM-G892A Bulid/NRD90M; wv) AppleWebKit/537.36 (KHTML, like Gecko) Version/4.0 Chrome/60.0.3112.107 Moblie Safari/537.36"
178.128.98.102 - - [30/May/2026:01:14:54 +0000] "GET /api_usage.csv HTTP/1.1" 404 178 "-" "Mozlila/5.0 (Linux; Android 7.0; SM-G892A Bulid/NRD90M; wv) AppleWebKit/537.36 (KHTML, like Gecko) Version/4.0 Chrome/60.0.3112.107 Moblie Safari/537.36"
178.128.98.102 - - [30/May/2026:01:14:54 +0000] "GET /api_processor.rb HTTP/1.1" 404 178 "-" "Mozlila/5.0 (Linux; Android 7.0; SM-G892A Bulid/NRD90M; wv) AppleWebKit/537.36 (KHTML, like Gecko) Version/4.0 Chrome/60.0.3112.107 Moblie Safari/537.36"
178.128.98.102 - - [30/May/2026:01:14:54 +0000] "GET /app.js HTTP/1.1" 404 178 "-" "Mozlila/5.0 (Linux; Android 7.0; SM-G892A Bulid/NRD90M; wv) AppleWebKit/537.36 (KHTML, like Gecko) Version/4.0 Chrome/60.0.3112.107 Moblie Safari/537.36"
178.128.98.102 - - [30/May/2026:01:14:54 +0000] "GET /application.rb HTTP/1.1" 404 178 "-" "Mozlila/5.0 (Linux; Android 7.0; SM-G892A Bulid/NRD90M; wv) AppleWebKit/537.36 (KHTML, like Gecko) Version/4.0 Chrome/60.0.3112.107 Moblie Safari/537.36"
178.128.98.102 - - [30/May/2026:01:14:55 +0000] "GET /api_routes.js HTTP/1.1" 404 178 "-" "Mozlila/5.0 (Linux; Android 7.0; SM-G892A Bulid/NRD90M; wv) AppleWebKit/537.36 (KHTML, like Gecko) Version/4.0 Chrome/60.0.3112.107 Moblie Safari/537.36"
178.128.98.102 - - [30/May/2026:01:14:55 +0000] "GET /app.log HTTP/1.1" 404 178 "-" "Mozlila/5.0 (Linux; Android 7.0; SM-G892A Bulid/NRD90M; wv) AppleWebKit/537.36 (KHTML, like Gecko) Version/4.0 Chrome/60.0.3112.107 Moblie Safari/537.36"
178.128.98.102 - - [30/May/2026:01:14:55 +0000] "GET /api_routes_config.yml HTTP/1.1" 404 178 "-" "Mozlila/5.0 (Linux; Android 7.0; SM-G892A Bulid/NRD90M; wv) AppleWebKit/537.36 (KHTML, like Gecko) Version/4.0 Chrome/60.0.3112.107 Moblie Safari/537.36"
178.128.98.102 - - [30/May/2026:01:14:55 +0000] "GET /api_script.py HTTP/1.1" 404 178 "-" "Mozlila/5.0 (Linux; Android 7.0; SM-G892A Bulid/NRD90M; wv) AppleWebKit/537.36 (KHTML, like Gecko) Version/4.0 Chrome/60.0.3112.107 Moblie Safari/537.36"
178.128.98.102 - - [30/May/2026:01:14:55 +0000] "GET /astech_robot.js HTTP/1.1" 404 178 "-" "Mozlila/5.0 (Linux; Android 7.0; SM-G892A Bulid/NRD90M; wv) AppleWebKit/537.36 (KHTML, like Gecko) Version/4.0 Chrome/60.0.3112.107 Moblie Safari/537.36"
178.128.98.102 - - [30/May/2026:01:14:56 +0000] "GET /application.yml HTTP/1.1" 404 178 "-" "Mozlila/5.0 (Linux; Android 7.0; SM-G892A Bulid/NRD90M; wv) AppleWebKit/537.36 (KHTML, like Gecko) Version/4.0 Chrome/60.0.3112.107 Moblie Safari/537.36"
178.128.98.102 - - [30/May/2026:01:14:56 +0000] "GET /app.py HTTP/1.1" 404 178 "-" "Mozlila/5.0 (Linux; Android 7.0; SM-G892A Bulid/NRD90M; wv) AppleWebKit/537.36 (KHTML, like Gecko) Version/4.0 Chrome/60.0.3112.107 Moblie Safari/537.36"
178.128.98.102 - - [30/May/2026:01:14:56 +0000] "GET /appsettings.json HTTP/1.1" 404 178 "-" "Mozlila/5.0 (Linux; Android 7.0; SM-G892A Bulid/NRD90M; wv) AppleWebKit/537.36 (KHTML, like Gecko) Version/4.0 Chrome/60.0.3112.107 Moblie Safari/537.36"
104.28.156.40 - - [30/May/2026:01:14:58 +0000] "POST /xmlrpc.php HTTP/1.1" 200 415 "-" "Jetpack/12.1; WordPress/6.2; http://site28641826.com"
104.28.156.40 - - [30/May/2026:01:15:09 +0000] "POST /xmlrpc.php HTTP/1.1" 200 415 "-" "Jetpack by WordPress.com"
123.30.233.12 - - [30/May/2026:01:15:15 +0000] "GET /wp-login.php HTTP/1.1" 200 1772 "-" "Mozilla/5.0 (X11; Linux x86_64; rv:133.0) Gecko/20100101 Firefox/133.0"
123.30.233.12 - - [30/May/2026:01:15:18 +0000] "POST /wp-login.php HTTP/1.1" 200 1913 "https://vcstore.viitorcloud.co/wp-login.php" "Mozilla/5.0 (X11; Linux x86_64; rv:133.0) Gecko/20100101 Firefox/133.0"
134.209.147.209 - - [30/May/2026:01:15:20 +0000] "POST /wp-cron.php?doing_wp_cron=1780103720.0387370586395263671875 HTTP/1.1" 200 31 "-" "WordPress/6.9.1; https://e-tdr.com"
104.28.156.40 - - [30/May/2026:01:15:20 +0000] "POST /xmlrpc.php HTTP/1.1" 200 415 "-" "WordPress.com; https://wordpress.com"
167.116.63.110 - - [30/May/2026:01:15:29 +0000] "GET /blog/spinmacho-casino-deine-hervorragende-anlaufstelle-fur/ HTTP/1.1" 301 5 "-" "Mozilla/5.0 (Macintosh; Intel Mac OS X 10_14_6) AppleWebKit/537.36 (KHTML, like Gecko) Chrome/99.0.4844.84 Safari/537.36"
167.116.63.110 - - [30/May/2026:01:15:30 +0000] "GET /spinmacho-casino-deine-hervorragende-anlaufstelle-fur/ HTTP/1.1" 200 18201 "-" "Mozilla/5.0 (Macintosh; Intel Mac OS X 10_14_6) AppleWebKit/537.36 (KHTML, like Gecko) Chrome/99.0.4844.84 Safari/537.36"
104.28.156.40 - - [30/May/2026:01:15:30 +0000] "POST /xmlrpc.php HTTP/1.1" 200 415 "-" "Jetpack by WordPress.com"
104.28.156.40 - - [30/May/2026:01:15:41 +0000] "POST /xmlrpc.php HTTP/1.1" 200 415 "-" "Jetpack/12.0; WordPress/6.1; http://site61089271.com"
104.28.156.40 - - [30/May/2026:01:15:51 +0000] "POST /xmlrpc.php HTTP/1.1" 200 415 "-" "Jetpack by WordPress.com"
45.33.90.118 - - [30/May/2026:01:15:52 +0000] "GET / HTTP/1.1" 200 3133 "-" "Mozilla/5.0 (Macintosh; Intel Mac OS X 13_1) AppleWebKit/537.36 (KHTML, like Gecko) Chrome/108.0.0.0 Safari/537.36"
104.28.156.40 - - [30/May/2026:01:16:01 +0000] "POST /xmlrpc.php HTTP/1.1" 200 415 "-" "Jetpack by WordPress.com (Jetpack 13.0; WordPress 6.4)"
134.209.147.209 - - [30/May/2026:01:16:12 +0000] "POST /wp-cron.php?doing_wp_cron=1780103772.3841350078582763671875 HTTP/1.1" 200 31 "-" "WordPress/6.9.1; https://e-tdr.com"
104.28.156.40 - - [30/May/2026:01:16:12 +0000] "POST /xmlrpc.php HTTP/1.1" 200 415 "-" "Jetpack by WordPress.com"
134.209.147.209 - - [30/May/2026:01:16:13 +0000] "POST /wp-cron.php?doing_wp_cron=1780103773.7127459049224853515625 HTTP/1.1" 200 31 "-" "WordPress/6.5.3; https://vcstore.stgviitor.com"
78.142.18.172 - - [30/May/2026:01:16:13 +0000] "GET /wp-login.php HTTP/1.1" 200 1829 "-" "Mozilla/5.0 (X11; Linux x86_64) AppleWebKit/537.36 (KHTML, like Gecko) Chrome/133.0.0.0 Safari/537.36 Edg/133.0.0.0"
78.142.18.172 - - [30/May/2026:01:16:17 +0000] "POST /wp-login.php HTTP/1.1" 200 1965 "https://vcstore.stgviitor.com/wp-login.php" "Mozilla/5.0 (X11; Linux x86_64) AppleWebKit/537.36 (KHTML, like Gecko) Chrome/133.0.0.0 Safari/537.36 Edg/133.0.0.0"
104.28.156.40 - - [30/May/2026:01:16:22 +0000] "POST /xmlrpc.php HTTP/1.1" 200 415 "-" "Jetpack by WordPress.com"
134.209.147.209 - - [30/May/2026:01:16:30 +0000] "POST /wp-cron.php?doing_wp_cron=1780103790.3761761188507080078125 HTTP/1.1" 200 31 "-" "WordPress/6.9.4; https://laracopilot.stgviitor.com"
162.214.206.32 - - [30/May/2026:01:16:30 +0000] "GET /wp-login.php HTTP/1.1" 200 2008 "-" "Mozilla/5.0 (Macintosh; Intel Mac OS X 10_15_7) AppleWebKit/537.36 (KHTML, like Gecko) Chrome/133.0.0.0 Safari/537.36"
104.28.156.40 - - [30/May/2026:01:16:33 +0000] "POST /xmlrpc.php HTTP/1.1" 200 415 "-" "WordPress.com; https://wordpress.com"
162.214.206.32 - - [30/May/2026:01:16:35 +0000] "POST /wp-login.php HTTP/1.1" 200 2143 "https://laracopilot.stgviitor.com/wp-login.php" "Mozilla/5.0 (Macintosh; Intel Mac OS X 10_15_7) AppleWebKit/537.36 (KHTML, like Gecko) Chrome/133.0.0.0 Safari/537.36"
104.28.156.40 - - [30/May/2026:01:16:43 +0000] "POST /xmlrpc.php HTTP/1.1" 200 415 "-" "WordPress.com; https://wordpress.com"
104.28.156.40 - - [30/May/2026:01:16:54 +0000] "POST /xmlrpc.php HTTP/1.1" 200 415 "-" "Jetpack by WordPress.com"
104.28.156.40 - - [30/May/2026:01:17:04 +0000] "POST /xmlrpc.php HTTP/1.1" 200 415 "-" "Jetpack by WordPress.com (Jetpack 13.0; WordPress 6.3)"
134.209.147.209 - - [30/May/2026:01:17:14 +0000] "POST /wp-cron.php?doing_wp_cron=1780103834.9642350673675537109375 HTTP/1.1" 200 31 "-" "WordPress/6.9.1; https://e-tdr.com"
104.28.156.40 - - [30/May/2026:01:17:14 +0000] "POST /xmlrpc.php HTTP/1.1" 200 415 "-" "WordPress.com; https://wordpress.com"
104.28.156.40 - - [30/May/2026:01:17:25 +0000] "POST /xmlrpc.php HTTP/1.1" 200 415 "-" "Jetpack/12.0; WordPress/6.4; http://site78958294.com"
104.28.156.40 - - [30/May/2026:01:17:36 +0000] "POST /xmlrpc.php HTTP/1.1" 200 415 "-" "Jetpack by WordPress.com (Jetpack 13.0; WordPress 6.2)"
88.99.80.227 - - [30/May/2026:01:17:45 +0000] "HEAD / HTTP/1.1" 301 0 "https://viitor.cloud" "Mozilla/5.0+(compatible; UptimeRobot/2.0; http://www.uptimerobot.com/)"
104.28.156.40 - - [30/May/2026:01:17:46 +0000] "POST /xmlrpc.php HTTP/1.1" 200 415 "-" "Jetpack/12.0; WordPress/6.2; http://site57173461.com"
104.28.156.40 - - [30/May/2026:01:17:56 +0000] "POST /xmlrpc.php HTTP/1.1" 200 415 "-" "Jetpack/12.5; WordPress/6.2; http://site90764142.com"
134.209.147.209 - - [30/May/2026:01:18:01 +0000] "POST /wp-cron.php?doing_wp_cron=1780103881.9370949268341064453125 HTTP/1.1" 200 31 "-" "WordPress/6.6.1; https://newfaith.focalat.com"
143.198.203.76 - - [30/May/2026:01:18:02 +0000] "GET /wp-login.php HTTP/1.1" 200 2035 "-" "Mozilla/5.0 (X11; Ubuntu; Linux x86_64; rv:133.0) Gecko/20100101 Firefox/133.0"
143.198.203.76 - - [30/May/2026:01:18:04 +0000] "POST /wp-login.php HTTP/1.1" 200 2197 "https://newfaith.focalat.com/wp-login.php" "Mozilla/5.0 (X11; Ubuntu; Linux x86_64; rv:133.0) Gecko/20100101 Firefox/133.0"
104.28.156.40 - - [30/May/2026:01:18:07 +0000] "POST /xmlrpc.php HTTP/1.1" 200 415 "-" "Jetpack/12.0; WordPress/6.4; http://site60094813.com"
134.209.147.209 - - [30/May/2026:01:18:17 +0000] "POST /wp-cron.php?doing_wp_cron=1780103897.7925179004669189453125 HTTP/1.1" 200 31 "-" "WordPress/6.9.1; https://e-tdr.com"
104.28.156.40 - - [30/May/2026:01:18:17 +0000] "POST /xmlrpc.php HTTP/1.1" 200 415 "-" "Jetpack by WordPress.com (Jetpack 12.5; WordPress 6.2)"
104.28.156.40 - - [30/May/2026:01:18:28 +0000] "POST /xmlrpc.php HTTP/1.1" 200 415 "-" "WordPress.com; https://wordpress.com"
104.23.175.94 - - [30/May/2026:01:18:38 +0000] "GET / HTTP/1.1" 301 5 "http://vcstore.viitorcloud.com/" "Mozilla/5.0 (Macintosh; Intel Mac OS X 10_15_7) AppleWebKit/537.36 (KHTML, like Gecko) Chrome/125.0.0.0 Safari/537.36"
104.28.156.40 - - [30/May/2026:01:18:38 +0000] "POST /xmlrpc.php HTTP/1.1" 200 415 "-" "Jetpack by WordPress.com (Jetpack 13.0; WordPress 6.1)"
64.89.162.36 - - [30/May/2026:01:18:39 +0000] "GET / HTTP/1.1" 200 3801 "https://vcstore.viitorcloud.com/" "Mozilla/5.0 (Macintosh; Intel Mac OS X 10_15_7) AppleWebKit/537.36 (KHTML, like Gecko) Chrome/125.0.0.0 Safari/537.36"
172.194.139.254 - wadminw [30/May/2026:01:18:48 +0000] "GET /wp-json/wp/v2/users/me HTTP/1.1" 401 107 "-" "Mozilla/5.0 (X11; Linux x86_64; rv:133.0) Gecko/20100101 Firefox/133.0"
104.28.156.40 - - [30/May/2026:01:18:49 +0000] "POST /xmlrpc.php HTTP/1.1" 200 415 "-" "Jetpack by WordPress.com"
104.28.156.40 - - [30/May/2026:01:18:59 +0000] "POST /xmlrpc.php HTTP/1.1" 200 415 "-" "Jetpack by WordPress.com (Jetpack 13.0; WordPress 6.3)"
104.28.156.40 - - [30/May/2026:01:19:10 +0000] "POST /xmlrpc.php HTTP/1.1" 200 415 "-" "WordPress.com; https://wordpress.com"
134.209.147.209 - - [30/May/2026:01:19:20 +0000] "POST /wp-cron.php?doing_wp_cron=1780103960.6613960266113281250000 HTTP/1.1" 200 31 "-" "WordPress/6.9.1; https://e-tdr.com"
104.28.156.40 - - [30/May/2026:01:19:20 +0000] "POST /xmlrpc.php HTTP/1.1" 200 415 "-" "Jetpack/12.1; WordPress/6.3; http://site81535867.com"
134.209.147.209 - - [30/May/2026:01:19:30 +0000] "POST /wp-cron.php?doing_wp_cron=1780103970.7000210285186767578125 HTTP/1.1" 200 31 "-" "WordPress/6.5.3; https://vcstore.stgviitor.com"
213.171.208.62 - feed [30/May/2026:01:19:30 +0000] "GET /wp-json/wp/v2/users/me HTTP/1.1" 401 154 "-" "Mozilla/5.0 (X11; Linux x86_64) AppleWebKit/537.36 (KHTML, like Gecko) Chrome/133.0.0.0 Safari/537.36"
104.28.156.40 - - [30/May/2026:01:19:31 +0000] "POST /xmlrpc.php HTTP/1.1" 200 415 "-" "WordPress.com; https://wordpress.com"
104.28.156.40 - - [30/May/2026:01:19:41 +0000] "POST /xmlrpc.php HTTP/1.1" 200 415 "-" "Jetpack by WordPress.com"
173.252.82.28 - - [30/May/2026:01:19:48 +0000] "GET /het-bestaan-tenslotte-zover-neem-deel-in-de-gouden-traject-en-maak-waarschijnlijkheid-apprecieren-u-hoofdprij-vanuit-7-000-eur-ondank-hln/ HTTP/1.1" 404 146 "-" "meta-externalagent/1.1 (+https://developers.facebook.com/docs/sharing/webmasters/crawler)"
104.28.156.40 - - [30/May/2026:01:19:52 +0000] "POST /xmlrpc.php HTTP/1.1" 200 415 "-" "Jetpack by WordPress.com (Jetpack 12.5; WordPress 6.3)"
78.142.18.172 - - [30/May/2026:01:19:53 +0000] "GET /wp-login.php HTTP/1.1" 200 1857 "-" "Mozilla/5.0 (Macintosh; Intel Mac OS X 10_15_7) AppleWebKit/605.1.15 (KHTML, like Gecko) Version/18.3 Safari/605.1.15"
78.142.18.172 - - [30/May/2026:01:19:56 +0000] "POST /wp-login.php HTTP/1.1" 200 2015 "https://stg.everycred.com/wp-login.php" "Mozilla/5.0 (Macintosh; Intel Mac OS X 10_15_7) AppleWebKit/605.1.15 (KHTML, like Gecko) Version/18.3 Safari/605.1.15"
104.28.156.40 - - [30/May/2026:01:20:02 +0000] "POST /xmlrpc.php HTTP/1.1" 200 415 "-" "WordPress.com; https://wordpress.com"
134.209.147.209 - - [30/May/2026:01:20:13 +0000] "POST /wp-cron.php?doing_wp_cron=1780104013.0586099624633789062500 HTTP/1.1" 200 31 "-" "WordPress/6.9.1; https://e-tdr.com"
104.28.156.40 - - [30/May/2026:01:20:13 +0000] "POST /xmlrpc.php HTTP/1.1" 200 415 "-" "Jetpack/12.5; WordPress/6.3; http://site13823656.com"
104.28.156.40 - - [30/May/2026:01:20:23 +0000] "POST /xmlrpc.php HTTP/1.1" 200 415 "-" "Jetpack by WordPress.com"
104.28.156.40 - - [30/May/2026:01:20:33 +0000] "POST /xmlrpc.php HTTP/1.1" 200 415 "-" "Jetpack by WordPress.com (Jetpack 12.5; WordPress 6.2)"
104.28.156.40 - - [30/May/2026:01:20:44 +0000] "POST /xmlrpc.php HTTP/1.1" 200 415 "-" "WordPress.com; https://wordpress.com"
134.209.147.209 - - [30/May/2026:01:20:46 +0000] "POST /wp-cron.php?doing_wp_cron=1780104046.0936589241027832031250 HTTP/1.1" 200 31 "-" "WordPress/6.9.4; https://laracopilot.stgviitor.com"
162.240.52.198 - - [30/May/2026:01:20:46 +0000] "GET /wp-login.php HTTP/1.1" 200 2008 "-" "Mozilla/5.0 (Windows NT 10.0; Win64; x64) AppleWebKit/537.36 (KHTML, like Gecko) Chrome/133.0.0.0 Safari/537.36 Edg/133.0.0.0"
162.240.52.198 - - [30/May/2026:01:20:50 +0000] "POST /wp-login.php HTTP/1.1" 200 2149 "https://laracopilot.stgviitor.com/wp-login.php" "Mozilla/5.0 (Windows NT 10.0; Win64; x64) AppleWebKit/537.36 (KHTML, like Gecko) Chrome/133.0.0.0 Safari/537.36 Edg/133.0.0.0"
104.28.156.40 - - [30/May/2026:01:20:54 +0000] "POST /xmlrpc.php HTTP/1.1" 200 415 "-" "Jetpack/12.1; WordPress/6.4; http://site49892508.com"
104.28.156.40 - - [30/May/2026:01:21:05 +0000] "POST /xmlrpc.php HTTP/1.1" 200 415 "-" "WordPress.com; https://wordpress.com"
134.209.147.209 - - [30/May/2026:01:21:15 +0000] "POST /wp-cron.php?doing_wp_cron=1780104075.7219600677490234375000 HTTP/1.1" 200 31 "-" "WordPress/6.9.1; https://e-tdr.com"
104.28.156.40 - - [30/May/2026:01:21:15 +0000] "POST /xmlrpc.php HTTP/1.1" 200 415 "-" "Jetpack/12.0; WordPress/6.2; http://site98606850.com"
104.28.156.40 - - [30/May/2026:01:21:26 +0000] "POST /xmlrpc.php HTTP/1.1" 200 415 "-" "Jetpack by WordPress.com"
104.28.156.40 - - [30/May/2026:01:21:36 +0000] "POST /xmlrpc.php HTTP/1.1" 200 415 "-" "Jetpack/12.1; WordPress/6.2; http://site32513213.com"
173.252.69.18 - - [30/May/2026:01:21:47 +0000] "GET /wp-json/wp/v2/posts/14915 HTTP/1.1" 404 146 "-" "meta-externalagent/1.1 (+https://developers.facebook.com/docs/sharing/webmasters/crawler)"
104.28.156.40 - - [30/May/2026:01:21:47 +0000] "POST /xmlrpc.php HTTP/1.1" 200 415 "-" "Jetpack/12.1; WordPress/6.4; http://site57466210.com"
134.209.147.209 - - [30/May/2026:01:21:49 +0000] "GET /wp-content/plugins/lifeline-plugin/assets/data/font-awesome-5.json HTTP/1.1" 200 13009 "-" "WordPress/7.0; https://bharti-foundation.stgviitor.com"
134.209.147.209 - - [30/May/2026:01:21:49 +0000] "GET /wp-content/plugins/lifeline-plugin/assets/data/font-awesome-5.json HTTP/1.1" 200 13009 "-" "WordPress/7.0; https://bharti-foundation.stgviitor.com"
134.209.147.209 - - [30/May/2026:01:21:49 +0000] "GET /wp-content/plugins/lifeline-plugin/assets/json/social-profile.json HTTP/1.1" 200 4033 "-" "WordPress/7.0; https://bharti-foundation.stgviitor.com"
134.209.147.209 - - [30/May/2026:01:21:50 +0000] "GET /wp-content/plugins/lifeline-plugin/assets/data/font-awesome-5.json HTTP/1.1" 200 13009 "-" "WordPress/7.0; https://bharti-foundation.stgviitor.com"
134.209.147.209 - - [30/May/2026:01:21:50 +0000] "POST /wp-cron.php?doing_wp_cron=1780104110.1467580795288085937500 HTTP/1.1" 200 31 "-" "WordPress/7.0; https://bharti-foundation.stgviitor.com"
123.30.233.12 - - [30/May/2026:01:21:50 +0000] "GET /wp-login.php HTTP/1.1" 200 2045 "-" "Mozilla/5.0 (Macintosh; Intel Mac OS X 10_15_7) AppleWebKit/537.36 (KHTML, like Gecko) Chrome/133.0.0.0 Safari/537.36 Edg/133.0.0.0"
134.209.147.209 - - [30/May/2026:01:21:50 +0000] "GET /wp-content/plugins/lifeline-plugin/assets/data/font-awesome-5.json HTTP/1.1" 200 13009 "-" "WordPress/7.0; https://bharti-foundation.stgviitor.com"
134.209.147.209 - - [30/May/2026:01:21:50 +0000] "GET /wp-content/plugins/lifeline-plugin/assets/data/font-awesome-5.json HTTP/1.1" 200 13009 "-" "WordPress/7.0; https://bharti-foundation.stgviitor.com"
134.209.147.209 - - [30/May/2026:01:21:50 +0000] "GET /wp-content/plugins/lifeline-plugin/assets/json/social-profile.json HTTP/1.1" 200 4033 "-" "WordPress/7.0; https://bharti-foundation.stgviitor.com"
134.209.147.209 - - [30/May/2026:01:21:50 +0000] "GET /wp-content/plugins/lifeline-plugin/assets/data/font-awesome-5.json HTTP/1.1" 200 13009 "-" "WordPress/7.0; https://bharti-foundation.stgviitor.com"
134.209.147.209 - - [30/May/2026:01:21:51 +0000] "GET /wp-content/plugins/lifeline-plugin/assets/data/font-awesome-5.json HTTP/1.1" 200 13009 "-" "WordPress/7.0; https://bharti-foundation.stgviitor.com"
134.209.147.209 - - [30/May/2026:01:21:51 +0000] "GET /wp-content/plugins/lifeline-plugin/assets/data/font-awesome-5.json HTTP/1.1" 200 13009 "-" "WordPress/7.0; https://bharti-foundation.stgviitor.com"
134.209.147.209 - - [30/May/2026:01:21:51 +0000] "GET /wp-content/plugins/lifeline-plugin/assets/json/social-profile.json HTTP/1.1" 200 4033 "-" "WordPress/7.0; https://bharti-foundation.stgviitor.com"
134.209.147.209 - - [30/May/2026:01:21:51 +0000] "GET /wp-content/plugins/lifeline-plugin/assets/data/font-awesome-5.json HTTP/1.1" 200 13009 "-" "WordPress/7.0; https://bharti-foundation.stgviitor.com"
123.30.233.12 - - [30/May/2026:01:21:52 +0000] "POST /wp-login.php HTTP/1.1" 200 2206 "https://bharti-foundation.stgviitor.com/wp-login.php" "Mozilla/5.0 (Macintosh; Intel Mac OS X 10_15_7) AppleWebKit/537.36 (KHTML, like Gecko) Chrome/133.0.0.0 Safari/537.36 Edg/133.0.0.0"
164.92.107.174 - - [30/May/2026:01:21:52 +0000] "LEAKIX" 400 150 "-" "-"
164.92.107.174 - - [30/May/2026:01:21:52 +0000] "GET / HTTP/1.1" 404 146 "-" "Mozilla/5.0 (l9scan/2.0.930323e2734313e2930323e2433313; +https://leakix.net)"
134.209.147.209 - - [30/May/2026:01:21:53 +0000] "GET /wp-content/plugins/lifeline-plugin/assets/data/font-awesome-5.json HTTP/1.1" 200 13009 "-" "WordPress/7.0; https://bharti-foundation.stgviitor.com"
134.209.147.209 - - [30/May/2026:01:21:53 +0000] "GET /wp-content/plugins/lifeline-plugin/assets/data/font-awesome-5.json HTTP/1.1" 200 13009 "-" "WordPress/7.0; https://bharti-foundation.stgviitor.com"
134.209.147.209 - - [30/May/2026:01:21:53 +0000] "GET /wp-content/plugins/lifeline-plugin/assets/json/social-profile.json HTTP/1.1" 200 4033 "-" "WordPress/7.0; https://bharti-foundation.stgviitor.com"
134.209.147.209 - - [30/May/2026:01:21:53 +0000] "GET /wp-content/plugins/lifeline-plugin/assets/data/font-awesome-5.json HTTP/1.1" 200 13009 "-" "WordPress/7.0; https://bharti-foundation.stgviitor.com"
178.128.36.92 - - [30/May/2026:01:21:53 +0000] "GET /wp-login.php HTTP/1.1" 200 2045 "-" "Mozilla/5.0 (Macintosh; Intel Mac OS X 14_7_4) AppleWebKit/537.36 (KHTML, like Gecko) Chrome/133.0.0.0 Safari/537.36"
164.92.107.174 - - [30/May/2026:01:21:53 +0000] "GET /console/ HTTP/1.1" 404 146 "-" "Mozilla/5.0 (l9scan/2.0.930323e2734313e2930323e2433313; +https://leakix.net)"
134.209.147.209 - - [30/May/2026:01:21:54 +0000] "GET /wp-content/plugins/lifeline-plugin/assets/data/font-awesome-5.json HTTP/1.1" 200 13009 "-" "WordPress/7.0; https://bharti-foundation.stgviitor.com"
134.209.147.209 - - [30/May/2026:01:21:54 +0000] "GET /wp-content/plugins/lifeline-plugin/assets/data/font-awesome-5.json HTTP/1.1" 200 13009 "-" "WordPress/7.0; https://bharti-foundation.stgviitor.com"
134.209.147.209 - - [30/May/2026:01:21:54 +0000] "GET /wp-content/plugins/lifeline-plugin/assets/json/social-profile.json HTTP/1.1" 200 4033 "-" "WordPress/7.0; https://bharti-foundation.stgviitor.com"
134.209.147.209 - - [30/May/2026:01:21:54 +0000] "GET /wp-content/plugins/lifeline-plugin/assets/data/font-awesome-5.json HTTP/1.1" 200 13009 "-" "WordPress/7.0; https://bharti-foundation.stgviitor.com"
178.128.36.92 - - [30/May/2026:01:21:54 +0000] "POST /wp-login.php HTTP/1.1" 200 2206 "https://bharti-foundation.stgviitor.com/wp-login.php" "Mozilla/5.0 (Macintosh; Intel Mac OS X 14_7_4) AppleWebKit/537.36 (KHTML, like Gecko) Chrome/133.0.0.0 Safari/537.36"
164.92.107.174 - - [30/May/2026:01:21:54 +0000] "GET /server HTTP/1.1" 404 146 "-" "Mozilla/5.0 (l9scan/2.0.930323e2734313e2930323e2433313; +https://leakix.net)"
164.92.107.174 - - [30/May/2026:01:21:55 +0000] "GET /server-status HTTP/1.1" 404 146 "-" "Mozilla/5.0 (l9scan/2.0.930323e2734313e2930323e2433313; +https://leakix.net)"
104.28.156.40 - - [30/May/2026:01:21:57 +0000] "POST /xmlrpc.php HTTP/1.1" 200 415 "-" "Jetpack/12.1; WordPress/6.1; http://site60547193.com"
164.92.107.174 - - [30/May/2026:01:21:57 +0000] "GET /about HTTP/1.1" 404 146 "-" "Mozilla/5.0 (l9scan/2.0.930323e2734313e2930323e2433313; +https://leakix.net)"
66.249.73.100 - - [30/May/2026:01:21:58 +0000] "GET /ontdek-de-pluspunten-van-cruks-vrije-casinos-meer-vrijheid-en-betere-bonussen/ HTTP/1.1" 200 18841 "-" "Mozilla/5.0 (Linux; Android 6.0.1; Nexus 5X Build/MMB29P) AppleWebKit/537.36 (KHTML, like Gecko) Chrome/148.0.7778.96 Mobile Safari/537.36 (compatible; Googlebot/2.1; +http://www.google.com/bot.html)"
164.92.107.174 - - [30/May/2026:01:21:58 +0000] "GET /login.action HTTP/1.1" 404 146 "-" "Mozilla/5.0 (l9scan/2.0.930323e2734313e2930323e2433313; +https://leakix.net)"
164.92.107.174 - - [30/May/2026:01:21:59 +0000] "GET / HTTP/1.1" 404 146 "-" "Mozilla/5.0 (l9scan/2.0.930323e2734313e2930323e2433313; +https://leakix.net)"
164.92.107.174 - - [30/May/2026:01:22:00 +0000] "GET /___proxy_subdomain_whm/login HTTP/1.1" 404 146 "-" "Mozilla/5.0 (l9scan/2.0.930323e2734313e2930323e2433313; +https://leakix.net)"
134.209.147.209 - - [30/May/2026:01:22:00 +0000] "POST /wp-cron.php?doing_wp_cron=1780104120.8664789199829101562500 HTTP/1.1" 200 31 "-" "WordPress/6.6.1; https://newfaith.focalat.com"
50.6.169.131 - - [30/May/2026:01:22:00 +0000] "GET /wp-login.php HTTP/1.1" 200 2035 "-" "Mozilla/5.0 (Macintosh; Intel Mac OS X 14_7_4) AppleWebKit/537.36 (KHTML, like Gecko) Chrome/133.0.0.0 Safari/537.36"
164.92.107.174 - - [30/May/2026:01:22:00 +0000] "GET /___proxy_subdomain_cpanel HTTP/1.1" 404 146 "-" "Mozilla/5.0 (l9scan/2.0.930323e2734313e2930323e2433313; +https://leakix.net)"
164.92.107.174 - - [30/May/2026:01:22:01 +0000] "GET /v2/_catalog HTTP/1.1" 404 146 "-" "Mozilla/5.0 (l9scan/2.0.930323e2734313e2930323e2433313; +https://leakix.net)"
164.92.107.174 - - [30/May/2026:01:22:02 +0000] "GET /.DS_Store HTTP/1.1" 404 146 "-" "Mozilla/5.0 (l9scan/2.0.930323e2734313e2930323e2433313; +https://leakix.net)"
164.92.107.174 - - [30/May/2026:01:22:03 +0000] "GET /.env HTTP/1.1" 404 146 "-" "Mozilla/5.0 (l9scan/2.0.930323e2734313e2930323e2433313; +https://leakix.net)"
164.92.107.174 - - [30/May/2026:01:22:05 +0000] "GET /ecp/Current/exporttool/microsoft.exchange.ediscovery.exporttool.application HTTP/1.1" 404 146 "-" "Mozilla/5.0 (l9scan/2.0.930323e2734313e2930323e2433313; +https://leakix.net)"
164.92.107.174 - - [30/May/2026:01:22:07 +0000] "GET /.git/config HTTP/1.1" 403 146 "-" "Mozilla/5.0 (l9scan/2.0.930323e2734313e2930323e2433313; +https://leakix.net)"
104.28.156.40 - - [30/May/2026:01:22:07 +0000] "POST /xmlrpc.php HTTP/1.1" 200 415 "-" "Jetpack/13.0; WordPress/6.2; http://site83768323.com"
164.92.107.174 - - [30/May/2026:01:22:08 +0000] "POST /graphql HTTP/1.1" 404 146 "-" "Mozilla/5.0 (l9scan/2.0.930323e2734313e2930323e2433313; +https://leakix.net)"
164.92.107.174 - - [30/May/2026:01:22:09 +0000] "POST /api HTTP/1.1" 404 146 "-" "Mozilla/5.0 (l9scan/2.0.930323e2734313e2930323e2433313; +https://leakix.net)"
164.92.107.174 - - [30/May/2026:01:22:10 +0000] "POST /api/graphql HTTP/1.1" 404 146 "-" "Mozilla/5.0 (l9scan/2.0.930323e2734313e2930323e2433313; +https://leakix.net)"
164.92.107.174 - - [30/May/2026:01:22:10 +0000] "POST /graphql/api HTTP/1.1" 404 146 "-" "Mozilla/5.0 (l9scan/2.0.930323e2734313e2930323e2433313; +https://leakix.net)"
164.92.107.174 - - [30/May/2026:01:22:11 +0000] "POST /api/gql HTTP/1.1" 404 146 "-" "Mozilla/5.0 (l9scan/2.0.930323e2734313e2930323e2433313; +https://leakix.net)"
164.92.107.174 - - [30/May/2026:01:22:12 +0000] "GET /s/930323e2734313e2930323e2433313/_/;/META-INF/maven/com.atlassian.jira/jira-webapp-dist/pom.properties HTTP/1.1" 404 146 "-" "Mozilla/5.0 (l9scan/2.0.930323e2734313e2930323e2433313; +https://leakix.net)"
164.92.107.174 - - [30/May/2026:01:22:13 +0000] "GET /config.json HTTP/1.1" 404 146 "-" "Mozilla/5.0 (l9scan/2.0.930323e2734313e2930323e2433313; +https://leakix.net)"
164.92.107.174 - - [30/May/2026:01:22:15 +0000] "GET /telescope/requests HTTP/1.1" 404 146 "-" "Mozilla/5.0 (l9scan/2.0.930323e2734313e2930323e2433313; +https://leakix.net)"
134.209.147.209 - - [30/May/2026:01:22:15 +0000] "POST /wp-cron.php?doing_wp_cron=1780104135.5978229045867919921875 HTTP/1.1" 200 31 "-" "WordPress/6.9.4; https://laracopilot.stgviitor.com"
162.214.206.32 - - [30/May/2026:01:22:15 +0000] "GET /wp-login.php HTTP/1.1" 200 2008 "-" "Mozilla/5.0 (X11; Linux x86_64; rv:133.0) Gecko/20100101 Firefox/133.0"
164.92.107.174 - - [30/May/2026:01:22:15 +0000] "GET /version HTTP/1.1" 404 146 "-" "Mozilla/5.0 (l9scan/2.0.930323e2734313e2930323e2433313; +https://leakix.net)"
164.92.107.174 - - [30/May/2026:01:22:16 +0000] "GET /info.php HTTP/1.1" 404 146 "-" "Mozilla/5.0 (l9scan/2.0.930323e2734313e2930323e2433313; +https://leakix.net)"
164.92.107.174 - - [30/May/2026:01:22:17 +0000] "GET /.well-known/security.txt HTTP/1.1" 404 146 "-" "Mozilla/5.0 (l9scan/2.0.930323e2734313e2930323e2433313; +https://leakix.net)"
134.209.147.209 - - [30/May/2026:01:22:18 +0000] "POST /wp-cron.php?doing_wp_cron=1780104138.2655069828033447265625 HTTP/1.1" 200 31 "-" "WordPress/6.9.1; https://e-tdr.com"
104.28.156.40 - - [30/May/2026:01:22:18 +0000] "POST /xmlrpc.php HTTP/1.1" 200 415 "-" "WordPress.com; https://wordpress.com"
164.92.107.174 - - [30/May/2026:01:22:18 +0000] "GET /actuator/env HTTP/1.1" 404 146 "-" "Mozilla/5.0 (l9scan/2.0.930323e2734313e2930323e2433313; +https://leakix.net)"
162.214.206.32 - - [30/May/2026:01:22:19 +0000] "POST /wp-login.php HTTP/1.1" 200 2138 "https://laracopilot.stgviitor.com/wp-login.php" "Mozilla/5.0 (X11; Linux x86_64; rv:133.0) Gecko/20100101 Firefox/133.0"
164.92.107.174 - - [30/May/2026:01:22:19 +0000] "GET /trace.axd HTTP/1.1" 404 146 "-" "Mozilla/5.0 (l9scan/2.0.930323e2734313e2930323e2433313; +https://leakix.net)"
172.69.176.62 - - [30/May/2026:01:22:20 +0000] "GET /wp-login.php HTTP/1.1" 499 0 "-" "Mozilla/5.0 (X11; CrOS x86_64 14541.0.0) AppleWebKit/537.36 (KHTML, like Gecko) Chrome/133.0.0.0 Safari/537.36"
164.92.107.174 - - [30/May/2026:01:22:21 +0000] "GET /@vite/env HTTP/1.1" 404 146 "-" "Mozilla/5.0 (l9scan/2.0.930323e2734313e2930323e2433313; +https://leakix.net)"
164.92.107.174 - - [30/May/2026:01:22:21 +0000] "GET /.vscode/sftp.json HTTP/1.1" 404 146 "-" "Mozilla/5.0 (l9scan/2.0.930323e2734313e2930323e2433313; +https://leakix.net)"
164.92.107.174 - - [30/May/2026:01:22:22 +0000] "OPTIONS / HTTP/1.1" 404 146 "-" "Mozilla/5.0 (l9scan/2.0.930323e2734313e2930323e2433313; +https://leakix.net)"
134.209.147.209 - - [30/May/2026:01:22:23 +0000] "POST /wp-cron.php?doing_wp_cron=1780104143.4408659934997558593750 HTTP/1.1" 200 31 "-" "WordPress/6.6.1; https://newfaith.focalat.com"
50.6.169.131 - adamgordon [30/May/2026:01:22:23 +0000] "GET /wp-json/wp/v2/users/me HTTP/1.1" 401 107 "-" "Mozilla/5.0 (Macintosh; Intel Mac OS X 14_7_4) AppleWebKit/537.36 (KHTML, like Gecko) Chrome/133.0.0.0 Safari/537.36"
164.92.107.174 - - [30/May/2026:01:22:23 +0000] "GET /?rest_route=/wp/v2/users/ HTTP/1.1" 404 146 "-" "Mozilla/5.0 (l9scan/2.0.930323e2734313e2930323e2433313; +https://leakix.net)"
164.92.107.174 - - [30/May/2026:01:22:24 +0000] "GET /debug/default/view?panel=config HTTP/1.1" 404 146 "-" "Mozilla/5.0 (l9scan/2.0.930323e2734313e2930323e2433313; +https://leakix.net)"
104.28.156.40 - - [30/May/2026:01:22:28 +0000] "POST /xmlrpc.php HTTP/1.1" 200 415 "-" "WordPress.com; https://wordpress.com"
123.30.233.12 - - [30/May/2026:01:22:33 +0000] "GET /wp-login.php HTTP/1.1" 200 2007 "-" "Mozilla/5.0 (X11; Ubuntu; Linux x86_64; rv:133.0) Gecko/20100101 Firefox/133.0"
123.30.233.12 - - [30/May/2026:01:22:34 +0000] "POST /wp-login.php HTTP/1.1" 200 2144 "https://e-tdr.com/wp-login.php" "Mozilla/5.0 (X11; Ubuntu; Linux x86_64; rv:133.0) Gecko/20100101 Firefox/133.0"
104.28.156.40 - - [30/May/2026:01:22:39 +0000] "POST /xmlrpc.php HTTP/1.1" 200 415 "-" "Jetpack/12.0; WordPress/6.2; http://site22515953.com"
104.22.66.51 - wadminw_w34ima [30/May/2026:01:22:40 +0000] "GET /wp-json/wp/v2/users/me HTTP/1.1" 499 0 "-" "Mozilla/5.0 (X11; CrOS x86_64 14541.0.0) AppleWebKit/537.36 (KHTML, like Gecko) Chrome/133.0.0.0 Safari/537.36"
104.28.156.40 - - [30/May/2026:01:22:49 +0000] "POST /xmlrpc.php HTTP/1.1" 200 415 "-" "WordPress.com; https://wordpress.com"
103.95.119.103 - avinashvagh [30/May/2026:01:22:50 +0000] "GET /wp-json/wp/v2/users/me HTTP/1.1" 401 107 "-" "Mozilla/5.0 (Macintosh; Intel Mac OS X 10_15_7) AppleWebKit/537.36 (KHTML, like Gecko) Chrome/133.0.0.0 Safari/537.36"
78.47.173.76 - - [30/May/2026:01:22:50 +0000] "HEAD / HTTP/1.1" 301 0 "https://viitor.cloud" "Mozilla/5.0+(compatible; UptimeRobot/2.0; http://www.uptimerobot.com/)"
78.142.18.172 - - [30/May/2026:01:22:50 +0000] "GET /wp-login.php HTTP/1.1" 200 2035 "-" "Mozilla/5.0 (Windows NT 10.0; Win64; x64) AppleWebKit/537.36 (KHTML, like Gecko) Chrome/133.0.0.0 Safari/537.36"
134.209.147.209 - - [30/May/2026:01:22:54 +0000] "POST /wp-cron.php?doing_wp_cron=1780104174.3347120285034179687500 HTTP/1.1" 200 31 "-" "WordPress/6.9.1; https://stg.e-tdr.com"
213.171.208.62 - - [30/May/2026:01:22:54 +0000] "GET /wp-login.php HTTP/1.1" 200 2001 "-" "Mozilla/5.0 (X11; Linux i686) AppleWebKit/537.36 (KHTML, like Gecko) Chrome/133.0.0.0 Safari/537.36"
78.142.18.172 - - [30/May/2026:01:22:54 +0000] "POST /wp-login.php HTTP/1.1" 200 2195 "https://newfaith.focalat.com/wp-login.php" "Mozilla/5.0 (Windows NT 10.0; Win64; x64) AppleWebKit/537.36 (KHTML, like Gecko) Chrome/133.0.0.0 Safari/537.36"
213.171.208.62 - - [30/May/2026:01:22:55 +0000] "POST /wp-login.php HTTP/1.1" 200 2132 "https://stg.e-tdr.com/wp-login.php" "Mozilla/5.0 (X11; Linux i686) AppleWebKit/537.36 (KHTML, like Gecko) Chrome/133.0.0.0 Safari/537.36"
104.28.156.40 - - [30/May/2026:01:22:59 +0000] "POST /xmlrpc.php HTTP/1.1" 200 415 "-" "Jetpack by WordPress.com (Jetpack 12.0; WordPress 6.1)"
134.209.147.209 - - [30/May/2026:01:23:09 +0000] "POST /wp-cron.php?doing_wp_cron=1780104189.1127300262451171875000 HTTP/1.1" 200 31 "-" "WordPress/6.9.4; https://laracopilot.stgviitor.com"
