147.185.132.75 - - [30/May/2026:03:21:39 +0000] "\x16\x03\x01\x00\xEE\x01\x00\x00\xEA\x03\x035d\x1F\x8D{S\xDC\xB4\xE9K\xD2\x15e\x0B\xF7\x1D\xBD" 400 150 "-" "-"
66.249.73.101 - - [30/May/2026:03:21:58 +0000] "GET /how-to-select-the-leading-online-casino-in-the-uk/ HTTP/1.1" 200 18678 "-" "Mozilla/5.0 (Linux; Android 6.0.1; Nexus 5X Build/MMB29P) AppleWebKit/537.36 (KHTML, like Gecko) Chrome/148.0.7778.96 Mobile Safari/537.36 (compatible; Googlebot/2.1; +http://www.google.com/bot.html)"
66.249.73.102 - - [30/May/2026:03:22:00 +0000] "GET /best-casino-sites-uk-sign-up-bonuses-and-free-spins-in-2024/ HTTP/1.1" 200 18030 "-" "Mozilla/5.0 (Linux; Android 6.0.1; Nexus 5X Build/MMB29P) AppleWebKit/537.36 (KHTML, like Gecko) Chrome/148.0.7778.96 Mobile Safari/537.36 (compatible; Googlebot/2.1; +http://www.google.com/bot.html)"
200.36.211.97 - - [30/May/2026:03:22:35 +0000] "GET / HTTP/1.1" 200 16230 "-" "Mozilla/5.0 (Windows NT 10.0; Win64; x64) AppleWebKit/537.36 (KHTML, like Gecko) Chrome/120.0.0.0 Safari/537.36"
200.36.211.97 - - [30/May/2026:03:22:36 +0000] "GET /wp-login.php HTTP/1.1" 200 1857 "-" "Mozilla/5.0 (Windows NT 10.0; Win64; x64) AppleWebKit/537.36 (KHTML, like Gecko) Chrome/120.0.0.0 Safari/537.36"
200.36.211.97 - - [30/May/2026:03:22:37 +0000] "POST /wp-login.php HTTP/1.1" 302 5 "https://stg.everycred.com/wp-login.php" "Mozilla/5.0 (Windows NT 10.0; Win64; x64) AppleWebKit/537.36 (KHTML, like Gecko) Chrome/120.0.0.0 Safari/537.36"
200.36.211.97 - - [30/May/2026:03:22:38 +0000] "GET /wp-admin/ HTTP/1.1" 200 19468 "https://stg.everycred.com/wp-login.php" "Mozilla/5.0 (Windows NT 10.0; Win64; x64) AppleWebKit/537.36 (KHTML, like Gecko) Chrome/120.0.0.0 Safari/537.36"
179.12.126.144 - - [30/May/2026:03:22:41 +0000] "GET /wp-admin/ HTTP/1.1" 200 19468 "-" "Mozilla/5.0 (Windows NT 10.0; Win64; x64) AppleWebKit/537.36 (KHTML, like Gecko) Chrome/120.0.0.0 Safari/537.36"
179.12.126.144 - - [30/May/2026:03:22:44 +0000] "GET /wp-admin/post-new.php HTTP/1.1" 200 89979 "-" "Mozilla/5.0 (Windows NT 10.0; Win64; x64) AppleWebKit/537.36 (KHTML, like Gecko) Chrome/120.0.0.0 Safari/537.36"
179.12.126.144 - - [30/May/2026:03:22:45 +0000] "POST /xmlrpc.php HTTP/1.1" 200 275 "-" "WordPress/5.0; https://stg.everycred.com"
179.12.126.144 - - [30/May/2026:03:22:46 +0000] "GET /wp-admin/admin-ajax.php?action=rest-nonce HTTP/1.1" 200 41 "-" "Mozilla/5.0 (Windows NT 10.0; Win64; x64) AppleWebKit/537.36 (KHTML, like Gecko) Chrome/120.0.0.0 Safari/537.36"
179.12.126.144 - - [30/May/2026:03:22:47 +0000] "GET /wp-json/wp/v2/plugins HTTP/1.1" 200 1871 "-" "Mozilla/5.0 (Windows NT 10.0; Win64; x64) AppleWebKit/537.36 (KHTML, like Gecko) Chrome/120.0.0.0 Safari/537.36"
179.12.126.144 - - [30/May/2026:03:22:47 +0000] "GET /wp-json/wp/v2/settings HTTP/1.1" 200 302 "-" "Mozilla/5.0 (Windows NT 10.0; Win64; x64) AppleWebKit/537.36 (KHTML, like Gecko) Chrome/120.0.0.0 Safari/537.36"
179.12.126.144 - - [30/May/2026:03:22:48 +0000] "GET /wp-json/wp/v2/pages/5681 HTTP/1.1" 200 3685 "-" "Mozilla/5.0 (Windows NT 10.0; Win64; x64) AppleWebKit/537.36 (KHTML, like Gecko) Chrome/120.0.0.0 Safari/537.36"
179.12.126.144 - - [30/May/2026:03:22:50 +0000] "POST /xmlrpc.php HTTP/1.1" 200 139 "-" "Mozilla/5.0 (Windows NT 10.0; Win64; x64) AppleWebKit/537.36 (KHTML, like Gecko) Chrome/120.0.0.0 Safari/537.36"
179.12.126.144 - - [30/May/2026:03:22:52 +0000] "GET /?page_id=5681 HTTP/1.1" 301 5 "-" "Mozilla/5.0 (Windows NT 10.0; Win64; x64) AppleWebKit/537.36 (KHTML, like Gecko) Chrome/120.0.0.0 Safari/537.36"
179.12.126.144 - - [30/May/2026:03:22:53 +0000] "GET / HTTP/1.1" 200 17576 "-" "Mozilla/5.0 (Windows NT 10.0; Win64; x64) AppleWebKit/537.36 (KHTML, like Gecko) Chrome/120.0.0.0 Safari/537.36"
91.123.67.32 - - [30/May/2026:03:23:02 +0000] "GET / HTTP/1.1" 200 16242 "-" "Mozilla/5.0 (Windows NT 10.0; Win64; x64) AppleWebKit/537.36 (KHTML, like Gecko) Chrome/120.0.0.0 Safari/537.36"
5.45.84.175 - - [30/May/2026:03:23:04 +0000] "POST /xmlrpc.php HTTP/1.1" 200 563613 "-" "Mozilla/5.0 (X11; Linux x86_64) AppleWebKit/537.36 (KHTML, like Gecko) Chrome/120.0.0.0 Safari/537.36"
5.45.84.175 - - [30/May/2026:03:23:05 +0000] "POST /xmlrpc.php HTTP/1.1" 200 18765 "-" "Mozilla/5.0 (Windows NT 10.0; Win64; x64; rv:121.0) Gecko/20100101 Firefox/121.0"
5.45.84.175 - - [30/May/2026:03:23:07 +0000] "POST /xmlrpc.php HTTP/1.1" 200 189 "-" "Mozilla/5.0 (Windows NT 10.0; Win64; x64; rv:121.0) Gecko/20100101 Firefox/121.0"
5.45.84.175 - - [30/May/2026:03:23:09 +0000] "GET / HTTP/1.1" 200 85685 "-" "Mozilla/5.0 (Windows NT 10.0; Win64; x64) AppleWebKit/537.36"
91.123.67.32 - - [30/May/2026:03:23:20 +0000] "GET /?nocache=1780111400066_kzj0adrr32f HTTP/1.1" 200 16263 "-" "Mozilla/5.0 (X11; Linux x86_64) AppleWebKit/537.36 (KHTML, like Gecko) Chrome/119.0.0.0 Safari/537.36"
134.209.147.209 - - [30/May/2026:03:23:42 +0000] "POST /wp-cron.php?doing_wp_cron=1780111422.4551858901977539062500 HTTP/1.1" 200 31 "-" "WordPress/6.9.4; https://laracopilot.stgviitor.com"
123.30.233.12 - - [30/May/2026:03:23:42 +0000] "GET /wp-login.php HTTP/1.1" 200 2008 "-" "Mozilla/5.0 (Macintosh; Intel Mac OS X 10_15_7) AppleWebKit/537.36 (KHTML, like Gecko) Chrome/133.0.0.0 Safari/537.36"
123.30.233.12 - - [30/May/2026:03:23:43 +0000] "POST /wp-login.php HTTP/1.1" 200 2138 "https://laracopilot.stgviitor.com/wp-login.php" "Mozilla/5.0 (Macintosh; Intel Mac OS X 10_15_7) AppleWebKit/537.36 (KHTML, like Gecko) Chrome/133.0.0.0 Safari/537.36"
141.98.11.117 - - [30/May/2026:03:24:00 +0000] "GET /wp-login.php HTTP/1.1" 200 2008 "-" "Mozilla/5.0 (Windows NT 10.0; WOW64) AppleWebKit/537.36 (KHTML, like Gecko) Chrome/133.0.0.0 Safari/537.36"
134.209.147.209 - - [30/May/2026:03:24:04 +0000] "POST /wp-cron.php?doing_wp_cron=1780111444.5210459232330322265625 HTTP/1.1" 200 31 "-" "WordPress/6.9.4; https://laracopilot.stgviitor.com"
141.98.11.117 - - [30/May/2026:03:24:04 +0000] "POST /wp-login.php HTTP/1.1" 200 2143 "https://laracopilot.stgviitor.com/wp-login.php" "Mozilla/5.0 (Windows NT 10.0; WOW64) AppleWebKit/537.36 (KHTML, like Gecko) Chrome/133.0.0.0 Safari/537.36"
134.209.147.209 - - [30/May/2026:03:24:05 +0000] "POST /wp-cron.php?doing_wp_cron=1780111445.2081499099731445312500 HTTP/1.1" 200 31 "-" "WordPress/6.9.1; https://e-tdr.com"
23.98.142.184 - - [30/May/2026:03:24:05 +0000] "GET /blog/tdr-meaning-what-are-transferable-development-rights/ HTTP/1.1" 200 16999 "-" "Mozilla/5.0 AppleWebKit/537.36 (KHTML, like Gecko); compatible; ChatGPT-User/1.0; +https://openai.com/bot"
134.209.147.209 - - [30/May/2026:03:24:10 +0000] "GET /wp-content/plugins/lifeline-plugin/assets/data/font-awesome-5.json HTTP/1.1" 200 13009 "-" "WordPress/7.0; https://bharti-foundation.stgviitor.com"
134.209.147.209 - - [30/May/2026:03:24:10 +0000] "GET /wp-content/plugins/lifeline-plugin/assets/data/font-awesome-5.json HTTP/1.1" 200 13009 "-" "WordPress/7.0; https://bharti-foundation.stgviitor.com"
134.209.147.209 - - [30/May/2026:03:24:10 +0000] "GET /wp-content/plugins/lifeline-plugin/assets/json/social-profile.json HTTP/1.1" 200 4033 "-" "WordPress/7.0; https://bharti-foundation.stgviitor.com"
134.209.147.209 - - [30/May/2026:03:24:11 +0000] "GET /wp-content/plugins/lifeline-plugin/assets/data/font-awesome-5.json HTTP/1.1" 200 13009 "-" "WordPress/7.0; https://bharti-foundation.stgviitor.com"
134.209.147.209 - - [30/May/2026:03:24:11 +0000] "POST /wp-cron.php?doing_wp_cron=1780111451.1967198848724365234375 HTTP/1.1" 200 31 "-" "WordPress/7.0; https://bharti-foundation.stgviitor.com"
66.175.213.4 - - [30/May/2026:03:24:11 +0000] "GET / HTTP/1.1" 301 11 "-" "Mozilla/5.0 (Macintosh; Intel Mac OS X 13_1) AppleWebKit/537.36 (KHTML, like Gecko) Chrome/108.0.0.0 Safari/537.36"
134.209.147.209 - - [30/May/2026:03:24:11 +0000] "GET /wp-content/plugins/lifeline-plugin/assets/data/font-awesome-5.json HTTP/1.1" 200 13009 "-" "WordPress/7.0; https://bharti-foundation.stgviitor.com"
134.209.147.209 - - [30/May/2026:03:24:11 +0000] "GET /wp-content/plugins/lifeline-plugin/assets/data/font-awesome-5.json HTTP/1.1" 200 13009 "-" "WordPress/7.0; https://bharti-foundation.stgviitor.com"
134.209.147.209 - - [30/May/2026:03:24:11 +0000] "GET /wp-content/plugins/lifeline-plugin/assets/json/social-profile.json HTTP/1.1" 200 4033 "-" "WordPress/7.0; https://bharti-foundation.stgviitor.com"
134.209.147.209 - - [30/May/2026:03:24:11 +0000] "GET /wp-content/plugins/lifeline-plugin/assets/data/font-awesome-5.json HTTP/1.1" 200 13009 "-" "WordPress/7.0; https://bharti-foundation.stgviitor.com"
134.209.147.209 - - [30/May/2026:03:24:12 +0000] "GET /wp-content/plugins/lifeline-plugin/assets/data/font-awesome-5.json HTTP/1.1" 200 13009 "-" "WordPress/7.0; https://bharti-foundation.stgviitor.com"
134.209.147.209 - - [30/May/2026:03:24:12 +0000] "GET /wp-content/plugins/lifeline-plugin/assets/data/font-awesome-5.json HTTP/1.1" 200 13009 "-" "WordPress/7.0; https://bharti-foundation.stgviitor.com"
134.209.147.209 - - [30/May/2026:03:24:12 +0000] "GET /wp-content/plugins/lifeline-plugin/assets/json/social-profile.json HTTP/1.1" 200 4033 "-" "WordPress/7.0; https://bharti-foundation.stgviitor.com"
134.209.147.209 - - [30/May/2026:03:24:12 +0000] "GET /wp-content/plugins/lifeline-plugin/assets/data/font-awesome-5.json HTTP/1.1" 200 13009 "-" "WordPress/7.0; https://bharti-foundation.stgviitor.com"
66.175.213.4 - - [30/May/2026:03:24:13 +0000] "GET / HTTP/1.1" 200 31471 "https://134.209.147.209/" "Mozilla/5.0 (Macintosh; Intel Mac OS X 13_1) AppleWebKit/537.36 (KHTML, like Gecko) Chrome/108.0.0.0 Safari/537.36"
78.142.18.172 - - [30/May/2026:03:24:40 +0000] "GET /wp-login.php HTTP/1.1" 200 2008 "-" "Mozilla/5.0 (Windows NT 10.0; Win64; x64; rv:133.0) Gecko/20100101 Firefox/133.0"
78.142.18.172 - - [30/May/2026:03:24:44 +0000] "POST /wp-login.php HTTP/1.1" 200 2145 "https://laracopilot.stgviitor.com/wp-login.php" "Mozilla/5.0 (Windows NT 10.0; Win64; x64; rv:133.0) Gecko/20100101 Firefox/133.0"
103.167.233.74 - - [30/May/2026:03:24:49 +0000] "GET / HTTP/1.1" 200 16263 "-" "Mozilla/5.0 (Windows NT 10.0; Win64; x64) AppleWebKit/537.36 (KHTML, like Gecko) Chrome/120.0.0.0 Safari/537.36"
189.225.139.143 - - [30/May/2026:03:24:51 +0000] "GET /wp-login.php HTTP/1.1" 200 1857 "-" "Mozilla/5.0 (Windows NT 10.0; Win64; x64) AppleWebKit/537.36 (KHTML, like Gecko) Chrome/120.0.0.0 Safari/537.36"
189.225.139.143 - - [30/May/2026:03:24:52 +0000] "POST /wp-login.php HTTP/1.1" 302 5 "https://stg.everycred.com/wp-login.php" "Mozilla/5.0 (Windows NT 10.0; Win64; x64) AppleWebKit/537.36 (KHTML, like Gecko) Chrome/120.0.0.0 Safari/537.36"
189.225.139.143 - - [30/May/2026:03:24:53 +0000] "GET /wp-admin/ HTTP/1.1" 200 19465 "https://stg.everycred.com/wp-login.php" "Mozilla/5.0 (Windows NT 10.0; Win64; x64) AppleWebKit/537.36 (KHTML, like Gecko) Chrome/120.0.0.0 Safari/537.36"
170.245.24.210 - - [30/May/2026:03:24:56 +0000] "GET /wp-admin/ HTTP/1.1" 200 19466 "-" "Mozilla/5.0 (Windows NT 10.0; Win64; x64) AppleWebKit/537.36 (KHTML, like Gecko) Chrome/120.0.0.0 Safari/537.36"
170.245.24.210 - - [30/May/2026:03:24:58 +0000] "GET /wp-admin/post-new.php HTTP/1.1" 200 89982 "-" "Mozilla/5.0 (Windows NT 10.0; Win64; x64) AppleWebKit/537.36 (KHTML, like Gecko) Chrome/120.0.0.0 Safari/537.36"
128.140.106.114 - - [30/May/2026:03:25:00 +0000] "HEAD / HTTP/1.1" 301 0 "https://viitor.cloud" "Mozilla/5.0+(compatible; UptimeRobot/2.0; http://www.uptimerobot.com/)"
170.245.24.210 - - [30/May/2026:03:25:00 +0000] "POST /xmlrpc.php HTTP/1.1" 200 275 "-" "WordPress/5.0; https://stg.everycred.com"
170.245.24.210 - - [30/May/2026:03:25:00 +0000] "GET /wp-admin/admin-ajax.php?action=rest-nonce HTTP/1.1" 200 41 "-" "Mozilla/5.0 (Windows NT 10.0; Win64; x64) AppleWebKit/537.36 (KHTML, like Gecko) Chrome/120.0.0.0 Safari/537.36"
170.245.24.210 - - [30/May/2026:03:25:01 +0000] "GET /wp-json/wp/v2/plugins HTTP/1.1" 200 1871 "-" "Mozilla/5.0 (Windows NT 10.0; Win64; x64) AppleWebKit/537.36 (KHTML, like Gecko) Chrome/120.0.0.0 Safari/537.36"
170.245.24.210 - - [30/May/2026:03:25:02 +0000] "GET /wp-json/wp/v2/settings HTTP/1.1" 200 302 "-" "Mozilla/5.0 (Windows NT 10.0; Win64; x64) AppleWebKit/537.36 (KHTML, like Gecko) Chrome/120.0.0.0 Safari/537.36"
170.245.24.210 - - [30/May/2026:03:25:03 +0000] "GET /wp-json/wp/v2/pages/5681 HTTP/1.1" 200 3716 "-" "Mozilla/5.0 (Windows NT 10.0; Win64; x64) AppleWebKit/537.36 (KHTML, like Gecko) Chrome/120.0.0.0 Safari/537.36"
170.245.24.210 - - [30/May/2026:03:25:04 +0000] "POST /xmlrpc.php HTTP/1.1" 200 139 "-" "Mozilla/5.0 (Windows NT 10.0; Win64; x64) AppleWebKit/537.36 (KHTML, like Gecko) Chrome/120.0.0.0 Safari/537.36"
134.209.147.209 - - [30/May/2026:03:25:06 +0000] "POST /wp-cron.php?doing_wp_cron=1780111506.9527440071105957031250 HTTP/1.1" 200 31 "-" "WordPress/6.6.1; https://newfaith.focalat.com"
162.214.206.32 - - [30/May/2026:03:25:07 +0000] "GET /wp-login.php HTTP/1.1" 200 2035 "-" "Mozilla/5.0 (Macintosh; Intel Mac OS X 14_7_4) AppleWebKit/537.36 (KHTML, like Gecko) Chrome/133.0.0.0 Safari/537.36"
170.245.24.210 - - [30/May/2026:03:25:07 +0000] "GET /?page_id=5681 HTTP/1.1" 301 5 "-" "Mozilla/5.0 (Windows NT 10.0; Win64; x64) AppleWebKit/537.36 (KHTML, like Gecko) Chrome/120.0.0.0 Safari/537.36"
170.245.24.210 - - [30/May/2026:03:25:08 +0000] "GET / HTTP/1.1" 200 17623 "-" "Mozilla/5.0 (Windows NT 10.0; Win64; x64) AppleWebKit/537.36 (KHTML, like Gecko) Chrome/120.0.0.0 Safari/537.36"
134.209.147.209 - - [30/May/2026:03:25:12 +0000] "POST /wp-cron.php?doing_wp_cron=1780111512.6125268936157226562500 HTTP/1.1" 200 31 "-" "WordPress/6.6.1; https://newfaith.focalat.com"
162.214.206.32 - - [30/May/2026:03:25:12 +0000] "POST /wp-login.php HTTP/1.1" 200 2168 "https://newfaith.focalat.com/wp-login.php" "Mozilla/5.0 (Macintosh; Intel Mac OS X 14_7_4) AppleWebKit/537.36 (KHTML, like Gecko) Chrome/133.0.0.0 Safari/537.36"
134.209.147.209 - - [30/May/2026:03:25:23 +0000] "POST /wp-cron.php?doing_wp_cron=1780111523.6055970191955566406250 HTTP/1.1" 200 31 "-" "WordPress/6.9.1; https://e-tdr.com"
141.98.11.117 - - [30/May/2026:03:25:23 +0000] "GET /wp-login.php HTTP/1.1" 200 2007 "-" "Mozilla/5.0 (X11; Linux x86_64) AppleWebKit/537.36 (KHTML, like Gecko) Chrome/133.0.0.0 Safari/537.36"
162.214.206.32 - - [30/May/2026:03:25:24 +0000] "GET /wp-login.php HTTP/1.1" 200 2007 "-" "Mozilla/5.0 (X11; Linux x86_64; rv:133.0) Gecko/20100101 Firefox/133.0"
141.98.11.117 - - [30/May/2026:03:25:24 +0000] "POST /wp-login.php HTTP/1.1" 200 2144 "https://e-tdr.com/wp-login.php" "Mozilla/5.0 (X11; Linux x86_64) AppleWebKit/537.36 (KHTML, like Gecko) Chrome/133.0.0.0 Safari/537.36"
162.214.206.32 - - [30/May/2026:03:25:26 +0000] "POST /wp-login.php HTTP/1.1" 200 2138 "https://e-tdr.com/wp-login.php" "Mozilla/5.0 (X11; Linux x86_64; rv:133.0) Gecko/20100101 Firefox/133.0"
134.209.147.209 - - [30/May/2026:03:25:35 +0000] "POST /wp-cron.php?doing_wp_cron=1780111535.5971930027008056640625 HTTP/1.1" 200 31 "-" "WordPress/6.5.3; https://vcstore.stgviitor.com"
162.240.52.198 - - [30/May/2026:03:25:35 +0000] "GET /wp-login.php HTTP/1.1" 200 1829 "-" "Mozilla/5.0 (Macintosh; Intel Mac OS X 10_15_7) AppleWebKit/605.1.15 (KHTML, like Gecko) Version/18.3 Safari/605.1.15"
162.240.52.198 - - [30/May/2026:03:25:37 +0000] "POST /wp-login.php HTTP/1.1" 200 1968 "https://vcstore.stgviitor.com/wp-login.php" "Mozilla/5.0 (Macintosh; Intel Mac OS X 10_15_7) AppleWebKit/605.1.15 (KHTML, like Gecko) Version/18.3 Safari/605.1.15"
134.209.147.209 - - [30/May/2026:03:26:15 +0000] "POST /wp-cron.php?doing_wp_cron=1780111575.4341111183166503906250 HTTP/1.1" 200 31 "-" "WordPress/6.8.3; https://viitorcloud.stgviitor.com"
104.210.140.128 - - [30/May/2026:03:26:15 +0000] "GET /robots.txt HTTP/1.1" 200 131 "-" "Mozilla/5.0 (Macintosh; Intel Mac OS X 10_15_7) AppleWebKit/537.36 (KHTML, like Gecko) Chrome/131.0.0.0 Safari/537.36; compatible; OAI-SearchBot/1.0; +https://openai.com/searchbot"
134.209.147.209 - - [30/May/2026:03:26:23 +0000] "POST /wp-cron.php?doing_wp_cron=1780111583.0313179492950439453125 HTTP/1.1" 200 31 "-" "WordPress/6.9.4; https://laracopilot.stgviitor.com"
83.212.240.55 - - [30/May/2026:03:26:23 +0000] "GET /wp-login.php HTTP/1.1" 200 2008 "-" "Mozilla/5.0 (Windows NT 10.0; Win64; x64; rv:133.0) Gecko/20100101 Firefox/133.0"
83.212.240.55 - - [30/May/2026:03:26:26 +0000] "POST /wp-login.php HTTP/1.1" 200 2145 "https://laracopilot.stgviitor.com/wp-login.php" "Mozilla/5.0 (Windows NT 10.0; Win64; x64; rv:133.0) Gecko/20100101 Firefox/133.0"
134.209.147.209 - - [30/May/2026:03:27:02 +0000] "GET /wp-content/plugins/lifeline-plugin/assets/data/font-awesome-5.json HTTP/1.1" 200 13009 "-" "WordPress/7.0; https://bharti-foundation.stgviitor.com"
134.209.147.209 - - [30/May/2026:03:27:02 +0000] "GET /wp-content/plugins/lifeline-plugin/assets/data/font-awesome-5.json HTTP/1.1" 200 13009 "-" "WordPress/7.0; https://bharti-foundation.stgviitor.com"
134.209.147.209 - - [30/May/2026:03:27:02 +0000] "GET /wp-content/plugins/lifeline-plugin/assets/json/social-profile.json HTTP/1.1" 200 4033 "-" "WordPress/7.0; https://bharti-foundation.stgviitor.com"
134.209.147.209 - - [30/May/2026:03:27:02 +0000] "GET /wp-content/plugins/lifeline-plugin/assets/data/font-awesome-5.json HTTP/1.1" 200 13009 "-" "WordPress/7.0; https://bharti-foundation.stgviitor.com"
134.209.147.209 - - [30/May/2026:03:27:02 +0000] "POST /wp-cron.php?doing_wp_cron=1780111622.5025498867034912109375 HTTP/1.1" 200 31 "-" "WordPress/7.0; https://bharti-foundation.stgviitor.com"
18.97.5.13 - - [30/May/2026:03:27:02 +0000] "GET / HTTP/1.1" 301 11 "-" "Mozilla/5.0 (Windows NT 6.2;en-US) AppleWebKit/537.32.36 (KHTML, live Gecko) Chrome/55.0.3089.76 Safari/537.32"
134.209.147.209 - - [30/May/2026:03:27:02 +0000] "GET /wp-content/plugins/lifeline-plugin/assets/data/font-awesome-5.json HTTP/1.1" 200 13009 "-" "WordPress/7.0; https://bharti-foundation.stgviitor.com"
134.209.147.209 - - [30/May/2026:03:27:02 +0000] "GET /wp-content/plugins/lifeline-plugin/assets/data/font-awesome-5.json HTTP/1.1" 200 13009 "-" "WordPress/7.0; https://bharti-foundation.stgviitor.com"
134.209.147.209 - - [30/May/2026:03:27:02 +0000] "GET /wp-content/plugins/lifeline-plugin/assets/json/social-profile.json HTTP/1.1" 200 4033 "-" "WordPress/7.0; https://bharti-foundation.stgviitor.com"
134.209.147.209 - - [30/May/2026:03:27:02 +0000] "GET /wp-content/plugins/lifeline-plugin/assets/data/font-awesome-5.json HTTP/1.1" 200 13009 "-" "WordPress/7.0; https://bharti-foundation.stgviitor.com"
134.209.147.209 - - [30/May/2026:03:27:03 +0000] "GET /wp-content/plugins/lifeline-plugin/assets/data/font-awesome-5.json HTTP/1.1" 200 13009 "-" "WordPress/7.0; https://bharti-foundation.stgviitor.com"
134.209.147.209 - - [30/May/2026:03:27:03 +0000] "GET /wp-content/plugins/lifeline-plugin/assets/data/font-awesome-5.json HTTP/1.1" 200 13009 "-" "WordPress/7.0; https://bharti-foundation.stgviitor.com"
134.209.147.209 - - [30/May/2026:03:27:03 +0000] "GET /wp-content/plugins/lifeline-plugin/assets/json/social-profile.json HTTP/1.1" 200 4033 "-" "WordPress/7.0; https://bharti-foundation.stgviitor.com"
134.209.147.209 - - [30/May/2026:03:27:03 +0000] "GET /wp-content/plugins/lifeline-plugin/assets/data/font-awesome-5.json HTTP/1.1" 200 13009 "-" "WordPress/7.0; https://bharti-foundation.stgviitor.com"
18.97.5.13 - - [30/May/2026:03:27:04 +0000] "GET / HTTP/1.1" 200 31475 "-" "Mozilla/5.0 (Windows NT 6.2;en-US) AppleWebKit/537.32.36 (KHTML, live Gecko) Chrome/55.0.3089.76 Safari/537.32"
18.97.5.13 - - [30/May/2026:03:27:05 +0000] "GET /wp-content/uploads/2026/03/favicon.ico HTTP/1.1" 200 15406 "-" "Mozilla/5.0 (Macintosh; Intel Mac OS X 10_15_7) AppleWebKit/537.36 (KHTML, like Gecko) Chrome/124.0.0.0 Safari/537.36"
103.78.97.230 - - [30/May/2026:03:27:07 +0000] "GET /wp-login.php HTTP/1.1" 200 1772 "-" "Mozilla/5.0 (Windows NT 10.0; Win64; x64; rv:133.0) Gecko/20100101 Firefox/133.0"
103.78.97.230 - - [30/May/2026:03:27:14 +0000] "POST /wp-login.php HTTP/1.1" 200 1940 "https://vcstore.viitorcloud.co/wp-login.php" "Mozilla/5.0 (Windows NT 10.0; Win64; x64; rv:133.0) Gecko/20100101 Firefox/133.0"
18.97.5.13 - - [30/May/2026:03:27:19 +0000] "\x15\x03\x01\x00\x02\x02P" 400 150 "-" "-"
172.70.93.17 - - [30/May/2026:03:27:23 +0000] "GET /wp-login.php HTTP/1.1" 200 1772 "-" "Mozilla/5.0 (Macintosh; Intel Mac OS X 14_7_4) AppleWebKit/537.36 (KHTML, like Gecko) Chrome/133.0.0.0 Safari/537.36"
172.70.93.17 - - [30/May/2026:03:27:26 +0000] "POST /wp-login.php HTTP/1.1" 200 1940 "https://vcstore.viitorcloud.com/wp-login.php" "Mozilla/5.0 (Macintosh; Intel Mac OS X 14_7_4) AppleWebKit/537.36 (KHTML, like Gecko) Chrome/133.0.0.0 Safari/537.36"
18.97.5.13 - - [30/May/2026:03:27:31 +0000] "\x15\x03\x01\x00\x02\x02P" 400 150 "-" "-"
44.194.134.53 - - [30/May/2026:03:27:43 +0000] "GET /wp-json/oembed/1.0/embed?format=xml&url=https://stg.everycred.com/future-of-credentials-with-everycred/ HTTP/1.1" 200 1218 "-" "Mozilla/5.0 AppleWebKit/537.36 (KHTML, like Gecko; compatible; Amazonbot/0.1; +https://developer.amazon.com/support/amazonbot) Chrome/119.0.6045.214 Safari/537.36"
3.212.86.97 - - [30/May/2026:03:27:47 +0000] "GET /digital-credentials-for-government-checklist/feed/ HTTP/1.1" 200 890 "-" "Mozilla/5.0 AppleWebKit/537.36 (KHTML, like Gecko; compatible; Amazonbot/0.1; +https://developer.amazon.com/support/amazonbot) Chrome/119.0.6045.214 Safari/537.36"
98.83.178.66 - - [30/May/2026:03:27:49 +0000] "GET /casino-buiten-cruks-wettelijk-toegestane-gokactiviteiten-zonder-inschrijving/ HTTP/1.1" 200 18363 "-" "Mozilla/5.0 AppleWebKit/537.36 (KHTML, like Gecko; compatible; Amazonbot/0.1; +https://developer.amazon.com/support/amazonbot) Chrome/119.0.6045.214 Safari/537.36"
134.209.147.209 - - [30/May/2026:03:27:50 +0000] "POST /wp-cron.php?doing_wp_cron=1780111670.7440590858459472656250 HTTP/1.1" 200 31 "-" "WordPress/6.5.3; https://vcstore.stgviitor.com"
49.12.3.147 - - [30/May/2026:03:27:50 +0000] "GET /wp-login.php HTTP/1.1" 200 1829 "-" "Mozilla/5.0 (Windows NT 10.0) AppleWebKit/537.36 (KHTML, like Gecko) Chrome/133.0.0.0 Safari/537.36"
49.12.3.147 - - [30/May/2026:03:27:54 +0000] "POST /wp-login.php HTTP/1.1" 200 1965 "https://vcstore.stgviitor.com/wp-login.php" "Mozilla/5.0 (Windows NT 10.0) AppleWebKit/537.36 (KHTML, like Gecko) Chrome/133.0.0.0 Safari/537.36"
100.27.153.9 - - [30/May/2026:03:27:56 +0000] "GET /sporttip-bonus/feed/ HTTP/1.1" 200 775 "-" "Mozilla/5.0 AppleWebKit/537.36 (KHTML, like Gecko; compatible; Amazonbot/0.1; +https://developer.amazon.com/support/amazonbot) Chrome/119.0.6045.214 Safari/537.36"
54.147.238.89 - - [30/May/2026:03:27:59 +0000] "GET /wp-json/wp/v2/tags/74 HTTP/1.1" 200 325 "-" "Mozilla/5.0 AppleWebKit/537.36 (KHTML, like Gecko; compatible; Amazonbot/0.1; +https://developer.amazon.com/support/amazonbot) Chrome/119.0.6045.214 Safari/537.36"
134.209.147.209 - - [30/May/2026:03:28:00 +0000] "POST /wp-cron.php?doing_wp_cron=1780111680.3524100780487060546875 HTTP/1.1" 200 31 "-" "WordPress/6.9.1; https://e-tdr.com"
78.142.18.172 - - [30/May/2026:03:28:00 +0000] "GET /wp-login.php HTTP/1.1" 200 2007 "-" "Mozilla/5.0 (Macintosh; Intel Mac OS X 11_7_10) AppleWebKit/537.36 (KHTML, like Gecko) Chrome/133.0.0.0 Safari/537.36"
44.209.187.99 - - [30/May/2026:03:28:02 +0000] "GET /tag/verifiable-digital-identity/feed/ HTTP/1.1" 200 130891 "-" "Mozilla/5.0 AppleWebKit/537.36 (KHTML, like Gecko; compatible; Amazonbot/0.1; +https://developer.amazon.com/support/amazonbot) Chrome/119.0.6045.214 Safari/537.36"
78.142.18.172 - - [30/May/2026:03:28:03 +0000] "POST /wp-login.php HTTP/1.1" 200 2138 "https://e-tdr.com/wp-login.php" "Mozilla/5.0 (Macintosh; Intel Mac OS X 11_7_10) AppleWebKit/537.36 (KHTML, like Gecko) Chrome/133.0.0.0 Safari/537.36"
3.220.70.171 - - [30/May/2026:03:28:06 +0000] "GET /decentralized-identity-for-government/ HTTP/1.1" 200 19353 "-" "Mozilla/5.0 AppleWebKit/537.36 (KHTML, like Gecko; compatible; Amazonbot/0.1; +https://developer.amazon.com/support/amazonbot) Chrome/119.0.6045.214 Safari/537.36"
134.209.147.209 - - [30/May/2026:03:28:22 +0000] "POST /wp-cron.php?doing_wp_cron=1780111702.9178099632263183593750 HTTP/1.1" 200 31 "-" "WordPress/6.5.3; https://vcstore.stgviitor.com"
162.214.206.32 - - [30/May/2026:03:28:22 +0000] "GET /wp-login.php HTTP/1.1" 200 1829 "-" "Mozilla/5.0 (X11; Linux i686) AppleWebKit/537.36 (KHTML, like Gecko) Chrome/133.0.0.0 Safari/537.36"
162.214.206.32 - - [30/May/2026:03:28:26 +0000] "POST /wp-login.php HTTP/1.1" 200 1999 "https://vcstore.stgviitor.com/wp-login.php" "Mozilla/5.0 (X11; Linux i686) AppleWebKit/537.36 (KHTML, like Gecko) Chrome/133.0.0.0 Safari/537.36"
45.171.218.65 - - [30/May/2026:03:29:44 +0000] "GET / HTTP/1.1" 200 16288 "-" "Mozilla/5.0 (Windows NT 10.0; Win64; x64) AppleWebKit/537.36 (KHTML, like Gecko) Chrome/120.0.0.0 Safari/537.36"
134.209.147.209 - - [30/May/2026:03:29:46 +0000] "POST /wp-cron.php?doing_wp_cron=1780111786.8118839263916015625000 HTTP/1.1" 200 31 "-" "WordPress/6.9.4; https://laracopilot.stgviitor.com"
82.223.24.195 - - [30/May/2026:03:29:46 +0000] "GET /wp-login.php HTTP/1.1" 200 2008 "-" "Mozilla/5.0 (Macintosh; Intel Mac OS X 10_15_7) AppleWebKit/605.1.15 (KHTML, like Gecko) Version/18.3 Safari/605.1.15"
186.189.85.184 - - [30/May/2026:03:29:49 +0000] "GET /wp-login.php HTTP/1.1" 200 1857 "-" "Mozilla/5.0 (Windows NT 10.0; Win64; x64) AppleWebKit/537.36 (KHTML, like Gecko) Chrome/120.0.0.0 Safari/537.36"
82.223.24.195 - - [30/May/2026:03:29:50 +0000] "POST /wp-login.php HTTP/1.1" 200 2143 "https://laracopilot.stgviitor.com/wp-login.php" "Mozilla/5.0 (Macintosh; Intel Mac OS X 10_15_7) AppleWebKit/605.1.15 (KHTML, like Gecko) Version/18.3 Safari/605.1.15"
186.189.85.184 - - [30/May/2026:03:29:50 +0000] "POST /wp-login.php HTTP/1.1" 302 5 "https://stg.everycred.com/wp-login.php" "Mozilla/5.0 (Windows NT 10.0; Win64; x64) AppleWebKit/537.36 (KHTML, like Gecko) Chrome/120.0.0.0 Safari/537.36"
186.189.85.184 - - [30/May/2026:03:29:51 +0000] "GET /wp-admin/ HTTP/1.1" 200 19468 "https://stg.everycred.com/wp-login.php" "Mozilla/5.0 (Windows NT 10.0; Win64; x64) AppleWebKit/537.36 (KHTML, like Gecko) Chrome/120.0.0.0 Safari/537.36"
179.6.2.167 - - [30/May/2026:03:29:54 +0000] "GET /wp-admin/ HTTP/1.1" 200 19468 "-" "Mozilla/5.0 (Windows NT 10.0; Win64; x64) AppleWebKit/537.36 (KHTML, like Gecko) Chrome/120.0.0.0 Safari/537.36"
179.6.2.167 - - [30/May/2026:03:29:56 +0000] "GET /wp-admin/post-new.php HTTP/1.1" 200 89977 "-" "Mozilla/5.0 (Windows NT 10.0; Win64; x64) AppleWebKit/537.36 (KHTML, like Gecko) Chrome/120.0.0.0 Safari/537.36"
179.6.2.167 - - [30/May/2026:03:29:57 +0000] "POST /xmlrpc.php HTTP/1.1" 200 275 "-" "WordPress/5.0; https://stg.everycred.com"
179.6.2.167 - - [30/May/2026:03:29:58 +0000] "GET /wp-admin/admin-ajax.php?action=rest-nonce HTTP/1.1" 200 41 "-" "Mozilla/5.0 (Windows NT 10.0; Win64; x64) AppleWebKit/537.36 (KHTML, like Gecko) Chrome/120.0.0.0 Safari/537.36"
179.6.2.167 - - [30/May/2026:03:29:59 +0000] "GET /wp-json/wp/v2/plugins HTTP/1.1" 200 1871 "-" "Mozilla/5.0 (Windows NT 10.0; Win64; x64) AppleWebKit/537.36 (KHTML, like Gecko) Chrome/120.0.0.0 Safari/537.36"
179.6.2.167 - - [30/May/2026:03:29:59 +0000] "GET /wp-json/wp/v2/settings HTTP/1.1" 200 302 "-" "Mozilla/5.0 (Windows NT 10.0; Win64; x64) AppleWebKit/537.36 (KHTML, like Gecko) Chrome/120.0.0.0 Safari/537.36"
179.6.2.167 - - [30/May/2026:03:30:00 +0000] "GET /wp-json/wp/v2/pages/5681 HTTP/1.1" 200 3747 "-" "Mozilla/5.0 (Windows NT 10.0; Win64; x64) AppleWebKit/537.36 (KHTML, like Gecko) Chrome/120.0.0.0 Safari/537.36"
141.98.11.117 - - [30/May/2026:03:30:01 +0000] "GET /wp-login.php HTTP/1.1" 200 2008 "-" "Mozilla/5.0 (Windows NT 10.0; Win64; x64) AppleWebKit/537.36 (KHTML, like Gecko) Chrome/133.0.0.0 Safari/537.36"
179.6.2.167 - - [30/May/2026:03:30:02 +0000] "POST /xmlrpc.php HTTP/1.1" 200 139 "-" "Mozilla/5.0 (Windows NT 10.0; Win64; x64) AppleWebKit/537.36 (KHTML, like Gecko) Chrome/120.0.0.0 Safari/537.36"
134.209.147.209 - - [30/May/2026:03:30:03 +0000] "POST /wp-cron.php?doing_wp_cron=1780111803.4569470882415771484375 HTTP/1.1" 200 31 "-" "WordPress/6.9.4; https://laracopilot.stgviitor.com"
141.98.11.117 - - [30/May/2026:03:30:03 +0000] "POST /wp-login.php HTTP/1.1" 200 2143 "https://laracopilot.stgviitor.com/wp-login.php" "Mozilla/5.0 (Windows NT 10.0; Win64; x64) AppleWebKit/537.36 (KHTML, like Gecko) Chrome/133.0.0.0 Safari/537.36"
49.13.164.148 - - [30/May/2026:03:30:04 +0000] "HEAD / HTTP/1.1" 301 0 "https://viitor.cloud" "Mozilla/5.0+(compatible; UptimeRobot/2.0; http://www.uptimerobot.com/)"
179.6.2.167 - - [30/May/2026:03:30:04 +0000] "GET /?page_id=5681 HTTP/1.1" 301 5 "-" "Mozilla/5.0 (Windows NT 10.0; Win64; x64) AppleWebKit/537.36 (KHTML, like Gecko) Chrome/120.0.0.0 Safari/537.36"
179.6.2.167 - - [30/May/2026:03:30:05 +0000] "GET / HTTP/1.1" 200 17627 "-" "Mozilla/5.0 (Windows NT 10.0; Win64; x64) AppleWebKit/537.36 (KHTML, like Gecko) Chrome/120.0.0.0 Safari/537.36"
162.214.206.32 - - [30/May/2026:03:30:13 +0000] "GET /wp-login.php HTTP/1.1" 200 1772 "-" "Mozilla/5.0 (X11; Linux i686) AppleWebKit/537.36 (KHTML, like Gecko) Chrome/133.0.0.0 Safari/537.36"
162.214.206.32 - - [30/May/2026:03:30:15 +0000] "POST /wp-login.php HTTP/1.1" 200 1913 "https://vcstore.viitorcloud.co/wp-login.php" "Mozilla/5.0 (X11; Linux i686) AppleWebKit/537.36 (KHTML, like Gecko) Chrome/133.0.0.0 Safari/537.36"
176.65.139.239 - - [30/May/2026:03:30:40 +0000] "GET /.env HTTP/1.1" 404 548 "-" "Mozilla/5.0 (Windows NT 10.0; Win64; x64) AppleWebKit/537.36 (KHTML, like Gecko) Chrome/147.0.0.0 Safari/537.36"
41.82.26.27 - - [30/May/2026:03:31:28 +0000] "POST /xmlrpc.php HTTP/1.1" 404 146 "-" "XML-RPC for PHP 4.11.1"
173.252.87.6 - - [30/May/2026:03:31:45 +0000] "GET /wp-json/wp/v2/posts/71950 HTTP/1.1" 404 146 "-" "meta-externalagent/1.1 (+https://developers.facebook.com/docs/sharing/webmasters/crawler)"
162.158.170.53 - - [30/May/2026:03:31:59 +0000] "GET /wp-login.php HTTP/1.1" 499 0 "-" "Mozilla/5.0 (Windows NT 10.0; Win64; x64) AppleWebKit/537.36 (KHTML, like Gecko) Chrome/133.0.0.0 Safari/537.36"
162.158.190.4 - wadminw_w34ima [30/May/2026:03:32:18 +0000] "GET /wp-json/wp/v2/users/me HTTP/1.1" 401 107 "-" "Mozilla/5.0 (Windows NT 10.0; Win64; x64) AppleWebKit/537.36 (KHTML, like Gecko) Chrome/133.0.0.0 Safari/537.36"
134.209.147.209 - - [30/May/2026:03:32:34 +0000] "POST /wp-cron.php?doing_wp_cron=1780111954.6099169254302978515625 HTTP/1.1" 200 31 "-" "WordPress/6.9.1; https://e-tdr.com"
49.12.3.147 - - [30/May/2026:03:32:34 +0000] "GET /wp-login.php HTTP/1.1" 200 2007 "-" "Mozilla/5.0 (Windows NT 10.0; WOW64) AppleWebKit/537.36 (KHTML, like Gecko) Chrome/133.0.0.0 Safari/537.36"
49.12.3.147 - - [30/May/2026:03:32:37 +0000] "POST /wp-login.php HTTP/1.1" 200 2144 "https://e-tdr.com/wp-login.php" "Mozilla/5.0 (Windows NT 10.0; WOW64) AppleWebKit/537.36 (KHTML, like Gecko) Chrome/133.0.0.0 Safari/537.36"
77.90.185.5 - - [30/May/2026:03:32:57 +0000] "GET / HTTP/1.0" 301 162 "http://viitor.cloud/" "Mozilla/5.0 (Windows NT 10.0; Win64; x64) AppleWebKit/537.36 (KHTML, like Gecko) Chrome/131.0.0.0 Safari/537.36"
134.209.147.209 - - [30/May/2026:03:33:20 +0000] "GET /wp-content/plugins/lifeline-plugin/assets/data/font-awesome-5.json HTTP/1.1" 200 13009 "-" "WordPress/7.0; https://bharti-foundation.stgviitor.com"
134.209.147.209 - - [30/May/2026:03:33:20 +0000] "GET /wp-content/plugins/lifeline-plugin/assets/data/font-awesome-5.json HTTP/1.1" 200 13009 "-" "WordPress/7.0; https://bharti-foundation.stgviitor.com"
134.209.147.209 - - [30/May/2026:03:33:20 +0000] "GET /wp-content/plugins/lifeline-plugin/assets/json/social-profile.json HTTP/1.1" 200 4033 "-" "WordPress/7.0; https://bharti-foundation.stgviitor.com"
134.209.147.209 - - [30/May/2026:03:33:20 +0000] "GET /wp-content/plugins/lifeline-plugin/assets/data/font-awesome-5.json HTTP/1.1" 200 13009 "-" "WordPress/7.0; https://bharti-foundation.stgviitor.com"
134.209.147.209 - - [30/May/2026:03:33:21 +0000] "POST /wp-cron.php?doing_wp_cron=1780112001.2019789218902587890625 HTTP/1.1" 200 31 "-" "WordPress/7.0; https://bharti-foundation.stgviitor.com"
43.161.217.205 - - [30/May/2026:03:33:21 +0000] "GET /author/bhartifoundation/ HTTP/1.1" 200 23349 "-" "Mozilla/5.0 (iPhone; CPU iPhone OS 13_2_3 like Mac OS X) AppleWebKit/605.1.15 (KHTML, like Gecko) Version/13.0.3 Mobile/15E148 Safari/604.1"
134.209.147.209 - - [30/May/2026:03:33:21 +0000] "GET /wp-content/plugins/lifeline-plugin/assets/data/font-awesome-5.json HTTP/1.1" 200 13009 "-" "WordPress/7.0; https://bharti-foundation.stgviitor.com"
134.209.147.209 - - [30/May/2026:03:33:21 +0000] "GET /wp-content/plugins/lifeline-plugin/assets/data/font-awesome-5.json HTTP/1.1" 200 13009 "-" "WordPress/7.0; https://bharti-foundation.stgviitor.com"
134.209.147.209 - - [30/May/2026:03:33:21 +0000] "GET /wp-content/plugins/lifeline-plugin/assets/json/social-profile.json HTTP/1.1" 200 4033 "-" "WordPress/7.0; https://bharti-foundation.stgviitor.com"
134.209.147.209 - - [30/May/2026:03:33:21 +0000] "GET /wp-content/plugins/lifeline-plugin/assets/data/font-awesome-5.json HTTP/1.1" 200 13009 "-" "WordPress/7.0; https://bharti-foundation.stgviitor.com"
134.209.147.209 - - [30/May/2026:03:33:34 +0000] "POST /wp-cron.php?doing_wp_cron=1780112014.0771749019622802734375 HTTP/1.1" 200 31 "-" "WordPress/6.9.4; https://laracopilot.stgviitor.com"
195.33.205.242 - - [30/May/2026:03:33:34 +0000] "GET /wp-login.php HTTP/1.1" 200 2008 "-" "Mozilla/5.0 (X11; Ubuntu; Linux x86_64) AppleWebKit/537.36 (KHTML, like Gecko) Chrome/133.0.0.0 Safari/537.36"
195.33.205.242 - - [30/May/2026:03:33:37 +0000] "POST /wp-login.php HTTP/1.1" 200 2138 "https://laracopilot.stgviitor.com/wp-login.php" "Mozilla/5.0 (X11; Ubuntu; Linux x86_64) AppleWebKit/537.36 (KHTML, like Gecko) Chrome/133.0.0.0 Safari/537.36"
77.90.185.5 - - [30/May/2026:03:33:38 +0000] "GET / HTTP/1.0" 301 162 "http://viitor.cloud/" "Mozilla/5.0 (Windows NT 10.0; Win64; x64) AppleWebKit/537.36 (KHTML, like Gecko) Chrome/131.0.0.0 Safari/537.36"
134.209.147.209 - - [30/May/2026:03:33:51 +0000] "POST /wp-cron.php?doing_wp_cron=1780112031.3167889118194580078125 HTTP/1.1" 200 31 "-" "WordPress/6.9.1; https://e-tdr.com"
117.206.109.105 - - [30/May/2026:03:33:51 +0000] "POST /xmlrpc.php HTTP/1.1" 200 415 "-" "Jetpack by WordPress.com (Jetpack 12.0; WordPress 6.2)"
117.206.109.105 - - [30/May/2026:03:34:02 +0000] "POST /xmlrpc.php HTTP/1.1" 200 415 "-" "WordPress.com; https://wordpress.com"
134.209.147.209 - - [30/May/2026:03:34:15 +0000] "POST /wp-cron.php?doing_wp_cron=1780112055.1229538917541503906250 HTTP/1.1" 200 31 "-" "WordPress/6.9.1; https://e-tdr.com"
117.206.109.105 - - [30/May/2026:03:34:15 +0000] "POST /xmlrpc.php HTTP/1.1" 200 415 "-" "Jetpack by WordPress.com"
117.206.109.105 - - [30/May/2026:03:34:26 +0000] "POST /xmlrpc.php HTTP/1.1" 200 415 "-" "Jetpack/13.0; WordPress/6.2; http://site20308079.com"
117.206.109.105 - - [30/May/2026:03:34:37 +0000] "POST /xmlrpc.php HTTP/1.1" 200 415 "-" "Jetpack by WordPress.com"
212.30.36.41 - - [30/May/2026:03:34:38 +0000] "GET /? HTTP/1.1" 301 162 "-" "Go-http-client/1.1"
176.65.139.239 - - [30/May/2026:03:34:39 +0000] "GET /.env HTTP/1.1" 404 548 "-" "Mozilla/5.0 (Windows NT 10.0; Win64; x64) AppleWebKit/537.36 (KHTML, like Gecko) Chrome/147.0.0.0 Safari/537.36"
117.206.109.105 - - [30/May/2026:03:34:49 +0000] "POST /xmlrpc.php HTTP/1.1" 200 415 "-" "Jetpack by WordPress.com"
117.206.109.105 - - [30/May/2026:03:35:00 +0000] "POST /xmlrpc.php HTTP/1.1" 200 415 "-" "Jetpack by WordPress.com"
134.209.147.209 - - [30/May/2026:03:35:04 +0000] "POST /wp-cron.php?doing_wp_cron=1780112104.7812640666961669921875 HTTP/1.1" 200 31 "-" "WordPress/6.5.3; https://vcstore.viitorcloud.co"
78.142.18.172 - - [30/May/2026:03:35:04 +0000] "GET /wp-login.php HTTP/1.1" 200 1772 "-" "Mozilla/5.0 (Windows NT 10.0; WOW64) AppleWebKit/537.36 (KHTML, like Gecko) Chrome/133.0.0.0 Safari/537.36"
159.69.158.189 - - [30/May/2026:03:35:09 +0000] "HEAD / HTTP/1.1" 301 0 "https://viitor.cloud" "Mozilla/5.0+(compatible; UptimeRobot/2.0; http://www.uptimerobot.com/)"
134.209.147.209 - - [30/May/2026:03:35:11 +0000] "POST /wp-cron.php?doing_wp_cron=1780112111.3377110958099365234375 HTTP/1.1" 200 31 "-" "WordPress/6.9.1; https://e-tdr.com"
117.206.109.105 - - [30/May/2026:03:35:11 +0000] "POST /xmlrpc.php HTTP/1.1" 200 415 "-" "WordPress.com; https://wordpress.com"
117.206.109.105 - - [30/May/2026:03:35:22 +0000] "POST /xmlrpc.php HTTP/1.1" 200 415 "-" "Jetpack by WordPress.com"
91.123.67.32 - - [30/May/2026:03:35:32 +0000] "GET / HTTP/1.1" 200 16298 "-" "Mozilla/5.0 (Windows NT 10.0; Win64; x64; rv:122.0) Gecko/20100101 Firefox/122.0"
117.206.109.105 - - [30/May/2026:03:35:33 +0000] "POST /xmlrpc.php HTTP/1.1" 200 415 "-" "Jetpack by WordPress.com"
5.45.84.175 - - [30/May/2026:03:35:34 +0000] "POST /xmlrpc.php HTTP/1.1" 200 564046 "-" "Mozilla/5.0 (Windows NT 10.0; Win64; x64) AppleWebKit/537.36 (KHTML, like Gecko) Chrome/119.0.0.0 Safari/537.36 Edg/119.0.0.0"
5.45.84.175 - - [30/May/2026:03:35:35 +0000] "POST /xmlrpc.php HTTP/1.1" 200 19181 "-" "Mozilla/5.0 (Macintosh; Intel Mac OS X 10_15_7) AppleWebKit/537.36 (KHTML, like Gecko) Chrome/120.0.0.0 Safari/537.36"
5.45.84.175 - - [30/May/2026:03:35:36 +0000] "POST /xmlrpc.php HTTP/1.1" 200 189 "-" "Mozilla/5.0 (Macintosh; Intel Mac OS X 10_15_7) AppleWebKit/537.36 (KHTML, like Gecko) Chrome/120.0.0.0 Safari/537.36"
5.45.84.175 - - [30/May/2026:03:35:39 +0000] "GET / HTTP/1.1" 200 85989 "-" "Mozilla/5.0 (Windows NT 10.0; Win64; x64) AppleWebKit/537.36"
117.206.109.105 - - [30/May/2026:03:35:44 +0000] "POST /xmlrpc.php HTTP/1.1" 200 415 "-" "Jetpack/12.0; WordPress/6.3; http://site87317921.com"
201.186.64.181 - - [30/May/2026:03:35:49 +0000] "GET / HTTP/1.1" 200 16319 "-" "Mozilla/5.0 (Windows NT 10.0; Win64; x64) AppleWebKit/537.36 (KHTML, like Gecko) Chrome/120.0.0.0 Safari/537.36"
91.123.67.32 - - [30/May/2026:03:35:50 +0000] "GET /?nocache=1780112149636_hohv2hntlm HTTP/1.1" 200 16319 "-" "Mozilla/5.0 (Windows NT 10.0; Win64; x64) AppleWebKit/537.36 (KHTML, like Gecko) Chrome/120.0.0.0 Safari/537.36"
202.40.187.77 - - [30/May/2026:03:35:51 +0000] "GET /wp-login.php HTTP/1.1" 200 1857 "-" "Mozilla/5.0 (Windows NT 10.0; Win64; x64) AppleWebKit/537.36 (KHTML, like Gecko) Chrome/120.0.0.0 Safari/537.36"
202.40.187.77 - - [30/May/2026:03:35:52 +0000] "POST /wp-login.php HTTP/1.1" 302 5 "https://stg.everycred.com/wp-login.php" "Mozilla/5.0 (Windows NT 10.0; Win64; x64) AppleWebKit/537.36 (KHTML, like Gecko) Chrome/120.0.0.0 Safari/537.36"
202.40.187.77 - - [30/May/2026:03:35:52 +0000] "GET /wp-admin/ HTTP/1.1" 200 19464 "https://stg.everycred.com/wp-login.php" "Mozilla/5.0 (Windows NT 10.0; Win64; x64) AppleWebKit/537.36 (KHTML, like Gecko) Chrome/120.0.0.0 Safari/537.36"
191.37.151.108 - - [30/May/2026:03:35:55 +0000] "GET /wp-admin/ HTTP/1.1" 200 19465 "-" "Mozilla/5.0 (Windows NT 10.0; Win64; x64) AppleWebKit/537.36 (KHTML, like Gecko) Chrome/120.0.0.0 Safari/537.36"
117.206.109.105 - - [30/May/2026:03:35:55 +0000] "POST /xmlrpc.php HTTP/1.1" 200 415 "-" "Jetpack by WordPress.com (Jetpack 12.0; WordPress 6.2)"
191.37.151.108 - - [30/May/2026:03:35:57 +0000] "GET /wp-admin/post-new.php HTTP/1.1" 200 89979 "-" "Mozilla/5.0 (Windows NT 10.0; Win64; x64) AppleWebKit/537.36 (KHTML, like Gecko) Chrome/120.0.0.0 Safari/537.36"
191.37.151.108 - - [30/May/2026:03:35:58 +0000] "POST /xmlrpc.php HTTP/1.1" 200 275 "-" "WordPress/5.0; https://stg.everycred.com"
191.37.151.108 - - [30/May/2026:03:35:59 +0000] "GET /wp-admin/admin-ajax.php?action=rest-nonce HTTP/1.1" 200 41 "-" "Mozilla/5.0 (Windows NT 10.0; Win64; x64) AppleWebKit/537.36 (KHTML, like Gecko) Chrome/120.0.0.0 Safari/537.36"
191.37.151.108 - - [30/May/2026:03:36:00 +0000] "GET /wp-json/wp/v2/plugins HTTP/1.1" 200 1871 "-" "Mozilla/5.0 (Windows NT 10.0; Win64; x64) AppleWebKit/537.36 (KHTML, like Gecko) Chrome/120.0.0.0 Safari/537.36"
191.37.151.108 - - [30/May/2026:03:36:01 +0000] "GET /wp-json/wp/v2/settings HTTP/1.1" 200 302 "-" "Mozilla/5.0 (Windows NT 10.0; Win64; x64) AppleWebKit/537.36 (KHTML, like Gecko) Chrome/120.0.0.0 Safari/537.36"
191.37.151.108 - - [30/May/2026:03:36:01 +0000] "GET /wp-json/wp/v2/pages/5681 HTTP/1.1" 200 3780 "-" "Mozilla/5.0 (Windows NT 10.0; Win64; x64) AppleWebKit/537.36 (KHTML, like Gecko) Chrome/120.0.0.0 Safari/537.36"
191.37.151.108 - - [30/May/2026:03:36:03 +0000] "POST /xmlrpc.php HTTP/1.1" 200 139 "-" "Mozilla/5.0 (Windows NT 10.0; Win64; x64) AppleWebKit/537.36 (KHTML, like Gecko) Chrome/120.0.0.0 Safari/537.36"
191.37.151.108 - - [30/May/2026:03:36:05 +0000] "GET /?page_id=5681 HTTP/1.1" 301 5 "-" "Mozilla/5.0 (Windows NT 10.0; Win64; x64) AppleWebKit/537.36 (KHTML, like Gecko) Chrome/120.0.0.0 Safari/537.36"
191.37.151.108 - - [30/May/2026:03:36:06 +0000] "GET / HTTP/1.1" 200 17729 "-" "Mozilla/5.0 (Windows NT 10.0; Win64; x64) AppleWebKit/537.36 (KHTML, like Gecko) Chrome/120.0.0.0 Safari/537.36"
117.206.109.105 - - [30/May/2026:03:36:06 +0000] "POST /xmlrpc.php HTTP/1.1" 200 415 "-" "Jetpack by WordPress.com"
134.209.147.209 - - [30/May/2026:03:36:18 +0000] "POST /wp-cron.php?doing_wp_cron=1780112178.2492990493774414062500 HTTP/1.1" 200 31 "-" "WordPress/6.9.1; https://e-tdr.com"
117.206.109.105 - - [30/May/2026:03:36:18 +0000] "POST /xmlrpc.php HTTP/1.1" 200 415 "-" "Jetpack by WordPress.com"
117.206.109.105 - - [30/May/2026:03:36:29 +0000] "POST /xmlrpc.php HTTP/1.1" 200 415 "-" "Jetpack by WordPress.com"
117.206.109.105 - - [30/May/2026:03:36:39 +0000] "POST /xmlrpc.php HTTP/1.1" 200 415 "-" "Jetpack by WordPress.com (Jetpack 13.0; WordPress 6.4)"
117.206.109.105 - - [30/May/2026:03:36:50 +0000] "POST /xmlrpc.php HTTP/1.1" 200 415 "-" "Jetpack by WordPress.com"
117.206.109.105 - - [30/May/2026:03:37:01 +0000] "POST /xmlrpc.php HTTP/1.1" 200 415 "-" "Jetpack by WordPress.com (Jetpack 13.0; WordPress 6.1)"
185.181.108.70 - - [30/May/2026:03:37:07 +0000] "GET / HTTP/1.1" 200 16344 "-" "Mozilla/5.0 (Windows NT 10.0; Win64; x64) AppleWebKit/537.36 (KHTML, like Gecko) Chrome/120.0.0.0 Safari/537.36"
185.181.108.70 - - [30/May/2026:03:37:08 +0000] "GET /wp-login.php HTTP/1.1" 200 1857 "-" "Mozilla/5.0 (Windows NT 10.0; Win64; x64) AppleWebKit/537.36 (KHTML, like Gecko) Chrome/120.0.0.0 Safari/537.36"
185.181.108.70 - - [30/May/2026:03:37:09 +0000] "POST /wp-login.php HTTP/1.1" 302 5 "https://stg.everycred.com/wp-login.php" "Mozilla/5.0 (Windows NT 10.0; Win64; x64) AppleWebKit/537.36 (KHTML, like Gecko) Chrome/120.0.0.0 Safari/537.36"
185.181.108.70 - - [30/May/2026:03:37:09 +0000] "GET /wp-admin/ HTTP/1.1" 200 19464 "https://stg.everycred.com/wp-login.php" "Mozilla/5.0 (Windows NT 10.0; Win64; x64) AppleWebKit/537.36 (KHTML, like Gecko) Chrome/120.0.0.0 Safari/537.36"
181.237.33.116 - - [30/May/2026:03:37:12 +0000] "GET /wp-admin/ HTTP/1.1" 200 19463 "-" "Mozilla/5.0 (Windows NT 10.0; Win64; x64) AppleWebKit/537.36 (KHTML, like Gecko) Chrome/120.0.0.0 Safari/537.36"
134.209.147.209 - - [30/May/2026:03:37:12 +0000] "POST /wp-cron.php?doing_wp_cron=1780112232.7645809650421142578125 HTTP/1.1" 200 31 "-" "WordPress/6.9.1; https://e-tdr.com"
117.206.109.105 - - [30/May/2026:03:37:12 +0000] "POST /xmlrpc.php HTTP/1.1" 200 415 "-" "WordPress.com; https://wordpress.com"
181.237.33.116 - - [30/May/2026:03:37:14 +0000] "GET /wp-admin/post-new.php HTTP/1.1" 200 89981 "-" "Mozilla/5.0 (Windows NT 10.0; Win64; x64) AppleWebKit/537.36 (KHTML, like Gecko) Chrome/120.0.0.0 Safari/537.36"
181.237.33.116 - - [30/May/2026:03:37:16 +0000] "POST /xmlrpc.php HTTP/1.1" 200 275 "-" "WordPress/5.0; https://stg.everycred.com"
181.237.33.116 - - [30/May/2026:03:37:16 +0000] "GET /wp-admin/admin-ajax.php?action=rest-nonce HTTP/1.1" 200 41 "-" "Mozilla/5.0 (Windows NT 10.0; Win64; x64) AppleWebKit/537.36 (KHTML, like Gecko) Chrome/120.0.0.0 Safari/537.36"
181.237.33.116 - - [30/May/2026:03:37:17 +0000] "GET /wp-json/wp/v2/plugins HTTP/1.1" 200 1871 "-" "Mozilla/5.0 (Windows NT 10.0; Win64; x64) AppleWebKit/537.36 (KHTML, like Gecko) Chrome/120.0.0.0 Safari/537.36"
181.237.33.116 - - [30/May/2026:03:37:18 +0000] "GET /wp-json/wp/v2/settings HTTP/1.1" 200 302 "-" "Mozilla/5.0 (Windows NT 10.0; Win64; x64) AppleWebKit/537.36 (KHTML, like Gecko) Chrome/120.0.0.0 Safari/537.36"
181.237.33.116 - - [30/May/2026:03:37:19 +0000] "GET /wp-json/wp/v2/pages/5681 HTTP/1.1" 200 3807 "-" "Mozilla/5.0 (Windows NT 10.0; Win64; x64) AppleWebKit/537.36 (KHTML, like Gecko) Chrome/120.0.0.0 Safari/537.36"
181.237.33.116 - - [30/May/2026:03:37:20 +0000] "POST /xmlrpc.php HTTP/1.1" 200 139 "-" "Mozilla/5.0 (Windows NT 10.0; Win64; x64) AppleWebKit/537.36 (KHTML, like Gecko) Chrome/120.0.0.0 Safari/537.36"
181.237.33.116 - - [30/May/2026:03:37:23 +0000] "GET /?page_id=5681 HTTP/1.1" 301 5 "-" "Mozilla/5.0 (Windows NT 10.0; Win64; x64) AppleWebKit/537.36 (KHTML, like Gecko) Chrome/120.0.0.0 Safari/537.36"
181.237.33.116 - - [30/May/2026:03:37:23 +0000] "GET / HTTP/1.1" 200 17759 "-" "Mozilla/5.0 (Windows NT 10.0; Win64; x64) AppleWebKit/537.36 (KHTML, like Gecko) Chrome/120.0.0.0 Safari/537.36"
117.206.109.105 - - [30/May/2026:03:37:23 +0000] "POST /xmlrpc.php HTTP/1.1" 200 415 "-" "WordPress.com; https://wordpress.com"
117.206.109.105 - - [30/May/2026:03:37:34 +0000] "POST /xmlrpc.php HTTP/1.1" 200 415 "-" "WordPress.com; https://wordpress.com"
117.206.109.105 - - [30/May/2026:03:37:46 +0000] "POST /xmlrpc.php HTTP/1.1" 200 415 "-" "Jetpack/12.1; WordPress/6.4; http://site96699401.com"
117.206.109.105 - - [30/May/2026:03:37:57 +0000] "POST /xmlrpc.php HTTP/1.1" 200 415 "-" "WordPress.com; https://wordpress.com"
117.206.109.105 - - [30/May/2026:03:38:08 +0000] "POST /xmlrpc.php HTTP/1.1" 200 415 "-" "Jetpack by WordPress.com"
134.209.147.209 - - [30/May/2026:03:38:19 +0000] "POST /wp-cron.php?doing_wp_cron=1780112299.7646160125732421875000 HTTP/1.1" 200 31 "-" "WordPress/6.9.1; https://e-tdr.com"
117.206.109.105 - - [30/May/2026:03:38:19 +0000] "POST /xmlrpc.php HTTP/1.1" 200 415 "-" "WordPress.com; https://wordpress.com"
117.206.109.105 - - [30/May/2026:03:38:30 +0000] "POST /xmlrpc.php HTTP/1.1" 200 415 "-" "Jetpack by WordPress.com"
91.123.67.32 - - [30/May/2026:03:38:32 +0000] "GET / HTTP/1.1" 200 16371 "-" "Mozilla/5.0 (Windows NT 10.0; Win64; x64; rv:122.0) Gecko/20100101 Firefox/122.0"
5.45.84.175 - - [30/May/2026:03:38:33 +0000] "POST /xmlrpc.php HTTP/1.1" 200 564708 "-" "Mozilla/5.0 (Windows NT 10.0; Win64; x64) AppleWebKit/537.36 (KHTML, like Gecko) Chrome/119.0.0.0 Safari/537.36 Edg/119.0.0.0"
5.45.84.175 - - [30/May/2026:03:38:34 +0000] "POST /xmlrpc.php HTTP/1.1" 200 19860 "-" "Mozilla/5.0 (Macintosh; Intel Mac OS X 10_15_7) AppleWebKit/537.36 (KHTML, like Gecko) Chrome/120.0.0.0 Safari/537.36"
5.45.84.175 - - [30/May/2026:03:38:35 +0000] "POST /xmlrpc.php HTTP/1.1" 200 189 "-" "Mozilla/5.0 (X11; Linux x86_64) AppleWebKit/537.36 (KHTML, like Gecko) Chrome/120.0.0.0 Safari/537.36"
5.45.84.175 - - [30/May/2026:03:38:38 +0000] "GET / HTTP/1.1" 200 86437 "-" "Mozilla/5.0 (Windows NT 10.0; Win64; x64) AppleWebKit/537.36"
134.209.147.209 - - [30/May/2026:03:38:40 +0000] "POST /wp-cron.php?doing_wp_cron=1780112320.5152020454406738281250 HTTP/1.1" 200 31 "-" "WordPress/6.9.4; https://laracopilot.stgviitor.com"
50.6.169.131 - - [30/May/2026:03:38:40 +0000] "GET /wp-login.php HTTP/1.1" 200 2008 "-" "Mozilla/5.0 (X11; Linux i686) AppleWebKit/537.36 (KHTML, like Gecko) Chrome/133.0.0.0 Safari/537.36"
117.206.109.105 - - [30/May/2026:03:38:42 +0000] "POST /xmlrpc.php HTTP/1.1" 200 415 "-" "Jetpack by WordPress.com"
91.123.67.32 - - [30/May/2026:03:38:50 +0000] "GET /?nocache=1780112329697_3jxbrt1jpef HTTP/1.1" 200 16394 "-" "Mozilla/5.0 (Macintosh; Intel Mac OS X 10_15_7) AppleWebKit/537.36 (KHTML, like Gecko) Chrome/121.0.0.0 Safari/537.36"
117.206.109.105 - - [30/May/2026:03:38:55 +0000] "POST /xmlrpc.php HTTP/1.1" 200 415 "-" "Jetpack by WordPress.com"
50.6.169.131 - sahil_darji [30/May/2026:03:38:58 +0000] "GET /wp-json/wp/v2/users/me HTTP/1.1" 401 107 "-" "Mozilla/5.0 (X11; Linux i686) AppleWebKit/537.36 (KHTML, like Gecko) Chrome/133.0.0.0 Safari/537.36"
117.206.109.105 - - [30/May/2026:03:39:09 +0000] "POST /xmlrpc.php HTTP/1.1" 200 415 "-" "Jetpack by WordPress.com (Jetpack 12.1; WordPress 6.2)"
134.209.147.209 - - [30/May/2026:03:39:22 +0000] "POST /wp-cron.php?doing_wp_cron=1780112362.8224968910217285156250 HTTP/1.1" 200 31 "-" "WordPress/6.9.1; https://e-tdr.com"
117.206.109.105 - - [30/May/2026:03:39:22 +0000] "POST /xmlrpc.php HTTP/1.1" 200 415 "-" "WordPress.com; https://wordpress.com"
91.123.67.32 - - [30/May/2026:03:39:26 +0000] "GET / HTTP/1.1" 200 16394 "-" "Mozilla/5.0 (Windows NT 10.0; Win64; x64) AppleWebKit/537.36 (KHTML, like Gecko) Chrome/122.0.0.0 Safari/537.36"
134.209.147.209 - - [30/May/2026:03:39:26 +0000] "POST /wp-cron.php?doing_wp_cron=1780112366.4736220836639404296875 HTTP/1.1" 200 31 "-" "WordPress/6.6.1; https://newfaith.focalat.com"
50.6.110.113 - newfaith_admin [30/May/2026:03:39:26 +0000] "GET /wp-json/wp/v2/users/me HTTP/1.1" 401 107 "-" "Mozilla/5.0 (X11; Ubuntu; Linux x86_64; rv:133.0) Gecko/20100101 Firefox/133.0"
5.45.84.175 - - [30/May/2026:03:39:27 +0000] "POST /xmlrpc.php HTTP/1.1" 200 564693 "-" "Mozilla/5.0 (Windows NT 10.0; Win64; x64) AppleWebKit/537.36 (KHTML, like Gecko) Chrome/120.0.0.0 Safari/537.36"
5.45.84.175 - - [30/May/2026:03:39:28 +0000] "POST /xmlrpc.php HTTP/1.1" 200 19821 "-" "Mozilla/5.0 (Windows NT 10.0; Win64; x64) AppleWebKit/537.36 (KHTML, like Gecko) Chrome/119.0.0.0 Safari/537.36 Edg/119.0.0.0"
5.45.84.175 - - [30/May/2026:03:39:29 +0000] "POST /xmlrpc.php HTTP/1.1" 200 189 "-" "Mozilla/5.0 (Windows NT 10.0; Win64; x64) AppleWebKit/537.36 (KHTML, like Gecko) Chrome/120.0.0.0 Safari/537.36"
5.45.84.175 - - [30/May/2026:03:39:32 +0000] "GET / HTTP/1.1" 200 86547 "-" "Mozilla/5.0 (Windows NT 10.0; Win64; x64) AppleWebKit/537.36"
117.206.109.105 - - [30/May/2026:03:39:36 +0000] "POST /xmlrpc.php HTTP/1.1" 200 415 "-" "Jetpack by WordPress.com (Jetpack 12.5; WordPress 6.2)"
