123.30.233.12 - - [30/May/2026:05:15:21 +0000] "GET /wp-login.php HTTP/1.1" 200 1772 "-" "Mozilla/5.0 (X11; Ubuntu; Linux x86_64; rv:133.0) Gecko/20100101 Firefox/133.0"
123.30.233.12 - - [30/May/2026:05:15:23 +0000] "POST /wp-login.php HTTP/1.1" 200 1940 "https://vcstore.viitorcloud.co/wp-login.php" "Mozilla/5.0 (X11; Ubuntu; Linux x86_64; rv:133.0) Gecko/20100101 Firefox/133.0"
115.245.225.204 - - [30/May/2026:05:15:24 +0000] "POST /xmlrpc.php HTTP/1.1" 200 415 "-" "WordPress.com; https://wordpress.com"
142.147.248.153 - - [30/May/2026:05:15:26 +0000] "HEAD / HTTP/1.1" 200 0 "-" "Mozilla/5.0 (Windows NT 10.0; Win64; x64) AppleWebKit/537.36 (KHTML, like Gecko) Chrome/134.0.6998.35/36 Safari/537.36"
142.147.248.153 - - [30/May/2026:05:15:27 +0000] "GET / HTTP/1.1" 200 16912 "-" "Mozilla/5.0 (Windows NT 10.0; Win64; x64) AppleWebKit/537.36 (KHTML, like Gecko) Chrome/134.0.6998.35/36 Safari/537.36"
115.245.225.204 - - [30/May/2026:05:15:34 +0000] "POST /xmlrpc.php HTTP/1.1" 200 415 "-" "Jetpack/12.1; WordPress/6.1; http://site41583577.com"
115.245.225.204 - - [30/May/2026:05:15:45 +0000] "POST /xmlrpc.php HTTP/1.1" 200 415 "-" "WordPress.com; https://wordpress.com"
185.223.235.55 - - [30/May/2026:05:15:52 +0000] "GET / HTTP/1.1" 200 3133 "-" "Mozilla/5.0 (compatible; Infrawatch/1.0; +https://infrawat.ch/)"
185.223.235.62 - - [30/May/2026:05:15:52 +0000] "GET /favicon.ico HTTP/1.1" 404 146 "-" "Mozilla/5.0 (compatible; Infrawatch/1.0; +https://infrawat.ch/)"
115.245.225.204 - - [30/May/2026:05:15:56 +0000] "POST /xmlrpc.php HTTP/1.1" 200 415 "-" "Jetpack/12.0; WordPress/6.4; http://site23188053.com"
115.245.225.204 - - [30/May/2026:05:16:06 +0000] "POST /xmlrpc.php HTTP/1.1" 200 415 "-" "WordPress.com; https://wordpress.com"
108.162.226.21 - - [30/May/2026:05:16:07 +0000] "GET /wp-login.php HTTP/1.1" 200 1772 "-" "Mozilla/5.0 (Windows NT 10.0; Win64; x64; rv:133.0) Gecko/20100101 Firefox/133.0"
172.69.166.16 - - [30/May/2026:05:16:09 +0000] "POST /wp-login.php HTTP/1.1" 200 1913 "https://vcstore.viitorcloud.com/wp-login.php" "Mozilla/5.0 (Windows NT 10.0; Win64; x64; rv:133.0) Gecko/20100101 Firefox/133.0"
134.209.147.209 - - [30/May/2026:05:16:14 +0000] "GET /wp-content/plugins/lifeline-plugin/assets/data/font-awesome-5.json HTTP/1.1" 200 13009 "-" "WordPress/7.0; https://bharti-foundation.stgviitor.com"
134.209.147.209 - - [30/May/2026:05:16:14 +0000] "GET /wp-content/plugins/lifeline-plugin/assets/data/font-awesome-5.json HTTP/1.1" 200 13009 "-" "WordPress/7.0; https://bharti-foundation.stgviitor.com"
134.209.147.209 - - [30/May/2026:05:16:14 +0000] "GET /wp-content/plugins/lifeline-plugin/assets/json/social-profile.json HTTP/1.1" 200 4033 "-" "WordPress/7.0; https://bharti-foundation.stgviitor.com"
134.209.147.209 - - [30/May/2026:05:16:14 +0000] "GET /wp-content/plugins/lifeline-plugin/assets/data/font-awesome-5.json HTTP/1.1" 200 13009 "-" "WordPress/7.0; https://bharti-foundation.stgviitor.com"
134.209.147.209 - - [30/May/2026:05:16:14 +0000] "POST /wp-cron.php?doing_wp_cron=1780118174.6773838996887207031250 HTTP/1.1" 200 31 "-" "WordPress/7.0; https://bharti-foundation.stgviitor.com"
123.30.233.12 - - [30/May/2026:05:16:14 +0000] "GET /wp-login.php HTTP/1.1" 200 2045 "-" "Mozilla/5.0 (X11; Ubuntu; Linux x86_64) AppleWebKit/537.36 (KHTML, like Gecko) Chrome/133.0.0.0 Safari/537.36"
134.209.147.209 - - [30/May/2026:05:16:14 +0000] "GET /wp-content/plugins/lifeline-plugin/assets/data/font-awesome-5.json HTTP/1.1" 200 13009 "-" "WordPress/7.0; https://bharti-foundation.stgviitor.com"
134.209.147.209 - - [30/May/2026:05:16:14 +0000] "GET /wp-content/plugins/lifeline-plugin/assets/data/font-awesome-5.json HTTP/1.1" 200 13009 "-" "WordPress/7.0; https://bharti-foundation.stgviitor.com"
134.209.147.209 - - [30/May/2026:05:16:14 +0000] "GET /wp-content/plugins/lifeline-plugin/assets/json/social-profile.json HTTP/1.1" 200 4033 "-" "WordPress/7.0; https://bharti-foundation.stgviitor.com"
134.209.147.209 - - [30/May/2026:05:16:14 +0000] "GET /wp-content/plugins/lifeline-plugin/assets/data/font-awesome-5.json HTTP/1.1" 200 13009 "-" "WordPress/7.0; https://bharti-foundation.stgviitor.com"
134.209.147.209 - - [30/May/2026:05:16:15 +0000] "GET /wp-content/plugins/lifeline-plugin/assets/data/font-awesome-5.json HTTP/1.1" 200 13009 "-" "WordPress/7.0; https://bharti-foundation.stgviitor.com"
134.209.147.209 - - [30/May/2026:05:16:15 +0000] "GET /wp-content/plugins/lifeline-plugin/assets/data/font-awesome-5.json HTTP/1.1" 200 13009 "-" "WordPress/7.0; https://bharti-foundation.stgviitor.com"
134.209.147.209 - - [30/May/2026:05:16:15 +0000] "GET /wp-content/plugins/lifeline-plugin/assets/json/social-profile.json HTTP/1.1" 200 4033 "-" "WordPress/7.0; https://bharti-foundation.stgviitor.com"
134.209.147.209 - - [30/May/2026:05:16:15 +0000] "GET /wp-content/plugins/lifeline-plugin/assets/data/font-awesome-5.json HTTP/1.1" 200 13009 "-" "WordPress/7.0; https://bharti-foundation.stgviitor.com"
123.30.233.12 - - [30/May/2026:05:16:15 +0000] "POST /wp-login.php HTTP/1.1" 200 2206 "https://bharti-foundation.stgviitor.com/wp-login.php" "Mozilla/5.0 (X11; Ubuntu; Linux x86_64) AppleWebKit/537.36 (KHTML, like Gecko) Chrome/133.0.0.0 Safari/537.36"
134.209.147.209 - - [30/May/2026:05:16:17 +0000] "POST /wp-cron.php?doing_wp_cron=1780118177.1403260231018066406250 HTTP/1.1" 200 31 "-" "WordPress/6.9.1; https://e-tdr.com"
115.245.225.204 - - [30/May/2026:05:16:17 +0000] "POST /xmlrpc.php HTTP/1.1" 200 415 "-" "Jetpack by WordPress.com"
115.245.225.204 - - [30/May/2026:05:16:27 +0000] "POST /xmlrpc.php HTTP/1.1" 200 415 "-" "WordPress.com; https://wordpress.com"
134.209.147.209 - - [30/May/2026:05:16:36 +0000] "POST /wp-cron.php?doing_wp_cron=1780118196.5519559383392333984375 HTTP/1.1" 200 31 "-" "WordPress/6.9.4; https://laracopilot.stgviitor.com"
49.12.3.147 - - [30/May/2026:05:16:36 +0000] "GET /wp-login.php HTTP/1.1" 200 2008 "-" "Mozilla/5.0 (X11; Fedora; Linux x86_64) AppleWebKit/537.36 (KHTML, like Gecko) Chrome/133.0.0.0 Safari/537.36"
115.245.225.204 - - [30/May/2026:05:16:38 +0000] "POST /xmlrpc.php HTTP/1.1" 200 415 "-" "WordPress.com; https://wordpress.com"
49.12.3.147 - - [30/May/2026:05:16:42 +0000] "POST /wp-login.php HTTP/1.1" 200 2143 "https://laracopilot.stgviitor.com/wp-login.php" "Mozilla/5.0 (X11; Fedora; Linux x86_64) AppleWebKit/537.36 (KHTML, like Gecko) Chrome/133.0.0.0 Safari/537.36"
115.245.225.204 - - [30/May/2026:05:16:48 +0000] "POST /xmlrpc.php HTTP/1.1" 200 415 "-" "Jetpack by WordPress.com (Jetpack 13.0; WordPress 6.2)"
49.13.164.148 - - [30/May/2026:05:16:53 +0000] "HEAD / HTTP/1.1" 301 0 "https://viitor.cloud" "Mozilla/5.0+(compatible; UptimeRobot/2.0; http://www.uptimerobot.com/)"
172.69.166.16 - - [30/May/2026:05:16:53 +0000] "GET /wp-login.php HTTP/1.1" 200 1772 "-" "Mozilla/5.0 (X11; Ubuntu; Linux x86_64) AppleWebKit/537.36 (KHTML, like Gecko) Chrome/133.0.0.0 Safari/537.36"
115.245.225.204 - - [30/May/2026:05:16:59 +0000] "POST /xmlrpc.php HTTP/1.1" 200 415 "-" "Jetpack by WordPress.com"
205.185.122.41 - - [30/May/2026:05:17:09 +0000] "GET /wp-login.php HTTP/1.1" 200 5984 "-" "Mozilla/5.0 (Macintosh; Intel Mac OS X 10_9_3) AppleWebKit/537.36 (KHTML, like Gecko) Chrome/36.0.1985.125 Safari/537.36"
115.245.225.204 - - [30/May/2026:05:17:09 +0000] "POST /xmlrpc.php HTTP/1.1" 200 415 "-" "WordPress.com; https://wordpress.com"
205.185.122.41 - - [30/May/2026:05:17:10 +0000] "POST /wp-login.php HTTP/1.1" 200 6416 "-" "Mozilla/5.0 (Macintosh; Intel Mac OS X 10_9_3) AppleWebKit/537.36 (KHTML, like Gecko) Chrome/36.0.1985.125 Safari/537.36"
172.69.166.16 - Trendygital.com [30/May/2026:05:17:11 +0000] "GET /wp-json/wp/v2/users/me HTTP/1.1" 401 107 "-" "Mozilla/5.0 (X11; Ubuntu; Linux x86_64) AppleWebKit/537.36 (KHTML, like Gecko) Chrome/133.0.0.0 Safari/537.36"
134.209.147.209 - - [30/May/2026:05:17:20 +0000] "POST /wp-cron.php?doing_wp_cron=1780118240.3995211124420166015625 HTTP/1.1" 200 31 "-" "WordPress/6.9.1; https://e-tdr.com"
115.245.225.204 - - [30/May/2026:05:17:20 +0000] "POST /xmlrpc.php HTTP/1.1" 200 415 "-" "Jetpack by WordPress.com (Jetpack 13.0; WordPress 6.2)"
115.245.225.204 - - [30/May/2026:05:17:30 +0000] "POST /xmlrpc.php HTTP/1.1" 200 415 "-" "Jetpack by WordPress.com (Jetpack 13.0; WordPress 6.2)"
172.69.166.17 - - [30/May/2026:05:17:31 +0000] "GET /wp-login.php HTTP/1.1" 499 0 "-" "Mozilla/5.0 (X11; CrOS x86_64 14541.0.0) AppleWebKit/537.36 (KHTML, like Gecko) Chrome/133.0.0.0 Safari/537.36"
115.245.225.204 - - [30/May/2026:05:17:41 +0000] "POST /xmlrpc.php HTTP/1.1" 200 415 "-" "Jetpack/12.5; WordPress/6.3; http://site83675049.com"
104.22.66.51 - Trendygital.com [30/May/2026:05:17:49 +0000] "GET /wp-json/wp/v2/users/me HTTP/1.1" 499 0 "-" "Mozilla/5.0 (X11; CrOS x86_64 14541.0.0) AppleWebKit/537.36 (KHTML, like Gecko) Chrome/133.0.0.0 Safari/537.36"
115.245.225.204 - - [30/May/2026:05:17:52 +0000] "POST /xmlrpc.php HTTP/1.1" 200 415 "-" "Jetpack by WordPress.com"
115.245.225.204 - - [30/May/2026:05:18:02 +0000] "POST /xmlrpc.php HTTP/1.1" 200 415 "-" "WordPress.com; https://wordpress.com"
134.209.147.209 - - [30/May/2026:05:18:13 +0000] "POST /wp-cron.php?doing_wp_cron=1780118292.9880890846252441406250 HTTP/1.1" 200 31 "-" "WordPress/6.9.1; https://e-tdr.com"
115.245.225.204 - - [30/May/2026:05:18:13 +0000] "POST /xmlrpc.php HTTP/1.1" 200 415 "-" "Jetpack/13.0; WordPress/6.2; http://site21849672.com"
115.245.225.204 - - [30/May/2026:05:18:23 +0000] "POST /xmlrpc.php HTTP/1.1" 200 415 "-" "Jetpack by WordPress.com (Jetpack 12.5; WordPress 6.3)"
194.164.107.6 - - [30/May/2026:05:18:30 +0000] "GET / HTTP/1.1" 301 162 "-" "Mozilla/5.0 (Windows NT 10.0; Win64; x64) AppleWebKit/537.36 (KHTML, like Gecko) Chrome/133.0.0.0 Safari/537.36"
115.245.225.204 - - [30/May/2026:05:18:33 +0000] "POST /xmlrpc.php HTTP/1.1" 200 415 "-" "Jetpack by WordPress.com"
66.249.73.100 - - [30/May/2026:05:18:34 +0000] "GET /pinco-oyunlarinin-artisi-niy-hr-ks-onlari-oynayir/ HTTP/1.1" 200 16457 "-" "Mozilla/5.0 (Linux; Android 6.0.1; Nexus 5X Build/MMB29P) AppleWebKit/537.36 (KHTML, like Gecko) Chrome/148.0.7778.96 Mobile Safari/537.36 (compatible; GoogleOther)"
115.245.225.204 - - [30/May/2026:05:18:44 +0000] "POST /xmlrpc.php HTTP/1.1" 200 415 "-" "WordPress.com; https://wordpress.com"
115.245.225.204 - - [30/May/2026:05:18:55 +0000] "POST /xmlrpc.php HTTP/1.1" 200 415 "-" "WordPress.com; https://wordpress.com"
115.245.225.204 - - [30/May/2026:05:19:05 +0000] "POST /xmlrpc.php HTTP/1.1" 200 415 "-" "Jetpack by WordPress.com (Jetpack 13.0; WordPress 6.3)"
134.209.147.209 - - [30/May/2026:05:19:14 +0000] "POST /wp-cron.php?doing_wp_cron=1780118354.7600529193878173828125 HTTP/1.1" 200 31 "-" "WordPress/6.9.4; https://laracopilot.stgviitor.com"
78.142.18.172 - - [30/May/2026:05:19:14 +0000] "GET /wp-login.php HTTP/1.1" 200 2008 "-" "Mozilla/5.0 (Macintosh; Intel Mac OS X 10_15_7) AppleWebKit/605.1.15 (KHTML, like Gecko) Version/18.3 Safari/605.1.15"
134.209.147.209 - - [30/May/2026:05:19:16 +0000] "POST /wp-cron.php?doing_wp_cron=1780118356.0946071147918701171875 HTTP/1.1" 200 31 "-" "WordPress/6.9.1; https://e-tdr.com"
115.245.225.204 - - [30/May/2026:05:19:16 +0000] "POST /xmlrpc.php HTTP/1.1" 200 415 "-" "Jetpack by WordPress.com (Jetpack 12.5; WordPress 6.1)"
115.245.225.204 - - [30/May/2026:05:19:26 +0000] "POST /xmlrpc.php HTTP/1.1" 200 415 "-" "Jetpack/13.0; WordPress/6.4; http://site92534528.com"
115.245.225.204 - - [30/May/2026:05:19:37 +0000] "POST /xmlrpc.php HTTP/1.1" 200 415 "-" "Jetpack/12.5; WordPress/6.1; http://site69760125.com"
115.245.225.204 - - [30/May/2026:05:19:47 +0000] "POST /xmlrpc.php HTTP/1.1" 200 415 "-" "WordPress.com; https://wordpress.com"
134.209.147.209 - - [30/May/2026:05:19:56 +0000] "POST /wp-cron.php?doing_wp_cron=1780118396.0578689575195312500000 HTTP/1.1" 200 31 "-" "WordPress/6.5.3; https://vcstore.stgviitor.com"
213.171.208.62 - - [30/May/2026:05:19:56 +0000] "GET /wp-login.php HTTP/1.1" 200 1829 "-" "Mozilla/5.0 (Windows NT 10.0; Win64; x64) AppleWebKit/537.36 (KHTML, like Gecko) Chrome/133.0.0.0 Safari/537.36 Edg/133.0.0.0"
115.245.225.204 - - [30/May/2026:05:19:58 +0000] "POST /xmlrpc.php HTTP/1.1" 200 415 "-" "WordPress.com; https://wordpress.com"
43.153.10.13 - - [30/May/2026:05:20:03 +0000] "GET / HTTP/1.1" 301 162 "-" "Mozilla/5.0 (iPhone; CPU iPhone OS 13_2_3 like Mac OS X) AppleWebKit/605.1.15 (KHTML, like Gecko) Version/13.0.3 Mobile/15E148 Safari/604.1"
43.153.10.13 - - [30/May/2026:05:20:06 +0000] "GET / HTTP/1.1" 200 17669 "http://e-tdr.com" "Mozilla/5.0 (iPhone; CPU iPhone OS 13_2_3 like Mac OS X) AppleWebKit/605.1.15 (KHTML, like Gecko) Version/13.0.3 Mobile/15E148 Safari/604.1"
115.245.225.204 - - [30/May/2026:05:20:08 +0000] "POST /xmlrpc.php HTTP/1.1" 200 415 "-" "Jetpack by WordPress.com (Jetpack 12.0; WordPress 6.2)"
216.236.40.21 - - [30/May/2026:05:20:11 +0000] "POST /wp-login.php HTTP/1.1" 302 5 "https://stg.everycred.com/wp-admin/" "Mozilla/5.0 (Windows NT 10.0; Win64; x64) AppleWebKit/537.36 (KHTML, like Gecko) Chrome/90.0.4430.85 Safari/537.36"
216.236.40.21 - - [30/May/2026:05:20:12 +0000] "GET /wp-admin/ HTTP/1.1" 200 19641 "https://stg.everycred.com/wp-admin/" "Mozilla/5.0 (Windows NT 10.0; Win64; x64) AppleWebKit/537.36 (KHTML, like Gecko) Chrome/90.0.4430.85 Safari/537.36"
216.236.40.21 - - [30/May/2026:05:20:12 +0000] "GET /wp-admin/ HTTP/1.1" 200 19641 "www.google.com" "Mozilla/5.0 (Windows NT 10.0; Win64; x64) AppleWebKit/537.36 (KHTML, like Gecko) Chrome/90.0.4430.85 Safari/537.36"
216.236.40.21 - - [30/May/2026:05:20:15 +0000] "GET /wp-admin/plugin-install.php?tab=upload HTTP/1.1" 200 13797 "www.google.com" "Mozilla/5.0 (Windows NT 10.0; Win64; x64) AppleWebKit/537.36 (KHTML, like Gecko) Chrome/90.0.4430.85 Safari/537.36"
216.236.40.21 - - [30/May/2026:05:20:18 +0000] "POST /wp-admin/update.php?action=upload-plugin HTTP/1.1" 200 11674 "www.google.com" "Mozilla/5.0 (Windows NT 10.0; Win64; x64) AppleWebKit/537.36 (KHTML, like Gecko) Chrome/90.0.4430.85 Safari/537.36"
216.236.40.21 - - [30/May/2026:05:20:18 +0000] "GET /wp-content/plugins/szklgzp/index.php HTTP/1.1" 404 178 "www.google.com" "Mozilla/5.0 (Windows NT 10.0; Win64; x64) AppleWebKit/537.36 (KHTML, like Gecko) Chrome/90.0.4430.85 Safari/537.36"
216.236.40.21 - - [30/May/2026:05:20:18 +0000] "GET /wp-admin/theme-install.php?tab=upload HTTP/1.1" 200 16908 "www.google.com" "Mozilla/5.0 (Windows NT 10.0; Win64; x64) AppleWebKit/537.36 (KHTML, like Gecko) Chrome/90.0.4430.85 Safari/537.36"
134.209.147.209 - - [30/May/2026:05:20:19 +0000] "POST /wp-cron.php?doing_wp_cron=1780118419.4586889743804931640625 HTTP/1.1" 200 31 "-" "WordPress/6.9.1; https://e-tdr.com"
115.245.225.204 - - [30/May/2026:05:20:19 +0000] "POST /xmlrpc.php HTTP/1.1" 200 415 "-" "Jetpack/12.1; WordPress/6.3; http://site57270613.com"
216.236.40.21 - - [30/May/2026:05:20:19 +0000] "POST /wp-admin/update.php?action=upload-theme HTTP/1.1" 200 11633 "www.google.com" "Mozilla/5.0 (Windows NT 10.0; Win64; x64) AppleWebKit/537.36 (KHTML, like Gecko) Chrome/90.0.4430.85 Safari/537.36"
216.236.40.21 - - [30/May/2026:05:20:19 +0000] "GET /wp-content/themes/ohfufnr/about.php HTTP/1.1" 404 178 "www.google.com" "Mozilla/5.0 (Windows NT 10.0; Win64; x64) AppleWebKit/537.36 (KHTML, like Gecko) Chrome/90.0.4430.85 Safari/537.36"
115.245.225.204 - - [30/May/2026:05:20:29 +0000] "POST /xmlrpc.php HTTP/1.1" 200 415 "-" "Jetpack by WordPress.com"
66.249.73.100 - - [30/May/2026:05:20:30 +0000] "GET /is-mostbet-daje-graczom-szanse-enough/ HTTP/1.1" 200 16560 "-" "Mozilla/5.0 (Linux; Android 6.0.1; Nexus 5X Build/MMB29P) AppleWebKit/537.36 (KHTML, like Gecko) Chrome/148.0.7778.96 Mobile Safari/537.36 (compatible; Googlebot/2.1; +http://www.google.com/bot.html)"
115.245.225.204 - - [30/May/2026:05:20:40 +0000] "POST /xmlrpc.php HTTP/1.1" 200 415 "-" "Jetpack by WordPress.com"
115.245.225.204 - - [30/May/2026:05:20:51 +0000] "POST /xmlrpc.php HTTP/1.1" 200 415 "-" "Jetpack/12.1; WordPress/6.1; http://site97076638.com"
134.209.147.209 - - [30/May/2026:05:20:51 +0000] "GET /wp-content/plugins/lifeline-plugin/assets/data/font-awesome-5.json HTTP/1.1" 200 13009 "-" "WordPress/7.0; https://bharti-foundation.stgviitor.com"
134.209.147.209 - - [30/May/2026:05:20:52 +0000] "GET /wp-content/plugins/lifeline-plugin/assets/data/font-awesome-5.json HTTP/1.1" 200 13009 "-" "WordPress/7.0; https://bharti-foundation.stgviitor.com"
134.209.147.209 - - [30/May/2026:05:20:52 +0000] "GET /wp-content/plugins/lifeline-plugin/assets/json/social-profile.json HTTP/1.1" 200 4033 "-" "WordPress/7.0; https://bharti-foundation.stgviitor.com"
134.209.147.209 - - [30/May/2026:05:20:52 +0000] "GET /wp-content/plugins/lifeline-plugin/assets/data/font-awesome-5.json HTTP/1.1" 200 13009 "-" "WordPress/7.0; https://bharti-foundation.stgviitor.com"
134.209.147.209 - - [30/May/2026:05:20:52 +0000] "POST /wp-cron.php?doing_wp_cron=1780118452.2777860164642333984375 HTTP/1.1" 200 31 "-" "WordPress/7.0; https://bharti-foundation.stgviitor.com"
43.166.251.233 - - [30/May/2026:05:20:52 +0000] "GET /?p=156 HTTP/1.1" 301 11 "-" "Mozilla/5.0 (iPhone; CPU iPhone OS 13_2_3 like Mac OS X) AppleWebKit/605.1.15 (KHTML, like Gecko) Version/13.0.3 Mobile/15E148 Safari/604.1"
134.209.147.209 - - [30/May/2026:05:20:52 +0000] "GET /wp-content/plugins/lifeline-plugin/assets/data/font-awesome-5.json HTTP/1.1" 200 13009 "-" "WordPress/7.0; https://bharti-foundation.stgviitor.com"
134.209.147.209 - - [30/May/2026:05:20:52 +0000] "GET /wp-content/plugins/lifeline-plugin/assets/data/font-awesome-5.json HTTP/1.1" 200 13009 "-" "WordPress/7.0; https://bharti-foundation.stgviitor.com"
134.209.147.209 - - [30/May/2026:05:20:52 +0000] "GET /wp-content/plugins/lifeline-plugin/assets/json/social-profile.json HTTP/1.1" 200 4033 "-" "WordPress/7.0; https://bharti-foundation.stgviitor.com"
134.209.147.209 - - [30/May/2026:05:20:52 +0000] "GET /wp-content/plugins/lifeline-plugin/assets/data/font-awesome-5.json HTTP/1.1" 200 13009 "-" "WordPress/7.0; https://bharti-foundation.stgviitor.com"
134.209.147.209 - - [30/May/2026:05:20:55 +0000] "GET /wp-content/plugins/lifeline-plugin/assets/data/font-awesome-5.json HTTP/1.1" 200 13009 "-" "WordPress/7.0; https://bharti-foundation.stgviitor.com"
134.209.147.209 - - [30/May/2026:05:20:55 +0000] "GET /wp-content/plugins/lifeline-plugin/assets/data/font-awesome-5.json HTTP/1.1" 200 13009 "-" "WordPress/7.0; https://bharti-foundation.stgviitor.com"
134.209.147.209 - - [30/May/2026:05:20:55 +0000] "GET /wp-content/plugins/lifeline-plugin/assets/json/social-profile.json HTTP/1.1" 200 4033 "-" "WordPress/7.0; https://bharti-foundation.stgviitor.com"
134.209.147.209 - - [30/May/2026:05:20:55 +0000] "GET /wp-content/plugins/lifeline-plugin/assets/data/font-awesome-5.json HTTP/1.1" 200 13009 "-" "WordPress/7.0; https://bharti-foundation.stgviitor.com"
43.166.251.233 - - [30/May/2026:05:20:56 +0000] "GET /from-struggles-to-smiles-building-a-brighter-tomorrow-for-children/ HTTP/1.1" 200 24057 "https://bharti-foundation.stgviitor.com/?p=156" "Mozilla/5.0 (iPhone; CPU iPhone OS 13_2_3 like Mac OS X) AppleWebKit/605.1.15 (KHTML, like Gecko) Version/13.0.3 Mobile/15E148 Safari/604.1"
115.245.225.204 - - [30/May/2026:05:21:01 +0000] "POST /xmlrpc.php HTTP/1.1" 200 415 "-" "Jetpack/12.0; WordPress/6.1; http://site88273620.com"
134.209.147.209 - - [30/May/2026:05:21:12 +0000] "POST /wp-cron.php?doing_wp_cron=1780118472.0455610752105712890625 HTTP/1.1" 200 31 "-" "WordPress/6.9.1; https://e-tdr.com"
115.245.225.204 - - [30/May/2026:05:21:12 +0000] "POST /xmlrpc.php HTTP/1.1" 200 415 "-" "Jetpack/12.1; WordPress/6.1; http://site95548161.com"
162.158.170.53 - - [30/May/2026:05:21:14 +0000] "GET /wp-login.php HTTP/1.1" 499 0 "-" "Mozilla/5.0 (Macintosh; Intel Mac OS X 14_7_4) AppleWebKit/537.36 (KHTML, like Gecko) Chrome/133.0.0.0 Safari/537.36"
115.245.225.204 - - [30/May/2026:05:21:22 +0000] "POST /xmlrpc.php HTTP/1.1" 200 415 "-" "Jetpack/13.0; WordPress/6.2; http://site80571750.com"
115.245.225.204 - - [30/May/2026:05:21:33 +0000] "POST /xmlrpc.php HTTP/1.1" 200 415 "-" "WordPress.com; https://wordpress.com"
115.245.225.204 - - [30/May/2026:05:21:43 +0000] "POST /xmlrpc.php HTTP/1.1" 200 415 "-" "Jetpack by WordPress.com (Jetpack 12.5; WordPress 6.2)"
115.245.225.204 - - [30/May/2026:05:21:54 +0000] "POST /xmlrpc.php HTTP/1.1" 200 415 "-" "Jetpack by WordPress.com"
18.192.166.72 - - [30/May/2026:05:21:58 +0000] "HEAD / HTTP/1.1" 301 0 "https://viitor.cloud" "Mozilla/5.0+(compatible; UptimeRobot/2.0; http://www.uptimerobot.com/)"
66.249.73.101 - - [30/May/2026:05:21:59 +0000] "GET /casino-buiten-cruks-wettelijk-toegestane-gokactiviteiten-zonder-inschrijving/ HTTP/1.1" 200 18363 "-" "Mozilla/5.0 (Linux; Android 6.0.1; Nexus 5X Build/MMB29P) AppleWebKit/537.36 (KHTML, like Gecko) Chrome/148.0.7778.96 Mobile Safari/537.36 (compatible; Googlebot/2.1; +http://www.google.com/bot.html)"
66.249.73.101 - - [30/May/2026:05:22:00 +0000] "GET /pinco-oyunlarinin-artisi-niy-hr-ks-onlari-oynayir/ HTTP/1.1" 200 16457 "-" "Mozilla/5.0 (Linux; Android 6.0.1; Nexus 5X Build/MMB29P) AppleWebKit/537.36 (KHTML, like Gecko) Chrome/148.0.7778.96 Mobile Safari/537.36 (compatible; GoogleOther)"
115.245.225.204 - - [30/May/2026:05:22:04 +0000] "POST /xmlrpc.php HTTP/1.1" 200 415 "-" "Jetpack by WordPress.com"
134.209.147.209 - - [30/May/2026:05:22:12 +0000] "POST /wp-cron.php?doing_wp_cron=1780118532.9541571140289306640625 HTTP/1.1" 200 31 "-" "WordPress/6.6.1; https://newfaith.focalat.com"
92.205.109.21 - - [30/May/2026:05:22:13 +0000] "GET /wp-login.php HTTP/1.1" 200 2035 "-" "Mozilla/5.0 (X11; CrOS x86_64 14541.0.0) AppleWebKit/537.36 (KHTML, like Gecko) Chrome/133.0.0.0 Safari/537.36"
92.205.109.21 - - [30/May/2026:05:22:20 +0000] "POST /wp-login.php HTTP/1.1" 200 2171 "https://newfaith.focalat.com/wp-login.php" "Mozilla/5.0 (X11; CrOS x86_64 14541.0.0) AppleWebKit/537.36 (KHTML, like Gecko) Chrome/133.0.0.0 Safari/537.36"
223.30.56.197 - - [30/May/2026:05:22:23 +0000] "GET / HTTP/1.1" 200 3133 "-" "Go-http-client/1.1"
134.209.147.209 - - [30/May/2026:05:22:25 +0000] "GET /wp-content/plugins/lifeline-plugin/assets/data/font-awesome-5.json HTTP/1.1" 200 13009 "-" "WordPress/7.0; https://bharti-foundation.stgviitor.com"
134.209.147.209 - - [30/May/2026:05:22:25 +0000] "GET /wp-content/plugins/lifeline-plugin/assets/data/font-awesome-5.json HTTP/1.1" 200 13009 "-" "WordPress/7.0; https://bharti-foundation.stgviitor.com"
134.209.147.209 - - [30/May/2026:05:22:25 +0000] "GET /wp-content/plugins/lifeline-plugin/assets/json/social-profile.json HTTP/1.1" 200 4033 "-" "WordPress/7.0; https://bharti-foundation.stgviitor.com"
134.209.147.209 - - [30/May/2026:05:22:25 +0000] "GET /wp-content/plugins/lifeline-plugin/assets/data/font-awesome-5.json HTTP/1.1" 200 13009 "-" "WordPress/7.0; https://bharti-foundation.stgviitor.com"
134.209.147.209 - - [30/May/2026:05:22:25 +0000] "POST /wp-cron.php?doing_wp_cron=1780118545.4636170864105224609375 HTTP/1.1" 200 31 "-" "WordPress/7.0; https://bharti-foundation.stgviitor.com"
223.30.56.197 - - [30/May/2026:05:22:25 +0000] "GET / HTTP/1.1" 301 11 "-" "Go-http-client/1.1"
134.209.147.209 - - [30/May/2026:05:22:25 +0000] "GET /wp-content/plugins/lifeline-plugin/assets/data/font-awesome-5.json HTTP/1.1" 200 13009 "-" "WordPress/7.0; https://bharti-foundation.stgviitor.com"
134.209.147.209 - - [30/May/2026:05:22:25 +0000] "GET /wp-content/plugins/lifeline-plugin/assets/data/font-awesome-5.json HTTP/1.1" 200 13009 "-" "WordPress/7.0; https://bharti-foundation.stgviitor.com"
134.209.147.209 - - [30/May/2026:05:22:25 +0000] "GET /wp-content/plugins/lifeline-plugin/assets/json/social-profile.json HTTP/1.1" 200 4033 "-" "WordPress/7.0; https://bharti-foundation.stgviitor.com"
134.209.147.209 - - [30/May/2026:05:22:25 +0000] "GET /wp-content/plugins/lifeline-plugin/assets/data/font-awesome-5.json HTTP/1.1" 200 13009 "-" "WordPress/7.0; https://bharti-foundation.stgviitor.com"
17.241.227.59 - - [30/May/2026:05:22:29 +0000] "GET /wp-content/uploads/2021/08/Custom-Post-Layout-Pro.png HTTP/1.1" 200 164697 "-" "Mozilla/5.0 (Macintosh; Intel Mac OS X 10_15_7) AppleWebKit/605.1.15 (KHTML, like Gecko) Version/17.4 Safari/605.1.15 (Applebot/0.1; +http://www.apple.com/go/applebot)"
172.70.208.117 - - [30/May/2026:05:22:46 +0000] "GET /wp-login.php HTTP/1.1" 200 1772 "-" "Mozilla/5.0 (X11; Ubuntu; Linux x86_64) AppleWebKit/537.36 (KHTML, like Gecko) Chrome/133.0.0.0 Safari/537.36"
18.213.70.100 - - [30/May/2026:05:22:59 +0000] "GET /vavada-zerkalo-dostup-k-kazino-dlia-novykh-igrokov/ HTTP/1.1" 200 17778 "-" "Mozilla/5.0 AppleWebKit/537.36 (KHTML, like Gecko; compatible; Amazonbot/0.1; +https://developer.amazon.com/support/amazonbot) Chrome/119.0.6045.214 Safari/537.36"
134.209.147.209 - - [30/May/2026:05:23:01 +0000] "GET /wp-content/plugins/lifeline-plugin/assets/data/font-awesome-5.json HTTP/1.1" 200 13009 "-" "WordPress/7.0; https://bharti-foundation.stgviitor.com"
134.209.147.209 - - [30/May/2026:05:23:01 +0000] "GET /wp-content/plugins/lifeline-plugin/assets/data/font-awesome-5.json HTTP/1.1" 200 13009 "-" "WordPress/7.0; https://bharti-foundation.stgviitor.com"
134.209.147.209 - - [30/May/2026:05:23:01 +0000] "GET /wp-content/plugins/lifeline-plugin/assets/json/social-profile.json HTTP/1.1" 200 4033 "-" "WordPress/7.0; https://bharti-foundation.stgviitor.com"
134.209.147.209 - - [30/May/2026:05:23:01 +0000] "GET /wp-content/plugins/lifeline-plugin/assets/data/font-awesome-5.json HTTP/1.1" 200 13009 "-" "WordPress/7.0; https://bharti-foundation.stgviitor.com"
134.209.147.209 - - [30/May/2026:05:23:01 +0000] "POST /wp-cron.php?doing_wp_cron=1780118581.9447560310363769531250 HTTP/1.1" 200 31 "-" "WordPress/7.0; https://bharti-foundation.stgviitor.com"
137.184.112.33 - - [30/May/2026:05:23:01 +0000] "GET /.vscode/ftp-sync.json HTTP/1.1" 404 57332 "-" "Mozilla/5.0 (X11; Linux x86_64) AppleWebKit/537.36 (KHTML, like Gecko) Chrome/81.0.4044.129 Safari/537.36"
134.209.147.209 - - [30/May/2026:05:23:02 +0000] "GET /wp-content/plugins/lifeline-plugin/assets/data/font-awesome-5.json HTTP/1.1" 200 13009 "-" "WordPress/7.0; https://bharti-foundation.stgviitor.com"
134.209.147.209 - - [30/May/2026:05:23:02 +0000] "GET /wp-content/plugins/lifeline-plugin/assets/data/font-awesome-5.json HTTP/1.1" 200 13009 "-" "WordPress/7.0; https://bharti-foundation.stgviitor.com"
134.209.147.209 - - [30/May/2026:05:23:02 +0000] "GET /wp-content/plugins/lifeline-plugin/assets/json/social-profile.json HTTP/1.1" 200 4033 "-" "WordPress/7.0; https://bharti-foundation.stgviitor.com"
134.209.147.209 - - [30/May/2026:05:23:02 +0000] "GET /wp-content/plugins/lifeline-plugin/assets/data/font-awesome-5.json HTTP/1.1" 200 13009 "-" "WordPress/7.0; https://bharti-foundation.stgviitor.com"
134.209.147.209 - - [30/May/2026:05:23:02 +0000] "GET /wp-content/plugins/lifeline-plugin/assets/data/font-awesome-5.json HTTP/1.1" 200 13009 "-" "WordPress/7.0; https://bharti-foundation.stgviitor.com"
134.209.147.209 - - [30/May/2026:05:23:02 +0000] "GET /wp-content/plugins/lifeline-plugin/assets/data/font-awesome-5.json HTTP/1.1" 200 13009 "-" "WordPress/7.0; https://bharti-foundation.stgviitor.com"
23.21.204.95 - - [30/May/2026:05:23:02 +0000] "GET /parley-para-hoy-nhl/ HTTP/1.1" 200 16380 "-" "Mozilla/5.0 AppleWebKit/537.36 (KHTML, like Gecko; compatible; Amazonbot/0.1; +https://developer.amazon.com/support/amazonbot) Chrome/119.0.6045.214 Safari/537.36"
134.209.147.209 - - [30/May/2026:05:23:02 +0000] "GET /wp-content/plugins/lifeline-plugin/assets/json/social-profile.json HTTP/1.1" 200 4033 "-" "WordPress/7.0; https://bharti-foundation.stgviitor.com"
134.209.147.209 - - [30/May/2026:05:23:03 +0000] "GET /wp-content/plugins/lifeline-plugin/assets/data/font-awesome-5.json HTTP/1.1" 200 13009 "-" "WordPress/7.0; https://bharti-foundation.stgviitor.com"
137.184.112.33 - - [30/May/2026:05:23:03 +0000] "GET /.vscode/ftp.json HTTP/1.1" 404 57331 "-" "Mozilla/5.0 (X11; Linux x86_64) AppleWebKit/537.36 (KHTML, like Gecko) Chrome/81.0.4044.129 Safari/537.36"
134.209.147.209 - - [30/May/2026:05:23:04 +0000] "GET /wp-content/plugins/lifeline-plugin/assets/data/font-awesome-5.json HTTP/1.1" 200 13009 "-" "WordPress/7.0; https://bharti-foundation.stgviitor.com"
134.209.147.209 - - [30/May/2026:05:23:04 +0000] "GET /wp-content/plugins/lifeline-plugin/assets/data/font-awesome-5.json HTTP/1.1" 200 13009 "-" "WordPress/7.0; https://bharti-foundation.stgviitor.com"
134.209.147.209 - - [30/May/2026:05:23:04 +0000] "GET /wp-content/plugins/lifeline-plugin/assets/json/social-profile.json HTTP/1.1" 200 4033 "-" "WordPress/7.0; https://bharti-foundation.stgviitor.com"
134.209.147.209 - - [30/May/2026:05:23:04 +0000] "GET /wp-content/plugins/lifeline-plugin/assets/data/font-awesome-5.json HTTP/1.1" 200 13009 "-" "WordPress/7.0; https://bharti-foundation.stgviitor.com"
137.184.112.33 - - [30/May/2026:05:23:05 +0000] "GET /.vscode/ftp-config.json HTTP/1.1" 404 57331 "-" "Mozilla/5.0 (X11; Linux x86_64) AppleWebKit/537.36 (KHTML, like Gecko) Chrome/81.0.4044.129 Safari/537.36"
134.209.147.209 - - [30/May/2026:05:23:06 +0000] "GET /wp-content/plugins/lifeline-plugin/assets/data/font-awesome-5.json HTTP/1.1" 200 13009 "-" "WordPress/7.0; https://bharti-foundation.stgviitor.com"
134.209.147.209 - - [30/May/2026:05:23:06 +0000] "GET /wp-content/plugins/lifeline-plugin/assets/data/font-awesome-5.json HTTP/1.1" 200 13009 "-" "WordPress/7.0; https://bharti-foundation.stgviitor.com"
134.209.147.209 - - [30/May/2026:05:23:06 +0000] "GET /wp-content/plugins/lifeline-plugin/assets/json/social-profile.json HTTP/1.1" 200 4033 "-" "WordPress/7.0; https://bharti-foundation.stgviitor.com"
134.209.147.209 - - [30/May/2026:05:23:06 +0000] "GET /wp-content/plugins/lifeline-plugin/assets/data/font-awesome-5.json HTTP/1.1" 200 13009 "-" "WordPress/7.0; https://bharti-foundation.stgviitor.com"
137.184.112.33 - - [30/May/2026:05:23:07 +0000] "GET /.vscode/sftp-config.json HTTP/1.1" 404 57331 "-" "Mozilla/5.0 (X11; Linux x86_64) AppleWebKit/537.36 (KHTML, like Gecko) Chrome/81.0.4044.129 Safari/537.36"
44.210.213.220 - - [30/May/2026:05:23:07 +0000] "GET /sportwetten-anbieter-testsieger/feed/ HTTP/1.1" 200 826 "-" "Mozilla/5.0 AppleWebKit/537.36 (KHTML, like Gecko; compatible; Amazonbot/0.1; +https://developer.amazon.com/support/amazonbot) Chrome/119.0.6045.214 Safari/537.36"
134.209.147.209 - - [30/May/2026:05:23:07 +0000] "GET /wp-content/plugins/lifeline-plugin/assets/data/font-awesome-5.json HTTP/1.1" 200 13009 "-" "WordPress/7.0; https://bharti-foundation.stgviitor.com"
134.209.147.209 - - [30/May/2026:05:23:07 +0000] "GET /wp-content/plugins/lifeline-plugin/assets/data/font-awesome-5.json HTTP/1.1" 200 13009 "-" "WordPress/7.0; https://bharti-foundation.stgviitor.com"
134.209.147.209 - - [30/May/2026:05:23:07 +0000] "GET /wp-content/plugins/lifeline-plugin/assets/json/social-profile.json HTTP/1.1" 200 4033 "-" "WordPress/7.0; https://bharti-foundation.stgviitor.com"
134.209.147.209 - - [30/May/2026:05:23:07 +0000] "GET /wp-content/plugins/lifeline-plugin/assets/data/font-awesome-5.json HTTP/1.1" 200 13009 "-" "WordPress/7.0; https://bharti-foundation.stgviitor.com"
137.184.112.33 - - [30/May/2026:05:23:08 +0000] "GET /sftp.json HTTP/1.1" 404 57331 "-" "Mozilla/5.0 (X11; Linux x86_64) AppleWebKit/537.36 (KHTML, like Gecko) Chrome/81.0.4044.129 Safari/537.36"
52.3.102.51 - - [30/May/2026:05:23:12 +0000] "GET /identity-verification-in-european-education/ HTTP/1.1" 200 20139 "-" "Mozilla/5.0 AppleWebKit/537.36 (KHTML, like Gecko; compatible; Amazonbot/0.1; +https://developer.amazon.com/support/amazonbot) Chrome/119.0.6045.214 Safari/537.36"
100.29.128.75 - - [30/May/2026:05:23:14 +0000] "GET /wp-json/oembed/1.0/embed?url=https://stg.everycred.com/verify-digital-credentials/ HTTP/1.1" 200 1201 "-" "Mozilla/5.0 AppleWebKit/537.36 (KHTML, like Gecko; compatible; Amazonbot/0.1; +https://developer.amazon.com/support/amazonbot) Chrome/119.0.6045.214 Safari/537.36"
134.209.147.209 - - [30/May/2026:05:23:18 +0000] "GET /wp-content/plugins/lifeline-plugin/assets/data/font-awesome-5.json HTTP/1.1" 200 13009 "-" "WordPress/7.0; https://bharti-foundation.stgviitor.com"
134.209.147.209 - - [30/May/2026:05:23:18 +0000] "GET /wp-content/plugins/lifeline-plugin/assets/data/font-awesome-5.json HTTP/1.1" 200 13009 "-" "WordPress/7.0; https://bharti-foundation.stgviitor.com"
134.209.147.209 - - [30/May/2026:05:23:18 +0000] "GET /wp-content/plugins/lifeline-plugin/assets/json/social-profile.json HTTP/1.1" 200 4033 "-" "WordPress/7.0; https://bharti-foundation.stgviitor.com"
134.209.147.209 - - [30/May/2026:05:23:18 +0000] "GET /wp-content/plugins/lifeline-plugin/assets/data/font-awesome-5.json HTTP/1.1" 200 13009 "-" "WordPress/7.0; https://bharti-foundation.stgviitor.com"
64.62.197.182 - - [30/May/2026:05:23:18 +0000] "GET /geoserver/web/ HTTP/1.1" 499 0 "-" "Mozilla/5.0 (X11; Linux x86_64) AppleWebKit/537.36 (KHTML, like Gecko) Chrome/139.0.0.0 Safari/537.36"
52.204.89.12 - - [30/May/2026:05:23:18 +0000] "GET /verify-digital-credentials/feed/ HTTP/1.1" 200 874 "-" "Mozilla/5.0 AppleWebKit/537.36 (KHTML, like Gecko; compatible; Amazonbot/0.1; +https://developer.amazon.com/support/amazonbot) Chrome/119.0.6045.214 Safari/537.36"
64.31.25.250 - - [30/May/2026:05:23:18 +0000] "GET /wp-login.php HTTP/1.1" 200 1772 "-" "Mozilla/5.0 (Macintosh; Intel Mac OS X 14_7_4) AppleWebKit/537.36 (KHTML, like Gecko) Chrome/133.0.0.0 Safari/537.36"
64.31.25.250 - - [30/May/2026:05:23:22 +0000] "POST /wp-login.php HTTP/1.1" 200 1940 "https://vcstore.viitorcloud.co/wp-login.php" "Mozilla/5.0 (Macintosh; Intel Mac OS X 14_7_4) AppleWebKit/537.36 (KHTML, like Gecko) Chrome/133.0.0.0 Safari/537.36"
47.128.62.90 - - [30/May/2026:05:23:42 +0000] "GET /robots.txt HTTP/1.1" 404 146 "-" "Mozilla/5.0 (Linux; Android 5.0) AppleWebKit/537.36 (KHTML, like Gecko) Mobile Safari/537.36 (compatible; Bytespider; spider-feedback@bytedance.com)"
172.70.208.117 - wadminw_w34ima [30/May/2026:05:24:24 +0000] "GET /wp-json/wp/v2/users/me HTTP/1.1" 401 107 "-" "Mozilla/5.0 (Windows NT 10.0; Win64; x64; rv:133.0) Gecko/20100101 Firefox/133.0"
134.209.147.209 - - [30/May/2026:05:24:27 +0000] "POST /wp-cron.php?doing_wp_cron=1780118667.1623339653015136718750 HTTP/1.1" 200 31 "-" "WordPress/6.6.1; https://newfaith.focalat.com"
31.24.155.180 - - [30/May/2026:05:24:27 +0000] "GET /wp-login.php HTTP/1.1" 200 2035 "-" "Mozilla/5.0 (X11; Ubuntu; Linux x86_64; rv:133.0) Gecko/20100101 Firefox/133.0"
31.24.155.180 - - [30/May/2026:05:24:31 +0000] "POST /wp-login.php HTTP/1.1" 200 2195 "https://newfaith.focalat.com/wp-login.php" "Mozilla/5.0 (X11; Ubuntu; Linux x86_64; rv:133.0) Gecko/20100101 Firefox/133.0"
134.209.147.209 - - [30/May/2026:05:24:53 +0000] "POST /wp-cron.php?doing_wp_cron=1780118693.9307880401611328125000 HTTP/1.1" 200 31 "-" "WordPress/6.9.4; https://laracopilot.stgviitor.com"
82.223.24.195 - - [30/May/2026:05:24:53 +0000] "GET /wp-login.php HTTP/1.1" 200 2008 "-" "Mozilla/5.0 (Windows NT 10.0; Win64; x64) AppleWebKit/537.36 (KHTML, like Gecko) Chrome/133.0.0.0 Safari/537.36"
82.223.24.195 - - [30/May/2026:05:24:59 +0000] "POST /wp-login.php HTTP/1.1" 200 2143 "https://laracopilot.stgviitor.com/wp-login.php" "Mozilla/5.0 (Windows NT 10.0; Win64; x64) AppleWebKit/537.36 (KHTML, like Gecko) Chrome/133.0.0.0 Safari/537.36"
134.122.15.85 - - [30/May/2026:05:25:44 +0000] "GET /wp-login.php HTTP/1.1" 301 162 "-" "Mozilla/5.0"
134.122.15.85 - - [30/May/2026:05:25:45 +0000] "GET /wp-login.php HTTP/1.1" 404 146 "-" "Mozilla/5.0"
134.209.147.209 - - [30/May/2026:05:25:48 +0000] "GET /wp-content/plugins/lifeline-plugin/assets/data/font-awesome-5.json HTTP/1.1" 200 13009 "-" "WordPress/7.0; https://bharti-foundation.stgviitor.com"
134.209.147.209 - - [30/May/2026:05:25:48 +0000] "GET /wp-content/plugins/lifeline-plugin/assets/data/font-awesome-5.json HTTP/1.1" 200 13009 "-" "WordPress/7.0; https://bharti-foundation.stgviitor.com"
134.209.147.209 - - [30/May/2026:05:25:48 +0000] "GET /wp-content/plugins/lifeline-plugin/assets/json/social-profile.json HTTP/1.1" 200 4033 "-" "WordPress/7.0; https://bharti-foundation.stgviitor.com"
134.209.147.209 - - [30/May/2026:05:25:48 +0000] "GET /wp-content/plugins/lifeline-plugin/assets/data/font-awesome-5.json HTTP/1.1" 200 13009 "-" "WordPress/7.0; https://bharti-foundation.stgviitor.com"
134.209.147.209 - - [30/May/2026:05:25:49 +0000] "POST /wp-cron.php?doing_wp_cron=1780118749.2123999595642089843750 HTTP/1.1" 200 31 "-" "WordPress/7.0; https://bharti-foundation.stgviitor.com"
64.31.25.250 - feed [30/May/2026:05:25:49 +0000] "GET /wp-json/wp/v2/users/me HTTP/1.1" 401 108 "-" "Mozilla/5.0 (X11; Linux x86_64; rv:133.0) Gecko/20100101 Firefox/133.0"
134.209.147.209 - - [30/May/2026:05:25:49 +0000] "GET /wp-content/plugins/lifeline-plugin/assets/data/font-awesome-5.json HTTP/1.1" 200 13009 "-" "WordPress/7.0; https://bharti-foundation.stgviitor.com"
134.209.147.209 - - [30/May/2026:05:25:49 +0000] "GET /wp-content/plugins/lifeline-plugin/assets/data/font-awesome-5.json HTTP/1.1" 200 13009 "-" "WordPress/7.0; https://bharti-foundation.stgviitor.com"
134.209.147.209 - - [30/May/2026:05:25:49 +0000] "GET /wp-content/plugins/lifeline-plugin/assets/json/social-profile.json HTTP/1.1" 200 4033 "-" "WordPress/7.0; https://bharti-foundation.stgviitor.com"
134.209.147.209 - - [30/May/2026:05:25:49 +0000] "GET /wp-content/plugins/lifeline-plugin/assets/data/font-awesome-5.json HTTP/1.1" 200 13009 "-" "WordPress/7.0; https://bharti-foundation.stgviitor.com"
162.158.170.53 - - [30/May/2026:05:26:19 +0000] "GET /ta-kalytera-kazino-stin-ellada-vimata-kai-methodoi/ HTTP/1.1" 200 4019 "-" "Mozilla/5.0 (Windows NT 10.0; Win64; x64) AppleWebKit/537.36 (KHTML, like Gecko) Chrome/145.0.0.0 Safari/537.36"
64.49.37.13 - - [30/May/2026:05:26:21 +0000] "GET /ta-kalytera-kazino-stin-ellada-vimata-kai-methodoi/ HTTP/1.1" 200 4002 "-" "Mozilla/5.0 (Windows NT 10.0; Win64; x64) AppleWebKit/537.36 (KHTML, like Gecko) Chrome/145.0.0.0 Safari/537.36"
134.209.147.209 - - [30/May/2026:05:26:35 +0000] "POST /wp-cron.php?doing_wp_cron=1780118795.0430870056152343750000 HTTP/1.1" 200 31 "-" "WordPress/6.9.1; https://e-tdr.com"
64.31.25.250 - - [30/May/2026:05:26:35 +0000] "GET /wp-login.php HTTP/1.1" 200 2007 "-" "Mozilla/5.0 (X11; Ubuntu; Linux x86_64; rv:133.0) Gecko/20100101 Firefox/133.0"
64.31.25.250 - - [30/May/2026:05:26:40 +0000] "POST /wp-login.php HTTP/1.1" 200 2144 "https://e-tdr.com/wp-login.php" "Mozilla/5.0 (X11; Ubuntu; Linux x86_64; rv:133.0) Gecko/20100101 Firefox/133.0"
134.209.147.209 - - [30/May/2026:05:26:52 +0000] "GET /wp-content/plugins/lifeline-plugin/assets/data/font-awesome-5.json HTTP/1.1" 200 13009 "-" "WordPress/7.0; https://bharti-foundation.stgviitor.com"
134.209.147.209 - - [30/May/2026:05:26:52 +0000] "GET /wp-content/plugins/lifeline-plugin/assets/data/font-awesome-5.json HTTP/1.1" 200 13009 "-" "WordPress/7.0; https://bharti-foundation.stgviitor.com"
134.209.147.209 - - [30/May/2026:05:26:53 +0000] "GET /wp-content/plugins/lifeline-plugin/assets/json/social-profile.json HTTP/1.1" 200 4033 "-" "WordPress/7.0; https://bharti-foundation.stgviitor.com"
134.209.147.209 - - [30/May/2026:05:26:53 +0000] "GET /wp-content/plugins/lifeline-plugin/assets/data/font-awesome-5.json HTTP/1.1" 200 13009 "-" "WordPress/7.0; https://bharti-foundation.stgviitor.com"
134.209.147.209 - - [30/May/2026:05:26:53 +0000] "POST /wp-cron.php?doing_wp_cron=1780118813.2191851139068603515625 HTTP/1.1" 200 31 "-" "WordPress/7.0; https://bharti-foundation.stgviitor.com"
162.214.206.32 - - [30/May/2026:05:26:53 +0000] "GET /wp-login.php HTTP/1.1" 200 2045 "-" "Mozilla/5.0 (X11; Linux i686) AppleWebKit/537.36 (KHTML, like Gecko) Chrome/133.0.0.0 Safari/537.36"
134.209.147.209 - - [30/May/2026:05:26:53 +0000] "GET /wp-content/plugins/lifeline-plugin/assets/data/font-awesome-5.json HTTP/1.1" 200 13009 "-" "WordPress/7.0; https://bharti-foundation.stgviitor.com"
134.209.147.209 - - [30/May/2026:05:26:53 +0000] "GET /wp-content/plugins/lifeline-plugin/assets/data/font-awesome-5.json HTTP/1.1" 200 13009 "-" "WordPress/7.0; https://bharti-foundation.stgviitor.com"
134.209.147.209 - - [30/May/2026:05:26:53 +0000] "GET /wp-content/plugins/lifeline-plugin/assets/json/social-profile.json HTTP/1.1" 200 4033 "-" "WordPress/7.0; https://bharti-foundation.stgviitor.com"
134.209.147.209 - - [30/May/2026:05:26:53 +0000] "GET /wp-content/plugins/lifeline-plugin/assets/data/font-awesome-5.json HTTP/1.1" 200 13009 "-" "WordPress/7.0; https://bharti-foundation.stgviitor.com"
134.209.147.209 - - [30/May/2026:05:26:59 +0000] "GET /wp-content/plugins/lifeline-plugin/assets/data/font-awesome-5.json HTTP/1.1" 200 13009 "-" "WordPress/7.0; https://bharti-foundation.stgviitor.com"
134.209.147.209 - - [30/May/2026:05:26:59 +0000] "GET /wp-content/plugins/lifeline-plugin/assets/data/font-awesome-5.json HTTP/1.1" 200 13009 "-" "WordPress/7.0; https://bharti-foundation.stgviitor.com"
134.209.147.209 - - [30/May/2026:05:26:59 +0000] "GET /wp-content/plugins/lifeline-plugin/assets/json/social-profile.json HTTP/1.1" 200 4033 "-" "WordPress/7.0; https://bharti-foundation.stgviitor.com"
134.209.147.209 - - [30/May/2026:05:26:59 +0000] "GET /wp-content/plugins/lifeline-plugin/assets/data/font-awesome-5.json HTTP/1.1" 200 13009 "-" "WordPress/7.0; https://bharti-foundation.stgviitor.com"
134.209.147.209 - - [30/May/2026:05:26:59 +0000] "POST /wp-cron.php?doing_wp_cron=1780118819.7975509166717529296875 HTTP/1.1" 200 31 "-" "WordPress/7.0; https://bharti-foundation.stgviitor.com"
162.214.206.32 - - [30/May/2026:05:26:59 +0000] "POST /wp-login.php HTTP/1.1" 200 2182 "https://bharti-foundation.stgviitor.com/wp-login.php" "Mozilla/5.0 (X11; Linux i686) AppleWebKit/537.36 (KHTML, like Gecko) Chrome/133.0.0.0 Safari/537.36"
134.209.147.209 - - [30/May/2026:05:26:59 +0000] "GET /wp-content/plugins/lifeline-plugin/assets/data/font-awesome-5.json HTTP/1.1" 200 13009 "-" "WordPress/7.0; https://bharti-foundation.stgviitor.com"
134.209.147.209 - - [30/May/2026:05:26:59 +0000] "GET /wp-content/plugins/lifeline-plugin/assets/data/font-awesome-5.json HTTP/1.1" 200 13009 "-" "WordPress/7.0; https://bharti-foundation.stgviitor.com"
134.209.147.209 - - [30/May/2026:05:27:00 +0000] "GET /wp-content/plugins/lifeline-plugin/assets/json/social-profile.json HTTP/1.1" 200 4033 "-" "WordPress/7.0; https://bharti-foundation.stgviitor.com"
134.209.147.209 - - [30/May/2026:05:27:00 +0000] "GET /wp-content/plugins/lifeline-plugin/assets/data/font-awesome-5.json HTTP/1.1" 200 13009 "-" "WordPress/7.0; https://bharti-foundation.stgviitor.com"
49.156.40.126 - - [30/May/2026:05:27:00 +0000] "GET / HTTP/1.1" 200 16912 "-" "Mozilla/5.0 (Windows NT 10.0; Win64; x64) AppleWebKit/537.36 (KHTML, like Gecko) Chrome/148.0.0.0 Safari/537.36"
3.79.134.69 - - [30/May/2026:05:27:03 +0000] "HEAD / HTTP/1.1" 301 0 "https://viitor.cloud" "Mozilla/5.0+(compatible; UptimeRobot/2.0; http://www.uptimerobot.com/)"
162.158.162.73 - - [30/May/2026:05:27:04 +0000] "GET /wp-login.php HTTP/1.1" 499 0 "-" "Mozilla/5.0 (Macintosh; Intel Mac OS X 10_15_7) AppleWebKit/537.36 (KHTML, like Gecko) Chrome/133.0.0.0 Safari/537.36"
64.62.197.182 - - [30/May/2026:05:27:08 +0000] "GET /.git/config HTTP/1.1" 403 146 "-" "Mozilla/5.0 (X11; Linux x86_64; rv:109.0) Gecko/20100101 Firefox/109.0"
43.153.107.22 - - [30/May/2026:05:27:48 +0000] "GET / HTTP/1.1" 301 162 "-" "Mozilla/5.0 (iPhone; CPU iPhone OS 13_2_3 like Mac OS X) AppleWebKit/605.1.15 (KHTML, like Gecko) Version/13.0.3 Mobile/15E148 Safari/604.1"
43.153.107.22 - - [30/May/2026:05:27:49 +0000] "GET / HTTP/1.1" 301 162 "http://www.viitor.cloud" "Mozilla/5.0 (iPhone; CPU iPhone OS 13_2_3 like Mac OS X) AppleWebKit/605.1.15 (KHTML, like Gecko) Version/13.0.3 Mobile/15E148 Safari/604.1"
91.123.67.32 - - [30/May/2026:05:28:00 +0000] "GET / HTTP/1.1" 200 16912 "-" "Mozilla/5.0 (X11; Linux x86_64) AppleWebKit/537.36 (KHTML, like Gecko) Chrome/119.0.0.0 Safari/537.36"
5.45.84.175 - - [30/May/2026:05:28:02 +0000] "POST /xmlrpc.php HTTP/1.1" 200 568712 "-" "Mozilla/5.0 (Macintosh; Intel Mac OS X 10_15_7) AppleWebKit/537.36 (KHTML, like Gecko) Chrome/120.0.0.0 Safari/537.36"
5.45.84.175 - - [30/May/2026:05:28:02 +0000] "POST /xmlrpc.php HTTP/1.1" 200 23872 "-" "Mozilla/5.0 (Macintosh; Intel Mac OS X 10_15_7) AppleWebKit/537.36 (KHTML, like Gecko) Chrome/120.0.0.0 Safari/537.36"
5.45.84.175 - - [30/May/2026:05:28:03 +0000] "POST /xmlrpc.php HTTP/1.1" 200 189 "-" "Mozilla/5.0 (Windows NT 10.0; Win64; x64) AppleWebKit/537.36 (KHTML, like Gecko) Chrome/120.0.0.0 Safari/537.36"
5.45.84.175 - - [30/May/2026:05:28:06 +0000] "GET / HTTP/1.1" 200 89566 "-" "Mozilla/5.0 (Windows NT 10.0; Win64; x64) AppleWebKit/537.36"
172.70.93.16 - - [30/May/2026:05:28:08 +0000] "GET /wp-login.php HTTP/1.1" 200 1772 "-" "Mozilla/5.0 (Windows NT 10.0; Win64; x64; rv:133.0) Gecko/20100101 Firefox/133.0"
172.69.166.17 - - [30/May/2026:05:28:14 +0000] "POST /wp-login.php HTTP/1.1" 200 1913 "https://vcstore.viitorcloud.com/wp-login.php" "Mozilla/5.0 (Windows NT 10.0; Win64; x64; rv:133.0) Gecko/20100101 Firefox/133.0"
91.123.67.32 - - [30/May/2026:05:28:18 +0000] "GET /?nocache=1780118897358_442kcixonar HTTP/1.1" 200 16933 "-" "Mozilla/5.0 (Windows NT 10.0; Win64; x64) AppleWebKit/537.36 (KHTML, like Gecko) Chrome/122.0.0.0 Safari/537.36"
160.250.186.220 - - [30/May/2026:05:28:27 +0000] "GET /wp-login.php HTTP/1.1" 200 1772 "-" "Mozilla/5.0 (Macintosh; Intel Mac OS X 10_15_7) AppleWebKit/537.36 (KHTML, like Gecko) Chrome/133.0.0.0 Safari/537.36"
160.250.186.220 - - [30/May/2026:05:28:28 +0000] "POST /wp-login.php HTTP/1.1" 200 1940 "https://vcstore.viitorcloud.co/wp-login.php" "Mozilla/5.0 (Macintosh; Intel Mac OS X 10_15_7) AppleWebKit/537.36 (KHTML, like Gecko) Chrome/133.0.0.0 Safari/537.36"
216.236.40.21 - - [30/May/2026:05:28:37 +0000] "POST /wp-login.php HTTP/1.1" 302 5 "https://stg.everycred.com/wp-admin/" "Mozilla/5.0 (Windows NT 10.0; Win64; x64) AppleWebKit/537.36 (KHTML, like Gecko) Chrome/90.0.4430.85 Safari/537.36"
216.236.40.21 - - [30/May/2026:05:28:37 +0000] "GET /wp-admin/ HTTP/1.1" 200 19642 "https://stg.everycred.com/wp-admin/" "Mozilla/5.0 (Windows NT 10.0; Win64; x64) AppleWebKit/537.36 (KHTML, like Gecko) Chrome/90.0.4430.85 Safari/537.36"
216.236.40.21 - - [30/May/2026:05:28:38 +0000] "GET /wp-admin/ HTTP/1.1" 200 19642 "www.google.com" "Mozilla/5.0 (Windows NT 10.0; Win64; x64) AppleWebKit/537.36 (KHTML, like Gecko) Chrome/90.0.4430.85 Safari/537.36"
216.236.40.21 - - [30/May/2026:05:28:41 +0000] "GET /wp-admin/plugin-install.php?tab=upload HTTP/1.1" 200 13797 "www.google.com" "Mozilla/5.0 (Windows NT 10.0; Win64; x64) AppleWebKit/537.36 (KHTML, like Gecko) Chrome/90.0.4430.85 Safari/537.36"
134.209.147.209 - - [30/May/2026:05:29:07 +0000] "GET /wp-content/plugins/lifeline-plugin/assets/data/font-awesome-5.json HTTP/1.1" 200 13009 "-" "WordPress/7.0; https://bharti-foundation.stgviitor.com"
134.209.147.209 - - [30/May/2026:05:29:08 +0000] "GET /wp-content/plugins/lifeline-plugin/assets/data/font-awesome-5.json HTTP/1.1" 200 13009 "-" "WordPress/7.0; https://bharti-foundation.stgviitor.com"
134.209.147.209 - - [30/May/2026:05:29:08 +0000] "GET /wp-content/plugins/lifeline-plugin/assets/json/social-profile.json HTTP/1.1" 200 4033 "-" "WordPress/7.0; https://bharti-foundation.stgviitor.com"
134.209.147.209 - - [30/May/2026:05:29:08 +0000] "GET /wp-content/plugins/lifeline-plugin/assets/data/font-awesome-5.json HTTP/1.1" 200 13009 "-" "WordPress/7.0; https://bharti-foundation.stgviitor.com"
134.209.147.209 - - [30/May/2026:05:29:08 +0000] "POST /wp-cron.php?doing_wp_cron=1780118948.9057290554046630859375 HTTP/1.1" 200 31 "-" "WordPress/7.0; https://bharti-foundation.stgviitor.com"
43.164.190.28 - - [30/May/2026:05:29:08 +0000] "GET /our-blog/ HTTP/1.1" 200 23569 "-" "Mozilla/5.0 (iPhone; CPU iPhone OS 13_2_3 like Mac OS X) AppleWebKit/605.1.15 (KHTML, like Gecko) Version/13.0.3 Mobile/15E148 Safari/604.1"
134.209.147.209 - - [30/May/2026:05:29:09 +0000] "GET /wp-content/plugins/lifeline-plugin/assets/data/font-awesome-5.json HTTP/1.1" 200 13009 "-" "WordPress/7.0; https://bharti-foundation.stgviitor.com"
134.209.147.209 - - [30/May/2026:05:29:09 +0000] "GET /wp-content/plugins/lifeline-plugin/assets/data/font-awesome-5.json HTTP/1.1" 200 13009 "-" "WordPress/7.0; https://bharti-foundation.stgviitor.com"
134.209.147.209 - - [30/May/2026:05:29:09 +0000] "GET /wp-content/plugins/lifeline-plugin/assets/json/social-profile.json HTTP/1.1" 200 4033 "-" "WordPress/7.0; https://bharti-foundation.stgviitor.com"
134.209.147.209 - - [30/May/2026:05:29:09 +0000] "GET /wp-content/plugins/lifeline-plugin/assets/data/font-awesome-5.json HTTP/1.1" 200 13009 "-" "WordPress/7.0; https://bharti-foundation.stgviitor.com"
91.123.67.32 - - [30/May/2026:05:29:18 +0000] "GET / HTTP/1.1" 200 16933 "-" "Mozilla/5.0 (Windows NT 10.0; Win64; x64) AppleWebKit/537.36 (KHTML, like Gecko) Chrome/122.0.0.0 Safari/537.36"
5.45.84.175 - - [30/May/2026:05:29:20 +0000] "POST /xmlrpc.php HTTP/1.1" 200 568893 "-" "Mozilla/5.0 (Windows NT 10.0; Win64; x64; rv:121.0) Gecko/20100101 Firefox/121.0"
5.45.84.175 - - [30/May/2026:05:29:20 +0000] "POST /xmlrpc.php HTTP/1.1" 200 24029 "-" "Mozilla/5.0 (Windows NT 10.0; Win64; x64; rv:121.0) Gecko/20100101 Firefox/121.0"
5.45.84.175 - - [30/May/2026:05:29:21 +0000] "POST /xmlrpc.php HTTP/1.1" 200 189 "-" "Mozilla/5.0 (Windows NT 10.0; Win64; x64) AppleWebKit/537.36 (KHTML, like Gecko) Chrome/120.0.0.0 Safari/537.36"
5.45.84.175 - - [30/May/2026:05:29:24 +0000] "GET / HTTP/1.1" 200 89674 "-" "Mozilla/5.0 (Windows NT 10.0; Win64; x64) AppleWebKit/537.36"
134.209.147.209 - - [30/May/2026:05:29:26 +0000] "POST /wp-cron.php?doing_wp_cron=1780118966.6173739433288574218750 HTTP/1.1" 200 31 "-" "WordPress/6.5.3; https://vcstore.stgviitor.com"
