134.209.147.209 - - [30/May/2026:04:40:20 +0000] "GET /wp-content/plugins/lifeline-plugin/assets/data/font-awesome-5.json HTTP/1.1" 200 13009 "-" "WordPress/7.0; https://bharti-foundation.stgviitor.com"
134.209.147.209 - - [30/May/2026:04:40:20 +0000] "GET /wp-content/plugins/lifeline-plugin/assets/data/font-awesome-5.json HTTP/1.1" 200 13009 "-" "WordPress/7.0; https://bharti-foundation.stgviitor.com"
134.209.147.209 - - [30/May/2026:04:40:20 +0000] "GET /wp-content/plugins/lifeline-plugin/assets/data/font-awesome-5.json HTTP/1.1" 200 13009 "-" "WordPress/7.0; https://bharti-foundation.stgviitor.com"
134.209.147.209 - - [30/May/2026:04:40:20 +0000] "GET /wp-content/plugins/lifeline-plugin/assets/data/font-awesome-5.json HTTP/1.1" 200 13009 "-" "WordPress/7.0; https://bharti-foundation.stgviitor.com"
134.209.147.209 - - [30/May/2026:04:40:20 +0000] "GET /wp-content/plugins/lifeline-plugin/assets/data/font-awesome-5.json HTTP/1.1" 200 13009 "-" "WordPress/7.0; https://bharti-foundation.stgviitor.com"
134.209.147.209 - - [30/May/2026:04:40:20 +0000] "GET /wp-content/plugins/lifeline-plugin/assets/data/font-awesome-5.json HTTP/1.1" 200 13009 "-" "WordPress/7.0; https://bharti-foundation.stgviitor.com"
134.209.147.209 - - [30/May/2026:04:40:20 +0000] "GET /wp-content/plugins/lifeline-plugin/assets/data/font-awesome-5.json HTTP/1.1" 200 13009 "-" "WordPress/7.0; https://bharti-foundation.stgviitor.com"
134.209.147.209 - - [30/May/2026:04:40:21 +0000] "GET /wp-content/plugins/lifeline-plugin/assets/json/social-profile.json HTTP/1.1" 200 4033 "-" "WordPress/7.0; https://bharti-foundation.stgviitor.com"
134.209.147.209 - - [30/May/2026:04:40:21 +0000] "GET /wp-content/plugins/lifeline-plugin/assets/json/social-profile.json HTTP/1.1" 200 4033 "-" "WordPress/7.0; https://bharti-foundation.stgviitor.com"
134.209.147.209 - - [30/May/2026:04:40:21 +0000] "GET /wp-content/plugins/lifeline-plugin/assets/json/social-profile.json HTTP/1.1" 200 4033 "-" "WordPress/7.0; https://bharti-foundation.stgviitor.com"
134.209.147.209 - - [30/May/2026:04:40:21 +0000] "GET /wp-content/plugins/lifeline-plugin/assets/json/social-profile.json HTTP/1.1" 200 4033 "-" "WordPress/7.0; https://bharti-foundation.stgviitor.com"
134.209.147.209 - - [30/May/2026:04:40:21 +0000] "GET /wp-content/plugins/lifeline-plugin/assets/data/font-awesome-5.json HTTP/1.1" 200 13009 "-" "WordPress/7.0; https://bharti-foundation.stgviitor.com"
134.209.147.209 - - [30/May/2026:04:40:21 +0000] "GET /wp-content/plugins/lifeline-plugin/assets/data/font-awesome-5.json HTTP/1.1" 200 13009 "-" "WordPress/7.0; https://bharti-foundation.stgviitor.com"
134.209.147.209 - - [30/May/2026:04:40:21 +0000] "GET /wp-content/plugins/lifeline-plugin/assets/data/font-awesome-5.json HTTP/1.1" 200 13009 "-" "WordPress/7.0; https://bharti-foundation.stgviitor.com"
134.209.147.209 - - [30/May/2026:04:40:21 +0000] "GET /wp-content/plugins/lifeline-plugin/assets/data/font-awesome-5.json HTTP/1.1" 200 13009 "-" "WordPress/7.0; https://bharti-foundation.stgviitor.com"
134.209.147.209 - - [30/May/2026:04:40:21 +0000] "POST /wp-cron.php?doing_wp_cron=1780116020.5989398956298828125000 HTTP/1.1" 499 0 "-" "WordPress/6.9.1; https://e-tdr.com"
134.209.147.209 - - [30/May/2026:04:40:23 +0000] "GET /wp-content/plugins/lifeline-plugin/assets/data/font-awesome-5.json HTTP/1.1" 200 13009 "-" "WordPress/7.0; https://bharti-foundation.stgviitor.com"
134.209.147.209 - - [30/May/2026:04:40:23 +0000] "GET /wp-content/plugins/lifeline-plugin/assets/data/font-awesome-5.json HTTP/1.1" 200 13009 "-" "WordPress/7.0; https://bharti-foundation.stgviitor.com"
134.209.147.209 - - [30/May/2026:04:40:23 +0000] "GET /wp-content/plugins/lifeline-plugin/assets/data/font-awesome-5.json HTTP/1.1" 200 13009 "-" "WordPress/7.0; https://bharti-foundation.stgviitor.com"
134.209.147.209 - - [30/May/2026:04:40:23 +0000] "GET /wp-content/plugins/lifeline-plugin/assets/data/font-awesome-5.json HTTP/1.1" 200 13009 "-" "WordPress/7.0; https://bharti-foundation.stgviitor.com"
134.209.147.209 - - [30/May/2026:04:40:23 +0000] "GET /wp-content/plugins/lifeline-plugin/assets/data/font-awesome-5.json HTTP/1.1" 200 13009 "-" "WordPress/7.0; https://bharti-foundation.stgviitor.com"
134.209.147.209 - - [30/May/2026:04:40:23 +0000] "GET /wp-content/plugins/lifeline-plugin/assets/data/font-awesome-5.json HTTP/1.1" 200 13009 "-" "WordPress/7.0; https://bharti-foundation.stgviitor.com"
134.209.147.209 - - [30/May/2026:04:40:23 +0000] "GET /wp-content/plugins/lifeline-plugin/assets/data/font-awesome-5.json HTTP/1.1" 200 13009 "-" "WordPress/7.0; https://bharti-foundation.stgviitor.com"
134.209.147.209 - - [30/May/2026:04:40:23 +0000] "GET /wp-content/plugins/lifeline-plugin/assets/data/font-awesome-5.json HTTP/1.1" 200 13009 "-" "WordPress/7.0; https://bharti-foundation.stgviitor.com"
134.209.147.209 - - [30/May/2026:04:40:23 +0000] "GET /wp-content/plugins/lifeline-plugin/assets/data/font-awesome-5.json HTTP/1.1" 200 13009 "-" "WordPress/7.0; https://bharti-foundation.stgviitor.com"
134.209.147.209 - - [30/May/2026:04:40:23 +0000] "GET /wp-content/plugins/lifeline-plugin/assets/json/social-profile.json HTTP/1.1" 200 4033 "-" "WordPress/7.0; https://bharti-foundation.stgviitor.com"
134.209.147.209 - - [30/May/2026:04:40:23 +0000] "GET /wp-content/plugins/lifeline-plugin/assets/data/font-awesome-5.json HTTP/1.1" 200 13009 "-" "WordPress/7.0; https://bharti-foundation.stgviitor.com"
134.209.147.209 - - [30/May/2026:04:40:23 +0000] "GET /wp-content/plugins/lifeline-plugin/assets/json/social-profile.json HTTP/1.1" 200 4033 "-" "WordPress/7.0; https://bharti-foundation.stgviitor.com"
134.209.147.209 - - [30/May/2026:04:40:24 +0000] "GET /wp-content/plugins/lifeline-plugin/assets/json/social-profile.json HTTP/1.1" 200 4033 "-" "WordPress/7.0; https://bharti-foundation.stgviitor.com"
134.209.147.209 - - [30/May/2026:04:40:24 +0000] "GET /wp-content/plugins/lifeline-plugin/assets/json/social-profile.json HTTP/1.1" 200 4033 "-" "WordPress/7.0; https://bharti-foundation.stgviitor.com"
134.209.147.209 - - [30/May/2026:04:40:24 +0000] "GET /wp-content/plugins/lifeline-plugin/assets/data/font-awesome-5.json HTTP/1.1" 200 13009 "-" "WordPress/7.0; https://bharti-foundation.stgviitor.com"
134.209.147.209 - - [30/May/2026:04:40:24 +0000] "GET /wp-content/plugins/lifeline-plugin/assets/json/social-profile.json HTTP/1.1" 200 4033 "-" "WordPress/7.0; https://bharti-foundation.stgviitor.com"
134.209.147.209 - - [30/May/2026:04:40:24 +0000] "GET /wp-content/plugins/lifeline-plugin/assets/data/font-awesome-5.json HTTP/1.1" 200 13009 "-" "WordPress/7.0; https://bharti-foundation.stgviitor.com"
134.209.147.209 - - [30/May/2026:04:40:24 +0000] "GET /wp-content/plugins/lifeline-plugin/assets/data/font-awesome-5.json HTTP/1.1" 200 13009 "-" "WordPress/7.0; https://bharti-foundation.stgviitor.com"
134.209.147.209 - - [30/May/2026:04:40:24 +0000] "GET /wp-content/plugins/lifeline-plugin/assets/data/font-awesome-5.json HTTP/1.1" 200 13009 "-" "WordPress/7.0; https://bharti-foundation.stgviitor.com"
134.209.147.209 - - [30/May/2026:04:40:24 +0000] "GET /wp-content/plugins/lifeline-plugin/assets/data/font-awesome-5.json HTTP/1.1" 200 13009 "-" "WordPress/7.0; https://bharti-foundation.stgviitor.com"
134.209.147.209 - - [30/May/2026:04:40:25 +0000] "GET /wp-content/plugins/lifeline-plugin/assets/data/font-awesome-5.json HTTP/1.1" 200 13009 "-" "WordPress/7.0; https://bharti-foundation.stgviitor.com"
134.209.147.209 - - [30/May/2026:04:40:25 +0000] "GET /wp-content/plugins/lifeline-plugin/assets/data/font-awesome-5.json HTTP/1.1" 200 13009 "-" "WordPress/7.0; https://bharti-foundation.stgviitor.com"
134.209.147.209 - - [30/May/2026:04:40:25 +0000] "GET /wp-content/plugins/lifeline-plugin/assets/data/font-awesome-5.json HTTP/1.1" 200 13009 "-" "WordPress/7.0; https://bharti-foundation.stgviitor.com"
134.209.147.209 - - [30/May/2026:04:40:25 +0000] "GET /wp-content/plugins/lifeline-plugin/assets/data/font-awesome-5.json HTTP/1.1" 200 13009 "-" "WordPress/7.0; https://bharti-foundation.stgviitor.com"
134.209.147.209 - - [30/May/2026:04:40:25 +0000] "GET /wp-content/plugins/lifeline-plugin/assets/data/font-awesome-5.json HTTP/1.1" 200 13009 "-" "WordPress/7.0; https://bharti-foundation.stgviitor.com"
134.209.147.209 - - [30/May/2026:04:40:26 +0000] "GET /wp-content/plugins/lifeline-plugin/assets/data/font-awesome-5.json HTTP/1.1" 200 13009 "-" "WordPress/7.0; https://bharti-foundation.stgviitor.com"
134.209.147.209 - - [30/May/2026:04:40:26 +0000] "GET /wp-content/plugins/lifeline-plugin/assets/data/font-awesome-5.json HTTP/1.1" 200 13009 "-" "WordPress/7.0; https://bharti-foundation.stgviitor.com"
134.209.147.209 - - [30/May/2026:04:40:26 +0000] "GET /wp-content/plugins/lifeline-plugin/assets/data/font-awesome-5.json HTTP/1.1" 200 13009 "-" "WordPress/7.0; https://bharti-foundation.stgviitor.com"
134.209.147.209 - - [30/May/2026:04:40:26 +0000] "GET /wp-content/plugins/lifeline-plugin/assets/data/font-awesome-5.json HTTP/1.1" 200 13009 "-" "WordPress/7.0; https://bharti-foundation.stgviitor.com"
134.209.147.209 - - [30/May/2026:04:40:26 +0000] "GET /wp-content/plugins/lifeline-plugin/assets/data/font-awesome-5.json HTTP/1.1" 200 13009 "-" "WordPress/7.0; https://bharti-foundation.stgviitor.com"
134.209.147.209 - - [30/May/2026:04:40:26 +0000] "GET /wp-content/plugins/lifeline-plugin/assets/json/social-profile.json HTTP/1.1" 200 4033 "-" "WordPress/7.0; https://bharti-foundation.stgviitor.com"
134.209.147.209 - - [30/May/2026:04:40:26 +0000] "GET /wp-content/plugins/lifeline-plugin/assets/json/social-profile.json HTTP/1.1" 200 4033 "-" "WordPress/7.0; https://bharti-foundation.stgviitor.com"
134.209.147.209 - - [30/May/2026:04:40:26 +0000] "GET /wp-content/plugins/lifeline-plugin/assets/json/social-profile.json HTTP/1.1" 200 4033 "-" "WordPress/7.0; https://bharti-foundation.stgviitor.com"
134.209.147.209 - - [30/May/2026:04:40:26 +0000] "GET /wp-content/plugins/lifeline-plugin/assets/json/social-profile.json HTTP/1.1" 200 4033 "-" "WordPress/7.0; https://bharti-foundation.stgviitor.com"
134.209.147.209 - - [30/May/2026:04:40:26 +0000] "GET /wp-content/plugins/lifeline-plugin/assets/json/social-profile.json HTTP/1.1" 200 4033 "-" "WordPress/7.0; https://bharti-foundation.stgviitor.com"
134.209.147.209 - - [30/May/2026:04:40:26 +0000] "GET /wp-content/plugins/lifeline-plugin/assets/data/font-awesome-5.json HTTP/1.1" 200 13009 "-" "WordPress/7.0; https://bharti-foundation.stgviitor.com"
134.209.147.209 - - [30/May/2026:04:40:26 +0000] "GET /wp-content/plugins/lifeline-plugin/assets/data/font-awesome-5.json HTTP/1.1" 200 13009 "-" "WordPress/7.0; https://bharti-foundation.stgviitor.com"
134.209.147.209 - - [30/May/2026:04:40:26 +0000] "GET /wp-content/plugins/lifeline-plugin/assets/data/font-awesome-5.json HTTP/1.1" 200 13009 "-" "WordPress/7.0; https://bharti-foundation.stgviitor.com"
134.209.147.209 - - [30/May/2026:04:40:26 +0000] "GET /wp-content/plugins/lifeline-plugin/assets/data/font-awesome-5.json HTTP/1.1" 200 13009 "-" "WordPress/7.0; https://bharti-foundation.stgviitor.com"
134.209.147.209 - - [30/May/2026:04:40:27 +0000] "GET /wp-content/plugins/lifeline-plugin/assets/data/font-awesome-5.json HTTP/1.1" 200 13009 "-" "WordPress/7.0; https://bharti-foundation.stgviitor.com"
134.209.147.209 - - [30/May/2026:04:40:28 +0000] "GET /wp-content/plugins/lifeline-plugin/assets/data/font-awesome-5.json HTTP/1.1" 200 13009 "-" "WordPress/7.0; https://bharti-foundation.stgviitor.com"
134.209.147.209 - - [30/May/2026:04:40:28 +0000] "GET /wp-content/plugins/lifeline-plugin/assets/data/font-awesome-5.json HTTP/1.1" 200 13009 "-" "WordPress/7.0; https://bharti-foundation.stgviitor.com"
134.209.147.209 - - [30/May/2026:04:40:28 +0000] "GET /wp-content/plugins/lifeline-plugin/assets/data/font-awesome-5.json HTTP/1.1" 200 13009 "-" "WordPress/7.0; https://bharti-foundation.stgviitor.com"
134.209.147.209 - - [30/May/2026:04:40:28 +0000] "GET /wp-content/plugins/lifeline-plugin/assets/data/font-awesome-5.json HTTP/1.1" 200 13009 "-" "WordPress/7.0; https://bharti-foundation.stgviitor.com"
134.209.147.209 - - [30/May/2026:04:40:28 +0000] "GET /wp-content/plugins/lifeline-plugin/assets/data/font-awesome-5.json HTTP/1.1" 200 13009 "-" "WordPress/7.0; https://bharti-foundation.stgviitor.com"
134.209.147.209 - - [30/May/2026:04:40:28 +0000] "GET /wp-content/plugins/lifeline-plugin/assets/data/font-awesome-5.json HTTP/1.1" 200 13009 "-" "WordPress/7.0; https://bharti-foundation.stgviitor.com"
134.209.147.209 - - [30/May/2026:04:40:28 +0000] "GET /wp-content/plugins/lifeline-plugin/assets/data/font-awesome-5.json HTTP/1.1" 200 13009 "-" "WordPress/7.0; https://bharti-foundation.stgviitor.com"
134.209.147.209 - - [30/May/2026:04:40:28 +0000] "GET /wp-content/plugins/lifeline-plugin/assets/data/font-awesome-5.json HTTP/1.1" 200 13009 "-" "WordPress/7.0; https://bharti-foundation.stgviitor.com"
134.209.147.209 - - [30/May/2026:04:40:28 +0000] "GET /wp-content/plugins/lifeline-plugin/assets/data/font-awesome-5.json HTTP/1.1" 200 13009 "-" "WordPress/7.0; https://bharti-foundation.stgviitor.com"
134.209.147.209 - - [30/May/2026:04:40:28 +0000] "GET /wp-content/plugins/lifeline-plugin/assets/json/social-profile.json HTTP/1.1" 200 4033 "-" "WordPress/7.0; https://bharti-foundation.stgviitor.com"
134.209.147.209 - - [30/May/2026:04:40:29 +0000] "GET /wp-content/plugins/lifeline-plugin/assets/json/social-profile.json HTTP/1.1" 200 4033 "-" "WordPress/7.0; https://bharti-foundation.stgviitor.com"
134.209.147.209 - - [30/May/2026:04:40:29 +0000] "GET /wp-content/plugins/lifeline-plugin/assets/data/font-awesome-5.json HTTP/1.1" 200 13009 "-" "WordPress/7.0; https://bharti-foundation.stgviitor.com"
134.209.147.209 - - [30/May/2026:04:40:29 +0000] "GET /wp-content/plugins/lifeline-plugin/assets/json/social-profile.json HTTP/1.1" 200 4033 "-" "WordPress/7.0; https://bharti-foundation.stgviitor.com"
134.209.147.209 - - [30/May/2026:04:40:29 +0000] "GET /wp-content/plugins/lifeline-plugin/assets/json/social-profile.json HTTP/1.1" 200 4033 "-" "WordPress/7.0; https://bharti-foundation.stgviitor.com"
134.209.147.209 - - [30/May/2026:04:40:29 +0000] "GET /wp-content/plugins/lifeline-plugin/assets/data/font-awesome-5.json HTTP/1.1" 200 13009 "-" "WordPress/7.0; https://bharti-foundation.stgviitor.com"
134.209.147.209 - - [30/May/2026:04:40:29 +0000] "GET /wp-content/plugins/lifeline-plugin/assets/data/font-awesome-5.json HTTP/1.1" 200 13009 "-" "WordPress/7.0; https://bharti-foundation.stgviitor.com"
134.209.147.209 - - [30/May/2026:04:40:29 +0000] "GET /wp-content/plugins/lifeline-plugin/assets/data/font-awesome-5.json HTTP/1.1" 200 13009 "-" "WordPress/7.0; https://bharti-foundation.stgviitor.com"
134.209.147.209 - - [30/May/2026:04:40:29 +0000] "GET /wp-content/plugins/lifeline-plugin/assets/json/social-profile.json HTTP/1.1" 200 4033 "-" "WordPress/7.0; https://bharti-foundation.stgviitor.com"
134.209.147.209 - - [30/May/2026:04:40:29 +0000] "GET /wp-content/plugins/lifeline-plugin/assets/data/font-awesome-5.json HTTP/1.1" 200 13009 "-" "WordPress/7.0; https://bharti-foundation.stgviitor.com"
134.209.147.209 - - [30/May/2026:04:40:29 +0000] "GET /wp-content/plugins/lifeline-plugin/assets/data/font-awesome-5.json HTTP/1.1" 200 13009 "-" "WordPress/7.0; https://bharti-foundation.stgviitor.com"
103.106.20.205 - - [30/May/2026:04:40:30 +0000] "POST /xmlrpc.php HTTP/1.1" 200 415 "-" "Jetpack by WordPress.com (Jetpack 12.1; WordPress 6.4)"
103.106.20.205 - - [30/May/2026:04:40:36 +0000] "POST /xmlrpc.php HTTP/1.1" 200 415 "-" "Jetpack by WordPress.com (Jetpack 12.5; WordPress 6.4)"
103.106.20.205 - - [30/May/2026:04:40:46 +0000] "POST /xmlrpc.php HTTP/1.1" 200 415 "-" "WordPress.com; https://wordpress.com"
103.106.20.205 - - [30/May/2026:04:40:57 +0000] "POST /xmlrpc.php HTTP/1.1" 200 415 "-" "Jetpack by WordPress.com (Jetpack 12.1; WordPress 6.3)"
66.249.73.101 - - [30/May/2026:04:41:04 +0000] "GET /is-mostbet-daje-graczom-szanse-enough/ HTTP/1.1" 200 16560 "-" "Mozilla/5.0 (Linux; Android 6.0.1; Nexus 5X Build/MMB29P) AppleWebKit/537.36 (KHTML, like Gecko) Chrome/148.0.7778.96 Mobile Safari/537.36 (compatible; GoogleOther)"
134.209.147.209 - - [30/May/2026:04:41:07 +0000] "POST /wp-cron.php?doing_wp_cron=1780116067.3143289089202880859375 HTTP/1.1" 200 31 "-" "WordPress/6.6.1; https://newfaith.focalat.com"
167.71.136.93 - - [30/May/2026:04:41:07 +0000] "GET /wp-login.php HTTP/1.1" 200 2035 "-" "Mozilla/5.0 (X11; CrOS x86_64 14541.0.0) AppleWebKit/537.36 (KHTML, like Gecko) Chrome/133.0.0.0 Safari/537.36"
103.106.20.205 - - [30/May/2026:04:41:07 +0000] "POST /xmlrpc.php HTTP/1.1" 200 415 "-" "WordPress.com; https://wordpress.com"
134.209.147.209 - - [30/May/2026:04:41:11 +0000] "POST /wp-cron.php?doing_wp_cron=1780116071.2732999324798583984375 HTTP/1.1" 200 31 "-" "WordPress/6.6.1; https://newfaith.focalat.com"
167.71.136.93 - - [30/May/2026:04:41:11 +0000] "POST /wp-login.php HTTP/1.1" 200 2197 "https://newfaith.focalat.com/wp-login.php" "Mozilla/5.0 (X11; CrOS x86_64 14541.0.0) AppleWebKit/537.36 (KHTML, like Gecko) Chrome/133.0.0.0 Safari/537.36"
18.192.166.72 - - [30/May/2026:04:41:16 +0000] "HEAD / HTTP/1.1" 301 0 "https://viitor.cloud" "Mozilla/5.0+(compatible; UptimeRobot/2.0; http://www.uptimerobot.com/)"
134.209.147.209 - - [30/May/2026:04:41:17 +0000] "POST /wp-cron.php?doing_wp_cron=1780116077.7849299907684326171875 HTTP/1.1" 200 31 "-" "WordPress/6.9.1; https://e-tdr.com"
103.106.20.205 - - [30/May/2026:04:41:17 +0000] "POST /xmlrpc.php HTTP/1.1" 200 415 "-" "WordPress.com; https://wordpress.com"
134.209.147.209 - - [30/May/2026:04:41:19 +0000] "POST /wp-cron.php?doing_wp_cron=1780116079.0546770095825195312500 HTTP/1.1" 200 31 "-" "WordPress/6.5.3; https://vcstore.stgviitor.com"
176.95.46.127 - - [30/May/2026:04:41:19 +0000] "GET /wp-login.php HTTP/1.1" 200 1829 "-" "Mozilla/5.0 (X11; Linux x86_64) AppleWebKit/537.36 (KHTML, like Gecko) Chrome/133.0.0.0 Safari/537.36"
162.158.106.143 - - [30/May/2026:04:41:22 +0000] "GET /wp-login.php HTTP/1.1" 499 0 "-" "Mozilla/5.0 (Macintosh; Intel Mac OS X 10_15_7) AppleWebKit/537.36 (KHTML, like Gecko) Chrome/133.0.0.0 Safari/537.36"
176.95.46.127 - - [30/May/2026:04:41:25 +0000] "POST /wp-login.php HTTP/1.1" 200 1999 "https://vcstore.stgviitor.com/wp-login.php" "Mozilla/5.0 (X11; Linux x86_64) AppleWebKit/537.36 (KHTML, like Gecko) Chrome/133.0.0.0 Safari/537.36"
103.106.20.205 - - [30/May/2026:04:41:28 +0000] "POST /xmlrpc.php HTTP/1.1" 200 415 "-" "Jetpack by WordPress.com"
103.106.20.205 - - [30/May/2026:04:41:38 +0000] "POST /xmlrpc.php HTTP/1.1" 200 415 "-" "Jetpack by WordPress.com (Jetpack 12.1; WordPress 6.3)"
134.209.147.209 - - [30/May/2026:04:41:40 +0000] "POST /wp-cron.php?doing_wp_cron=1780116100.3779649734497070312500 HTTP/1.1" 200 31 "-" "WordPress/6.9.4; https://laracopilot.stgviitor.com"
103.78.97.230 - - [30/May/2026:04:41:40 +0000] "GET /wp-login.php HTTP/1.1" 200 2008 "-" "Mozilla/5.0 (Windows NT 10.0) AppleWebKit/537.36 (KHTML, like Gecko) Chrome/133.0.0.0 Safari/537.36"
39.97.110.217 - dhaval_joshi [30/May/2026:04:41:41 +0000] "GET /wp-json/wp/v2/users/me HTTP/1.1" 401 107 "-" "Mozilla/5.0 (Macintosh; Intel Mac OS X 10_15_7) AppleWebKit/605.1.15 (KHTML, like Gecko) Version/18.3 Safari/605.1.15"
162.158.108.25 - wadminw_w34ima [30/May/2026:04:41:42 +0000] "GET /wp-json/wp/v2/users/me HTTP/1.1" 401 107 "-" "Mozilla/5.0 (Macintosh; Intel Mac OS X 10_15_7) AppleWebKit/537.36 (KHTML, like Gecko) Chrome/133.0.0.0 Safari/537.36"
103.78.97.230 - - [30/May/2026:04:41:42 +0000] "POST /wp-login.php HTTP/1.1" 200 2143 "https://laracopilot.stgviitor.com/wp-login.php" "Mozilla/5.0 (Windows NT 10.0) AppleWebKit/537.36 (KHTML, like Gecko) Chrome/133.0.0.0 Safari/537.36"
103.106.20.205 - - [30/May/2026:04:41:49 +0000] "POST /xmlrpc.php HTTP/1.1" 200 415 "-" "Jetpack by WordPress.com"
103.106.20.205 - - [30/May/2026:04:41:59 +0000] "POST /xmlrpc.php HTTP/1.1" 200 415 "-" "WordPress.com; https://wordpress.com"
103.106.20.205 - - [30/May/2026:04:42:09 +0000] "POST /xmlrpc.php HTTP/1.1" 200 415 "-" "WordPress.com; https://wordpress.com"
134.209.147.209 - - [30/May/2026:04:42:20 +0000] "POST /wp-cron.php?doing_wp_cron=1780116139.9946770668029785156250 HTTP/1.1" 200 31 "-" "WordPress/6.9.1; https://e-tdr.com"
103.106.20.205 - - [30/May/2026:04:42:20 +0000] "POST /xmlrpc.php HTTP/1.1" 200 415 "-" "Jetpack by WordPress.com"
103.106.20.205 - - [30/May/2026:04:42:30 +0000] "POST /xmlrpc.php HTTP/1.1" 200 415 "-" "Jetpack by WordPress.com"
103.106.20.205 - - [30/May/2026:04:42:40 +0000] "POST /xmlrpc.php HTTP/1.1" 200 415 "-" "Jetpack/12.5; WordPress/6.4; http://site15011384.com"
103.106.20.205 - - [30/May/2026:04:42:51 +0000] "POST /xmlrpc.php HTTP/1.1" 200 415 "-" "Jetpack by WordPress.com (Jetpack 12.5; WordPress 6.2)"
66.249.74.161 - - [30/May/2026:04:43:01 +0000] "GET /robots.txt HTTP/1.1" 200 423 "-" "Mozilla/5.0 (compatible; Googlebot/2.1; +http://www.google.com/bot.html)"
103.106.20.205 - - [30/May/2026:04:43:01 +0000] "POST /xmlrpc.php HTTP/1.1" 200 415 "-" "Jetpack by WordPress.com"
66.249.74.162 - - [30/May/2026:04:43:02 +0000] "GET /blog/buy-transferable-development-rights-in-india/ HTTP/1.1" 200 19179 "-" "Mozilla/5.0 (Linux; Android 6.0.1; Nexus 5X Build/MMB29P) AppleWebKit/537.36 (KHTML, like Gecko) Chrome/148.0.7778.96 Mobile Safari/537.36 (compatible; Googlebot/2.1; +http://www.google.com/bot.html)"
134.209.147.209 - - [30/May/2026:04:43:03 +0000] "POST /wp-cron.php?doing_wp_cron=1780116183.3826980590820312500000 HTTP/1.1" 200 31 "-" "WordPress/6.9.4; https://laracopilot.stgviitor.com"
162.214.206.32 - - [30/May/2026:04:43:03 +0000] "GET /wp-login.php HTTP/1.1" 200 2008 "-" "Mozilla/5.0 (Windows NT 10.0; Win64; x64; rv:133.0) Gecko/20100101 Firefox/133.0"
82.223.24.195 - - [30/May/2026:04:43:05 +0000] "GET /wp-login.php HTTP/1.1" 200 1857 "-" "Mozilla/5.0 (X11; CrOS x86_64 14541.0.0) AppleWebKit/537.36 (KHTML, like Gecko) Chrome/133.0.0.0 Safari/537.36"
162.214.206.32 - - [30/May/2026:04:43:09 +0000] "POST /wp-login.php HTTP/1.1" 200 2143 "https://laracopilot.stgviitor.com/wp-login.php" "Mozilla/5.0 (Windows NT 10.0; Win64; x64; rv:133.0) Gecko/20100101 Firefox/133.0"
82.223.24.195 - - [30/May/2026:04:43:09 +0000] "POST /wp-login.php HTTP/1.1" 200 2018 "https://stg.everycred.com/wp-login.php" "Mozilla/5.0 (X11; CrOS x86_64 14541.0.0) AppleWebKit/537.36 (KHTML, like Gecko) Chrome/133.0.0.0 Safari/537.36"
134.209.147.209 - - [30/May/2026:04:43:11 +0000] "POST /wp-cron.php?doing_wp_cron=1780116191.8867139816284179687500 HTTP/1.1" 200 31 "-" "WordPress/6.9.1; https://e-tdr.com"
103.106.20.205 - - [30/May/2026:04:43:11 +0000] "POST /xmlrpc.php HTTP/1.1" 200 415 "-" "WordPress.com; https://wordpress.com"
66.249.74.161 - - [30/May/2026:04:43:17 +0000] "GET /wp-content/themes/e-tdr/css/custom-style.css?ver=1775730633 HTTP/1.1" 200 12581 "https://e-tdr.com/blog/buy-transferable-development-rights-in-india/" "Mozilla/5.0 (Linux; Android 6.0.1; Nexus 5X Build/MMB29P) AppleWebKit/537.36 (KHTML, like Gecko) Chrome/148.0.7778.96 Mobile Safari/537.36 (compatible; Googlebot/2.1; +http://www.google.com/bot.html)"
103.106.20.205 - - [30/May/2026:04:43:22 +0000] "POST /xmlrpc.php HTTP/1.1" 200 415 "-" "Jetpack by WordPress.com (Jetpack 13.0; WordPress 6.3)"
192.227.176.16 - - [30/May/2026:04:43:24 +0000] "GET / HTTP/1.1" 404 178 "-" "Mozilla/5.0 (Ubuntu; Linux x86_64) AppleWebKit/537.36 (KHTML, like Gecko) Chrome/125.0.0.0 Safari/537.36"
103.106.20.205 - - [30/May/2026:04:43:32 +0000] "POST /xmlrpc.php HTTP/1.1" 200 415 "-" "Jetpack/12.0; WordPress/6.3; http://site12765217.com"
192.227.176.16 - - [30/May/2026:04:43:32 +0000] "GET /favicon.ico HTTP/1.1" 404 178 "-" "Mozilla/5.0 (Ubuntu; Linux x86_64) AppleWebKit/537.36 (KHTML, like Gecko) Chrome/125.0.0.0 Safari/537.36"
103.106.20.205 - - [30/May/2026:04:43:43 +0000] "POST /xmlrpc.php HTTP/1.1" 200 415 "-" "Jetpack/13.0; WordPress/6.3; http://site92557258.com"
134.209.147.209 - - [30/May/2026:04:43:43 +0000] "POST /wp-cron.php?doing_wp_cron=1780116223.9242219924926757812500 HTTP/1.1" 200 31 "-" "WordPress/6.5.3; https://vcstore.stgviitor.com"
78.142.18.172 - - [30/May/2026:04:43:43 +0000] "GET /wp-login.php HTTP/1.1" 200 1829 "-" "Mozilla/5.0 (Macintosh; Intel Mac OS X 10_15_7) AppleWebKit/537.36 (KHTML, like Gecko) Chrome/133.0.0.0 Safari/537.36 Edg/133.0.0.0"
103.106.20.205 - - [30/May/2026:04:43:53 +0000] "POST /xmlrpc.php HTTP/1.1" 200 415 "-" "Jetpack by WordPress.com"
83.212.240.55 - root_vboxtu [30/May/2026:04:43:56 +0000] "GET /wp-json/wp/v2/users/me HTTP/1.1" 401 132 "-" "Mozilla/5.0 (Macintosh; Intel Mac OS X 10_15_7) AppleWebKit/537.36 (KHTML, like Gecko) Chrome/133.0.0.0 Safari/537.36"
78.142.18.172 - root_vboxtu [30/May/2026:04:43:56 +0000] "GET /wp-json/wp/v2/users/me HTTP/1.1" 401 132 "-" "Mozilla/5.0 (Macintosh; Intel Mac OS X 10_15_7) AppleWebKit/537.36 (KHTML, like Gecko) Chrome/133.0.0.0 Safari/537.36 Edg/133.0.0.0"
103.106.20.205 - - [30/May/2026:04:44:03 +0000] "POST /xmlrpc.php HTTP/1.1" 200 415 "-" "Jetpack/12.1; WordPress/6.3; http://site48229625.com"
134.209.147.209 - - [30/May/2026:04:44:14 +0000] "POST /wp-cron.php?doing_wp_cron=1780116254.3356750011444091796875 HTTP/1.1" 200 31 "-" "WordPress/6.9.1; https://e-tdr.com"
103.106.20.205 - - [30/May/2026:04:44:14 +0000] "POST /xmlrpc.php HTTP/1.1" 200 415 "-" "Jetpack by WordPress.com"
103.106.20.205 - - [30/May/2026:04:44:24 +0000] "POST /xmlrpc.php HTTP/1.1" 200 415 "-" "Jetpack/12.1; WordPress/6.4; http://site99519617.com"
103.106.20.205 - - [30/May/2026:04:44:35 +0000] "POST /xmlrpc.php HTTP/1.1" 200 415 "-" "Jetpack by WordPress.com"
134.209.147.209 - - [30/May/2026:04:44:38 +0000] "POST /wp-cron.php?doing_wp_cron=1780116278.5182120800018310546875 HTTP/1.1" 200 31 "-" "WordPress/6.5.3; https://vcstore.viitorcloud.co"
213.171.208.62 - - [30/May/2026:04:44:38 +0000] "GET /wp-login.php HTTP/1.1" 200 1772 "-" "Mozilla/5.0 (X11; Ubuntu; Linux x86_64; rv:133.0) Gecko/20100101 Firefox/133.0"
213.171.208.62 - - [30/May/2026:04:44:39 +0000] "POST /wp-login.php HTTP/1.1" 200 1933 "https://vcstore.viitorcloud.co/wp-login.php" "Mozilla/5.0 (X11; Ubuntu; Linux x86_64; rv:133.0) Gecko/20100101 Firefox/133.0"
134.209.147.209 - - [30/May/2026:04:44:42 +0000] "POST /wp-cron.php?doing_wp_cron=1780116282.4145019054412841796875 HTTP/1.1" 200 31 "-" "WordPress/6.9.4; https://laracopilot.stgviitor.com"
178.128.36.92 - - [30/May/2026:04:44:42 +0000] "GET /wp-login.php HTTP/1.1" 200 2008 "-" "Mozilla/5.0 (Windows NT 10.0) AppleWebKit/537.36 (KHTML, like Gecko) Chrome/133.0.0.0 Safari/537.36"
178.128.36.92 - - [30/May/2026:04:44:43 +0000] "POST /wp-login.php HTTP/1.1" 200 2149 "https://laracopilot.stgviitor.com/wp-login.php" "Mozilla/5.0 (Windows NT 10.0) AppleWebKit/537.36 (KHTML, like Gecko) Chrome/133.0.0.0 Safari/537.36"
103.106.20.205 - - [30/May/2026:04:44:45 +0000] "POST /xmlrpc.php HTTP/1.1" 200 415 "-" "Jetpack by WordPress.com (Jetpack 12.5; WordPress 6.3)"
170.106.113.235 - - [30/May/2026:04:44:52 +0000] "GET / HTTP/1.1" 200 3133 "-" "Mozilla/5.0 (iPhone; CPU iPhone OS 13_2_3 like Mac OS X) AppleWebKit/605.1.15 (KHTML, like Gecko) Version/13.0.3 Mobile/15E148 Safari/604.1"
103.106.20.205 - - [30/May/2026:04:44:55 +0000] "POST /xmlrpc.php HTTP/1.1" 200 415 "-" "Jetpack by WordPress.com"
172.70.93.16 - - [30/May/2026:04:45:04 +0000] "GET /wp-login.php HTTP/1.1" 200 1772 "-" "Mozilla/5.0 (Macintosh; Intel Mac OS X 10_15_7) AppleWebKit/537.36 (KHTML, like Gecko) Chrome/133.0.0.0 Safari/537.36"
172.68.164.91 - - [30/May/2026:04:45:05 +0000] "POST /wp-login.php HTTP/1.1" 200 1913 "https://vcstore.viitorcloud.com/wp-login.php" "Mozilla/5.0 (Macintosh; Intel Mac OS X 10_15_7) AppleWebKit/537.36 (KHTML, like Gecko) Chrome/133.0.0.0 Safari/537.36"
103.106.20.205 - - [30/May/2026:04:45:06 +0000] "POST /xmlrpc.php HTTP/1.1" 200 415 "-" "WordPress.com; https://wordpress.com"
134.209.147.209 - - [30/May/2026:04:45:16 +0000] "POST /wp-cron.php?doing_wp_cron=1780116316.5631239414215087890625 HTTP/1.1" 200 31 "-" "WordPress/6.9.1; https://e-tdr.com"
103.106.20.205 - - [30/May/2026:04:45:16 +0000] "POST /xmlrpc.php HTTP/1.1" 200 415 "-" "WordPress.com; https://wordpress.com"
103.106.20.205 - - [30/May/2026:04:45:26 +0000] "POST /xmlrpc.php HTTP/1.1" 200 415 "-" "Jetpack by WordPress.com"
103.106.20.205 - - [30/May/2026:04:45:37 +0000] "POST /xmlrpc.php HTTP/1.1" 200 415 "-" "Jetpack by WordPress.com"
103.106.20.205 - - [30/May/2026:04:45:47 +0000] "POST /xmlrpc.php HTTP/1.1" 200 415 "-" "Jetpack/12.0; WordPress/6.2; http://site57239240.com"
103.106.20.205 - - [30/May/2026:04:45:58 +0000] "POST /xmlrpc.php HTTP/1.1" 200 415 "-" "WordPress.com; https://wordpress.com"
103.106.20.205 - - [30/May/2026:04:46:08 +0000] "POST /xmlrpc.php HTTP/1.1" 200 415 "-" "Jetpack/12.0; WordPress/6.3; http://site85715757.com"
20.64.106.47 - - [30/May/2026:04:46:14 +0000] "GET /manager/html HTTP/1.1" 404 146 "-" "Mozilla/5.0 zgrab/0.x"
134.209.147.209 - - [30/May/2026:04:46:18 +0000] "POST /wp-cron.php?doing_wp_cron=1780116378.9587159156799316406250 HTTP/1.1" 200 31 "-" "WordPress/6.9.1; https://e-tdr.com"
103.106.20.205 - - [30/May/2026:04:46:18 +0000] "POST /xmlrpc.php HTTP/1.1" 200 415 "-" "WordPress.com; https://wordpress.com"
157.90.156.63 - - [30/May/2026:04:46:22 +0000] "HEAD / HTTP/1.1" 301 0 "https://viitor.cloud" "Mozilla/5.0+(compatible; UptimeRobot/2.0; http://www.uptimerobot.com/)"
103.106.20.205 - - [30/May/2026:04:46:29 +0000] "POST /xmlrpc.php HTTP/1.1" 200 415 "-" "Jetpack/13.0; WordPress/6.3; http://site97617490.com"
103.106.20.205 - - [30/May/2026:04:46:39 +0000] "POST /xmlrpc.php HTTP/1.1" 200 415 "-" "Jetpack by WordPress.com (Jetpack 13.0; WordPress 6.1)"
103.106.20.205 - - [30/May/2026:04:46:50 +0000] "POST /xmlrpc.php HTTP/1.1" 200 415 "-" "Jetpack by WordPress.com"
134.209.147.209 - - [30/May/2026:04:46:58 +0000] "POST /wp-cron.php?doing_wp_cron=1780116418.0627169609069824218750 HTTP/1.1" 200 31 "-" "WordPress/6.5.3; https://vcstore.stgviitor.com"
82.223.24.195 - - [30/May/2026:04:46:58 +0000] "GET /wp-login.php HTTP/1.1" 200 1829 "-" "Mozilla/5.0 (Windows NT 10.0; Win64; x64) AppleWebKit/537.36 (KHTML, like Gecko) Chrome/133.0.0.0 Safari/537.36"
103.106.20.205 - - [30/May/2026:04:47:00 +0000] "POST /xmlrpc.php HTTP/1.1" 200 415 "-" "WordPress.com; https://wordpress.com"
82.223.24.195 - - [30/May/2026:04:47:03 +0000] "POST /wp-login.php HTTP/1.1" 200 1999 "https://vcstore.stgviitor.com/wp-login.php" "Mozilla/5.0 (Windows NT 10.0; Win64; x64) AppleWebKit/537.36 (KHTML, like Gecko) Chrome/133.0.0.0 Safari/537.36"
134.209.147.209 - - [30/May/2026:04:47:06 +0000] "GET /wp-content/plugins/lifeline-plugin/assets/data/font-awesome-5.json HTTP/1.1" 200 13009 "-" "WordPress/7.0; https://bharti-foundation.stgviitor.com"
134.209.147.209 - - [30/May/2026:04:47:06 +0000] "GET /wp-content/plugins/lifeline-plugin/assets/data/font-awesome-5.json HTTP/1.1" 200 13009 "-" "WordPress/7.0; https://bharti-foundation.stgviitor.com"
134.209.147.209 - - [30/May/2026:04:47:07 +0000] "GET /wp-content/plugins/lifeline-plugin/assets/json/social-profile.json HTTP/1.1" 200 4033 "-" "WordPress/7.0; https://bharti-foundation.stgviitor.com"
134.209.147.209 - - [30/May/2026:04:47:07 +0000] "GET /wp-content/plugins/lifeline-plugin/assets/data/font-awesome-5.json HTTP/1.1" 200 13009 "-" "WordPress/7.0; https://bharti-foundation.stgviitor.com"
134.209.147.209 - - [30/May/2026:04:47:07 +0000] "POST /wp-cron.php?doing_wp_cron=1780116427.2231590747833251953125 HTTP/1.1" 200 31 "-" "WordPress/7.0; https://bharti-foundation.stgviitor.com"
160.250.186.220 - - [30/May/2026:04:47:07 +0000] "GET /wp-login.php HTTP/1.1" 200 2045 "-" "Mozilla/5.0 (X11; Linux x86_64; rv:133.0) Gecko/20100101 Firefox/133.0"
134.209.147.209 - - [30/May/2026:04:47:07 +0000] "GET /wp-content/plugins/lifeline-plugin/assets/data/font-awesome-5.json HTTP/1.1" 200 13009 "-" "WordPress/7.0; https://bharti-foundation.stgviitor.com"
134.209.147.209 - - [30/May/2026:04:47:07 +0000] "GET /wp-content/plugins/lifeline-plugin/assets/data/font-awesome-5.json HTTP/1.1" 200 13009 "-" "WordPress/7.0; https://bharti-foundation.stgviitor.com"
134.209.147.209 - - [30/May/2026:04:47:07 +0000] "GET /wp-content/plugins/lifeline-plugin/assets/json/social-profile.json HTTP/1.1" 200 4033 "-" "WordPress/7.0; https://bharti-foundation.stgviitor.com"
134.209.147.209 - - [30/May/2026:04:47:07 +0000] "GET /wp-content/plugins/lifeline-plugin/assets/data/font-awesome-5.json HTTP/1.1" 200 13009 "-" "WordPress/7.0; https://bharti-foundation.stgviitor.com"
134.209.147.209 - - [30/May/2026:04:47:07 +0000] "GET /wp-content/plugins/lifeline-plugin/assets/data/font-awesome-5.json HTTP/1.1" 200 13009 "-" "WordPress/7.0; https://bharti-foundation.stgviitor.com"
134.209.147.209 - - [30/May/2026:04:47:07 +0000] "GET /wp-content/plugins/lifeline-plugin/assets/data/font-awesome-5.json HTTP/1.1" 200 13009 "-" "WordPress/7.0; https://bharti-foundation.stgviitor.com"
134.209.147.209 - - [30/May/2026:04:47:07 +0000] "GET /wp-content/plugins/lifeline-plugin/assets/json/social-profile.json HTTP/1.1" 200 4033 "-" "WordPress/7.0; https://bharti-foundation.stgviitor.com"
134.209.147.209 - - [30/May/2026:04:47:08 +0000] "GET /wp-content/plugins/lifeline-plugin/assets/data/font-awesome-5.json HTTP/1.1" 200 13009 "-" "WordPress/7.0; https://bharti-foundation.stgviitor.com"
160.250.186.220 - - [30/May/2026:04:47:08 +0000] "POST /wp-login.php HTTP/1.1" 200 2207 "https://bharti-foundation.stgviitor.com/wp-login.php" "Mozilla/5.0 (X11; Linux x86_64; rv:133.0) Gecko/20100101 Firefox/133.0"
78.153.140.39 - - [30/May/2026:04:47:10 +0000] "GET /.env HTTP/1.1" 404 178 "-" "Mozilla/5.0 (Windows NT 10.0; Win64; x64) AppleWebKit/537.36 (KHTML, like Gecko) Chrome/116.0.5845.140 Safari/537.36"
103.106.20.205 - - [30/May/2026:04:47:10 +0000] "POST /xmlrpc.php HTTP/1.1" 200 415 "-" "Jetpack by WordPress.com (Jetpack 12.0; WordPress 6.1)"
78.153.140.39 - - [30/May/2026:04:47:11 +0000] "POST / HTTP/1.1" 405 552 "-" "Mozilla/5.0 (Windows NT 10.0; Win64; x64) AppleWebKit/537.36 (KHTML, like Gecko) Chrome/116.0.5845.140 Safari/537.36"
134.209.147.209 - - [30/May/2026:04:47:16 +0000] "GET /wp-content/plugins/lifeline-plugin/assets/data/font-awesome-5.json HTTP/1.1" 200 13009 "-" "WordPress/7.0; https://bharti-foundation.stgviitor.com"
134.209.147.209 - - [30/May/2026:04:47:16 +0000] "GET /wp-content/plugins/lifeline-plugin/assets/data/font-awesome-5.json HTTP/1.1" 200 13009 "-" "WordPress/7.0; https://bharti-foundation.stgviitor.com"
134.209.147.209 - - [30/May/2026:04:47:16 +0000] "GET /wp-content/plugins/lifeline-plugin/assets/json/social-profile.json HTTP/1.1" 200 4033 "-" "WordPress/7.0; https://bharti-foundation.stgviitor.com"
134.209.147.209 - - [30/May/2026:04:47:16 +0000] "GET /wp-content/plugins/lifeline-plugin/assets/data/font-awesome-5.json HTTP/1.1" 200 13009 "-" "WordPress/7.0; https://bharti-foundation.stgviitor.com"
160.250.186.220 - - [30/May/2026:04:47:16 +0000] "GET /wp-login.php HTTP/1.1" 200 2045 "-" "Mozilla/5.0 (X11; CrOS x86_64 14541.0.0) AppleWebKit/537.36 (KHTML, like Gecko) Chrome/133.0.0.0 Safari/537.36"
134.209.147.209 - - [30/May/2026:04:47:18 +0000] "GET /wp-content/plugins/lifeline-plugin/assets/data/font-awesome-5.json HTTP/1.1" 200 13009 "-" "WordPress/7.0; https://bharti-foundation.stgviitor.com"
134.209.147.209 - - [30/May/2026:04:47:18 +0000] "GET /wp-content/plugins/lifeline-plugin/assets/data/font-awesome-5.json HTTP/1.1" 200 13009 "-" "WordPress/7.0; https://bharti-foundation.stgviitor.com"
134.209.147.209 - - [30/May/2026:04:47:18 +0000] "GET /wp-content/plugins/lifeline-plugin/assets/json/social-profile.json HTTP/1.1" 200 4033 "-" "WordPress/7.0; https://bharti-foundation.stgviitor.com"
134.209.147.209 - - [30/May/2026:04:47:18 +0000] "GET /wp-content/plugins/lifeline-plugin/assets/data/font-awesome-5.json HTTP/1.1" 200 13009 "-" "WordPress/7.0; https://bharti-foundation.stgviitor.com"
160.250.186.220 - - [30/May/2026:04:47:18 +0000] "POST /wp-login.php HTTP/1.1" 200 2207 "https://bharti-foundation.stgviitor.com/wp-login.php" "Mozilla/5.0 (X11; CrOS x86_64 14541.0.0) AppleWebKit/537.36 (KHTML, like Gecko) Chrome/133.0.0.0 Safari/537.36"
134.209.147.209 - - [30/May/2026:04:47:21 +0000] "POST /wp-cron.php?doing_wp_cron=1780116441.1122450828552246093750 HTTP/1.1" 200 31 "-" "WordPress/6.9.1; https://e-tdr.com"
103.106.20.205 - - [30/May/2026:04:47:21 +0000] "POST /xmlrpc.php HTTP/1.1" 200 415 "-" "Jetpack by WordPress.com"
103.106.20.205 - - [30/May/2026:04:47:31 +0000] "POST /xmlrpc.php HTTP/1.1" 200 415 "-" "Jetpack by WordPress.com"
213.171.208.62 - bunny [30/May/2026:04:47:35 +0000] "GET /wp-json/wp/v2/users/me HTTP/1.1" 401 107 "-" "Mozilla/5.0 (Windows NT 10.0; WOW64) AppleWebKit/537.36 (KHTML, like Gecko) Chrome/133.0.0.0 Safari/537.36"
141.98.11.117 - - [30/May/2026:04:47:36 +0000] "GET /wp-login.php HTTP/1.1" 200 1857 "-" "Mozilla/5.0 (Windows NT 10.0; Win64; x64) AppleWebKit/537.36 (KHTML, like Gecko) Chrome/133.0.0.0 Safari/537.36"
141.98.11.117 - - [30/May/2026:04:47:40 +0000] "POST /wp-login.php HTTP/1.1" 200 2018 "https://stg.everycred.com/wp-login.php" "Mozilla/5.0 (Windows NT 10.0; Win64; x64) AppleWebKit/537.36 (KHTML, like Gecko) Chrome/133.0.0.0 Safari/537.36"
103.106.20.205 - - [30/May/2026:04:47:41 +0000] "POST /xmlrpc.php HTTP/1.1" 200 415 "-" "Jetpack/12.0; WordPress/6.4; http://site70226061.com"
103.106.20.205 - - [30/May/2026:04:47:52 +0000] "POST /xmlrpc.php HTTP/1.1" 200 415 "-" "Jetpack by WordPress.com (Jetpack 12.1; WordPress 6.1)"
103.106.20.205 - - [30/May/2026:04:48:02 +0000] "POST /xmlrpc.php HTTP/1.1" 200 415 "-" "Jetpack by WordPress.com (Jetpack 12.5; WordPress 6.1)"
134.209.147.209 - - [30/May/2026:04:48:12 +0000] "POST /wp-cron.php?doing_wp_cron=1780116492.8012609481811523437500 HTTP/1.1" 200 31 "-" "WordPress/6.9.1; https://e-tdr.com"
103.106.20.205 - - [30/May/2026:04:48:12 +0000] "POST /xmlrpc.php HTTP/1.1" 200 415 "-" "Jetpack by WordPress.com (Jetpack 12.1; WordPress 6.2)"
103.106.20.205 - - [30/May/2026:04:48:23 +0000] "POST /xmlrpc.php HTTP/1.1" 200 415 "-" "Jetpack by WordPress.com (Jetpack 13.0; WordPress 6.1)"
103.106.20.205 - - [30/May/2026:04:48:33 +0000] "POST /xmlrpc.php HTTP/1.1" 200 415 "-" "Jetpack by WordPress.com"
103.106.20.205 - - [30/May/2026:04:48:43 +0000] "POST /xmlrpc.php HTTP/1.1" 200 415 "-" "WordPress.com; https://wordpress.com"
103.106.20.205 - - [30/May/2026:04:48:54 +0000] "POST /xmlrpc.php HTTP/1.1" 200 415 "-" "Jetpack by WordPress.com"
134.209.147.209 - - [30/May/2026:04:48:58 +0000] "POST /wp-cron.php?doing_wp_cron=1780116538.5782508850097656250000 HTTP/1.1" 200 31 "-" "WordPress/6.6.1; https://newfaith.focalat.com"
178.128.36.92 - - [30/May/2026:04:48:58 +0000] "GET /wp-login.php HTTP/1.1" 200 2035 "-" "Mozilla/5.0 (X11; Fedora; Linux x86_64) AppleWebKit/537.36 (KHTML, like Gecko) Chrome/133.0.0.0 Safari/537.36"
178.128.36.92 - - [30/May/2026:04:48:59 +0000] "POST /wp-login.php HTTP/1.1" 200 2193 "https://newfaith.focalat.com/wp-login.php" "Mozilla/5.0 (X11; Fedora; Linux x86_64) AppleWebKit/537.36 (KHTML, like Gecko) Chrome/133.0.0.0 Safari/537.36"
141.98.11.117 - - [30/May/2026:04:49:00 +0000] "GET /wp-login.php HTTP/1.1" 200 2035 "-" "Mozilla/5.0 (X11; Ubuntu; Linux x86_64) AppleWebKit/537.36 (KHTML, like Gecko) Chrome/133.0.0.0 Safari/537.36"
141.98.11.117 - - [30/May/2026:04:49:03 +0000] "POST /wp-login.php HTTP/1.1" 200 2193 "https://newfaith.focalat.com/wp-login.php" "Mozilla/5.0 (X11; Ubuntu; Linux x86_64) AppleWebKit/537.36 (KHTML, like Gecko) Chrome/133.0.0.0 Safari/537.36"
134.209.147.209 - - [30/May/2026:04:49:03 +0000] "POST /wp-cron.php?doing_wp_cron=1780116543.6798210144042968750000 HTTP/1.1" 200 31 "-" "WordPress/6.5.3; https://vcstore.stgviitor.com"
162.240.12.204 - Trendygital.com [30/May/2026:04:49:03 +0000] "GET /wp-json/wp/v2/users/me HTTP/1.1" 401 154 "-" "Mozilla/5.0 (X11; Linux i686) AppleWebKit/537.36 (KHTML, like Gecko) Chrome/133.0.0.0 Safari/537.36"
103.106.20.205 - - [30/May/2026:04:49:04 +0000] "POST /xmlrpc.php HTTP/1.1" 200 415 "-" "Jetpack by WordPress.com (Jetpack 12.5; WordPress 6.2)"
134.209.147.209 - - [30/May/2026:04:49:14 +0000] "POST /wp-cron.php?doing_wp_cron=1780116554.9778690338134765625000 HTTP/1.1" 200 31 "-" "WordPress/6.9.1; https://e-tdr.com"
103.106.20.205 - - [30/May/2026:04:49:14 +0000] "POST /xmlrpc.php HTTP/1.1" 200 415 "-" "WordPress.com; https://wordpress.com"
134.209.147.209 - - [30/May/2026:04:49:22 +0000] "GET /wp-content/plugins/lifeline-plugin/assets/data/font-awesome-5.json HTTP/1.1" 200 13009 "-" "WordPress/7.0; https://bharti-foundation.stgviitor.com"
134.209.147.209 - - [30/May/2026:04:49:22 +0000] "GET /wp-content/plugins/lifeline-plugin/assets/data/font-awesome-5.json HTTP/1.1" 200 13009 "-" "WordPress/7.0; https://bharti-foundation.stgviitor.com"
134.209.147.209 - - [30/May/2026:04:49:22 +0000] "GET /wp-content/plugins/lifeline-plugin/assets/json/social-profile.json HTTP/1.1" 200 4033 "-" "WordPress/7.0; https://bharti-foundation.stgviitor.com"
134.209.147.209 - - [30/May/2026:04:49:23 +0000] "GET /wp-content/plugins/lifeline-plugin/assets/data/font-awesome-5.json HTTP/1.1" 200 13009 "-" "WordPress/7.0; https://bharti-foundation.stgviitor.com"
134.209.147.209 - - [30/May/2026:04:49:23 +0000] "POST /wp-cron.php?doing_wp_cron=1780116563.1660020351409912109375 HTTP/1.1" 200 31 "-" "WordPress/7.0; https://bharti-foundation.stgviitor.com"
82.223.24.195 - - [30/May/2026:04:49:23 +0000] "GET /wp-login.php HTTP/1.1" 200 2045 "-" "Mozilla/5.0 (Windows NT 10.0; Win64; x64) AppleWebKit/537.36 (KHTML, like Gecko) Chrome/133.0.0.0 Safari/537.36"
134.209.147.209 - - [30/May/2026:04:49:23 +0000] "GET /wp-content/plugins/lifeline-plugin/assets/data/font-awesome-5.json HTTP/1.1" 200 13009 "-" "WordPress/7.0; https://bharti-foundation.stgviitor.com"
134.209.147.209 - - [30/May/2026:04:49:23 +0000] "GET /wp-content/plugins/lifeline-plugin/assets/data/font-awesome-5.json HTTP/1.1" 200 13009 "-" "WordPress/7.0; https://bharti-foundation.stgviitor.com"
134.209.147.209 - - [30/May/2026:04:49:23 +0000] "GET /wp-content/plugins/lifeline-plugin/assets/json/social-profile.json HTTP/1.1" 200 4033 "-" "WordPress/7.0; https://bharti-foundation.stgviitor.com"
134.209.147.209 - - [30/May/2026:04:49:23 +0000] "GET /wp-content/plugins/lifeline-plugin/assets/data/font-awesome-5.json HTTP/1.1" 200 13009 "-" "WordPress/7.0; https://bharti-foundation.stgviitor.com"
103.106.20.205 - - [30/May/2026:04:49:25 +0000] "POST /xmlrpc.php HTTP/1.1" 200 415 "-" "Jetpack by WordPress.com (Jetpack 12.0; WordPress 6.3)"
134.209.147.209 - - [30/May/2026:04:49:26 +0000] "GET /wp-content/plugins/lifeline-plugin/assets/data/font-awesome-5.json HTTP/1.1" 200 13009 "-" "WordPress/7.0; https://bharti-foundation.stgviitor.com"
134.209.147.209 - - [30/May/2026:04:49:26 +0000] "GET /wp-content/plugins/lifeline-plugin/assets/data/font-awesome-5.json HTTP/1.1" 200 13009 "-" "WordPress/7.0; https://bharti-foundation.stgviitor.com"
134.209.147.209 - - [30/May/2026:04:49:26 +0000] "GET /wp-content/plugins/lifeline-plugin/assets/json/social-profile.json HTTP/1.1" 200 4033 "-" "WordPress/7.0; https://bharti-foundation.stgviitor.com"
134.209.147.209 - - [30/May/2026:04:49:26 +0000] "GET /wp-content/plugins/lifeline-plugin/assets/data/font-awesome-5.json HTTP/1.1" 200 13009 "-" "WordPress/7.0; https://bharti-foundation.stgviitor.com"
134.209.147.209 - - [30/May/2026:04:49:26 +0000] "POST /wp-cron.php?doing_wp_cron=1780116566.9863150119781494140625 HTTP/1.1" 200 31 "-" "WordPress/7.0; https://bharti-foundation.stgviitor.com"
82.223.24.195 - - [30/May/2026:04:49:27 +0000] "POST /wp-login.php HTTP/1.1" 200 2208 "https://bharti-foundation.stgviitor.com/wp-login.php" "Mozilla/5.0 (Windows NT 10.0; Win64; x64) AppleWebKit/537.36 (KHTML, like Gecko) Chrome/133.0.0.0 Safari/537.36"
134.209.147.209 - - [30/May/2026:04:49:27 +0000] "GET /wp-content/plugins/lifeline-plugin/assets/data/font-awesome-5.json HTTP/1.1" 200 13009 "-" "WordPress/7.0; https://bharti-foundation.stgviitor.com"
134.209.147.209 - - [30/May/2026:04:49:27 +0000] "GET /wp-content/plugins/lifeline-plugin/assets/data/font-awesome-5.json HTTP/1.1" 200 13009 "-" "WordPress/7.0; https://bharti-foundation.stgviitor.com"
134.209.147.209 - - [30/May/2026:04:49:27 +0000] "GET /wp-content/plugins/lifeline-plugin/assets/json/social-profile.json HTTP/1.1" 200 4033 "-" "WordPress/7.0; https://bharti-foundation.stgviitor.com"
134.209.147.209 - - [30/May/2026:04:49:27 +0000] "GET /wp-content/plugins/lifeline-plugin/assets/data/font-awesome-5.json HTTP/1.1" 200 13009 "-" "WordPress/7.0; https://bharti-foundation.stgviitor.com"
103.106.20.205 - - [30/May/2026:04:49:35 +0000] "POST /xmlrpc.php HTTP/1.1" 200 415 "-" "Jetpack by WordPress.com (Jetpack 12.0; WordPress 6.3)"
103.106.20.205 - - [30/May/2026:04:49:46 +0000] "POST /xmlrpc.php HTTP/1.1" 200 415 "-" "WordPress.com; https://wordpress.com"
103.106.20.205 - - [30/May/2026:04:49:56 +0000] "POST /xmlrpc.php HTTP/1.1" 200 415 "-" "WordPress.com; https://wordpress.com"
103.106.20.205 - - [30/May/2026:04:50:06 +0000] "POST /xmlrpc.php HTTP/1.1" 200 415 "-" "Jetpack/12.5; WordPress/6.1; http://site87891054.com"
134.209.147.209 - - [30/May/2026:04:50:17 +0000] "POST /wp-cron.php?doing_wp_cron=1780116617.1972019672393798828125 HTTP/1.1" 200 31 "-" "WordPress/6.9.1; https://e-tdr.com"
103.106.20.205 - - [30/May/2026:04:50:17 +0000] "POST /xmlrpc.php HTTP/1.1" 200 415 "-" "WordPress.com; https://wordpress.com"
103.106.20.205 - - [30/May/2026:04:50:27 +0000] "POST /xmlrpc.php HTTP/1.1" 200 415 "-" "Jetpack by WordPress.com (Jetpack 12.5; WordPress 6.1)"
103.106.20.205 - - [30/May/2026:04:50:38 +0000] "POST /xmlrpc.php HTTP/1.1" 200 415 "-" "WordPress.com; https://wordpress.com"
103.106.20.205 - - [30/May/2026:04:50:48 +0000] "POST /xmlrpc.php HTTP/1.1" 200 415 "-" "Jetpack by WordPress.com"
103.106.20.205 - - [30/May/2026:04:50:58 +0000] "POST /xmlrpc.php HTTP/1.1" 200 415 "-" "WordPress.com; https://wordpress.com"
103.106.20.205 - - [30/May/2026:04:51:09 +0000] "POST /xmlrpc.php HTTP/1.1" 200 415 "-" "Jetpack/13.0; WordPress/6.1; http://site63880834.com"
134.209.147.209 - - [30/May/2026:04:51:19 +0000] "POST /wp-cron.php?doing_wp_cron=1780116679.6669950485229492187500 HTTP/1.1" 200 31 "-" "WordPress/6.9.1; https://e-tdr.com"
103.106.20.205 - - [30/May/2026:04:51:19 +0000] "POST /xmlrpc.php HTTP/1.1" 200 415 "-" "Jetpack by WordPress.com (Jetpack 12.0; WordPress 6.4)"
157.90.156.63 - - [30/May/2026:04:51:26 +0000] "HEAD / HTTP/1.1" 301 0 "https://viitor.cloud" "Mozilla/5.0+(compatible; UptimeRobot/2.0; http://www.uptimerobot.com/)"
103.106.20.205 - - [30/May/2026:04:51:30 +0000] "POST /xmlrpc.php HTTP/1.1" 200 415 "-" "Jetpack/12.1; WordPress/6.3; http://site88774970.com"
134.209.147.209 - - [30/May/2026:04:51:33 +0000] "GET /wp-content/plugins/lifeline-plugin/assets/data/font-awesome-5.json HTTP/1.1" 200 13009 "-" "WordPress/7.0; https://bharti-foundation.stgviitor.com"
134.209.147.209 - - [30/May/2026:04:51:33 +0000] "GET /wp-content/plugins/lifeline-plugin/assets/data/font-awesome-5.json HTTP/1.1" 200 13009 "-" "WordPress/7.0; https://bharti-foundation.stgviitor.com"
134.209.147.209 - - [30/May/2026:04:51:33 +0000] "GET /wp-content/plugins/lifeline-plugin/assets/json/social-profile.json HTTP/1.1" 200 4033 "-" "WordPress/7.0; https://bharti-foundation.stgviitor.com"
134.209.147.209 - - [30/May/2026:04:51:33 +0000] "GET /wp-content/plugins/lifeline-plugin/assets/data/font-awesome-5.json HTTP/1.1" 200 13009 "-" "WordPress/7.0; https://bharti-foundation.stgviitor.com"
134.209.147.209 - - [30/May/2026:04:51:33 +0000] "POST /wp-cron.php?doing_wp_cron=1780116693.7403020858764648437500 HTTP/1.1" 200 31 "-" "WordPress/7.0; https://bharti-foundation.stgviitor.com"
62.232.51.140 - - [30/May/2026:04:51:33 +0000] "GET /wp-login.php HTTP/1.1" 200 2045 "-" "Mozilla/5.0 (Macintosh; Intel Mac OS X 10_15_7) AppleWebKit/537.36 (KHTML, like Gecko) Chrome/133.0.0.0 Safari/537.36 Edg/133.0.0.0"
134.209.147.209 - - [30/May/2026:04:51:33 +0000] "GET /wp-content/plugins/lifeline-plugin/assets/data/font-awesome-5.json HTTP/1.1" 200 13009 "-" "WordPress/7.0; https://bharti-foundation.stgviitor.com"
134.209.147.209 - - [30/May/2026:04:51:33 +0000] "GET /wp-content/plugins/lifeline-plugin/assets/data/font-awesome-5.json HTTP/1.1" 200 13009 "-" "WordPress/7.0; https://bharti-foundation.stgviitor.com"
134.209.147.209 - - [30/May/2026:04:51:33 +0000] "GET /wp-content/plugins/lifeline-plugin/assets/data/font-awesome-5.json HTTP/1.1" 200 13009 "-" "WordPress/7.0; https://bharti-foundation.stgviitor.com"
134.209.147.209 - - [30/May/2026:04:51:34 +0000] "GET /wp-content/plugins/lifeline-plugin/assets/data/font-awesome-5.json HTTP/1.1" 200 13009 "-" "WordPress/7.0; https://bharti-foundation.stgviitor.com"
134.209.147.209 - - [30/May/2026:04:51:34 +0000] "GET /wp-content/plugins/lifeline-plugin/assets/json/social-profile.json HTTP/1.1" 200 4033 "-" "WordPress/7.0; https://bharti-foundation.stgviitor.com"
134.209.147.209 - - [30/May/2026:04:51:34 +0000] "GET /wp-content/plugins/lifeline-plugin/assets/json/social-profile.json HTTP/1.1" 200 4033 "-" "WordPress/7.0; https://bharti-foundation.stgviitor.com"
134.209.147.209 - - [30/May/2026:04:51:34 +0000] "GET /wp-content/plugins/lifeline-plugin/assets/data/font-awesome-5.json HTTP/1.1" 200 13009 "-" "WordPress/7.0; https://bharti-foundation.stgviitor.com"
134.209.147.209 - - [30/May/2026:04:51:34 +0000] "GET /wp-content/plugins/lifeline-plugin/assets/data/font-awesome-5.json HTTP/1.1" 200 13009 "-" "WordPress/7.0; https://bharti-foundation.stgviitor.com"
134.209.147.209 - - [30/May/2026:04:51:34 +0000] "POST /wp-cron.php?doing_wp_cron=1780116694.5248930454254150390625 HTTP/1.1" 200 31 "-" "WordPress/7.0; https://bharti-foundation.stgviitor.com"
