134.209.147.209 - - [30/May/2026:04:06:30 +0000] "GET /wp-content/plugins/lifeline-plugin/assets/data/font-awesome-5.json HTTP/1.1" 200 13009 "-" "WordPress/7.0; https://bharti-foundation.stgviitor.com"
146.190.63.48 - - [30/May/2026:04:06:31 +0000] "GET /s/930323e2734313e2930323e2433313/_/;/META-INF/maven/com.atlassian.jira/jira-webapp-dist/pom.properties HTTP/1.1" 404 14134 "-" "Mozilla/5.0 (l9scan/2.0.930323e2734313e2930323e2433313; +https://leakix.net)"
134.209.147.209 - - [30/May/2026:04:06:32 +0000] "GET /wp-content/plugins/lifeline-plugin/assets/data/font-awesome-5.json HTTP/1.1" 200 13009 "-" "WordPress/7.0; https://bharti-foundation.stgviitor.com"
134.209.147.209 - - [30/May/2026:04:06:32 +0000] "GET /wp-content/plugins/lifeline-plugin/assets/data/font-awesome-5.json HTTP/1.1" 200 13009 "-" "WordPress/7.0; https://bharti-foundation.stgviitor.com"
134.209.147.209 - - [30/May/2026:04:06:32 +0000] "GET /wp-content/plugins/lifeline-plugin/assets/json/social-profile.json HTTP/1.1" 200 4033 "-" "WordPress/7.0; https://bharti-foundation.stgviitor.com"
134.209.147.209 - - [30/May/2026:04:06:32 +0000] "GET /wp-content/plugins/lifeline-plugin/assets/data/font-awesome-5.json HTTP/1.1" 200 13009 "-" "WordPress/7.0; https://bharti-foundation.stgviitor.com"
134.209.147.209 - - [30/May/2026:04:06:32 +0000] "POST /wp-cron.php?doing_wp_cron=1780113992.8359510898590087890625 HTTP/1.1" 200 31 "-" "WordPress/6.9.4; https://laracopilot.stgviitor.com"
213.171.208.62 - sahil_darji [30/May/2026:04:06:32 +0000] "GET /wp-json/wp/v2/users/me HTTP/1.1" 401 107 "-" "Mozilla/5.0 (X11; Ubuntu; Linux x86_64; rv:133.0) Gecko/20100101 Firefox/133.0"
146.190.63.48 - - [30/May/2026:04:06:33 +0000] "GET /config.json HTTP/1.1" 404 14134 "-" "Mozilla/5.0 (l9scan/2.0.930323e2734313e2930323e2433313; +https://leakix.net)"
134.209.147.209 - - [30/May/2026:04:06:34 +0000] "GET /wp-content/plugins/lifeline-plugin/assets/data/font-awesome-5.json HTTP/1.1" 200 13009 "-" "WordPress/7.0; https://bharti-foundation.stgviitor.com"
134.209.147.209 - - [30/May/2026:04:06:34 +0000] "GET /wp-content/plugins/lifeline-plugin/assets/data/font-awesome-5.json HTTP/1.1" 200 13009 "-" "WordPress/7.0; https://bharti-foundation.stgviitor.com"
134.209.147.209 - - [30/May/2026:04:06:34 +0000] "GET /wp-content/plugins/lifeline-plugin/assets/json/social-profile.json HTTP/1.1" 200 4033 "-" "WordPress/7.0; https://bharti-foundation.stgviitor.com"
134.209.147.209 - - [30/May/2026:04:06:34 +0000] "GET /wp-content/plugins/lifeline-plugin/assets/data/font-awesome-5.json HTTP/1.1" 200 13009 "-" "WordPress/7.0; https://bharti-foundation.stgviitor.com"
146.190.63.48 - - [30/May/2026:04:06:35 +0000] "GET /telescope/requests HTTP/1.1" 404 14144 "-" "Mozilla/5.0 (l9scan/2.0.930323e2734313e2930323e2433313; +https://leakix.net)"
146.190.63.48 - - [30/May/2026:04:06:36 +0000] "GET /info.php HTTP/1.1" 404 146 "-" "Mozilla/5.0 (l9scan/2.0.930323e2734313e2930323e2433313; +https://leakix.net)"
134.209.147.209 - - [30/May/2026:04:06:37 +0000] "GET /wp-content/plugins/lifeline-plugin/assets/data/font-awesome-5.json HTTP/1.1" 200 13009 "-" "WordPress/7.0; https://bharti-foundation.stgviitor.com"
134.209.147.209 - - [30/May/2026:04:06:37 +0000] "GET /wp-content/plugins/lifeline-plugin/assets/data/font-awesome-5.json HTTP/1.1" 200 13009 "-" "WordPress/7.0; https://bharti-foundation.stgviitor.com"
134.209.147.209 - - [30/May/2026:04:06:37 +0000] "GET /wp-content/plugins/lifeline-plugin/assets/json/social-profile.json HTTP/1.1" 200 4033 "-" "WordPress/7.0; https://bharti-foundation.stgviitor.com"
134.209.147.209 - - [30/May/2026:04:06:37 +0000] "GET /wp-content/plugins/lifeline-plugin/assets/data/font-awesome-5.json HTTP/1.1" 200 13009 "-" "WordPress/7.0; https://bharti-foundation.stgviitor.com"
146.190.63.48 - - [30/May/2026:04:06:38 +0000] "GET /.well-known/security.txt HTTP/1.1" 404 14135 "-" "Mozilla/5.0 (l9scan/2.0.930323e2734313e2930323e2433313; +https://leakix.net)"
134.209.147.209 - - [30/May/2026:04:06:39 +0000] "GET /wp-content/plugins/lifeline-plugin/assets/data/font-awesome-5.json HTTP/1.1" 200 13009 "-" "WordPress/7.0; https://bharti-foundation.stgviitor.com"
134.209.147.209 - - [30/May/2026:04:06:39 +0000] "GET /wp-content/plugins/lifeline-plugin/assets/data/font-awesome-5.json HTTP/1.1" 200 13009 "-" "WordPress/7.0; https://bharti-foundation.stgviitor.com"
134.209.147.209 - - [30/May/2026:04:06:39 +0000] "GET /wp-content/plugins/lifeline-plugin/assets/json/social-profile.json HTTP/1.1" 200 4033 "-" "WordPress/7.0; https://bharti-foundation.stgviitor.com"
134.209.147.209 - - [30/May/2026:04:06:39 +0000] "GET /wp-content/plugins/lifeline-plugin/assets/data/font-awesome-5.json HTTP/1.1" 200 13009 "-" "WordPress/7.0; https://bharti-foundation.stgviitor.com"
146.190.63.48 - - [30/May/2026:04:06:39 +0000] "GET /actuator/env HTTP/1.1" 404 14135 "-" "Mozilla/5.0 (l9scan/2.0.930323e2734313e2930323e2433313; +https://leakix.net)"
134.209.147.209 - - [30/May/2026:04:06:40 +0000] "GET /wp-content/plugins/lifeline-plugin/assets/data/font-awesome-5.json HTTP/1.1" 200 13009 "-" "WordPress/7.0; https://bharti-foundation.stgviitor.com"
134.209.147.209 - - [30/May/2026:04:06:40 +0000] "GET /wp-content/plugins/lifeline-plugin/assets/data/font-awesome-5.json HTTP/1.1" 200 13009 "-" "WordPress/7.0; https://bharti-foundation.stgviitor.com"
134.209.147.209 - - [30/May/2026:04:06:41 +0000] "GET /wp-content/plugins/lifeline-plugin/assets/json/social-profile.json HTTP/1.1" 200 4033 "-" "WordPress/7.0; https://bharti-foundation.stgviitor.com"
134.209.147.209 - - [30/May/2026:04:06:41 +0000] "GET /wp-content/plugins/lifeline-plugin/assets/data/font-awesome-5.json HTTP/1.1" 200 13009 "-" "WordPress/7.0; https://bharti-foundation.stgviitor.com"
146.190.63.48 - - [30/May/2026:04:06:41 +0000] "GET /trace.axd HTTP/1.1" 404 14136 "-" "Mozilla/5.0 (l9scan/2.0.930323e2734313e2930323e2433313; +https://leakix.net)"
134.209.147.209 - - [30/May/2026:04:06:42 +0000] "GET /wp-content/plugins/lifeline-plugin/assets/data/font-awesome-5.json HTTP/1.1" 200 13009 "-" "WordPress/7.0; https://bharti-foundation.stgviitor.com"
134.209.147.209 - - [30/May/2026:04:06:42 +0000] "GET /wp-content/plugins/lifeline-plugin/assets/data/font-awesome-5.json HTTP/1.1" 200 13009 "-" "WordPress/7.0; https://bharti-foundation.stgviitor.com"
134.209.147.209 - - [30/May/2026:04:06:42 +0000] "GET /wp-content/plugins/lifeline-plugin/assets/json/social-profile.json HTTP/1.1" 200 4033 "-" "WordPress/7.0; https://bharti-foundation.stgviitor.com"
134.209.147.209 - - [30/May/2026:04:06:42 +0000] "GET /wp-content/plugins/lifeline-plugin/assets/data/font-awesome-5.json HTTP/1.1" 200 13009 "-" "WordPress/7.0; https://bharti-foundation.stgviitor.com"
146.190.63.48 - - [30/May/2026:04:06:43 +0000] "GET /@vite/env HTTP/1.1" 404 14139 "-" "Mozilla/5.0 (l9scan/2.0.930323e2734313e2930323e2433313; +https://leakix.net)"
134.209.147.209 - - [30/May/2026:04:06:44 +0000] "GET /wp-content/plugins/lifeline-plugin/assets/data/font-awesome-5.json HTTP/1.1" 200 13009 "-" "WordPress/7.0; https://bharti-foundation.stgviitor.com"
134.209.147.209 - - [30/May/2026:04:06:44 +0000] "GET /wp-content/plugins/lifeline-plugin/assets/data/font-awesome-5.json HTTP/1.1" 200 13009 "-" "WordPress/7.0; https://bharti-foundation.stgviitor.com"
134.209.147.209 - - [30/May/2026:04:06:44 +0000] "GET /wp-content/plugins/lifeline-plugin/assets/json/social-profile.json HTTP/1.1" 200 4033 "-" "WordPress/7.0; https://bharti-foundation.stgviitor.com"
134.209.147.209 - - [30/May/2026:04:06:44 +0000] "GET /wp-content/plugins/lifeline-plugin/assets/data/font-awesome-5.json HTTP/1.1" 200 13009 "-" "WordPress/7.0; https://bharti-foundation.stgviitor.com"
146.190.63.48 - - [30/May/2026:04:06:45 +0000] "GET /.vscode/sftp.json HTTP/1.1" 404 14135 "-" "Mozilla/5.0 (l9scan/2.0.930323e2734313e2930323e2433313; +https://leakix.net)"
146.190.63.48 - - [30/May/2026:04:06:46 +0000] "OPTIONS / HTTP/1.1" 405 150 "-" "Mozilla/5.0 (l9scan/2.0.930323e2734313e2930323e2433313; +https://leakix.net)"
134.209.147.209 - - [30/May/2026:04:06:46 +0000] "GET /wp-content/plugins/lifeline-plugin/assets/data/font-awesome-5.json HTTP/1.1" 200 13009 "-" "WordPress/7.0; https://bharti-foundation.stgviitor.com"
134.209.147.209 - - [30/May/2026:04:06:47 +0000] "GET /wp-content/plugins/lifeline-plugin/assets/data/font-awesome-5.json HTTP/1.1" 200 13009 "-" "WordPress/7.0; https://bharti-foundation.stgviitor.com"
134.209.147.209 - - [30/May/2026:04:06:47 +0000] "GET /wp-content/plugins/lifeline-plugin/assets/json/social-profile.json HTTP/1.1" 200 4033 "-" "WordPress/7.0; https://bharti-foundation.stgviitor.com"
134.209.147.209 - - [30/May/2026:04:06:47 +0000] "GET /wp-content/plugins/lifeline-plugin/assets/data/font-awesome-5.json HTTP/1.1" 200 13009 "-" "WordPress/7.0; https://bharti-foundation.stgviitor.com"
146.190.63.48 - - [30/May/2026:04:06:47 +0000] "GET /?rest_route=/wp/v2/users/ HTTP/1.1" 200 449 "-" "Mozilla/5.0 (l9scan/2.0.930323e2734313e2930323e2433313; +https://leakix.net)"
180.93.137.9 - - [30/May/2026:04:06:47 +0000] "GET /wp-login.php HTTP/1.1" 200 2008 "-" "Mozilla/5.0 (Windows NT 10.0; Win64; x64) AppleWebKit/537.36 (KHTML, like Gecko) Chrome/133.0.0.0 Safari/537.36 Edg/133.0.0.0"
134.209.147.209 - - [30/May/2026:04:06:48 +0000] "GET /wp-content/plugins/lifeline-plugin/assets/data/font-awesome-5.json HTTP/1.1" 200 13009 "-" "WordPress/7.0; https://bharti-foundation.stgviitor.com"
134.209.147.209 - - [30/May/2026:04:06:48 +0000] "GET /wp-content/plugins/lifeline-plugin/assets/data/font-awesome-5.json HTTP/1.1" 200 13009 "-" "WordPress/7.0; https://bharti-foundation.stgviitor.com"
134.209.147.209 - - [30/May/2026:04:06:48 +0000] "GET /wp-content/plugins/lifeline-plugin/assets/json/social-profile.json HTTP/1.1" 200 4033 "-" "WordPress/7.0; https://bharti-foundation.stgviitor.com"
134.209.147.209 - - [30/May/2026:04:06:48 +0000] "GET /wp-content/plugins/lifeline-plugin/assets/data/font-awesome-5.json HTTP/1.1" 200 13009 "-" "WordPress/7.0; https://bharti-foundation.stgviitor.com"
146.190.63.48 - - [30/May/2026:04:06:49 +0000] "GET /debug/default/view?panel=config HTTP/1.1" 404 14135 "-" "Mozilla/5.0 (l9scan/2.0.930323e2734313e2930323e2433313; +https://leakix.net)"
104.28.196.53 - - [30/May/2026:04:06:54 +0000] "GET /ms-themes.php HTTP/1.1" 301 162 "-" "Go-http-client/1.1"
104.28.196.53 - - [30/May/2026:04:06:55 +0000] "GET /chosen.php?p= HTTP/1.1" 301 162 "-" "Go-http-client/1.1"
66.249.73.102 - - [30/May/2026:04:07:00 +0000] "GET /jak-ziskat-mostbet-bonus-bez-vkladu-a-hrat-zdarma-v-cestine-detailni-recenze/ HTTP/1.1" 200 16828 "-" "Mozilla/5.0 (Linux; Android 6.0.1; Nexus 5X Build/MMB29P) AppleWebKit/537.36 (KHTML, like Gecko) Chrome/148.0.7778.96 Mobile Safari/537.36 (compatible; GoogleOther)"
91.123.67.32 - - [30/May/2026:04:07:05 +0000] "GET / HTTP/1.1" 200 16727 "-" "Mozilla/5.0 (Windows NT 10.0; Win64; x64) AppleWebKit/537.36 (KHTML, like Gecko) Chrome/122.0.0.0 Safari/537.36"
5.45.84.175 - - [30/May/2026:04:07:07 +0000] "POST /xmlrpc.php HTTP/1.1" 200 567665 "-" "Mozilla/5.0 (Windows NT 10.0; Win64; x64) AppleWebKit/537.36 (KHTML, like Gecko) Chrome/119.0.0.0 Safari/537.36 Edg/119.0.0.0"
5.45.84.175 - - [30/May/2026:04:07:07 +0000] "POST /xmlrpc.php HTTP/1.1" 200 22801 "-" "Mozilla/5.0 (Macintosh; Intel Mac OS X 10_15_7) AppleWebKit/537.36 (KHTML, like Gecko) Chrome/120.0.0.0 Safari/537.36"
104.28.196.53 - - [30/May/2026:04:07:08 +0000] "GET /file.php HTTP/1.1" 301 162 "-" "Go-http-client/1.1"
5.45.84.175 - - [30/May/2026:04:07:08 +0000] "POST /xmlrpc.php HTTP/1.1" 200 189 "-" "Mozilla/5.0 (Windows NT 10.0; Win64; x64; rv:121.0) Gecko/20100101 Firefox/121.0"
104.28.196.53 - - [30/May/2026:04:07:11 +0000] "GET /flower.php HTTP/1.1" 301 162 "-" "Go-http-client/1.1"
104.28.196.53 - - [30/May/2026:04:07:11 +0000] "GET /gifclass.php HTTP/1.1" 301 162 "-" "Go-http-client/1.1"
104.28.196.53 - - [30/May/2026:04:07:11 +0000] "GET /bless.php HTTP/1.1" 301 162 "-" "Go-http-client/1.1"
104.28.196.53 - - [30/May/2026:04:07:12 +0000] "GET /class-t.api.php HTTP/1.1" 301 162 "-" "Go-http-client/1.1"
104.28.196.53 - - [30/May/2026:04:07:12 +0000] "GET /blurbs.php HTTP/1.1" 301 162 "-" "Go-http-client/1.1"
104.28.196.53 - - [30/May/2026:04:07:13 +0000] "GET /akcc.php HTTP/1.1" 301 162 "-" "Go-http-client/1.1"
104.28.196.53 - - [30/May/2026:04:07:13 +0000] "GET /abcd.php HTTP/1.1" 301 162 "-" "Go-http-client/1.1"
104.28.196.53 - - [30/May/2026:04:07:14 +0000] "GET /shelp.php HTTP/1.1" 301 162 "-" "Go-http-client/1.1"
104.28.196.53 - - [30/May/2026:04:07:14 +0000] "GET /cord.php HTTP/1.1" 301 162 "-" "Go-http-client/1.1"
104.28.196.53 - - [30/May/2026:04:07:14 +0000] "GET /dex.php HTTP/1.1" 301 162 "-" "Go-http-client/1.1"
104.28.196.53 - - [30/May/2026:04:07:15 +0000] "GET /wp-admin/admin-ajax.php HTTP/1.1" 301 162 "-" "Go-http-client/1.1"
104.28.196.53 - - [30/May/2026:04:07:15 +0000] "GET //zwso.php HTTP/1.1" 301 162 "-" "Go-http-client/1.1"
104.28.196.53 - - [30/May/2026:04:07:16 +0000] "GET /wp-content/plugins/hellopress/wp_mna.php HTTP/1.1" 301 162 "-" "Go-http-client/1.1"
104.28.196.53 - - [30/May/2026:04:07:16 +0000] "GET /bolt.php HTTP/1.1" 301 162 "-" "Go-http-client/1.1"
104.28.196.53 - - [30/May/2026:04:07:16 +0000] "GET /cjfuns.php HTTP/1.1" 301 162 "-" "Go-http-client/1.1"
104.28.196.53 - - [30/May/2026:04:07:17 +0000] "GET /wp-admin/css/index.php HTTP/1.1" 301 162 "-" "Go-http-client/1.1"
104.28.196.53 - - [30/May/2026:04:07:17 +0000] "GET /wp-content/plugins/index.php HTTP/1.1" 301 162 "-" "Go-http-client/1.1"
104.28.196.53 - - [30/May/2026:04:07:18 +0000] "GET /wp-content/index.php HTTP/1.1" 301 162 "-" "Go-http-client/1.1"
104.28.196.53 - - [30/May/2026:04:07:18 +0000] "GET /ioxi-o.php HTTP/1.1" 301 162 "-" "Go-http-client/1.1"
104.28.196.53 - - [30/May/2026:04:07:18 +0000] "GET /insc.php HTTP/1.1" 301 162 "-" "Go-http-client/1.1"
104.28.196.53 - - [30/May/2026:04:07:19 +0000] "GET /classwithtostring.php HTTP/1.1" 301 162 "-" "Go-http-client/1.1"
104.28.196.53 - - [30/May/2026:04:07:19 +0000] "GET /txets.php HTTP/1.1" 301 162 "-" "Go-http-client/1.1"
104.28.196.53 - - [30/May/2026:04:07:20 +0000] "GET /wp-content/themes/txets.php HTTP/1.1" 301 162 "-" "Go-http-client/1.1"
104.28.196.53 - - [30/May/2026:04:07:20 +0000] "GET /wp-admin/txets.php HTTP/1.1" 301 162 "-" "Go-http-client/1.1"
104.28.196.53 - - [30/May/2026:04:07:20 +0000] "GET /wp-includes/txets.php HTTP/1.1" 301 162 "-" "Go-http-client/1.1"
104.28.196.53 - - [30/May/2026:04:07:21 +0000] "GET /goods.php HTTP/1.1" 301 162 "-" "Go-http-client/1.1"
104.28.196.53 - - [30/May/2026:04:07:21 +0000] "GET /wp-editor.php HTTP/1.1" 301 162 "-" "Go-http-client/1.1"
104.28.196.53 - - [30/May/2026:04:07:22 +0000] "GET /lufix.php HTTP/1.1" 301 162 "-" "Go-http-client/1.1"
104.28.196.53 - - [30/May/2026:04:07:22 +0000] "GET /style.php HTTP/1.1" 301 162 "-" "Go-http-client/1.1"
5.45.84.175 - - [30/May/2026:04:07:25 +0000] "GET / HTTP/1.1" 200 88767 "-" "Mozilla/5.0 (Windows NT 10.0; Win64; x64) AppleWebKit/537.36"
134.209.147.209 - - [30/May/2026:04:07:37 +0000] "POST /wp-cron.php?doing_wp_cron=1780114057.3084919452667236328125 HTTP/1.1" 200 31 "-" "WordPress/6.9.4; https://laracopilot.stgviitor.com"
180.93.137.9 - - [30/May/2026:04:07:37 +0000] "GET /wp-login.php HTTP/1.1" 200 2008 "-" "Mozilla/5.0 (Windows NT 10.0; Win64; x64) AppleWebKit/537.36 (KHTML, like Gecko) Chrome/133.0.0.0 Safari/537.36 Edg/133.0.0.0"
91.123.67.32 - - [30/May/2026:04:07:38 +0000] "GET /?nocache=1780114057678_qi59kgtwkt HTTP/1.1" 200 16746 "-" "Mozilla/5.0 (X11; Linux x86_64) AppleWebKit/537.36 (KHTML, like Gecko) Chrome/119.0.0.0 Safari/537.36"
180.93.137.9 - - [30/May/2026:04:07:42 +0000] "POST /wp-login.php HTTP/1.1" 200 2143 "https://laracopilot.stgviitor.com/wp-login.php" "Mozilla/5.0 (Windows NT 10.0; Win64; x64) AppleWebKit/537.36 (KHTML, like Gecko) Chrome/133.0.0.0 Safari/537.36 Edg/133.0.0.0"
49.12.3.147 - - [30/May/2026:04:08:30 +0000] "GET /wp-login.php HTTP/1.1" 200 1772 "-" "Mozilla/5.0 (X11; Ubuntu; Linux x86_64; rv:133.0) Gecko/20100101 Firefox/133.0"
49.12.3.147 - - [30/May/2026:04:08:32 +0000] "POST /wp-login.php HTTP/1.1" 200 1940 "https://vcstore.viitorcloud.co/wp-login.php" "Mozilla/5.0 (X11; Ubuntu; Linux x86_64; rv:133.0) Gecko/20100101 Firefox/133.0"
134.209.147.209 - - [30/May/2026:04:08:53 +0000] "GET /wp-content/plugins/lifeline-plugin/assets/data/font-awesome-5.json HTTP/1.1" 200 13009 "-" "WordPress/7.0; https://bharti-foundation.stgviitor.com"
134.209.147.209 - - [30/May/2026:04:08:53 +0000] "GET /wp-content/plugins/lifeline-plugin/assets/data/font-awesome-5.json HTTP/1.1" 200 13009 "-" "WordPress/7.0; https://bharti-foundation.stgviitor.com"
134.209.147.209 - - [30/May/2026:04:08:53 +0000] "GET /wp-content/plugins/lifeline-plugin/assets/json/social-profile.json HTTP/1.1" 200 4033 "-" "WordPress/7.0; https://bharti-foundation.stgviitor.com"
134.209.147.209 - - [30/May/2026:04:08:54 +0000] "GET /wp-content/plugins/lifeline-plugin/assets/data/font-awesome-5.json HTTP/1.1" 200 13009 "-" "WordPress/7.0; https://bharti-foundation.stgviitor.com"
134.209.147.209 - - [30/May/2026:04:08:54 +0000] "POST /wp-cron.php?doing_wp_cron=1780114134.7365190982818603515625 HTTP/1.1" 200 31 "-" "WordPress/7.0; https://bharti-foundation.stgviitor.com"
78.153.140.43 - - [30/May/2026:04:08:54 +0000] "GET /.env HTTP/1.1" 404 14136 "-" "Mozilla/5.0 (Windows NT 10.0; Win64; x64) AppleWebKit/537.36 (KHTML, like Gecko) Chrome/116.0.5845.140 Safari/537.36"
134.209.147.209 - - [30/May/2026:04:08:54 +0000] "GET /wp-content/plugins/lifeline-plugin/assets/data/font-awesome-5.json HTTP/1.1" 200 13009 "-" "WordPress/7.0; https://bharti-foundation.stgviitor.com"
134.209.147.209 - - [30/May/2026:04:08:54 +0000] "GET /wp-content/plugins/lifeline-plugin/assets/data/font-awesome-5.json HTTP/1.1" 200 13009 "-" "WordPress/7.0; https://bharti-foundation.stgviitor.com"
134.209.147.209 - - [30/May/2026:04:08:54 +0000] "GET /wp-content/plugins/lifeline-plugin/assets/json/social-profile.json HTTP/1.1" 200 4033 "-" "WordPress/7.0; https://bharti-foundation.stgviitor.com"
134.209.147.209 - - [30/May/2026:04:08:55 +0000] "GET /wp-content/plugins/lifeline-plugin/assets/data/font-awesome-5.json HTTP/1.1" 200 13009 "-" "WordPress/7.0; https://bharti-foundation.stgviitor.com"
134.209.147.209 - - [30/May/2026:04:08:56 +0000] "GET /wp-content/plugins/lifeline-plugin/assets/data/font-awesome-5.json HTTP/1.1" 200 13009 "-" "WordPress/7.0; https://bharti-foundation.stgviitor.com"
134.209.147.209 - - [30/May/2026:04:08:56 +0000] "GET /wp-content/plugins/lifeline-plugin/assets/data/font-awesome-5.json HTTP/1.1" 200 13009 "-" "WordPress/7.0; https://bharti-foundation.stgviitor.com"
134.209.147.209 - - [30/May/2026:04:08:56 +0000] "GET /wp-content/plugins/lifeline-plugin/assets/json/social-profile.json HTTP/1.1" 200 4033 "-" "WordPress/7.0; https://bharti-foundation.stgviitor.com"
134.209.147.209 - - [30/May/2026:04:08:56 +0000] "GET /wp-content/plugins/lifeline-plugin/assets/data/font-awesome-5.json HTTP/1.1" 200 13009 "-" "WordPress/7.0; https://bharti-foundation.stgviitor.com"
78.153.140.43 - - [30/May/2026:04:08:57 +0000] "POST / HTTP/1.1" 200 31472 "-" "Mozilla/5.0 (Windows NT 10.0; Win64; x64) AppleWebKit/537.36 (KHTML, like Gecko) Chrome/116.0.5845.140 Safari/537.36"
134.209.147.209 - - [30/May/2026:04:09:51 +0000] "POST /wp-cron.php?doing_wp_cron=1780114191.2942159175872802734375 HTTP/1.1" 200 31 "-" "WordPress/6.9.4; https://stg.everycred.com"
187.188.73.229 - - [30/May/2026:04:09:51 +0000] "GET /industries/cybersecurity/ HTTP/1.1" 301 5 "-" "Mozilla/5.0 (Macintosh; Intel Mac OS X 10_13_6) AppleWebKit/537.36 (KHTML, like Gecko) Brave Chrome/78.0.3904.108 Safari/537.36"
187.188.73.229 - - [30/May/2026:04:09:51 +0000] "GET /?attachment_id=1710 HTTP/1.1" 200 16017 "-" "Mozilla/5.0 (Macintosh; Intel Mac OS X 10_13_6) AppleWebKit/537.36 (KHTML, like Gecko) Brave Chrome/78.0.3904.108 Safari/537.36"
172.70.188.186 - - [30/May/2026:04:10:11 +0000] "GET /wp-login.php HTTP/1.1" 499 0 "-" "Mozilla/5.0 (X11; Ubuntu; Linux x86_64) AppleWebKit/537.36 (KHTML, like Gecko) Chrome/133.0.0.0 Safari/537.36"
167.235.143.113 - - [30/May/2026:04:10:46 +0000] "HEAD / HTTP/1.1" 301 0 "https://viitor.cloud" "Mozilla/5.0+(compatible; UptimeRobot/2.0; http://www.uptimerobot.com/)"
17.246.23.62 - - [30/May/2026:04:10:47 +0000] "GET /robots.txt HTTP/1.1" 200 550 "-" "Mozilla/5.0 (Macintosh; Intel Mac OS X 10_15_7) AppleWebKit/605.1.15 (KHTML, like Gecko) Version/17.4 Safari/605.1.15 (Applebot/0.1; +http://www.apple.com/go/applebot)"
134.209.147.209 - - [30/May/2026:04:10:47 +0000] "POST /wp-cron.php?doing_wp_cron=1780114247.5802340507507324218750 HTTP/1.1" 200 31 "-" "WordPress/6.9.4; https://stg.everycred.com"
17.246.23.62 - - [30/May/2026:04:10:47 +0000] "GET /test/feed/ HTTP/1.1" 200 710 "-" "Mozilla/5.0 (Macintosh; Intel Mac OS X 10_15_7) AppleWebKit/605.1.15 (KHTML, like Gecko) Version/17.4 Safari/605.1.15 (Applebot/0.1; +http://www.apple.com/go/applebot)"
134.209.147.209 - - [30/May/2026:04:11:29 +0000] "POST /wp-cron.php?doing_wp_cron=1780114289.6016080379486083984375 HTTP/1.1" 200 31 "-" "WordPress/6.5.3; https://vcstore.stgviitor.com"
162.240.52.198 - - [30/May/2026:04:11:29 +0000] "GET /wp-login.php HTTP/1.1" 200 1829 "-" "Mozilla/5.0 (X11; Linux x86_64) AppleWebKit/537.36 (KHTML, like Gecko) Chrome/133.0.0.0 Safari/537.36"
162.240.52.198 - - [30/May/2026:04:11:30 +0000] "POST /wp-login.php HTTP/1.1" 200 1999 "https://vcstore.stgviitor.com/wp-login.php" "Mozilla/5.0 (X11; Linux x86_64) AppleWebKit/537.36 (KHTML, like Gecko) Chrome/133.0.0.0 Safari/537.36"
162.214.206.32 - - [30/May/2026:04:11:41 +0000] "GET /wp-login.php HTTP/1.1" 200 1772 "-" "Mozilla/5.0 (X11; CrOS x86_64 14541.0.0) AppleWebKit/537.36 (KHTML, like Gecko) Chrome/133.0.0.0 Safari/537.36"
162.214.206.32 - - [30/May/2026:04:11:45 +0000] "POST /wp-login.php HTTP/1.1" 200 1940 "https://vcstore.viitorcloud.co/wp-login.php" "Mozilla/5.0 (X11; CrOS x86_64 14541.0.0) AppleWebKit/537.36 (KHTML, like Gecko) Chrome/133.0.0.0 Safari/537.36"
134.209.147.209 - - [30/May/2026:04:11:55 +0000] "GET /wp-content/plugins/lifeline-plugin/assets/data/font-awesome-5.json HTTP/1.1" 200 13009 "-" "WordPress/7.0; https://bharti-foundation.stgviitor.com"
134.209.147.209 - - [30/May/2026:04:11:55 +0000] "GET /wp-content/plugins/lifeline-plugin/assets/data/font-awesome-5.json HTTP/1.1" 200 13009 "-" "WordPress/7.0; https://bharti-foundation.stgviitor.com"
134.209.147.209 - - [30/May/2026:04:11:55 +0000] "GET /wp-content/plugins/lifeline-plugin/assets/json/social-profile.json HTTP/1.1" 200 4033 "-" "WordPress/7.0; https://bharti-foundation.stgviitor.com"
134.209.147.209 - - [30/May/2026:04:11:55 +0000] "GET /wp-content/plugins/lifeline-plugin/assets/data/font-awesome-5.json HTTP/1.1" 200 13009 "-" "WordPress/7.0; https://bharti-foundation.stgviitor.com"
134.209.147.209 - - [30/May/2026:04:11:55 +0000] "POST /wp-cron.php?doing_wp_cron=1780114315.3984830379486083984375 HTTP/1.1" 200 31 "-" "WordPress/7.0; https://bharti-foundation.stgviitor.com"
103.124.95.33 - - [30/May/2026:04:11:55 +0000] "GET /wp-login.php HTTP/1.1" 200 2045 "-" "Mozilla/5.0 (Windows NT 10.0) AppleWebKit/537.36 (KHTML, like Gecko) Chrome/133.0.0.0 Safari/537.36"
134.209.147.209 - - [30/May/2026:04:11:55 +0000] "GET /wp-content/plugins/lifeline-plugin/assets/data/font-awesome-5.json HTTP/1.1" 200 13009 "-" "WordPress/7.0; https://bharti-foundation.stgviitor.com"
134.209.147.209 - - [30/May/2026:04:11:55 +0000] "GET /wp-content/plugins/lifeline-plugin/assets/data/font-awesome-5.json HTTP/1.1" 200 13009 "-" "WordPress/7.0; https://bharti-foundation.stgviitor.com"
134.209.147.209 - - [30/May/2026:04:11:55 +0000] "GET /wp-content/plugins/lifeline-plugin/assets/json/social-profile.json HTTP/1.1" 200 4033 "-" "WordPress/7.0; https://bharti-foundation.stgviitor.com"
134.209.147.209 - - [30/May/2026:04:11:55 +0000] "GET /wp-content/plugins/lifeline-plugin/assets/data/font-awesome-5.json HTTP/1.1" 200 13009 "-" "WordPress/7.0; https://bharti-foundation.stgviitor.com"
134.209.147.209 - - [30/May/2026:04:11:56 +0000] "GET /wp-content/plugins/lifeline-plugin/assets/data/font-awesome-5.json HTTP/1.1" 200 13009 "-" "WordPress/7.0; https://bharti-foundation.stgviitor.com"
134.209.147.209 - - [30/May/2026:04:11:56 +0000] "GET /wp-content/plugins/lifeline-plugin/assets/data/font-awesome-5.json HTTP/1.1" 200 13009 "-" "WordPress/7.0; https://bharti-foundation.stgviitor.com"
134.209.147.209 - - [30/May/2026:04:11:56 +0000] "GET /wp-content/plugins/lifeline-plugin/assets/json/social-profile.json HTTP/1.1" 200 4033 "-" "WordPress/7.0; https://bharti-foundation.stgviitor.com"
134.209.147.209 - - [30/May/2026:04:11:56 +0000] "GET /wp-content/plugins/lifeline-plugin/assets/data/font-awesome-5.json HTTP/1.1" 200 13009 "-" "WordPress/7.0; https://bharti-foundation.stgviitor.com"
103.124.95.33 - - [30/May/2026:04:11:56 +0000] "POST /wp-login.php HTTP/1.1" 200 2207 "https://bharti-foundation.stgviitor.com/wp-login.php" "Mozilla/5.0 (Windows NT 10.0) AppleWebKit/537.36 (KHTML, like Gecko) Chrome/133.0.0.0 Safari/537.36"
134.209.147.209 - - [30/May/2026:04:12:02 +0000] "GET /wp-content/plugins/lifeline-plugin/assets/data/font-awesome-5.json HTTP/1.1" 200 13009 "-" "WordPress/7.0; https://bharti-foundation.stgviitor.com"
134.209.147.209 - - [30/May/2026:04:12:02 +0000] "GET /wp-content/plugins/lifeline-plugin/assets/data/font-awesome-5.json HTTP/1.1" 200 13009 "-" "WordPress/7.0; https://bharti-foundation.stgviitor.com"
134.209.147.209 - - [30/May/2026:04:12:02 +0000] "GET /wp-content/plugins/lifeline-plugin/assets/json/social-profile.json HTTP/1.1" 200 4033 "-" "WordPress/7.0; https://bharti-foundation.stgviitor.com"
134.209.147.209 - - [30/May/2026:04:12:03 +0000] "GET /wp-content/plugins/lifeline-plugin/assets/data/font-awesome-5.json HTTP/1.1" 200 13009 "-" "WordPress/7.0; https://bharti-foundation.stgviitor.com"
64.31.25.250 - - [30/May/2026:04:12:03 +0000] "GET /wp-login.php HTTP/1.1" 200 2045 "-" "Mozilla/5.0 (Windows NT 10.0; Win64; x64; rv:133.0) Gecko/20100101 Firefox/133.0"
134.209.147.209 - - [30/May/2026:04:12:07 +0000] "GET /wp-content/plugins/lifeline-plugin/assets/data/font-awesome-5.json HTTP/1.1" 200 13009 "-" "WordPress/7.0; https://bharti-foundation.stgviitor.com"
134.209.147.209 - - [30/May/2026:04:12:07 +0000] "GET /wp-content/plugins/lifeline-plugin/assets/data/font-awesome-5.json HTTP/1.1" 200 13009 "-" "WordPress/7.0; https://bharti-foundation.stgviitor.com"
134.209.147.209 - - [30/May/2026:04:12:07 +0000] "GET /wp-content/plugins/lifeline-plugin/assets/json/social-profile.json HTTP/1.1" 200 4033 "-" "WordPress/7.0; https://bharti-foundation.stgviitor.com"
134.209.147.209 - - [30/May/2026:04:12:08 +0000] "GET /wp-content/plugins/lifeline-plugin/assets/data/font-awesome-5.json HTTP/1.1" 200 13009 "-" "WordPress/7.0; https://bharti-foundation.stgviitor.com"
64.31.25.250 - - [30/May/2026:04:12:08 +0000] "POST /wp-login.php HTTP/1.1" 200 2207 "https://bharti-foundation.stgviitor.com/wp-login.php" "Mozilla/5.0 (Windows NT 10.0; Win64; x64; rv:133.0) Gecko/20100101 Firefox/133.0"
23.22.59.87 - - [30/May/2026:04:13:14 +0000] "GET /credentials-unique-identity-with-ssi/ HTTP/1.1" 200 17807 "-" "Mozilla/5.0 AppleWebKit/537.36 (KHTML, like Gecko; compatible; Amazonbot/0.1; +https://developer.amazon.com/support/amazonbot) Chrome/119.0.6045.214 Safari/537.36"
43.131.45.213 - - [30/May/2026:04:13:16 +0000] "GET /wp-content/uploads/2025/10/non-profit-video-sec-c.webp HTTP/1.1" 200 58418 "-" "Mozilla/5.0 (iPhone; CPU iPhone OS 13_2_3 like Mac OS X) AppleWebKit/605.1.15 (KHTML, like Gecko) Version/13.0.3 Mobile/15E148 Safari/604.1"
34.233.219.155 - - [30/May/2026:04:13:19 +0000] "GET /id-verification-in-automotive-industry/ HTTP/1.1" 200 18752 "-" "Mozilla/5.0 AppleWebKit/537.36 (KHTML, like Gecko; compatible; Amazonbot/0.1; +https://developer.amazon.com/support/amazonbot) Chrome/119.0.6045.214 Safari/537.36"
23.21.228.180 - - [30/May/2026:04:13:23 +0000] "GET /wp-json/oembed/1.0/embed?url=https://stg.everycred.com/pronostic-2026-quinte-du-jour-paris-turf/ HTTP/1.1" 200 1125 "-" "Mozilla/5.0 AppleWebKit/537.36 (KHTML, like Gecko; compatible; Amazonbot/0.1; +https://developer.amazon.com/support/amazonbot) Chrome/119.0.6045.214 Safari/537.36"
98.82.40.168 - - [30/May/2026:04:13:29 +0000] "GET /category/industry/public-sector/ HTTP/1.1" 200 20297 "-" "Mozilla/5.0 AppleWebKit/537.36 (KHTML, like Gecko; compatible; Amazonbot/0.1; +https://developer.amazon.com/support/amazonbot) Chrome/119.0.6045.214 Safari/537.36"
134.209.147.209 - - [30/May/2026:04:14:08 +0000] "POST /wp-cron.php?doing_wp_cron=1780114448.0207240581512451171875 HTTP/1.1" 200 31 "-" "WordPress/6.5.3; https://vcstore.stgviitor.com"
49.12.3.147 - - [30/May/2026:04:14:08 +0000] "GET /wp-login.php HTTP/1.1" 200 1829 "-" "Mozilla/5.0 (Windows NT 10.0; WOW64) AppleWebKit/537.36 (KHTML, like Gecko) Chrome/133.0.0.0 Safari/537.36"
134.209.147.209 - - [30/May/2026:04:14:11 +0000] "POST /wp-cron.php?doing_wp_cron=1780114451.1817688941955566406250 HTTP/1.1" 200 31 "-" "WordPress/6.5.3; https://vcstore.stgviitor.com"
49.12.3.147 - - [30/May/2026:04:14:11 +0000] "POST /wp-login.php HTTP/1.1" 200 1999 "https://vcstore.stgviitor.com/wp-login.php" "Mozilla/5.0 (Windows NT 10.0; WOW64) AppleWebKit/537.36 (KHTML, like Gecko) Chrome/133.0.0.0 Safari/537.36"
52.28.162.93 - - [30/May/2026:04:15:51 +0000] "HEAD / HTTP/1.1" 301 0 "https://viitor.cloud" "Mozilla/5.0+(compatible; UptimeRobot/2.0; http://www.uptimerobot.com/)"
212.30.36.6 - - [30/May/2026:04:15:51 +0000] "GET /? HTTP/1.1" 301 162 "-" "Go-http-client/1.1"
172.69.166.17 - - [30/May/2026:04:16:02 +0000] "GET /wp-login.php HTTP/1.1" 200 1772 "-" "Mozilla/5.0 (X11; Ubuntu; Linux x86_64) AppleWebKit/537.36 (KHTML, like Gecko) Chrome/133.0.0.0 Safari/537.36"
172.71.82.141 - - [30/May/2026:04:16:08 +0000] "POST /wp-login.php HTTP/1.1" 200 1913 "https://vcstore.viitorcloud.com/wp-login.php" "Mozilla/5.0 (X11; Ubuntu; Linux x86_64) AppleWebKit/537.36 (KHTML, like Gecko) Chrome/133.0.0.0 Safari/537.36"
167.71.136.93 - - [30/May/2026:04:16:27 +0000] "GET /wp-login.php HTTP/1.1" 200 1772 "-" "Mozilla/5.0 (X11; Ubuntu; Linux x86_64) AppleWebKit/537.36 (KHTML, like Gecko) Chrome/133.0.0.0 Safari/537.36"
82.223.24.195 - - [30/May/2026:04:16:29 +0000] "GET /wp-login.php HTTP/1.1" 200 1772 "-" "Mozilla/5.0 (X11; CrOS x86_64 14541.0.0) AppleWebKit/537.36 (KHTML, like Gecko) Chrome/133.0.0.0 Safari/537.36"
167.71.136.93 - - [30/May/2026:04:16:30 +0000] "POST /wp-login.php HTTP/1.1" 200 1933 "https://vcstore.viitorcloud.co/wp-login.php" "Mozilla/5.0 (X11; Ubuntu; Linux x86_64) AppleWebKit/537.36 (KHTML, like Gecko) Chrome/133.0.0.0 Safari/537.36"
82.223.24.195 - - [30/May/2026:04:16:32 +0000] "POST /wp-login.php HTTP/1.1" 200 1933 "https://vcstore.viitorcloud.co/wp-login.php" "Mozilla/5.0 (X11; CrOS x86_64 14541.0.0) AppleWebKit/537.36 (KHTML, like Gecko) Chrome/133.0.0.0 Safari/537.36"
45.117.169.86 - - [30/May/2026:04:17:59 +0000] "GET /wp-login.php HTTP/1.1" 200 1772 "-" "Mozilla/5.0 (Windows NT 10.0; Win64; x64) AppleWebKit/537.36 (KHTML, like Gecko) Chrome/133.0.0.0 Safari/537.36"
45.117.169.86 - - [30/May/2026:04:18:02 +0000] "POST /wp-login.php HTTP/1.1" 200 1913 "https://vcstore.viitorcloud.co/wp-login.php" "Mozilla/5.0 (Windows NT 10.0; Win64; x64) AppleWebKit/537.36 (KHTML, like Gecko) Chrome/133.0.0.0 Safari/537.36"
134.209.147.209 - - [30/May/2026:04:18:05 +0000] "GET /wp-content/plugins/lifeline-plugin/assets/data/font-awesome-5.json HTTP/1.1" 200 13009 "-" "WordPress/7.0; https://bharti-foundation.stgviitor.com"
134.209.147.209 - - [30/May/2026:04:18:06 +0000] "GET /wp-content/plugins/lifeline-plugin/assets/data/font-awesome-5.json HTTP/1.1" 200 13009 "-" "WordPress/7.0; https://bharti-foundation.stgviitor.com"
134.209.147.209 - - [30/May/2026:04:18:06 +0000] "GET /wp-content/plugins/lifeline-plugin/assets/json/social-profile.json HTTP/1.1" 200 4033 "-" "WordPress/7.0; https://bharti-foundation.stgviitor.com"
134.209.147.209 - - [30/May/2026:04:18:06 +0000] "GET /wp-content/plugins/lifeline-plugin/assets/data/font-awesome-5.json HTTP/1.1" 200 13009 "-" "WordPress/7.0; https://bharti-foundation.stgviitor.com"
134.209.147.209 - - [30/May/2026:04:18:06 +0000] "POST /wp-cron.php?doing_wp_cron=1780114686.2469890117645263671875 HTTP/1.1" 200 31 "-" "WordPress/7.0; https://bharti-foundation.stgviitor.com"
209.38.251.46 - - [30/May/2026:04:18:06 +0000] "GET /wp-login.php HTTP/1.1" 200 2045 "-" "Mozilla/5.0 (Macintosh; Intel Mac OS X 10_15_7) AppleWebKit/537.36 (KHTML, like Gecko) Chrome/133.0.0.0 Safari/537.36"
134.209.147.209 - - [30/May/2026:04:18:06 +0000] "GET /wp-content/plugins/lifeline-plugin/assets/data/font-awesome-5.json HTTP/1.1" 200 13009 "-" "WordPress/7.0; https://bharti-foundation.stgviitor.com"
134.209.147.209 - - [30/May/2026:04:18:06 +0000] "GET /wp-content/plugins/lifeline-plugin/assets/data/font-awesome-5.json HTTP/1.1" 200 13009 "-" "WordPress/7.0; https://bharti-foundation.stgviitor.com"
134.209.147.209 - - [30/May/2026:04:18:06 +0000] "GET /wp-content/plugins/lifeline-plugin/assets/json/social-profile.json HTTP/1.1" 200 4033 "-" "WordPress/7.0; https://bharti-foundation.stgviitor.com"
134.209.147.209 - - [30/May/2026:04:18:06 +0000] "GET /wp-content/plugins/lifeline-plugin/assets/data/font-awesome-5.json HTTP/1.1" 200 13009 "-" "WordPress/7.0; https://bharti-foundation.stgviitor.com"
134.209.147.209 - - [30/May/2026:04:18:09 +0000] "GET /wp-content/plugins/lifeline-plugin/assets/data/font-awesome-5.json HTTP/1.1" 200 13009 "-" "WordPress/7.0; https://bharti-foundation.stgviitor.com"
134.209.147.209 - - [30/May/2026:04:18:09 +0000] "GET /wp-content/plugins/lifeline-plugin/assets/data/font-awesome-5.json HTTP/1.1" 200 13009 "-" "WordPress/7.0; https://bharti-foundation.stgviitor.com"
134.209.147.209 - - [30/May/2026:04:18:09 +0000] "GET /wp-content/plugins/lifeline-plugin/assets/json/social-profile.json HTTP/1.1" 200 4033 "-" "WordPress/7.0; https://bharti-foundation.stgviitor.com"
134.209.147.209 - - [30/May/2026:04:18:10 +0000] "GET /wp-content/plugins/lifeline-plugin/assets/data/font-awesome-5.json HTTP/1.1" 200 13009 "-" "WordPress/7.0; https://bharti-foundation.stgviitor.com"
209.38.251.46 - - [30/May/2026:04:18:10 +0000] "POST /wp-login.php HTTP/1.1" 200 2208 "https://bharti-foundation.stgviitor.com/wp-login.php" "Mozilla/5.0 (Macintosh; Intel Mac OS X 10_15_7) AppleWebKit/537.36 (KHTML, like Gecko) Chrome/133.0.0.0 Safari/537.36"
134.209.147.209 - - [30/May/2026:04:18:22 +0000] "POST /wp-cron.php?doing_wp_cron=1780114702.0999639034271240234375 HTTP/1.1" 200 31 "-" "WordPress/6.9.1; https://e-tdr.com"
62.232.51.140 - - [30/May/2026:04:18:22 +0000] "GET /wp-login.php HTTP/1.1" 200 2007 "-" "Mozilla/5.0 (Macintosh; Intel Mac OS X 11_7_10) AppleWebKit/537.36 (KHTML, like Gecko) Chrome/133.0.0.0 Safari/537.36"
62.232.51.140 - - [30/May/2026:04:18:25 +0000] "POST /wp-login.php HTTP/1.1" 200 2144 "https://e-tdr.com/wp-login.php" "Mozilla/5.0 (Macintosh; Intel Mac OS X 11_7_10) AppleWebKit/537.36 (KHTML, like Gecko) Chrome/133.0.0.0 Safari/537.36"
172.70.188.187 - Trendygital.com [30/May/2026:04:19:08 +0000] "GET /wp-json/wp/v2/users/me HTTP/1.1" 499 0 "-" "Mozilla/5.0 (Windows NT 10.0; Win64; x64) AppleWebKit/537.36 (KHTML, like Gecko) Chrome/133.0.0.0 Safari/537.36"
134.209.147.209 - - [30/May/2026:04:19:44 +0000] "POST /wp-cron.php?doing_wp_cron=1780114784.7890980243682861328125 HTTP/1.1" 200 31 "-" "WordPress/6.5.3; https://vcstore.stgviitor.com"
162.214.206.32 - - [30/May/2026:04:19:44 +0000] "GET /wp-login.php HTTP/1.1" 200 1829 "-" "Mozilla/5.0 (X11; Linux i686) AppleWebKit/537.36 (KHTML, like Gecko) Chrome/133.0.0.0 Safari/537.36"
162.214.206.32 - - [30/May/2026:04:19:48 +0000] "POST /wp-login.php HTTP/1.1" 200 1999 "https://vcstore.stgviitor.com/wp-login.php" "Mozilla/5.0 (X11; Linux i686) AppleWebKit/537.36 (KHTML, like Gecko) Chrome/133.0.0.0 Safari/537.36"
134.209.147.209 - - [30/May/2026:04:20:20 +0000] "POST /wp-cron.php?doing_wp_cron=1780114820.6903359889984130859375 HTTP/1.1" 200 31 "-" "WordPress/6.9.4; https://laracopilot.stgviitor.com"
78.142.18.172 - - [30/May/2026:04:20:20 +0000] "GET /wp-login.php HTTP/1.1" 200 2008 "-" "Mozilla/5.0 (Macintosh; Intel Mac OS X 10_15_7) AppleWebKit/605.1.15 (KHTML, like Gecko) Version/18.3 Safari/605.1.15"
78.142.18.172 - - [30/May/2026:04:20:24 +0000] "POST /wp-login.php HTTP/1.1" 200 2143 "https://laracopilot.stgviitor.com/wp-login.php" "Mozilla/5.0 (Macintosh; Intel Mac OS X 10_15_7) AppleWebKit/605.1.15 (KHTML, like Gecko) Version/18.3 Safari/605.1.15"
134.209.147.209 - - [30/May/2026:04:20:39 +0000] "POST /wp-cron.php?doing_wp_cron=1780114839.3907198905944824218750 HTTP/1.1" 200 31 "-" "WordPress/6.9.1; https://e-tdr.com"
49.12.3.147 - - [30/May/2026:04:20:39 +0000] "GET /wp-login.php HTTP/1.1" 200 2007 "-" "Mozilla/5.0 (X11; Ubuntu; Linux x86_64; rv:133.0) Gecko/20100101 Firefox/133.0"
49.12.3.147 - - [30/May/2026:04:20:42 +0000] "POST /wp-login.php HTTP/1.1" 200 2144 "https://e-tdr.com/wp-login.php" "Mozilla/5.0 (X11; Ubuntu; Linux x86_64; rv:133.0) Gecko/20100101 Firefox/133.0"
78.46.190.63 - - [30/May/2026:04:20:56 +0000] "HEAD / HTTP/1.1" 301 0 "https://viitor.cloud" "Mozilla/5.0+(compatible; UptimeRobot/2.0; http://www.uptimerobot.com/)"
134.209.147.209 - - [30/May/2026:04:21:06 +0000] "POST /wp-cron.php?doing_wp_cron=1780114866.9367010593414306640625 HTTP/1.1" 200 31 "-" "WordPress/6.6.1; https://newfaith.focalat.com"
124.156.212.23 - - [30/May/2026:04:21:07 +0000] "GET /wp-login.php HTTP/1.1" 200 2035 "-" "Mozilla/5.0 (X11; Ubuntu; Linux x86_64; rv:133.0) Gecko/20100101 Firefox/133.0"
134.209.147.209 - - [30/May/2026:04:21:11 +0000] "POST /wp-cron.php?doing_wp_cron=1780114871.7599430084228515625000 HTTP/1.1" 200 31 "-" "WordPress/6.6.1; https://newfaith.focalat.com"
124.156.212.23 - - [30/May/2026:04:21:11 +0000] "POST /wp-login.php HTTP/1.1" 200 2195 "https://newfaith.focalat.com/wp-login.php" "Mozilla/5.0 (X11; Ubuntu; Linux x86_64; rv:133.0) Gecko/20100101 Firefox/133.0"
134.209.147.209 - - [30/May/2026:04:21:50 +0000] "GET /wp-content/plugins/lifeline-plugin/assets/data/font-awesome-5.json HTTP/1.1" 200 13009 "-" "WordPress/7.0; https://bharti-foundation.stgviitor.com"
134.209.147.209 - - [30/May/2026:04:21:50 +0000] "GET /wp-content/plugins/lifeline-plugin/assets/data/font-awesome-5.json HTTP/1.1" 200 13009 "-" "WordPress/7.0; https://bharti-foundation.stgviitor.com"
134.209.147.209 - - [30/May/2026:04:21:50 +0000] "GET /wp-content/plugins/lifeline-plugin/assets/json/social-profile.json HTTP/1.1" 200 4033 "-" "WordPress/7.0; https://bharti-foundation.stgviitor.com"
134.209.147.209 - - [30/May/2026:04:21:50 +0000] "GET /wp-content/plugins/lifeline-plugin/assets/data/font-awesome-5.json HTTP/1.1" 200 13009 "-" "WordPress/7.0; https://bharti-foundation.stgviitor.com"
134.209.147.209 - - [30/May/2026:04:21:51 +0000] "POST /wp-cron.php?doing_wp_cron=1780114911.6825339794158935546875 HTTP/1.1" 200 31 "-" "WordPress/7.0; https://bharti-foundation.stgviitor.com"
35.241.166.1 - - [30/May/2026:04:21:51 +0000] "GET / HTTP/1.1" 200 31480 "-" "Mozilla/5.0 (X11; Linux x86_64) AppleWebKit/537.36 (KHTML, like Gecko) Chrome/124.0 Safari/537.36"
134.209.147.209 - - [30/May/2026:04:21:51 +0000] "GET /wp-content/plugins/lifeline-plugin/assets/data/font-awesome-5.json HTTP/1.1" 200 13009 "-" "WordPress/7.0; https://bharti-foundation.stgviitor.com"
134.209.147.209 - - [30/May/2026:04:21:51 +0000] "GET /wp-content/plugins/lifeline-plugin/assets/data/font-awesome-5.json HTTP/1.1" 200 13009 "-" "WordPress/7.0; https://bharti-foundation.stgviitor.com"
134.209.147.209 - - [30/May/2026:04:21:51 +0000] "GET /wp-content/plugins/lifeline-plugin/assets/json/social-profile.json HTTP/1.1" 200 4033 "-" "WordPress/7.0; https://bharti-foundation.stgviitor.com"
134.209.147.209 - - [30/May/2026:04:21:52 +0000] "GET /wp-content/plugins/lifeline-plugin/assets/data/font-awesome-5.json HTTP/1.1" 200 13009 "-" "WordPress/7.0; https://bharti-foundation.stgviitor.com"
66.249.73.100 - - [30/May/2026:04:21:59 +0000] "GET /speel-buiten-cruks-bij-de-volgende-online-casinos-veilige-alternatieven-voor-spelers-uit-nederland/ HTTP/1.1" 200 18147 "-" "Mozilla/5.0 (Linux; Android 6.0.1; Nexus 5X Build/MMB29P) AppleWebKit/537.36 (KHTML, like Gecko) Chrome/148.0.7778.96 Mobile Safari/537.36 (compatible; Googlebot/2.1; +http://www.google.com/bot.html)"
162.240.12.204 - - [30/May/2026:04:21:59 +0000] "GET /wp-login.php HTTP/1.1" 200 2035 "-" "Mozilla/5.0 (Macintosh; Intel Mac OS X 10_15_7) AppleWebKit/605.1.15 (KHTML, like Gecko) Version/18.3 Safari/605.1.15"
162.240.12.204 - - [30/May/2026:04:22:02 +0000] "POST /wp-login.php HTTP/1.1" 200 2193 "https://newfaith.focalat.com/wp-login.php" "Mozilla/5.0 (Macintosh; Intel Mac OS X 10_15_7) AppleWebKit/605.1.15 (KHTML, like Gecko) Version/18.3 Safari/605.1.15"
216.73.216.192 - - [30/May/2026:04:22:09 +0000] "GET /robots.txt HTTP/1.1" 200 80 "-" "Mozilla/5.0 AppleWebKit/537.36 (KHTML, like Gecko; compatible; ClaudeBot/1.0; +claudebot@anthropic.com)"
216.73.216.192 - - [30/May/2026:04:22:09 +0000] "GET /sitemap.xml HTTP/1.1" 404 3703 "-" "Mozilla/5.0 AppleWebKit/537.36 (KHTML, like Gecko; compatible; ClaudeBot/1.0; +claudebot@anthropic.com)"
82.223.24.195 - - [30/May/2026:04:23:05 +0000] "GET /wp-login.php HTTP/1.1" 200 1772 "-" "Mozilla/5.0 (X11; Linux i686) AppleWebKit/537.36 (KHTML, like Gecko) Chrome/133.0.0.0 Safari/537.36"
43.130.72.40 - - [30/May/2026:04:23:05 +0000] "GET /wp-content/uploads/2025/01/Eduscation-event-1536x708-1-600x277.webp HTTP/1.1" 200 34906 "-" "Mozilla/5.0 (iPhone; CPU iPhone OS 13_2_3 like Mac OS X) AppleWebKit/605.1.15 (KHTML, like Gecko) Version/13.0.3 Mobile/15E148 Safari/604.1"
82.223.24.195 - - [30/May/2026:04:23:09 +0000] "POST /wp-login.php HTTP/1.1" 200 1913 "https://vcstore.viitorcloud.co/wp-login.php" "Mozilla/5.0 (X11; Linux i686) AppleWebKit/537.36 (KHTML, like Gecko) Chrome/133.0.0.0 Safari/537.36"
134.209.147.209 - - [30/May/2026:04:23:27 +0000] "POST /wp-cron.php?doing_wp_cron=1780115007.0115139484405517578125 HTTP/1.1" 200 31 "-" "WordPress/6.9.1; https://stg.e-tdr.com"
49.12.3.147 - - [30/May/2026:04:23:27 +0000] "GET /wp-login.php HTTP/1.1" 200 2001 "-" "Mozilla/5.0 (Windows NT 10.0; Win64; x64; rv:133.0) Gecko/20100101 Firefox/133.0"
49.12.3.147 - - [30/May/2026:04:23:30 +0000] "POST /wp-login.php HTTP/1.1" 200 2132 "https://stg.e-tdr.com/wp-login.php" "Mozilla/5.0 (Windows NT 10.0; Win64; x64; rv:133.0) Gecko/20100101 Firefox/133.0"
104.23.175.94 - - [30/May/2026:04:23:34 +0000] "GET /wp-login.php HTTP/1.1" 499 0 "-" "Mozilla/5.0 (X11; Ubuntu; Linux x86_64) AppleWebKit/537.36 (KHTML, like Gecko) Chrome/133.0.0.0 Safari/537.36"
134.209.147.209 - - [30/May/2026:04:23:56 +0000] "POST /wp-cron.php?doing_wp_cron=1780115036.9728651046752929687500 HTTP/1.1" 200 31 "-" "WordPress/6.9.1; https://e-tdr.com"
192.178.8.99 - - [30/May/2026:04:23:56 +0000] "GET /.well-known/traffic-advice HTTP/1.1" 404 9965 "-" "Chrome Privacy Preserving Prefetch Proxy"
193.186.4.188 - - [30/May/2026:04:23:57 +0000] "GET / HTTP/1.1" 200 17669 "https://www.google.com/" "Mozilla/5.0 (Windows NT 10.0; Win64; x64) AppleWebKit/537.36 (KHTML, like Gecko) Chrome/148.0.0.0 Safari/537.36"
173.252.82.5 - - [30/May/2026:04:24:47 +0000] "GET /robots.txt HTTP/1.1" 404 146 "-" "facebookexternalhit/1.1 (+http://www.facebook.com/externalhit_uatext.php)"
43.153.54.14 - - [30/May/2026:04:25:02 +0000] "GET / HTTP/1.1" 400 248 "-" "Mozilla/5.0 (iPhone; CPU iPhone OS 13_2_3 like Mac OS X) AppleWebKit/605.1.15 (KHTML, like Gecko) Version/13.0.3 Mobile/15E148 Safari/604.1"
91.123.67.32 - - [30/May/2026:04:25:29 +0000] "GET / HTTP/1.1" 200 16746 "-" "Mozilla/5.0 (Windows NT 10.0; Win64; x64) AppleWebKit/537.36 (KHTML, like Gecko) Chrome/122.0.0.0 Safari/537.36"
5.45.84.175 - - [30/May/2026:04:25:31 +0000] "POST /xmlrpc.php HTTP/1.1" 200 567782 "-" "Mozilla/5.0 (Windows NT 10.0; Win64; x64) AppleWebKit/537.36 (KHTML, like Gecko) Chrome/119.0.0.0 Safari/537.36 Edg/119.0.0.0"
5.45.84.175 - - [30/May/2026:04:25:32 +0000] "POST /xmlrpc.php HTTP/1.1" 200 22949 "-" "Mozilla/5.0 (Windows NT 10.0; Win64; x64; rv:121.0) Gecko/20100101 Firefox/121.0"
5.45.84.175 - - [30/May/2026:04:25:32 +0000] "POST /xmlrpc.php HTTP/1.1" 200 189 "-" "Mozilla/5.0 (Windows NT 10.0; Win64; x64) AppleWebKit/537.36 (KHTML, like Gecko) Chrome/120.0.0.0 Safari/537.36"
5.45.84.175 - - [30/May/2026:04:25:39 +0000] "GET / HTTP/1.1" 200 88874 "-" "Mozilla/5.0 (Windows NT 10.0; Win64; x64) AppleWebKit/537.36"
91.123.67.32 - - [30/May/2026:04:25:50 +0000] "GET /?nocache=1780115149683_8ui0ht9b6o HTTP/1.1" 200 16760 "-" "Mozilla/5.0 (Windows NT 10.0; Win64; x64) AppleWebKit/537.36 (KHTML, like Gecko) Chrome/120.0.0.0 Safari/537.36"
63.178.84.147 - - [30/May/2026:04:26:02 +0000] "HEAD / HTTP/1.1" 301 0 "https://viitor.cloud" "Mozilla/5.0+(compatible; UptimeRobot/2.0; http://www.uptimerobot.com/)"
134.209.147.209 - - [30/May/2026:04:26:17 +0000] "POST /wp-cron.php?doing_wp_cron=1780115177.0523300170898437500000 HTTP/1.1" 200 31 "-" "WordPress/6.5.3; https://vcstore.stgviitor.com"
103.50.205.131 - - [30/May/2026:04:26:17 +0000] "GET /wp-login.php HTTP/1.1" 200 1829 "-" "Mozilla/5.0 (Macintosh; Intel Mac OS X 10_15_7) AppleWebKit/537.36 (KHTML, like Gecko) Chrome/133.0.0.0 Safari/537.36 Edg/133.0.0.0"
103.50.205.131 - - [30/May/2026:04:26:17 +0000] "POST /wp-login.php HTTP/1.1" 200 1999 "https://vcstore.stgviitor.com/wp-login.php" "Mozilla/5.0 (Macintosh; Intel Mac OS X 10_15_7) AppleWebKit/537.36 (KHTML, like Gecko) Chrome/133.0.0.0 Safari/537.36 Edg/133.0.0.0"
91.123.67.32 - - [30/May/2026:04:26:19 +0000] "GET / HTTP/1.1" 200 16760 "-" "Mozilla/5.0 (Macintosh; Intel Mac OS X 10_15_7) AppleWebKit/537.36 (KHTML, like Gecko) Chrome/121.0.0.0 Safari/537.36"
5.45.84.175 - - [30/May/2026:04:26:21 +0000] "POST /xmlrpc.php HTTP/1.1" 200 567958 "-" "Mozilla/5.0 (Windows NT 10.0; Win64; x64) AppleWebKit/537.36 (KHTML, like Gecko) Chrome/120.0.0.0 Safari/537.36"
5.45.84.175 - - [30/May/2026:04:26:22 +0000] "POST /xmlrpc.php HTTP/1.1" 200 23094 "-" "Mozilla/5.0 (Windows NT 10.0; Win64; x64) AppleWebKit/537.36 (KHTML, like Gecko) Chrome/120.0.0.0 Safari/537.36"
5.45.84.175 - - [30/May/2026:04:26:23 +0000] "POST /xmlrpc.php HTTP/1.1" 200 189 "-" "Mozilla/5.0 (Macintosh; Intel Mac OS X 10_15_7) AppleWebKit/537.36 (KHTML, like Gecko) Chrome/120.0.0.0 Safari/537.36"
5.45.84.175 - - [30/May/2026:04:26:25 +0000] "GET / HTTP/1.1" 200 88986 "-" "Mozilla/5.0 (Windows NT 10.0; Win64; x64) AppleWebKit/537.36"
91.123.67.32 - - [30/May/2026:04:26:36 +0000] "GET /?nocache=1780115196061_pmmclga91q8 HTTP/1.1" 200 16770 "-" "Mozilla/5.0 (Windows NT 10.0; Win64; x64) AppleWebKit/537.36 (KHTML, like Gecko) Chrome/120.0.0.0 Safari/537.36"
162.158.108.24 - - [30/May/2026:04:27:22 +0000] "GET /wp-login.php HTTP/1.1" 499 0 "-" "Mozilla/5.0 (Macintosh; Intel Mac OS X 10_15_7) AppleWebKit/537.36 (KHTML, like Gecko) Chrome/133.0.0.0 Safari/537.36 Edg/133.0.0.0"
104.23.175.95 - Trendygital.com [30/May/2026:04:27:38 +0000] "GET /wp-json/wp/v2/users/me HTTP/1.1" 499 0 "-" "Mozilla/5.0 (Macintosh; Intel Mac OS X 10_15_7) AppleWebKit/537.36 (KHTML, like Gecko) Chrome/133.0.0.0 Safari/537.36 Edg/133.0.0.0"
104.22.66.50 - - [30/May/2026:04:28:08 +0000] "GET / HTTP/1.1" 301 5 "-" "Mozilla/5.0 (Macintosh; Intel Mac OS X 10_9_5) AppleWebKit/537.36 (KHTML, like Gecko) Chrome/67.0.3396.87 Safari/537.36"
41.90.172.106 - - [30/May/2026:04:28:11 +0000] "GET / HTTP/1.1" 200 3801 "-" "Mozilla/5.0 (Macintosh; Intel Mac OS X 10_9_5) AppleWebKit/537.36 (KHTML, like Gecko) Chrome/67.0.3396.87 Safari/537.36"
77.83.39.94 - - [30/May/2026:04:28:23 +0000] "GET /.git/HEAD HTTP/1.1" 403 177 "-" "Mozilla/5.0 (Linux; Android 9; SM-G965U) AppleWebKit/537.36 (KHTML, like Gecko) Chrome/75.0.3770.101 Mobile Safari/537.36"
134.209.147.209 - - [30/May/2026:04:28:42 +0000] "POST /wp-cron.php?doing_wp_cron=1780115322.8087000846862792968750 HTTP/1.1" 200 31 "-" "WordPress/6.9.4; https://laracopilot.stgviitor.com"
164.92.211.134 - - [30/May/2026:04:28:42 +0000] "GET /wp-login.php HTTP/1.1" 200 2008 "-" "Mozilla/5.0 (X11; Linux x86_64) AppleWebKit/537.36 (KHTML, like Gecko) Chrome/133.0.0.0 Safari/537.36 Edg/133.0.0.0"
164.92.211.134 - - [30/May/2026:04:28:43 +0000] "POST /wp-login.php HTTP/1.1" 200 2149 "https://laracopilot.stgviitor.com/wp-login.php" "Mozilla/5.0 (X11; Linux x86_64) AppleWebKit/537.36 (KHTML, like Gecko) Chrome/133.0.0.0 Safari/537.36 Edg/133.0.0.0"
134.209.147.209 - - [30/May/2026:04:28:57 +0000] "GET /wp-content/plugins/lifeline-plugin/assets/data/font-awesome-5.json HTTP/1.1" 200 13009 "-" "WordPress/7.0; https://bharti-foundation.stgviitor.com"
134.209.147.209 - - [30/May/2026:04:28:57 +0000] "GET /wp-content/plugins/lifeline-plugin/assets/data/font-awesome-5.json HTTP/1.1" 200 13009 "-" "WordPress/7.0; https://bharti-foundation.stgviitor.com"
134.209.147.209 - - [30/May/2026:04:28:57 +0000] "GET /wp-content/plugins/lifeline-plugin/assets/json/social-profile.json HTTP/1.1" 200 4033 "-" "WordPress/7.0; https://bharti-foundation.stgviitor.com"
134.209.147.209 - - [30/May/2026:04:28:57 +0000] "GET /wp-content/plugins/lifeline-plugin/assets/data/font-awesome-5.json HTTP/1.1" 200 13009 "-" "WordPress/7.0; https://bharti-foundation.stgviitor.com"
134.209.147.209 - - [30/May/2026:04:28:57 +0000] "POST /wp-cron.php?doing_wp_cron=1780115337.6704070568084716796875 HTTP/1.1" 200 31 "-" "WordPress/7.0; https://bharti-foundation.stgviitor.com"
163.223.13.54 - - [30/May/2026:04:28:57 +0000] "GET /wp-login.php HTTP/1.1" 200 2045 "-" "Mozilla/5.0 (X11; Linux x86_64; rv:133.0) Gecko/20100101 Firefox/133.0"
134.209.147.209 - - [30/May/2026:04:28:57 +0000] "GET /wp-content/plugins/lifeline-plugin/assets/data/font-awesome-5.json HTTP/1.1" 200 13009 "-" "WordPress/7.0; https://bharti-foundation.stgviitor.com"
