201.186.24.209 - - [30/May/2026:02:49:27 +0000] "GET /wp-json/wp/v2/pages/5681 HTTP/1.1" 200 3091 "-" "Mozilla/5.0 (Windows NT 10.0; Win64; x64) AppleWebKit/537.36 (KHTML, like Gecko) Chrome/120.0.0.0 Safari/537.36"
201.186.24.209 - - [30/May/2026:02:49:28 +0000] "POST /xmlrpc.php HTTP/1.1" 200 139 "-" "Mozilla/5.0 (Windows NT 10.0; Win64; x64) AppleWebKit/537.36 (KHTML, like Gecko) Chrome/120.0.0.0 Safari/537.36"
47.31.83.57 - - [30/May/2026:02:49:29 +0000] "POST /xmlrpc.php HTTP/1.1" 200 415 "-" "WordPress.com; https://wordpress.com"
201.186.24.209 - - [30/May/2026:02:49:31 +0000] "GET /?page_id=5681 HTTP/1.1" 301 5 "-" "Mozilla/5.0 (Windows NT 10.0; Win64; x64) AppleWebKit/537.36 (KHTML, like Gecko) Chrome/120.0.0.0 Safari/537.36"
201.186.24.209 - - [30/May/2026:02:49:32 +0000] "GET / HTTP/1.1" 200 16943 "-" "Mozilla/5.0 (Windows NT 10.0; Win64; x64) AppleWebKit/537.36 (KHTML, like Gecko) Chrome/120.0.0.0 Safari/537.36"
47.31.83.57 - - [30/May/2026:02:49:39 +0000] "POST /xmlrpc.php HTTP/1.1" 200 415 "-" "WordPress.com; https://wordpress.com"
134.209.147.209 - - [30/May/2026:02:49:48 +0000] "POST /wp-cron.php?doing_wp_cron=1780109388.4166131019592285156250 HTTP/1.1" 200 31 "-" "WordPress/6.6.1; https://newfaith.focalat.com"
210.211.125.205 - - [30/May/2026:02:49:48 +0000] "GET /wp-login.php HTTP/1.1" 200 2035 "-" "Mozilla/5.0 (Windows NT 10.0; WOW64) AppleWebKit/537.36 (KHTML, like Gecko) Chrome/133.0.0.0 Safari/537.36"
47.31.83.57 - - [30/May/2026:02:49:49 +0000] "POST /xmlrpc.php HTTP/1.1" 200 415 "-" "Jetpack by WordPress.com (Jetpack 12.5; WordPress 6.1)"
210.211.125.205 - - [30/May/2026:02:49:50 +0000] "POST /wp-login.php HTTP/1.1" 200 2195 "https://newfaith.focalat.com/wp-login.php" "Mozilla/5.0 (Windows NT 10.0; WOW64) AppleWebKit/537.36 (KHTML, like Gecko) Chrome/133.0.0.0 Safari/537.36"
134.209.147.209 - - [30/May/2026:02:49:57 +0000] "POST /wp-cron.php?doing_wp_cron=1780109397.3626739978790283203125 HTTP/1.1" 200 31 "-" "WordPress/6.5.3; https://vcstore.stgviitor.com"
79.116.52.1 - - [30/May/2026:02:49:57 +0000] "GET /wp-login.php HTTP/1.1" 200 1829 "-" "Mozilla/5.0 (X11; Ubuntu; Linux x86_64) AppleWebKit/537.36 (KHTML, like Gecko) Chrome/133.0.0.0 Safari/537.36"
47.31.83.57 - - [30/May/2026:02:49:59 +0000] "POST /xmlrpc.php HTTP/1.1" 200 415 "-" "Jetpack by WordPress.com (Jetpack 12.1; WordPress 6.2)"
79.116.52.1 - - [30/May/2026:02:50:03 +0000] "POST /wp-login.php HTTP/1.1" 200 1991 "https://vcstore.stgviitor.com/wp-login.php" "Mozilla/5.0 (X11; Ubuntu; Linux x86_64) AppleWebKit/537.36 (KHTML, like Gecko) Chrome/133.0.0.0 Safari/537.36"
47.31.83.57 - - [30/May/2026:02:50:10 +0000] "POST /xmlrpc.php HTTP/1.1" 200 415 "-" "WordPress.com; https://wordpress.com"
134.209.147.209 - - [30/May/2026:02:50:20 +0000] "POST /wp-cron.php?doing_wp_cron=1780109420.5026569366455078125000 HTTP/1.1" 200 31 "-" "WordPress/6.9.1; https://e-tdr.com"
47.31.83.57 - - [30/May/2026:02:50:20 +0000] "POST /xmlrpc.php HTTP/1.1" 200 415 "-" "Jetpack by WordPress.com"
134.209.147.209 - - [30/May/2026:02:50:27 +0000] "GET /wp-content/plugins/lifeline-plugin/assets/data/font-awesome-5.json HTTP/1.1" 200 13009 "-" "WordPress/7.0; https://bharti-foundation.stgviitor.com"
134.209.147.209 - - [30/May/2026:02:50:27 +0000] "GET /wp-content/plugins/lifeline-plugin/assets/data/font-awesome-5.json HTTP/1.1" 200 13009 "-" "WordPress/7.0; https://bharti-foundation.stgviitor.com"
134.209.147.209 - - [30/May/2026:02:50:28 +0000] "GET /wp-content/plugins/lifeline-plugin/assets/json/social-profile.json HTTP/1.1" 200 4033 "-" "WordPress/7.0; https://bharti-foundation.stgviitor.com"
134.209.147.209 - - [30/May/2026:02:50:28 +0000] "GET /wp-content/plugins/lifeline-plugin/assets/data/font-awesome-5.json HTTP/1.1" 200 13009 "-" "WordPress/7.0; https://bharti-foundation.stgviitor.com"
134.209.147.209 - - [30/May/2026:02:50:28 +0000] "POST /wp-cron.php?doing_wp_cron=1780109428.2021219730377197265625 HTTP/1.1" 200 31 "-" "WordPress/7.0; https://bharti-foundation.stgviitor.com"
176.95.46.127 - - [30/May/2026:02:50:28 +0000] "GET /wp-login.php HTTP/1.1" 200 2045 "-" "Mozilla/5.0 (Macintosh; Intel Mac OS X 10_15_7) AppleWebKit/605.1.15 (KHTML, like Gecko) Version/18.3 Safari/605.1.15"
134.209.147.209 - - [30/May/2026:02:50:28 +0000] "GET /wp-content/plugins/lifeline-plugin/assets/data/font-awesome-5.json HTTP/1.1" 200 13009 "-" "WordPress/7.0; https://bharti-foundation.stgviitor.com"
134.209.147.209 - - [30/May/2026:02:50:28 +0000] "GET /wp-content/plugins/lifeline-plugin/assets/data/font-awesome-5.json HTTP/1.1" 200 13009 "-" "WordPress/7.0; https://bharti-foundation.stgviitor.com"
134.209.147.209 - - [30/May/2026:02:50:28 +0000] "GET /wp-content/plugins/lifeline-plugin/assets/json/social-profile.json HTTP/1.1" 200 4033 "-" "WordPress/7.0; https://bharti-foundation.stgviitor.com"
134.209.147.209 - - [30/May/2026:02:50:28 +0000] "GET /wp-content/plugins/lifeline-plugin/assets/data/font-awesome-5.json HTTP/1.1" 200 13009 "-" "WordPress/7.0; https://bharti-foundation.stgviitor.com"
47.31.83.57 - - [30/May/2026:02:50:30 +0000] "POST /xmlrpc.php HTTP/1.1" 200 415 "-" "Jetpack by WordPress.com (Jetpack 12.0; WordPress 6.1)"
134.209.147.209 - - [30/May/2026:02:50:31 +0000] "GET /wp-content/plugins/lifeline-plugin/assets/data/font-awesome-5.json HTTP/1.1" 200 13009 "-" "WordPress/7.0; https://bharti-foundation.stgviitor.com"
134.209.147.209 - - [30/May/2026:02:50:31 +0000] "GET /wp-content/plugins/lifeline-plugin/assets/data/font-awesome-5.json HTTP/1.1" 200 13009 "-" "WordPress/7.0; https://bharti-foundation.stgviitor.com"
134.209.147.209 - - [30/May/2026:02:50:31 +0000] "GET /wp-content/plugins/lifeline-plugin/assets/json/social-profile.json HTTP/1.1" 200 4033 "-" "WordPress/7.0; https://bharti-foundation.stgviitor.com"
134.209.147.209 - - [30/May/2026:02:50:31 +0000] "GET /wp-content/plugins/lifeline-plugin/assets/data/font-awesome-5.json HTTP/1.1" 200 13009 "-" "WordPress/7.0; https://bharti-foundation.stgviitor.com"
176.95.46.127 - - [30/May/2026:02:50:32 +0000] "POST /wp-login.php HTTP/1.1" 200 2182 "https://bharti-foundation.stgviitor.com/wp-login.php" "Mozilla/5.0 (Macintosh; Intel Mac OS X 10_15_7) AppleWebKit/605.1.15 (KHTML, like Gecko) Version/18.3 Safari/605.1.15"
47.31.83.57 - - [30/May/2026:02:50:41 +0000] "POST /xmlrpc.php HTTP/1.1" 200 415 "-" "Jetpack by WordPress.com (Jetpack 12.1; WordPress 6.4)"
47.31.83.57 - - [30/May/2026:02:50:51 +0000] "POST /xmlrpc.php HTTP/1.1" 200 415 "-" "Jetpack by WordPress.com"
47.31.83.57 - - [30/May/2026:02:51:01 +0000] "POST /xmlrpc.php HTTP/1.1" 200 415 "-" "WordPress.com; https://wordpress.com"
134.209.147.209 - - [30/May/2026:02:51:11 +0000] "POST /wp-cron.php?doing_wp_cron=1780109471.8801710605621337890625 HTTP/1.1" 200 31 "-" "WordPress/6.9.1; https://e-tdr.com"
47.31.83.57 - - [30/May/2026:02:51:11 +0000] "POST /xmlrpc.php HTTP/1.1" 200 415 "-" "Jetpack by WordPress.com"
176.95.46.127 - - [30/May/2026:02:51:14 +0000] "GET /wp-login.php HTTP/1.1" 200 1772 "-" "Mozilla/5.0 (Windows NT 10.0; Win64; x64; rv:133.0) Gecko/20100101 Firefox/133.0"
176.95.46.127 - - [30/May/2026:02:51:19 +0000] "POST /wp-login.php HTTP/1.1" 200 1913 "https://vcstore.viitorcloud.co/wp-login.php" "Mozilla/5.0 (Windows NT 10.0; Win64; x64; rv:133.0) Gecko/20100101 Firefox/133.0"
47.31.83.57 - - [30/May/2026:02:51:22 +0000] "POST /xmlrpc.php HTTP/1.1" 200 415 "-" "Jetpack/12.5; WordPress/6.4; http://site92542321.com"
34.197.140.5 - - [30/May/2026:02:51:25 +0000] "GET / HTTP/1.1" 301 162 "-" "Mozilla/5.0 (Macintosh; Intel Mac OS X 10.15; rv:121.0) Gecko/20100101 Firefox/121.0"
47.31.83.57 - - [30/May/2026:02:51:32 +0000] "POST /xmlrpc.php HTTP/1.1" 200 415 "-" "WordPress.com; https://wordpress.com"
47.31.83.57 - - [30/May/2026:02:51:42 +0000] "POST /xmlrpc.php HTTP/1.1" 200 415 "-" "Jetpack/12.0; WordPress/6.3; http://site37825780.com"
66.228.53.78 - - [30/May/2026:02:51:43 +0000] "GET / HTTP/1.1" 200 3133 "-" "Mozilla/5.0 (Macintosh; Intel Mac OS X 13_1) AppleWebKit/537.36 (KHTML, like Gecko) Chrome/108.0.0.0 Safari/537.36"
162.158.106.143 - - [30/May/2026:02:51:52 +0000] "GET /wp-login.php HTTP/1.1" 200 1772 "-" "Mozilla/5.0 (X11; Linux x86_64) AppleWebKit/537.36 (KHTML, like Gecko) Chrome/133.0.0.0 Safari/537.36"
47.31.83.57 - - [30/May/2026:02:51:53 +0000] "POST /xmlrpc.php HTTP/1.1" 200 415 "-" "Jetpack/12.0; WordPress/6.1; http://site68748264.com"
66.249.73.101 - - [30/May/2026:02:51:58 +0000] "GET /gokkasten-zonder-cruks-veilig-en-anoniem-gokken-op-het-internet/ HTTP/1.1" 200 18381 "-" "Mozilla/5.0 (Linux; Android 6.0.1; Nexus 5X Build/MMB29P) AppleWebKit/537.36 (KHTML, like Gecko) Chrome/148.0.7778.96 Mobile Safari/537.36 (compatible; Googlebot/2.1; +http://www.google.com/bot.html)"
47.31.83.57 - - [30/May/2026:02:52:03 +0000] "POST /xmlrpc.php HTTP/1.1" 200 415 "-" "Jetpack/12.1; WordPress/6.1; http://site86262444.com"
134.209.147.209 - - [30/May/2026:02:52:13 +0000] "POST /wp-cron.php?doing_wp_cron=1780109533.6281750202178955078125 HTTP/1.1" 200 31 "-" "WordPress/6.9.1; https://e-tdr.com"
47.31.83.57 - - [30/May/2026:02:52:13 +0000] "POST /xmlrpc.php HTTP/1.1" 200 415 "-" "Jetpack by WordPress.com"
47.31.83.57 - - [30/May/2026:02:52:23 +0000] "POST /xmlrpc.php HTTP/1.1" 200 415 "-" "Jetpack by WordPress.com"
84.242.58.141 - - [30/May/2026:02:52:32 +0000] "GET / HTTP/1.1" 200 15650 "-" "Mozilla/5.0 (Windows NT 10.0; Win64; x64) AppleWebKit/537.36 (KHTML, like Gecko) Chrome/120.0.0.0 Safari/537.36"
84.242.58.141 - - [30/May/2026:02:52:33 +0000] "GET /wp-login.php HTTP/1.1" 200 1857 "-" "Mozilla/5.0 (Windows NT 10.0; Win64; x64) AppleWebKit/537.36 (KHTML, like Gecko) Chrome/120.0.0.0 Safari/537.36"
84.242.58.141 - - [30/May/2026:02:52:33 +0000] "POST /wp-login.php HTTP/1.1" 302 5 "https://stg.everycred.com/wp-login.php" "Mozilla/5.0 (Windows NT 10.0; Win64; x64) AppleWebKit/537.36 (KHTML, like Gecko) Chrome/120.0.0.0 Safari/537.36"
84.242.58.141 - - [30/May/2026:02:52:34 +0000] "GET /wp-admin/ HTTP/1.1" 200 19467 "https://stg.everycred.com/wp-login.php" "Mozilla/5.0 (Windows NT 10.0; Win64; x64) AppleWebKit/537.36 (KHTML, like Gecko) Chrome/120.0.0.0 Safari/537.36"
47.31.83.57 - - [30/May/2026:02:52:34 +0000] "POST /xmlrpc.php HTTP/1.1" 200 415 "-" "Jetpack/12.1; WordPress/6.1; http://site29265066.com"
102.66.135.189 - - [30/May/2026:02:52:36 +0000] "GET /wp-admin/ HTTP/1.1" 200 19467 "-" "Mozilla/5.0 (Windows NT 10.0; Win64; x64) AppleWebKit/537.36 (KHTML, like Gecko) Chrome/120.0.0.0 Safari/537.36"
102.66.135.189 - - [30/May/2026:02:52:38 +0000] "GET /wp-admin/post-new.php HTTP/1.1" 200 89985 "-" "Mozilla/5.0 (Windows NT 10.0; Win64; x64) AppleWebKit/537.36 (KHTML, like Gecko) Chrome/120.0.0.0 Safari/537.36"
102.66.135.189 - - [30/May/2026:02:52:40 +0000] "POST /xmlrpc.php HTTP/1.1" 200 275 "-" "WordPress/5.0; https://stg.everycred.com"
102.66.135.189 - - [30/May/2026:02:52:40 +0000] "GET /wp-admin/admin-ajax.php?action=rest-nonce HTTP/1.1" 200 41 "-" "Mozilla/5.0 (Windows NT 10.0; Win64; x64) AppleWebKit/537.36 (KHTML, like Gecko) Chrome/120.0.0.0 Safari/537.36"
102.66.135.189 - - [30/May/2026:02:52:41 +0000] "GET /wp-json/wp/v2/plugins HTTP/1.1" 200 1871 "-" "Mozilla/5.0 (Windows NT 10.0; Win64; x64) AppleWebKit/537.36 (KHTML, like Gecko) Chrome/120.0.0.0 Safari/537.36"
102.66.135.189 - - [30/May/2026:02:52:42 +0000] "GET /wp-json/wp/v2/settings HTTP/1.1" 200 302 "-" "Mozilla/5.0 (Windows NT 10.0; Win64; x64) AppleWebKit/537.36 (KHTML, like Gecko) Chrome/120.0.0.0 Safari/537.36"
102.66.135.189 - - [30/May/2026:02:52:42 +0000] "GET /wp-json/wp/v2/pages/5681 HTTP/1.1" 200 3116 "-" "Mozilla/5.0 (Windows NT 10.0; Win64; x64) AppleWebKit/537.36 (KHTML, like Gecko) Chrome/120.0.0.0 Safari/537.36"
102.66.135.189 - - [30/May/2026:02:52:43 +0000] "POST /xmlrpc.php HTTP/1.1" 200 139 "-" "Mozilla/5.0 (Windows NT 10.0; Win64; x64) AppleWebKit/537.36 (KHTML, like Gecko) Chrome/120.0.0.0 Safari/537.36"
47.31.83.57 - - [30/May/2026:02:52:44 +0000] "POST /xmlrpc.php HTTP/1.1" 200 415 "-" "WordPress.com; https://wordpress.com"
102.66.135.189 - - [30/May/2026:02:52:46 +0000] "GET /?page_id=5681 HTTP/1.1" 301 5 "-" "Mozilla/5.0 (Windows NT 10.0; Win64; x64) AppleWebKit/537.36 (KHTML, like Gecko) Chrome/120.0.0.0 Safari/537.36"
102.66.135.189 - - [30/May/2026:02:52:47 +0000] "GET / HTTP/1.1" 200 17006 "-" "Mozilla/5.0 (Windows NT 10.0; Win64; x64) AppleWebKit/537.36 (KHTML, like Gecko) Chrome/120.0.0.0 Safari/537.36"
134.209.147.209 - - [30/May/2026:02:52:54 +0000] "POST /wp-cron.php?doing_wp_cron=1780109574.1846311092376708984375 HTTP/1.1" 200 31 "-" "WordPress/6.5.3; https://vcstore.stgviitor.com"
176.95.46.127 - - [30/May/2026:02:52:54 +0000] "GET /wp-login.php HTTP/1.1" 200 1829 "-" "Mozilla/5.0 (Windows NT 10.0; WOW64) AppleWebKit/537.36 (KHTML, like Gecko) Chrome/133.0.0.0 Safari/537.36"
47.31.83.57 - - [30/May/2026:02:52:54 +0000] "POST /xmlrpc.php HTTP/1.1" 200 415 "-" "Jetpack by WordPress.com"
176.95.46.127 - - [30/May/2026:02:52:57 +0000] "POST /wp-login.php HTTP/1.1" 200 1968 "https://vcstore.stgviitor.com/wp-login.php" "Mozilla/5.0 (Windows NT 10.0; WOW64) AppleWebKit/537.36 (KHTML, like Gecko) Chrome/133.0.0.0 Safari/537.36"
47.31.83.57 - - [30/May/2026:02:53:05 +0000] "POST /xmlrpc.php HTTP/1.1" 200 415 "-" "Jetpack by WordPress.com (Jetpack 12.1; WordPress 6.1)"
134.209.147.209 - - [30/May/2026:02:53:06 +0000] "POST /wp-cron.php?doing_wp_cron=1780109586.0086679458618164062500 HTTP/1.1" 200 31 "-" "WordPress/6.9.4; https://laracopilot.stgviitor.com"
87.106.67.224 - - [30/May/2026:02:53:06 +0000] "GET /wp-login.php HTTP/1.1" 200 2008 "-" "Mozilla/5.0 (Windows NT 10.0; WOW64) AppleWebKit/537.36 (KHTML, like Gecko) Chrome/133.0.0.0 Safari/537.36"
134.209.147.209 - - [30/May/2026:02:53:15 +0000] "POST /wp-cron.php?doing_wp_cron=1780109595.4134728908538818359375 HTTP/1.1" 200 31 "-" "WordPress/6.9.1; https://e-tdr.com"
47.31.83.57 - - [30/May/2026:02:53:15 +0000] "POST /xmlrpc.php HTTP/1.1" 200 415 "-" "Jetpack/13.0; WordPress/6.2; http://site97926881.com"
87.106.67.224 - - [30/May/2026:02:53:18 +0000] "POST /wp-login.php HTTP/1.1" 200 2138 "https://laracopilot.stgviitor.com/wp-login.php" "Mozilla/5.0 (Windows NT 10.0; WOW64) AppleWebKit/537.36 (KHTML, like Gecko) Chrome/133.0.0.0 Safari/537.36"
47.31.83.57 - - [30/May/2026:02:53:25 +0000] "POST /xmlrpc.php HTTP/1.1" 200 415 "-" "WordPress.com; https://wordpress.com"
47.31.83.57 - - [30/May/2026:02:53:35 +0000] "POST /xmlrpc.php HTTP/1.1" 200 415 "-" "Jetpack by WordPress.com (Jetpack 12.1; WordPress 6.3)"
47.31.83.57 - - [30/May/2026:02:53:46 +0000] "POST /xmlrpc.php HTTP/1.1" 200 415 "-" "WordPress.com; https://wordpress.com"
47.31.83.57 - - [30/May/2026:02:53:56 +0000] "POST /xmlrpc.php HTTP/1.1" 200 415 "-" "Jetpack by WordPress.com"
47.31.83.57 - - [30/May/2026:02:54:06 +0000] "POST /xmlrpc.php HTTP/1.1" 200 415 "-" "Jetpack by WordPress.com"
134.209.147.209 - - [30/May/2026:02:54:17 +0000] "POST /wp-cron.php?doing_wp_cron=1780109657.1482369899749755859375 HTTP/1.1" 200 31 "-" "WordPress/6.9.1; https://e-tdr.com"
47.31.83.57 - - [30/May/2026:02:54:17 +0000] "POST /xmlrpc.php HTTP/1.1" 200 415 "-" "Jetpack by WordPress.com"
47.31.83.57 - - [30/May/2026:02:54:27 +0000] "POST /xmlrpc.php HTTP/1.1" 200 415 "-" "Jetpack/12.1; WordPress/6.1; http://site64526346.com"
52.28.162.93 - - [30/May/2026:02:54:28 +0000] "HEAD / HTTP/1.1" 301 0 "https://viitor.cloud" "Mozilla/5.0+(compatible; UptimeRobot/2.0; http://www.uptimerobot.com/)"
47.31.83.57 - - [30/May/2026:02:54:37 +0000] "POST /xmlrpc.php HTTP/1.1" 200 415 "-" "Jetpack/12.5; WordPress/6.3; http://site97234928.com"
146.190.134.221 - - [30/May/2026:02:54:45 +0000] "\x05\x00\x0B\x03\x10\x00\x00\x00H\x00\x00\x00\x01\x00\x00\x00\xB8\x10\xB8\x10\x00\x00\x00\x00\x01\x00\x00\x00\x00\x00\x01\x00\x08\x83\xAF\xE1\x1F]\xC9\x11\x91\xA4\x08\x00+\x14\xA0\xFA\x03\x00\x00\x00\x04]\x88\x8A\xEB\x1C\xC9\x11\x9F\xE8\x08\x00+\x10H`\x02\x00\x00\x00" 400 150 "-" "-"
118.88.24.31 - - [30/May/2026:02:54:45 +0000] "GET /.well-known/acme-challenge/T6O0PCPH5DLUCHH3N2-6X-I9AIMKW4KQ HTTP/1.1" 301 162 "-" "Cpanel-HTTP-Client/1.0"
118.88.24.31 - - [30/May/2026:02:54:46 +0000] "GET /.well-known/acme-challenge/T6O0PCPH5DLUCHH3N2-6X-I9AIMKW4KQ HTTP/1.1" 404 146 "-" "Cpanel-HTTP-Client/1.0"
47.31.83.57 - - [30/May/2026:02:54:47 +0000] "POST /xmlrpc.php HTTP/1.1" 200 415 "-" "Jetpack/13.0; WordPress/6.2; http://site97201531.com"
47.31.83.57 - - [30/May/2026:02:54:58 +0000] "POST /xmlrpc.php HTTP/1.1" 200 415 "-" "Jetpack by WordPress.com (Jetpack 12.0; WordPress 6.3)"
47.31.83.57 - - [30/May/2026:02:55:08 +0000] "POST /xmlrpc.php HTTP/1.1" 200 415 "-" "Jetpack by WordPress.com"
134.209.147.209 - - [30/May/2026:02:55:18 +0000] "POST /wp-cron.php?doing_wp_cron=1780109718.8310110569000244140625 HTTP/1.1" 200 31 "-" "WordPress/6.9.1; https://e-tdr.com"
47.31.83.57 - - [30/May/2026:02:55:18 +0000] "POST /xmlrpc.php HTTP/1.1" 200 415 "-" "Jetpack by WordPress.com"
47.31.83.57 - - [30/May/2026:02:55:29 +0000] "POST /xmlrpc.php HTTP/1.1" 200 415 "-" "WordPress.com; https://wordpress.com"
47.31.83.57 - - [30/May/2026:02:55:39 +0000] "POST /xmlrpc.php HTTP/1.1" 200 415 "-" "WordPress.com; https://wordpress.com"
38.131.70.136 - - [30/May/2026:02:55:46 +0000] "GET / HTTP/1.1" 200 15683 "-" "Mozilla/5.0 (Windows NT 10.0; Win64; x64) AppleWebKit/537.36 (KHTML, like Gecko) Chrome/120.0.0.0 Safari/537.36"
38.131.70.136 - - [30/May/2026:02:55:47 +0000] "GET /wp-login.php HTTP/1.1" 200 1857 "-" "Mozilla/5.0 (Windows NT 10.0; Win64; x64) AppleWebKit/537.36 (KHTML, like Gecko) Chrome/120.0.0.0 Safari/537.36"
38.131.70.136 - - [30/May/2026:02:55:48 +0000] "POST /wp-login.php HTTP/1.1" 302 5 "https://stg.everycred.com/wp-login.php" "Mozilla/5.0 (Windows NT 10.0; Win64; x64) AppleWebKit/537.36 (KHTML, like Gecko) Chrome/120.0.0.0 Safari/537.36"
38.131.70.136 - - [30/May/2026:02:55:48 +0000] "GET /wp-admin/ HTTP/1.1" 200 19462 "https://stg.everycred.com/wp-login.php" "Mozilla/5.0 (Windows NT 10.0; Win64; x64) AppleWebKit/537.36 (KHTML, like Gecko) Chrome/120.0.0.0 Safari/537.36"
47.31.83.57 - - [30/May/2026:02:55:49 +0000] "POST /xmlrpc.php HTTP/1.1" 200 415 "-" "Jetpack by WordPress.com (Jetpack 12.5; WordPress 6.2)"
186.119.12.23 - - [30/May/2026:02:55:51 +0000] "GET /wp-admin/ HTTP/1.1" 200 19462 "-" "Mozilla/5.0 (Windows NT 10.0; Win64; x64) AppleWebKit/537.36 (KHTML, like Gecko) Chrome/120.0.0.0 Safari/537.36"
186.119.12.23 - - [30/May/2026:02:55:53 +0000] "GET /wp-admin/post-new.php HTTP/1.1" 200 89974 "-" "Mozilla/5.0 (Windows NT 10.0; Win64; x64) AppleWebKit/537.36 (KHTML, like Gecko) Chrome/120.0.0.0 Safari/537.36"
186.119.12.23 - - [30/May/2026:02:55:54 +0000] "POST /xmlrpc.php HTTP/1.1" 200 275 "-" "WordPress/5.0; https://stg.everycred.com"
186.119.12.23 - - [30/May/2026:02:55:55 +0000] "GET /wp-admin/admin-ajax.php?action=rest-nonce HTTP/1.1" 200 41 "-" "Mozilla/5.0 (Windows NT 10.0; Win64; x64) AppleWebKit/537.36 (KHTML, like Gecko) Chrome/120.0.0.0 Safari/537.36"
186.119.12.23 - - [30/May/2026:02:55:56 +0000] "GET /wp-json/wp/v2/plugins HTTP/1.1" 200 1871 "-" "Mozilla/5.0 (Windows NT 10.0; Win64; x64) AppleWebKit/537.36 (KHTML, like Gecko) Chrome/120.0.0.0 Safari/537.36"
186.119.12.23 - - [30/May/2026:02:55:56 +0000] "GET /wp-json/wp/v2/settings HTTP/1.1" 200 302 "-" "Mozilla/5.0 (Windows NT 10.0; Win64; x64) AppleWebKit/537.36 (KHTML, like Gecko) Chrome/120.0.0.0 Safari/537.36"
186.119.12.23 - - [30/May/2026:02:55:57 +0000] "GET /wp-json/wp/v2/pages/5681 HTTP/1.1" 200 3146 "-" "Mozilla/5.0 (Windows NT 10.0; Win64; x64) AppleWebKit/537.36 (KHTML, like Gecko) Chrome/120.0.0.0 Safari/537.36"
186.119.12.23 - - [30/May/2026:02:55:58 +0000] "POST /xmlrpc.php HTTP/1.1" 200 139 "-" "Mozilla/5.0 (Windows NT 10.0; Win64; x64) AppleWebKit/537.36 (KHTML, like Gecko) Chrome/120.0.0.0 Safari/537.36"
47.31.83.57 - - [30/May/2026:02:55:59 +0000] "POST /xmlrpc.php HTTP/1.1" 200 415 "-" "WordPress.com; https://wordpress.com"
186.119.12.23 - - [30/May/2026:02:56:01 +0000] "GET /?page_id=5681 HTTP/1.1" 301 5 "-" "Mozilla/5.0 (Windows NT 10.0; Win64; x64) AppleWebKit/537.36 (KHTML, like Gecko) Chrome/120.0.0.0 Safari/537.36"
186.119.12.23 - - [30/May/2026:02:56:02 +0000] "GET / HTTP/1.1" 200 17060 "-" "Mozilla/5.0 (Windows NT 10.0; Win64; x64) AppleWebKit/537.36 (KHTML, like Gecko) Chrome/120.0.0.0 Safari/537.36"
47.31.83.57 - - [30/May/2026:02:56:10 +0000] "POST /xmlrpc.php HTTP/1.1" 200 415 "-" "Jetpack by WordPress.com (Jetpack 12.5; WordPress 6.3)"
134.209.147.209 - - [30/May/2026:02:56:20 +0000] "POST /wp-cron.php?doing_wp_cron=1780109780.5218091011047363281250 HTTP/1.1" 200 31 "-" "WordPress/6.9.1; https://e-tdr.com"
47.31.83.57 - - [30/May/2026:02:56:20 +0000] "POST /xmlrpc.php HTTP/1.1" 200 415 "-" "Jetpack/12.5; WordPress/6.3; http://site12159483.com"
47.31.83.57 - - [30/May/2026:02:56:30 +0000] "POST /xmlrpc.php HTTP/1.1" 200 415 "-" "Jetpack/12.5; WordPress/6.2; http://site13159410.com"
47.31.83.57 - - [30/May/2026:02:56:41 +0000] "POST /xmlrpc.php HTTP/1.1" 200 415 "-" "Jetpack/12.1; WordPress/6.3; http://site85067136.com"
47.31.83.57 - - [30/May/2026:02:56:51 +0000] "POST /xmlrpc.php HTTP/1.1" 200 415 "-" "Jetpack/13.0; WordPress/6.1; http://site89605688.com"
134.209.147.209 - - [30/May/2026:02:56:57 +0000] "POST /wp-cron.php?doing_wp_cron=1780109817.1367468833923339843750 HTTP/1.1" 200 31 "-" "WordPress/6.9.4; https://laracopilot.stgviitor.com"
49.12.3.147 - - [30/May/2026:02:56:57 +0000] "GET /wp-login.php HTTP/1.1" 200 2008 "-" "Mozilla/5.0 (X11; Linux x86_64; rv:133.0) Gecko/20100101 Firefox/133.0"
49.12.3.147 - - [30/May/2026:02:57:00 +0000] "POST /wp-login.php HTTP/1.1" 200 2149 "https://laracopilot.stgviitor.com/wp-login.php" "Mozilla/5.0 (X11; Linux x86_64; rv:133.0) Gecko/20100101 Firefox/133.0"
47.31.83.57 - - [30/May/2026:02:57:01 +0000] "POST /xmlrpc.php HTTP/1.1" 200 415 "-" "Jetpack by WordPress.com"
134.209.147.209 - - [30/May/2026:02:57:11 +0000] "POST /wp-cron.php?doing_wp_cron=1780109831.9185740947723388671875 HTTP/1.1" 200 31 "-" "WordPress/6.9.1; https://e-tdr.com"
47.31.83.57 - - [30/May/2026:02:57:11 +0000] "POST /xmlrpc.php HTTP/1.1" 200 415 "-" "Jetpack/12.5; WordPress/6.1; http://site23868245.com"
47.31.83.57 - - [30/May/2026:02:57:22 +0000] "POST /xmlrpc.php HTTP/1.1" 200 415 "-" "Jetpack by WordPress.com"
134.209.147.209 - - [30/May/2026:02:57:23 +0000] "POST /wp-cron.php?doing_wp_cron=1780109843.8826169967651367187500 HTTP/1.1" 200 31 "-" "WordPress/6.5.3; https://vcstore.stgviitor.com"
82.223.24.195 - - [30/May/2026:02:57:23 +0000] "GET /wp-login.php HTTP/1.1" 200 1829 "-" "Mozilla/5.0 (Macintosh; Intel Mac OS X 14_7_4) AppleWebKit/537.36 (KHTML, like Gecko) Chrome/133.0.0.0 Safari/537.36"
82.223.24.195 - - [30/May/2026:02:57:28 +0000] "POST /wp-login.php HTTP/1.1" 200 1991 "https://vcstore.stgviitor.com/wp-login.php" "Mozilla/5.0 (Macintosh; Intel Mac OS X 14_7_4) AppleWebKit/537.36 (KHTML, like Gecko) Chrome/133.0.0.0 Safari/537.36"
47.31.83.57 - - [30/May/2026:02:57:32 +0000] "POST /xmlrpc.php HTTP/1.1" 200 415 "-" "Jetpack by WordPress.com (Jetpack 12.1; WordPress 6.4)"
47.31.83.57 - - [30/May/2026:02:57:42 +0000] "POST /xmlrpc.php HTTP/1.1" 200 415 "-" "WordPress.com; https://wordpress.com"
47.31.83.57 - - [30/May/2026:02:57:53 +0000] "POST /xmlrpc.php HTTP/1.1" 200 415 "-" "Jetpack by WordPress.com (Jetpack 12.5; WordPress 6.3)"
43.128.104.75 - - [30/May/2026:02:57:55 +0000] "GET / HTTP/1.1" 301 162 "-" "Mozilla/5.0 (iPhone; CPU iPhone OS 13_2_3 like Mac OS X) AppleWebKit/605.1.15 (KHTML, like Gecko) Version/13.0.3 Mobile/15E148 Safari/604.1"
43.155.129.131 - - [30/May/2026:02:57:57 +0000] "GET / HTTP/1.1" 200 3133 "-" "Mozilla/5.0 (iPhone; CPU iPhone OS 13_2_3 like Mac OS X) AppleWebKit/605.1.15 (KHTML, like Gecko) Version/13.0.3 Mobile/15E148 Safari/604.1"
134.209.147.209 - - [30/May/2026:02:57:58 +0000] "POST /wp-cron.php?doing_wp_cron=1780109878.8751370906829833984375 HTTP/1.1" 200 31 "-" "WordPress/6.9.4; https://laracopilot.stgviitor.com"
123.30.233.12 - - [30/May/2026:02:57:58 +0000] "GET /wp-login.php HTTP/1.1" 200 2008 "-" "Mozilla/5.0 (X11; Linux x86_64) AppleWebKit/537.36 (KHTML, like Gecko) Chrome/133.0.0.0 Safari/537.36"
123.30.233.12 - - [30/May/2026:02:57:59 +0000] "POST /wp-login.php HTTP/1.1" 200 2138 "https://laracopilot.stgviitor.com/wp-login.php" "Mozilla/5.0 (X11; Linux x86_64) AppleWebKit/537.36 (KHTML, like Gecko) Chrome/133.0.0.0 Safari/537.36"
47.31.83.57 - - [30/May/2026:02:58:03 +0000] "POST /xmlrpc.php HTTP/1.1" 200 415 "-" "Jetpack by WordPress.com"
134.209.147.209 - - [30/May/2026:02:58:13 +0000] "POST /wp-cron.php?doing_wp_cron=1780109893.6851880550384521484375 HTTP/1.1" 200 31 "-" "WordPress/6.9.1; https://e-tdr.com"
47.31.83.57 - - [30/May/2026:02:58:13 +0000] "POST /xmlrpc.php HTTP/1.1" 200 415 "-" "WordPress.com; https://wordpress.com"
47.31.83.57 - - [30/May/2026:02:58:23 +0000] "POST /xmlrpc.php HTTP/1.1" 200 415 "-" "WordPress.com; https://wordpress.com"
134.209.147.209 - - [30/May/2026:02:58:29 +0000] "POST /wp-cron.php?doing_wp_cron=1780109909.7865469455718994140625 HTTP/1.1" 200 31 "-" "WordPress/6.9.4; https://laracopilot.stgviitor.com"
141.98.11.117 - - [30/May/2026:02:58:29 +0000] "GET /wp-login.php HTTP/1.1" 200 2008 "-" "Mozilla/5.0 (X11; CrOS x86_64 14541.0.0) AppleWebKit/537.36 (KHTML, like Gecko) Chrome/133.0.0.0 Safari/537.36"
141.98.11.117 - - [30/May/2026:02:58:30 +0000] "POST /wp-login.php HTTP/1.1" 200 2143 "https://laracopilot.stgviitor.com/wp-login.php" "Mozilla/5.0 (X11; CrOS x86_64 14541.0.0) AppleWebKit/537.36 (KHTML, like Gecko) Chrome/133.0.0.0 Safari/537.36"
47.31.83.57 - - [30/May/2026:02:58:34 +0000] "POST /xmlrpc.php HTTP/1.1" 200 415 "-" "WordPress.com; https://wordpress.com"
134.209.147.209 - - [30/May/2026:02:58:36 +0000] "POST /wp-cron.php?doing_wp_cron=1780109916.9807300567626953125000 HTTP/1.1" 200 31 "-" "WordPress/6.5.3; https://vcstore.viitorcloud.co"
195.33.205.242 - - [30/May/2026:02:58:37 +0000] "GET /wp-login.php HTTP/1.1" 200 1772 "-" "Mozilla/5.0 (Macintosh; Intel Mac OS X 10_15_7) AppleWebKit/605.1.15 (KHTML, like Gecko) Version/18.3 Safari/605.1.15"
195.33.205.242 - - [30/May/2026:02:58:39 +0000] "POST /wp-login.php HTTP/1.1" 200 1907 "https://vcstore.viitorcloud.co/wp-login.php" "Mozilla/5.0 (Macintosh; Intel Mac OS X 10_15_7) AppleWebKit/605.1.15 (KHTML, like Gecko) Version/18.3 Safari/605.1.15"
47.31.83.57 - - [30/May/2026:02:58:44 +0000] "POST /xmlrpc.php HTTP/1.1" 200 415 "-" "Jetpack/12.5; WordPress/6.3; http://site15410326.com"
47.31.83.57 - - [30/May/2026:02:58:54 +0000] "POST /xmlrpc.php HTTP/1.1" 200 415 "-" "Jetpack by WordPress.com"
47.31.83.57 - - [30/May/2026:02:59:04 +0000] "POST /xmlrpc.php HTTP/1.1" 200 415 "-" "WordPress.com; https://wordpress.com"
134.209.147.209 - - [30/May/2026:02:59:15 +0000] "POST /wp-cron.php?doing_wp_cron=1780109955.2150709629058837890625 HTTP/1.1" 200 31 "-" "WordPress/6.9.1; https://e-tdr.com"
47.31.83.57 - - [30/May/2026:02:59:15 +0000] "POST /xmlrpc.php HTTP/1.1" 200 415 "-" "Jetpack by WordPress.com (Jetpack 12.1; WordPress 6.3)"
103.95.119.103 - - [30/May/2026:02:59:18 +0000] "GET /wp-login.php HTTP/1.1" 200 1857 "-" "Mozilla/5.0 (X11; CrOS x86_64 14541.0.0) AppleWebKit/537.36 (KHTML, like Gecko) Chrome/133.0.0.0 Safari/537.36"
103.95.119.103 - - [30/May/2026:02:59:23 +0000] "GET /wp-login.php HTTP/1.1" 200 1772 "-" "Mozilla/5.0 (X11; Linux x86_64; rv:133.0) Gecko/20100101 Firefox/133.0"
47.31.83.57 - - [30/May/2026:02:59:25 +0000] "POST /xmlrpc.php HTTP/1.1" 200 415 "-" "Jetpack by WordPress.com"
103.95.119.103 - - [30/May/2026:02:59:27 +0000] "POST /wp-login.php HTTP/1.1" 200 1913 "https://vcstore.viitorcloud.co/wp-login.php" "Mozilla/5.0 (X11; Linux x86_64; rv:133.0) Gecko/20100101 Firefox/133.0"
103.95.119.103 - - [30/May/2026:02:59:29 +0000] "POST /wp-login.php HTTP/1.1" 200 1991 "https://stg.everycred.com/wp-login.php" "Mozilla/5.0 (X11; CrOS x86_64 14541.0.0) AppleWebKit/537.36 (KHTML, like Gecko) Chrome/133.0.0.0 Safari/537.36"
142.132.180.39 - - [30/May/2026:02:59:33 +0000] "HEAD / HTTP/1.1" 301 0 "https://viitor.cloud" "Mozilla/5.0+(compatible; UptimeRobot/2.0; http://www.uptimerobot.com/)"
47.31.83.57 - - [30/May/2026:02:59:35 +0000] "POST /xmlrpc.php HTTP/1.1" 200 415 "-" "Jetpack/13.0; WordPress/6.4; http://site51032653.com"
134.209.147.209 - - [30/May/2026:02:59:41 +0000] "POST /wp-cron.php?doing_wp_cron=1780109981.2902140617370605468750 HTTP/1.1" 200 31 "-" "WordPress/6.6.1; https://newfaith.focalat.com"
82.223.101.158 - root [30/May/2026:02:59:41 +0000] "GET /wp-json/wp/v2/users/me HTTP/1.1" 401 107 "-" "Mozilla/5.0 (Windows NT 10.0; Win64; x64) AppleWebKit/537.36 (KHTML, like Gecko) Chrome/133.0.0.0 Safari/537.36"
47.31.83.57 - - [30/May/2026:02:59:46 +0000] "POST /xmlrpc.php HTTP/1.1" 200 415 "-" "WordPress.com; https://wordpress.com"
47.31.83.57 - - [30/May/2026:02:59:56 +0000] "POST /xmlrpc.php HTTP/1.1" 200 415 "-" "WordPress.com; https://wordpress.com"
47.31.83.57 - - [30/May/2026:03:00:06 +0000] "POST /xmlrpc.php HTTP/1.1" 200 415 "-" "Jetpack/13.0; WordPress/6.1; http://site52386359.com"
134.209.147.209 - - [30/May/2026:03:00:16 +0000] "POST /wp-cron.php?doing_wp_cron=1780110016.8982648849487304687500 HTTP/1.1" 200 31 "-" "WordPress/6.9.1; https://e-tdr.com"
47.31.83.57 - - [30/May/2026:03:00:16 +0000] "POST /xmlrpc.php HTTP/1.1" 200 415 "-" "WordPress.com; https://wordpress.com"
47.31.83.57 - - [30/May/2026:03:00:27 +0000] "POST /xmlrpc.php HTTP/1.1" 200 415 "-" "WordPress.com; https://wordpress.com"
47.31.83.57 - - [30/May/2026:03:00:37 +0000] "POST /xmlrpc.php HTTP/1.1" 200 415 "-" "Jetpack by WordPress.com (Jetpack 12.5; WordPress 6.4)"
47.31.83.57 - - [30/May/2026:03:00:47 +0000] "POST /xmlrpc.php HTTP/1.1" 200 415 "-" "WordPress.com; https://wordpress.com"
47.31.83.57 - - [30/May/2026:03:00:57 +0000] "POST /xmlrpc.php HTTP/1.1" 200 415 "-" "Jetpack by WordPress.com"
47.31.83.57 - - [30/May/2026:03:01:08 +0000] "POST /xmlrpc.php HTTP/1.1" 200 415 "-" "Jetpack/12.0; WordPress/6.1; http://site81209197.com"
200.14.124.169 - - [30/May/2026:03:01:09 +0000] "GET / HTTP/1.1" 200 15737 "-" "Mozilla/5.0 (Windows NT 10.0; Win64; x64) AppleWebKit/537.36 (KHTML, like Gecko) Chrome/120.0.0.0 Safari/537.36"
200.14.124.169 - - [30/May/2026:03:01:10 +0000] "GET /wp-login.php HTTP/1.1" 200 1857 "-" "Mozilla/5.0 (Windows NT 10.0; Win64; x64) AppleWebKit/537.36 (KHTML, like Gecko) Chrome/120.0.0.0 Safari/537.36"
200.14.124.169 - - [30/May/2026:03:01:11 +0000] "POST /wp-login.php HTTP/1.1" 302 5 "https://stg.everycred.com/wp-login.php" "Mozilla/5.0 (Windows NT 10.0; Win64; x64) AppleWebKit/537.36 (KHTML, like Gecko) Chrome/120.0.0.0 Safari/537.36"
200.14.124.169 - - [30/May/2026:03:01:12 +0000] "GET /wp-admin/ HTTP/1.1" 200 19466 "https://stg.everycred.com/wp-login.php" "Mozilla/5.0 (Windows NT 10.0; Win64; x64) AppleWebKit/537.36 (KHTML, like Gecko) Chrome/120.0.0.0 Safari/537.36"
185.229.219.35 - - [30/May/2026:03:01:15 +0000] "GET /wp-admin/ HTTP/1.1" 200 19466 "-" "Mozilla/5.0 (Windows NT 10.0; Win64; x64) AppleWebKit/537.36 (KHTML, like Gecko) Chrome/120.0.0.0 Safari/537.36"
185.229.219.35 - - [30/May/2026:03:01:16 +0000] "GET /wp-admin/post-new.php HTTP/1.1" 200 89984 "-" "Mozilla/5.0 (Windows NT 10.0; Win64; x64) AppleWebKit/537.36 (KHTML, like Gecko) Chrome/120.0.0.0 Safari/537.36"
185.229.219.35 - - [30/May/2026:03:01:17 +0000] "POST /xmlrpc.php HTTP/1.1" 200 275 "-" "WordPress/5.0; https://stg.everycred.com"
134.209.147.209 - - [30/May/2026:03:01:18 +0000] "POST /wp-cron.php?doing_wp_cron=1780110078.3895990848541259765625 HTTP/1.1" 200 31 "-" "WordPress/6.9.1; https://e-tdr.com"
47.31.83.57 - - [30/May/2026:03:01:18 +0000] "POST /xmlrpc.php HTTP/1.1" 200 415 "-" "Jetpack/12.0; WordPress/6.2; http://site89777408.com"
185.229.219.35 - - [30/May/2026:03:01:18 +0000] "GET /wp-admin/admin-ajax.php?action=rest-nonce HTTP/1.1" 200 41 "-" "Mozilla/5.0 (Windows NT 10.0; Win64; x64) AppleWebKit/537.36 (KHTML, like Gecko) Chrome/120.0.0.0 Safari/537.36"
172.69.176.62 - - [30/May/2026:03:01:18 +0000] "GET /wp-login.php HTTP/1.1" 200 1772 "-" "Mozilla/5.0 (Macintosh; Intel Mac OS X 10_15_7) AppleWebKit/537.36 (KHTML, like Gecko) Chrome/133.0.0.0 Safari/537.36"
185.229.219.35 - - [30/May/2026:03:01:19 +0000] "GET /wp-json/wp/v2/plugins HTTP/1.1" 200 1871 "-" "Mozilla/5.0 (Windows NT 10.0; Win64; x64) AppleWebKit/537.36 (KHTML, like Gecko) Chrome/120.0.0.0 Safari/537.36"
185.229.219.35 - - [30/May/2026:03:01:20 +0000] "GET /wp-json/wp/v2/settings HTTP/1.1" 200 302 "-" "Mozilla/5.0 (Windows NT 10.0; Win64; x64) AppleWebKit/537.36 (KHTML, like Gecko) Chrome/120.0.0.0 Safari/537.36"
185.229.219.35 - - [30/May/2026:03:01:21 +0000] "GET /wp-json/wp/v2/pages/5681 HTTP/1.1" 200 3199 "-" "Mozilla/5.0 (Windows NT 10.0; Win64; x64) AppleWebKit/537.36 (KHTML, like Gecko) Chrome/120.0.0.0 Safari/537.36"
185.229.219.35 - - [30/May/2026:03:01:22 +0000] "POST /xmlrpc.php HTTP/1.1" 200 139 "-" "Mozilla/5.0 (Windows NT 10.0; Win64; x64) AppleWebKit/537.36 (KHTML, like Gecko) Chrome/120.0.0.0 Safari/537.36"
185.229.219.35 - - [30/May/2026:03:01:25 +0000] "GET /?page_id=5681 HTTP/1.1" 301 5 "-" "Mozilla/5.0 (Windows NT 10.0; Win64; x64) AppleWebKit/537.36 (KHTML, like Gecko) Chrome/120.0.0.0 Safari/537.36"
185.229.219.35 - - [30/May/2026:03:01:26 +0000] "GET / HTTP/1.1" 200 17073 "-" "Mozilla/5.0 (Windows NT 10.0; Win64; x64) AppleWebKit/537.36 (KHTML, like Gecko) Chrome/120.0.0.0 Safari/537.36"
47.31.83.57 - - [30/May/2026:03:01:28 +0000] "POST /xmlrpc.php HTTP/1.1" 200 415 "-" "Jetpack by WordPress.com"
134.209.147.209 - - [30/May/2026:03:01:35 +0000] "POST /wp-cron.php?doing_wp_cron=1780110095.3825221061706542968750 HTTP/1.1" 200 31 "-" "WordPress/6.5.3; https://vcstore.stgviitor.com"
162.214.206.32 - - [30/May/2026:03:01:35 +0000] "GET /wp-login.php HTTP/1.1" 200 1829 "-" "Mozilla/5.0 (X11; CrOS x86_64 14541.0.0) AppleWebKit/537.36 (KHTML, like Gecko) Chrome/133.0.0.0 Safari/537.36"
47.31.83.57 - - [30/May/2026:03:01:38 +0000] "POST /xmlrpc.php HTTP/1.1" 200 415 "-" "Jetpack/12.1; WordPress/6.4; http://site32138710.com"
162.214.206.32 - - [30/May/2026:03:01:40 +0000] "POST /wp-login.php HTTP/1.1" 200 1965 "https://vcstore.stgviitor.com/wp-login.php" "Mozilla/5.0 (X11; CrOS x86_64 14541.0.0) AppleWebKit/537.36 (KHTML, like Gecko) Chrome/133.0.0.0 Safari/537.36"
47.31.83.57 - - [30/May/2026:03:01:49 +0000] "POST /xmlrpc.php HTTP/1.1" 200 415 "-" "Jetpack by WordPress.com (Jetpack 12.1; WordPress 6.1)"
47.31.83.57 - - [30/May/2026:03:01:59 +0000] "POST /xmlrpc.php HTTP/1.1" 200 415 "-" "Jetpack by WordPress.com (Jetpack 12.0; WordPress 6.4)"
47.31.83.57 - - [30/May/2026:03:02:09 +0000] "POST /xmlrpc.php HTTP/1.1" 200 415 "-" "WordPress.com; https://wordpress.com"
134.209.147.209 - - [30/May/2026:03:02:14 +0000] "POST /wp-cron.php?doing_wp_cron=1780110134.6949229240417480468750 HTTP/1.1" 200 31 "-" "WordPress/6.9.4; https://laracopilot.stgviitor.com"
82.223.24.195 - - [30/May/2026:03:02:14 +0000] "GET /wp-login.php HTTP/1.1" 200 2008 "-" "Mozilla/5.0 (Macintosh; Intel Mac OS X 10_15_7) AppleWebKit/537.36 (KHTML, like Gecko) Chrome/133.0.0.0 Safari/537.36"
134.209.147.209 - - [30/May/2026:03:02:20 +0000] "POST /wp-cron.php?doing_wp_cron=1780110140.1092209815979003906250 HTTP/1.1" 200 31 "-" "WordPress/6.9.1; https://e-tdr.com"
47.31.83.57 - - [30/May/2026:03:02:20 +0000] "POST /xmlrpc.php HTTP/1.1" 200 415 "-" "Jetpack by WordPress.com"
47.31.83.57 - - [30/May/2026:03:02:30 +0000] "POST /xmlrpc.php HTTP/1.1" 200 415 "-" "Jetpack by WordPress.com"
162.158.162.72 - wadminw_w34ima [30/May/2026:03:02:34 +0000] "GET /wp-json/wp/v2/users/me HTTP/1.1" 401 107 "-" "Mozilla/5.0 (Macintosh; Intel Mac OS X 10_15_7) AppleWebKit/537.36 (KHTML, like Gecko) Chrome/133.0.0.0 Safari/537.36 Edg/133.0.0.0"
47.31.83.57 - - [30/May/2026:03:02:40 +0000] "POST /xmlrpc.php HTTP/1.1" 200 415 "-" "Jetpack by WordPress.com (Jetpack 12.1; WordPress 6.4)"
47.31.83.57 - - [30/May/2026:03:02:50 +0000] "POST /xmlrpc.php HTTP/1.1" 200 415 "-" "Jetpack by WordPress.com (Jetpack 12.5; WordPress 6.4)"
47.31.83.57 - - [30/May/2026:03:03:01 +0000] "POST /xmlrpc.php HTTP/1.1" 200 415 "-" "WordPress.com; https://wordpress.com"
134.209.147.209 - - [30/May/2026:03:03:09 +0000] "POST /wp-cron.php?doing_wp_cron=1780110189.5899031162261962890625 HTTP/1.1" 200 31 "-" "WordPress/6.9.4; https://laracopilot.stgviitor.com"
162.240.52.198 - - [30/May/2026:03:03:09 +0000] "GET /wp-login.php HTTP/1.1" 200 2008 "-" "Mozilla/5.0 (Macintosh; Intel Mac OS X 11_7_10) AppleWebKit/537.36 (KHTML, like Gecko) Chrome/133.0.0.0 Safari/537.36"
134.209.147.209 - - [30/May/2026:03:03:11 +0000] "POST /wp-cron.php?doing_wp_cron=1780110191.3541879653930664062500 HTTP/1.1" 200 31 "-" "WordPress/6.9.1; https://e-tdr.com"
47.31.83.57 - - [30/May/2026:03:03:11 +0000] "POST /xmlrpc.php HTTP/1.1" 200 415 "-" "Jetpack by WordPress.com"
162.240.52.198 - - [30/May/2026:03:03:12 +0000] "POST /wp-login.php HTTP/1.1" 200 2138 "https://laracopilot.stgviitor.com/wp-login.php" "Mozilla/5.0 (Macintosh; Intel Mac OS X 11_7_10) AppleWebKit/537.36 (KHTML, like Gecko) Chrome/133.0.0.0 Safari/537.36"
47.31.83.57 - - [30/May/2026:03:03:21 +0000] "POST /xmlrpc.php HTTP/1.1" 200 415 "-" "Jetpack/12.5; WordPress/6.4; http://site62574965.com"
47.31.83.57 - - [30/May/2026:03:03:31 +0000] "POST /xmlrpc.php HTTP/1.1" 200 415 "-" "Jetpack/13.0; WordPress/6.1; http://site24831398.com"
20.153.140.50 - admin [30/May/2026:03:03:33 +0000] "GET /wp-json/wp/v2/users/me HTTP/1.1" 401 107 "-" "Mozilla/5.0 (Macintosh; Intel Mac OS X 11_7_10) AppleWebKit/537.36 (KHTML, like Gecko) Chrome/133.0.0.0 Safari/537.36"
134.209.147.209 - - [30/May/2026:03:03:42 +0000] "POST /wp-cron.php?doing_wp_cron=1780110222.1368629932403564453125 HTTP/1.1" 200 31 "-" "WordPress/6.9.1; https://e-tdr.com"
47.31.83.57 - - [30/May/2026:03:03:42 +0000] "POST /xmlrpc.php HTTP/1.1" 200 415 "-" "WordPress.com; https://wordpress.com"
212.15.61.121 - - [30/May/2026:03:03:45 +0000] "GET / HTTP/1.1" 200 15748 "-" "Mozilla/5.0 (Windows NT 10.0; Win64; x64) AppleWebKit/537.36 (KHTML, like Gecko) Chrome/120.0.0.0 Safari/537.36"
212.15.61.121 - - [30/May/2026:03:03:46 +0000] "GET /wp-login.php HTTP/1.1" 200 1857 "-" "Mozilla/5.0 (Windows NT 10.0; Win64; x64) AppleWebKit/537.36 (KHTML, like Gecko) Chrome/120.0.0.0 Safari/537.36"
212.15.61.121 - - [30/May/2026:03:03:47 +0000] "POST /wp-login.php HTTP/1.1" 302 5 "https://stg.everycred.com/wp-login.php" "Mozilla/5.0 (Windows NT 10.0; Win64; x64) AppleWebKit/537.36 (KHTML, like Gecko) Chrome/120.0.0.0 Safari/537.36"
212.15.61.121 - - [30/May/2026:03:03:47 +0000] "GET /wp-admin/ HTTP/1.1" 200 19465 "https://stg.everycred.com/wp-login.php" "Mozilla/5.0 (Windows NT 10.0; Win64; x64) AppleWebKit/537.36 (KHTML, like Gecko) Chrome/120.0.0.0 Safari/537.36"
181.42.18.248 - - [30/May/2026:03:03:50 +0000] "GET /wp-admin/ HTTP/1.1" 200 19464 "-" "Mozilla/5.0 (Windows NT 10.0; Win64; x64) AppleWebKit/537.36 (KHTML, like Gecko) Chrome/120.0.0.0 Safari/537.36"
181.42.18.248 - - [30/May/2026:03:03:52 +0000] "GET /wp-admin/post-new.php HTTP/1.1" 200 89976 "-" "Mozilla/5.0 (Windows NT 10.0; Win64; x64) AppleWebKit/537.36 (KHTML, like Gecko) Chrome/120.0.0.0 Safari/537.36"
134.209.147.209 - - [30/May/2026:03:03:52 +0000] "POST /wp-cron.php?doing_wp_cron=1780110232.3975479602813720703125 HTTP/1.1" 200 31 "-" "WordPress/6.9.1; https://e-tdr.com"
47.31.83.57 - - [30/May/2026:03:03:52 +0000] "POST /xmlrpc.php HTTP/1.1" 200 415 "-" "WordPress.com; https://wordpress.com"
181.42.18.248 - - [30/May/2026:03:03:53 +0000] "POST /xmlrpc.php HTTP/1.1" 200 275 "-" "WordPress/5.0; https://stg.everycred.com"
181.42.18.248 - - [30/May/2026:03:03:54 +0000] "GET /wp-admin/admin-ajax.php?action=rest-nonce HTTP/1.1" 200 41 "-" "Mozilla/5.0 (Windows NT 10.0; Win64; x64) AppleWebKit/537.36 (KHTML, like Gecko) Chrome/120.0.0.0 Safari/537.36"
181.42.18.248 - - [30/May/2026:03:03:55 +0000] "GET /wp-json/wp/v2/plugins HTTP/1.1" 200 1871 "-" "Mozilla/5.0 (Windows NT 10.0; Win64; x64) AppleWebKit/537.36 (KHTML, like Gecko) Chrome/120.0.0.0 Safari/537.36"
181.42.18.248 - - [30/May/2026:03:03:55 +0000] "GET /wp-json/wp/v2/settings HTTP/1.1" 200 302 "-" "Mozilla/5.0 (Windows NT 10.0; Win64; x64) AppleWebKit/537.36 (KHTML, like Gecko) Chrome/120.0.0.0 Safari/537.36"
181.42.18.248 - - [30/May/2026:03:03:56 +0000] "GET /wp-json/wp/v2/pages/5681 HTTP/1.1" 200 3212 "-" "Mozilla/5.0 (Windows NT 10.0; Win64; x64) AppleWebKit/537.36 (KHTML, like Gecko) Chrome/120.0.0.0 Safari/537.36"
181.42.18.248 - - [30/May/2026:03:03:58 +0000] "POST /xmlrpc.php HTTP/1.1" 200 139 "-" "Mozilla/5.0 (Windows NT 10.0; Win64; x64) AppleWebKit/537.36 (KHTML, like Gecko) Chrome/120.0.0.0 Safari/537.36"
181.42.18.248 - - [30/May/2026:03:04:00 +0000] "GET /?page_id=5681 HTTP/1.1" 301 5 "-" "Mozilla/5.0 (Windows NT 10.0; Win64; x64) AppleWebKit/537.36 (KHTML, like Gecko) Chrome/120.0.0.0 Safari/537.36"
181.42.18.248 - - [30/May/2026:03:04:01 +0000] "GET / HTTP/1.1" 200 17157 "-" "Mozilla/5.0 (Windows NT 10.0; Win64; x64) AppleWebKit/537.36 (KHTML, like Gecko) Chrome/120.0.0.0 Safari/537.36"
47.31.83.57 - - [30/May/2026:03:04:02 +0000] "POST /xmlrpc.php HTTP/1.1" 200 415 "-" "Jetpack by WordPress.com (Jetpack 12.5; WordPress 6.4)"
134.209.147.209 - - [30/May/2026:03:04:12 +0000] "POST /wp-cron.php?doing_wp_cron=1780110252.9286050796508789062500 HTTP/1.1" 200 31 "-" "WordPress/6.9.1; https://e-tdr.com"
47.31.83.57 - - [30/May/2026:03:04:12 +0000] "POST /xmlrpc.php HTTP/1.1" 200 415 "-" "Jetpack by WordPress.com"
47.31.83.57 - - [30/May/2026:03:04:23 +0000] "POST /xmlrpc.php HTTP/1.1" 200 415 "-" "Jetpack/13.0; WordPress/6.2; http://site59557139.com"
47.31.83.57 - - [30/May/2026:03:04:33 +0000] "POST /xmlrpc.php HTTP/1.1" 200 415 "-" "Jetpack by WordPress.com (Jetpack 12.0; WordPress 6.4)"
134.209.147.209 - - [30/May/2026:03:04:34 +0000] "POST /wp-cron.php?doing_wp_cron=1780110274.6792299747467041015625 HTTP/1.1" 200 31 "-" "WordPress/6.6.1; https://newfaith.focalat.com"
160.250.186.220 - - [30/May/2026:03:04:34 +0000] "GET /wp-login.php HTTP/1.1" 200 2035 "-" "Mozilla/5.0 (Macintosh; Intel Mac OS X 10_15_7) AppleWebKit/537.36 (KHTML, like Gecko) Chrome/133.0.0.0 Safari/537.36 Edg/133.0.0.0"
160.250.186.220 - - [30/May/2026:03:04:36 +0000] "POST /wp-login.php HTTP/1.1" 200 2171 "https://newfaith.focalat.com/wp-login.php" "Mozilla/5.0 (Macintosh; Intel Mac OS X 10_15_7) AppleWebKit/537.36 (KHTML, like Gecko) Chrome/133.0.0.0 Safari/537.36 Edg/133.0.0.0"
142.132.180.39 - - [30/May/2026:03:04:39 +0000] "HEAD / HTTP/1.1" 301 0 "https://viitor.cloud" "Mozilla/5.0+(compatible; UptimeRobot/2.0; http://www.uptimerobot.com/)"
47.31.83.57 - - [30/May/2026:03:04:43 +0000] "POST /xmlrpc.php HTTP/1.1" 200 415 "-" "WordPress.com; https://wordpress.com"
134.209.147.209 - - [30/May/2026:03:04:45 +0000] "POST /wp-cron.php?doing_wp_cron=1780110285.6243150234222412109375 HTTP/1.1" 200 31 "-" "WordPress/6.5.3; https://vcstore.stgviitor.com"
78.142.18.172 - - [30/May/2026:03:04:45 +0000] "GET /wp-login.php HTTP/1.1" 200 1829 "-" "Mozilla/5.0 (X11; Linux x86_64) AppleWebKit/537.36 (KHTML, like Gecko) Chrome/133.0.0.0 Safari/537.36"
78.142.18.172 - - [30/May/2026:03:04:49 +0000] "POST /wp-login.php HTTP/1.1" 200 1968 "https://vcstore.stgviitor.com/wp-login.php" "Mozilla/5.0 (X11; Linux x86_64) AppleWebKit/537.36 (KHTML, like Gecko) Chrome/133.0.0.0 Safari/537.36"
47.31.83.57 - - [30/May/2026:03:04:53 +0000] "POST /xmlrpc.php HTTP/1.1" 200 415 "-" "Jetpack by WordPress.com (Jetpack 12.5; WordPress 6.1)"
47.31.83.57 - - [30/May/2026:03:05:04 +0000] "POST /xmlrpc.php HTTP/1.1" 200 415 "-" "Jetpack by WordPress.com (Jetpack 12.0; WordPress 6.2)"
134.209.147.209 - - [30/May/2026:03:05:14 +0000] "POST /wp-cron.php?doing_wp_cron=1780110314.5353250503540039062500 HTTP/1.1" 200 31 "-" "WordPress/6.9.1; https://e-tdr.com"
47.31.83.57 - - [30/May/2026:03:05:14 +0000] "POST /xmlrpc.php HTTP/1.1" 200 415 "-" "WordPress.com; https://wordpress.com"
47.31.83.57 - - [30/May/2026:03:05:24 +0000] "POST /xmlrpc.php HTTP/1.1" 200 415 "-" "Jetpack/12.5; WordPress/6.2; http://site75287820.com"
47.31.83.57 - - [30/May/2026:03:05:35 +0000] "POST /xmlrpc.php HTTP/1.1" 200 415 "-" "WordPress.com; https://wordpress.com"
47.31.83.57 - - [30/May/2026:03:05:45 +0000] "POST /xmlrpc.php HTTP/1.1" 200 415 "-" "Jetpack by WordPress.com (Jetpack 12.0; WordPress 6.3)"
47.31.83.57 - - [30/May/2026:03:05:55 +0000] "POST /xmlrpc.php HTTP/1.1" 200 415 "-" "WordPress.com; https://wordpress.com"
163.223.13.54 - - [30/May/2026:03:05:55 +0000] "GET /wp-login.php HTTP/1.1" 200 1772 "-" "Mozilla/5.0 (Macintosh; Intel Mac OS X 11_7_10) AppleWebKit/537.36 (KHTML, like Gecko) Chrome/133.0.0.0 Safari/537.36"
163.223.13.54 - - [30/May/2026:03:05:56 +0000] "POST /wp-login.php HTTP/1.1" 200 1913 "https://vcstore.viitorcloud.co/wp-login.php" "Mozilla/5.0 (Macintosh; Intel Mac OS X 11_7_10) AppleWebKit/537.36 (KHTML, like Gecko) Chrome/133.0.0.0 Safari/537.36"
47.31.83.57 - - [30/May/2026:03:06:06 +0000] "POST /xmlrpc.php HTTP/1.1" 200 415 "-" "Jetpack/12.0; WordPress/6.2; http://site62568219.com"
134.209.147.209 - - [30/May/2026:03:06:16 +0000] "POST /wp-cron.php?doing_wp_cron=1780110376.3351910114288330078125 HTTP/1.1" 200 31 "-" "WordPress/6.9.1; https://e-tdr.com"
47.31.83.57 - - [30/May/2026:03:06:16 +0000] "POST /xmlrpc.php HTTP/1.1" 200 415 "-" "Jetpack by WordPress.com (Jetpack 12.0; WordPress 6.2)"
47.31.83.57 - - [30/May/2026:03:06:26 +0000] "POST /xmlrpc.php HTTP/1.1" 200 415 "-" "Jetpack by WordPress.com"
47.31.83.57 - - [30/May/2026:03:06:36 +0000] "POST /xmlrpc.php HTTP/1.1" 200 415 "-" "WordPress.com; https://wordpress.com"
47.31.83.57 - - [30/May/2026:03:06:47 +0000] "POST /xmlrpc.php HTTP/1.1" 200 415 "-" "Jetpack/13.0; WordPress/6.3; http://site11759913.com"
172.70.188.187 - - [30/May/2026:03:06:47 +0000] "GET /wp-login.php HTTP/1.1" 200 1772 "-" "Mozilla/5.0 (Macintosh; Intel Mac OS X 10_15_7) AppleWebKit/605.1.15 (KHTML, like Gecko) Version/18.3 Safari/605.1.15"
47.31.83.57 - - [30/May/2026:03:06:57 +0000] "POST /xmlrpc.php HTTP/1.1" 200 415 "-" "Jetpack/13.0; WordPress/6.3; http://site63566053.com"
47.31.83.57 - - [30/May/2026:03:07:07 +0000] "POST /xmlrpc.php HTTP/1.1" 200 415 "-" "WordPress.com; https://wordpress.com"
134.209.147.209 - - [30/May/2026:03:07:17 +0000] "POST /wp-cron.php?doing_wp_cron=1780110437.9693570137023925781250 HTTP/1.1" 200 31 "-" "WordPress/6.9.1; https://e-tdr.com"
47.31.83.57 - - [30/May/2026:03:07:17 +0000] "POST /xmlrpc.php HTTP/1.1" 200 415 "-" "Jetpack by WordPress.com"
47.31.83.57 - - [30/May/2026:03:07:28 +0000] "POST /xmlrpc.php HTTP/1.1" 200 415 "-" "Jetpack by WordPress.com"
47.31.83.57 - - [30/May/2026:03:07:38 +0000] "POST /xmlrpc.php HTTP/1.1" 200 415 "-" "Jetpack by WordPress.com (Jetpack 12.1; WordPress 6.3)"
47.31.83.57 - - [30/May/2026:03:07:48 +0000] "POST /xmlrpc.php HTTP/1.1" 200 415 "-" "WordPress.com; https://wordpress.com"
47.31.83.57 - - [30/May/2026:03:07:59 +0000] "POST /xmlrpc.php HTTP/1.1" 200 415 "-" "WordPress.com; https://wordpress.com"
162.158.170.52 - - [30/May/2026:03:08:03 +0000] "GET /wp-login.php HTTP/1.1" 200 1772 "-" "Mozilla/5.0 (Windows NT 10.0; Win64; x64; rv:133.0) Gecko/20100101 Firefox/133.0"
47.31.83.57 - - [30/May/2026:03:08:09 +0000] "POST /xmlrpc.php HTTP/1.1" 200 415 "-" "Jetpack by WordPress.com"
172.69.166.17 - - [30/May/2026:03:08:10 +0000] "GET /wp-login.php HTTP/1.1" 200 1772 "-" "Mozilla/5.0 (Windows NT 10.0; WOW64) AppleWebKit/537.36 (KHTML, like Gecko) Chrome/133.0.0.0 Safari/537.36"
172.69.166.17 - - [30/May/2026:03:08:11 +0000] "POST /wp-login.php HTTP/1.1" 200 1940 "https://vcstore.viitorcloud.com/wp-login.php" "Mozilla/5.0 (Windows NT 10.0; WOW64) AppleWebKit/537.36 (KHTML, like Gecko) Chrome/133.0.0.0 Safari/537.36"
134.209.147.209 - - [30/May/2026:03:08:16 +0000] "POST /wp-cron.php?doing_wp_cron=1780110496.8549640178680419921875 HTTP/1.1" 200 31 "-" "WordPress/6.9.1; https://e-tdr.com"
50.6.169.131 - - [30/May/2026:03:08:16 +0000] "GET /wp-login.php HTTP/1.1" 200 2007 "-" "Mozilla/5.0 (Macintosh; Intel Mac OS X 10_15_7) AppleWebKit/537.36 (KHTML, like Gecko) Chrome/133.0.0.0 Safari/537.36 Edg/133.0.0.0"
47.31.83.57 - - [30/May/2026:03:08:19 +0000] "POST /xmlrpc.php HTTP/1.1" 200 415 "-" "Jetpack/13.0; WordPress/6.2; http://site76865191.com"
50.6.169.131 - - [30/May/2026:03:08:22 +0000] "POST /wp-login.php HTTP/1.1" 200 2138 "https://e-tdr.com/wp-login.php" "Mozilla/5.0 (Macintosh; Intel Mac OS X 10_15_7) AppleWebKit/537.36 (KHTML, like Gecko) Chrome/133.0.0.0 Safari/537.36 Edg/133.0.0.0"
134.209.147.209 - - [30/May/2026:03:08:26 +0000] "GET /wp-content/plugins/lifeline-plugin/assets/data/font-awesome-5.json HTTP/1.1" 200 13009 "-" "WordPress/7.0; https://bharti-foundation.stgviitor.com"
134.209.147.209 - - [30/May/2026:03:08:26 +0000] "GET /wp-content/plugins/lifeline-plugin/assets/data/font-awesome-5.json HTTP/1.1" 200 13009 "-" "WordPress/7.0; https://bharti-foundation.stgviitor.com"
134.209.147.209 - - [30/May/2026:03:08:26 +0000] "GET /wp-content/plugins/lifeline-plugin/assets/json/social-profile.json HTTP/1.1" 200 4033 "-" "WordPress/7.0; https://bharti-foundation.stgviitor.com"
134.209.147.209 - - [30/May/2026:03:08:26 +0000] "GET /wp-content/plugins/lifeline-plugin/assets/data/font-awesome-5.json HTTP/1.1" 200 13009 "-" "WordPress/7.0; https://bharti-foundation.stgviitor.com"
134.209.147.209 - - [30/May/2026:03:08:26 +0000] "POST /wp-cron.php?doing_wp_cron=1780110506.8815169334411621093750 HTTP/1.1" 200 31 "-" "WordPress/7.0; https://bharti-foundation.stgviitor.com"
51.68.107.156 - - [30/May/2026:03:08:26 +0000] "GET /robots.txt HTTP/1.1" 200 197 "-" "Mozilla/5.0 (compatible; MJ12bot/v2.0.5; http://mj12bot.com/)"
134.209.147.209 - - [30/May/2026:03:08:26 +0000] "GET /wp-content/plugins/lifeline-plugin/assets/data/font-awesome-5.json HTTP/1.1" 200 13009 "-" "WordPress/7.0; https://bharti-foundation.stgviitor.com"
