134.209.147.209 - - [30/May/2026:05:01:07 +0000] "GET /wp-content/plugins/lifeline-plugin/assets/json/social-profile.json HTTP/1.1" 200 4033 "-" "WordPress/7.0; https://bharti-foundation.stgviitor.com"
134.209.147.209 - - [30/May/2026:05:01:07 +0000] "GET /wp-content/plugins/lifeline-plugin/assets/data/font-awesome-5.json HTTP/1.1" 200 13009 "-" "WordPress/7.0; https://bharti-foundation.stgviitor.com"
134.209.147.209 - - [30/May/2026:05:01:07 +0000] "POST /wp-cron.php?doing_wp_cron=1780117267.6835110187530517578125 HTTP/1.1" 200 31 "-" "WordPress/7.0; https://bharti-foundation.stgviitor.com"
79.124.40.174 - - [30/May/2026:05:01:07 +0000] "GET /actuator/gateway/routes HTTP/1.1" 301 11 "-" "Mozilla/5.0 (Windows NT 10.0; Win64; x64) AppleWebKit/537.36 (KHTML, like Gecko) Chrome/78.0.3904.108 Safari/537.36"
134.209.147.209 - - [30/May/2026:05:01:07 +0000] "GET /wp-content/plugins/lifeline-plugin/assets/data/font-awesome-5.json HTTP/1.1" 200 13009 "-" "WordPress/7.0; https://bharti-foundation.stgviitor.com"
134.209.147.209 - - [30/May/2026:05:01:07 +0000] "GET /wp-content/plugins/lifeline-plugin/assets/data/font-awesome-5.json HTTP/1.1" 200 13009 "-" "WordPress/7.0; https://bharti-foundation.stgviitor.com"
134.209.147.209 - - [30/May/2026:05:01:07 +0000] "GET /wp-content/plugins/lifeline-plugin/assets/json/social-profile.json HTTP/1.1" 200 4033 "-" "WordPress/7.0; https://bharti-foundation.stgviitor.com"
134.209.147.209 - - [30/May/2026:05:01:08 +0000] "GET /wp-content/plugins/lifeline-plugin/assets/data/font-awesome-5.json HTTP/1.1" 200 13009 "-" "WordPress/7.0; https://bharti-foundation.stgviitor.com"
134.209.147.209 - - [30/May/2026:05:01:08 +0000] "GET /wp-content/plugins/lifeline-plugin/assets/data/font-awesome-5.json HTTP/1.1" 200 13009 "-" "WordPress/7.0; https://bharti-foundation.stgviitor.com"
134.209.147.209 - - [30/May/2026:05:01:08 +0000] "GET /wp-content/plugins/lifeline-plugin/assets/data/font-awesome-5.json HTTP/1.1" 200 13009 "-" "WordPress/7.0; https://bharti-foundation.stgviitor.com"
134.209.147.209 - - [30/May/2026:05:01:08 +0000] "GET /wp-content/plugins/lifeline-plugin/assets/json/social-profile.json HTTP/1.1" 200 4033 "-" "WordPress/7.0; https://bharti-foundation.stgviitor.com"
134.209.147.209 - - [30/May/2026:05:01:08 +0000] "GET /wp-content/plugins/lifeline-plugin/assets/data/font-awesome-5.json HTTP/1.1" 200 13009 "-" "WordPress/7.0; https://bharti-foundation.stgviitor.com"
79.124.40.174 - - [30/May/2026:05:01:09 +0000] "GET /actuator/gateway/routes HTTP/1.1" 404 14134 "https://134.209.147.209:443/actuator/gateway/routes" "Mozilla/5.0 (Windows NT 10.0; Win64; x64) AppleWebKit/537.36 (KHTML, like Gecko) Chrome/78.0.3904.108 Safari/537.36"
115.245.225.204 - - [30/May/2026:05:01:10 +0000] "POST /xmlrpc.php HTTP/1.1" 200 415 "-" "Jetpack by WordPress.com (Jetpack 12.1; WordPress 6.1)"
134.209.147.209 - - [30/May/2026:05:01:17 +0000] "POST /wp-cron.php?doing_wp_cron=1780117277.7395050525665283203125 HTTP/1.1" 200 31 "-" "WordPress/6.9.1; https://e-tdr.com"
103.106.20.205 - - [30/May/2026:05:01:17 +0000] "POST /xmlrpc.php HTTP/1.1" 200 415 "-" "WordPress.com; https://wordpress.com"
115.245.225.204 - - [30/May/2026:05:01:21 +0000] "POST /xmlrpc.php HTTP/1.1" 200 415 "-" "Jetpack by WordPress.com"
103.106.20.205 - - [30/May/2026:05:01:28 +0000] "POST /xmlrpc.php HTTP/1.1" 200 415 "-" "Jetpack by WordPress.com (Jetpack 12.0; WordPress 6.2)"
115.245.225.204 - - [30/May/2026:05:01:32 +0000] "POST /xmlrpc.php HTTP/1.1" 200 415 "-" "Jetpack by WordPress.com"
65.49.1.191 - - [30/May/2026:05:01:36 +0000] "GET /favicon.ico HTTP/1.1" 404 146 "-" "Mozilla/5.0 (X11; Linux x86_64; rv:109.0) Gecko/20100101 Firefox/115.0"
78.46.215.1 - - [30/May/2026:05:01:37 +0000] "HEAD / HTTP/1.1" 301 0 "https://viitor.cloud" "Mozilla/5.0+(compatible; UptimeRobot/2.0; http://www.uptimerobot.com/)"
115.245.225.204 - - [30/May/2026:05:01:42 +0000] "POST /xmlrpc.php HTTP/1.1" 200 415 "-" "Jetpack/13.0; WordPress/6.4; http://site35877856.com"
66.249.73.101 - - [30/May/2026:05:01:45 +0000] "GET / HTTP/1.1" 200 16888 "-" "Mozilla/5.0 (Linux; Android 6.0.1; Nexus 5X Build/MMB29P) AppleWebKit/537.36 (KHTML, like Gecko) Chrome/148.0.7778.96 Mobile Safari/537.36 (compatible; Googlebot/2.1; +http://www.google.com/bot.html)"
115.245.225.204 - - [30/May/2026:05:01:53 +0000] "POST /xmlrpc.php HTTP/1.1" 200 415 "-" "Jetpack/12.0; WordPress/6.1; http://site82190772.com"
115.245.225.204 - - [30/May/2026:05:02:04 +0000] "POST /xmlrpc.php HTTP/1.1" 200 415 "-" "Jetpack by WordPress.com"
172.71.124.44 - - [30/May/2026:05:02:05 +0000] "GET /wp-login.php HTTP/1.1" 499 0 "-" "Mozilla/5.0 (Windows NT 10.0; Win64; x64; rv:133.0) Gecko/20100101 Firefox/133.0"
134.209.147.209 - - [30/May/2026:05:02:14 +0000] "POST /wp-cron.php?doing_wp_cron=1780117334.5583710670471191406250 HTTP/1.1" 200 31 "-" "WordPress/6.9.1; https://e-tdr.com"
115.245.225.204 - - [30/May/2026:05:02:14 +0000] "POST /xmlrpc.php HTTP/1.1" 200 415 "-" "Jetpack by WordPress.com"
115.245.225.204 - - [30/May/2026:05:02:25 +0000] "POST /xmlrpc.php HTTP/1.1" 200 415 "-" "Jetpack by WordPress.com"
115.245.225.204 - - [30/May/2026:05:02:35 +0000] "POST /xmlrpc.php HTTP/1.1" 200 415 "-" "Jetpack by WordPress.com (Jetpack 12.0; WordPress 6.4)"
134.209.147.209 - - [30/May/2026:05:02:37 +0000] "GET /wp-content/plugins/lifeline-plugin/assets/data/font-awesome-5.json HTTP/1.1" 200 13009 "-" "WordPress/7.0; https://bharti-foundation.stgviitor.com"
134.209.147.209 - - [30/May/2026:05:02:37 +0000] "GET /wp-content/plugins/lifeline-plugin/assets/data/font-awesome-5.json HTTP/1.1" 200 13009 "-" "WordPress/7.0; https://bharti-foundation.stgviitor.com"
134.209.147.209 - - [30/May/2026:05:02:37 +0000] "GET /wp-content/plugins/lifeline-plugin/assets/json/social-profile.json HTTP/1.1" 200 4033 "-" "WordPress/7.0; https://bharti-foundation.stgviitor.com"
134.209.147.209 - - [30/May/2026:05:02:37 +0000] "GET /wp-content/plugins/lifeline-plugin/assets/data/font-awesome-5.json HTTP/1.1" 200 13009 "-" "WordPress/7.0; https://bharti-foundation.stgviitor.com"
134.209.147.209 - - [30/May/2026:05:02:37 +0000] "POST /wp-cron.php?doing_wp_cron=1780117357.9300088882446289062500 HTTP/1.1" 200 31 "-" "WordPress/7.0; https://bharti-foundation.stgviitor.com"
64.62.197.182 - - [30/May/2026:05:02:37 +0000] "GET / HTTP/1.1" 301 11 "-" "Mozilla/5.0 (X11; Linux x86_64) AppleWebKit/537.36 (KHTML, like Gecko) HeadlessChrome/92.0.4515.159 Safari/537.36"
134.209.147.209 - - [30/May/2026:05:02:38 +0000] "GET /wp-content/plugins/lifeline-plugin/assets/data/font-awesome-5.json HTTP/1.1" 200 13009 "-" "WordPress/7.0; https://bharti-foundation.stgviitor.com"
134.209.147.209 - - [30/May/2026:05:02:38 +0000] "GET /wp-content/plugins/lifeline-plugin/assets/data/font-awesome-5.json HTTP/1.1" 200 13009 "-" "WordPress/7.0; https://bharti-foundation.stgviitor.com"
134.209.147.209 - - [30/May/2026:05:02:38 +0000] "GET /wp-content/plugins/lifeline-plugin/assets/json/social-profile.json HTTP/1.1" 200 4033 "-" "WordPress/7.0; https://bharti-foundation.stgviitor.com"
134.209.147.209 - - [30/May/2026:05:02:38 +0000] "GET /wp-content/plugins/lifeline-plugin/assets/data/font-awesome-5.json HTTP/1.1" 200 13009 "-" "WordPress/7.0; https://bharti-foundation.stgviitor.com"
108.162.226.21 - Trendygital.com [30/May/2026:05:02:45 +0000] "GET /wp-json/wp/v2/users/me HTTP/1.1" 401 107 "-" "Mozilla/5.0 (Windows NT 10.0; Win64; x64; rv:133.0) Gecko/20100101 Firefox/133.0"
115.245.225.204 - - [30/May/2026:05:02:46 +0000] "POST /xmlrpc.php HTTP/1.1" 200 415 "-" "Jetpack by WordPress.com"
134.209.147.209 - - [30/May/2026:05:02:53 +0000] "GET /wp-content/plugins/lifeline-plugin/assets/data/font-awesome-5.json HTTP/1.1" 200 13009 "-" "WordPress/7.0; https://bharti-foundation.stgviitor.com"
134.209.147.209 - - [30/May/2026:05:02:53 +0000] "GET /wp-content/plugins/lifeline-plugin/assets/data/font-awesome-5.json HTTP/1.1" 200 13009 "-" "WordPress/7.0; https://bharti-foundation.stgviitor.com"
134.209.147.209 - - [30/May/2026:05:02:53 +0000] "GET /wp-content/plugins/lifeline-plugin/assets/json/social-profile.json HTTP/1.1" 200 4033 "-" "WordPress/7.0; https://bharti-foundation.stgviitor.com"
134.209.147.209 - - [30/May/2026:05:02:53 +0000] "GET /wp-content/plugins/lifeline-plugin/assets/data/font-awesome-5.json HTTP/1.1" 200 13009 "-" "WordPress/7.0; https://bharti-foundation.stgviitor.com"
24.199.108.111 - - [30/May/2026:05:02:54 +0000] "GET /wp-login.php HTTP/1.1" 200 2045 "-" "Mozilla/5.0 (Macintosh; Intel Mac OS X 10_15_7) AppleWebKit/605.1.15 (KHTML, like Gecko) Version/18.3 Safari/605.1.15"
65.49.1.182 - - [30/May/2026:05:02:54 +0000] "GET /geoserver/web/ HTTP/1.1" 404 146 "-" "Mozilla/5.0 (Macintosh; Intel Mac OS X 10_15_7) AppleWebKit/605.1.15 (KHTML, like Gecko) Version/17.4 Safari/605.1.15"
134.209.147.209 - - [30/May/2026:05:02:55 +0000] "GET /wp-content/plugins/lifeline-plugin/assets/data/font-awesome-5.json HTTP/1.1" 200 13009 "-" "WordPress/7.0; https://bharti-foundation.stgviitor.com"
134.209.147.209 - - [30/May/2026:05:02:55 +0000] "GET /wp-content/plugins/lifeline-plugin/assets/data/font-awesome-5.json HTTP/1.1" 200 13009 "-" "WordPress/7.0; https://bharti-foundation.stgviitor.com"
134.209.147.209 - - [30/May/2026:05:02:55 +0000] "GET /wp-content/plugins/lifeline-plugin/assets/json/social-profile.json HTTP/1.1" 200 4033 "-" "WordPress/7.0; https://bharti-foundation.stgviitor.com"
134.209.147.209 - - [30/May/2026:05:02:55 +0000] "GET /wp-content/plugins/lifeline-plugin/assets/data/font-awesome-5.json HTTP/1.1" 200 13009 "-" "WordPress/7.0; https://bharti-foundation.stgviitor.com"
24.199.108.111 - - [30/May/2026:05:02:55 +0000] "POST /wp-login.php HTTP/1.1" 200 2207 "https://bharti-foundation.stgviitor.com/wp-login.php" "Mozilla/5.0 (Macintosh; Intel Mac OS X 10_15_7) AppleWebKit/605.1.15 (KHTML, like Gecko) Version/18.3 Safari/605.1.15"
115.245.225.204 - - [30/May/2026:05:02:56 +0000] "POST /xmlrpc.php HTTP/1.1" 200 415 "-" "Jetpack by WordPress.com (Jetpack 12.1; WordPress 6.3)"
115.245.225.204 - - [30/May/2026:05:03:07 +0000] "POST /xmlrpc.php HTTP/1.1" 200 415 "-" "WordPress.com; https://wordpress.com"
134.209.147.209 - - [30/May/2026:05:03:17 +0000] "POST /wp-cron.php?doing_wp_cron=1780117397.6882801055908203125000 HTTP/1.1" 200 31 "-" "WordPress/6.9.1; https://e-tdr.com"
115.245.225.204 - - [30/May/2026:05:03:17 +0000] "POST /xmlrpc.php HTTP/1.1" 200 415 "-" "Jetpack/12.5; WordPress/6.4; http://site26496419.com"
115.245.225.204 - - [30/May/2026:05:03:28 +0000] "POST /xmlrpc.php HTTP/1.1" 200 415 "-" "Jetpack/13.0; WordPress/6.1; http://site68104123.com"
115.245.225.204 - - [30/May/2026:05:03:38 +0000] "POST /xmlrpc.php HTTP/1.1" 200 415 "-" "Jetpack by WordPress.com (Jetpack 13.0; WordPress 6.3)"
134.209.147.209 - - [30/May/2026:05:03:49 +0000] "POST /wp-cron.php?doing_wp_cron=1780117429.2180130481719970703125 HTTP/1.1" 200 31 "-" "WordPress/6.9.1; https://e-tdr.com"
115.245.225.204 - - [30/May/2026:05:03:49 +0000] "POST /xmlrpc.php HTTP/1.1" 200 415 "-" "Jetpack/12.1; WordPress/6.3; http://site56059585.com"
115.245.225.204 - - [30/May/2026:05:03:59 +0000] "POST /xmlrpc.php HTTP/1.1" 200 415 "-" "Jetpack by WordPress.com (Jetpack 12.0; WordPress 6.2)"
134.209.147.209 - - [30/May/2026:05:04:03 +0000] "POST /wp-cron.php?doing_wp_cron=1780117443.3482630252838134765625 HTTP/1.1" 200 31 "-" "WordPress/6.6.1; https://newfaith.focalat.com"
123.30.233.12 - - [30/May/2026:05:04:03 +0000] "GET /wp-login.php HTTP/1.1" 200 2035 "-" "Mozilla/5.0 (Macintosh; Intel Mac OS X 11_7_10) AppleWebKit/537.36 (KHTML, like Gecko) Chrome/133.0.0.0 Safari/537.36"
123.30.233.12 - - [30/May/2026:05:04:04 +0000] "POST /wp-login.php HTTP/1.1" 200 2193 "https://newfaith.focalat.com/wp-login.php" "Mozilla/5.0 (Macintosh; Intel Mac OS X 11_7_10) AppleWebKit/537.36 (KHTML, like Gecko) Chrome/133.0.0.0 Safari/537.36"
134.209.147.209 - - [30/May/2026:05:04:07 +0000] "POST /wp-cron.php?doing_wp_cron=1780117447.0414810180664062500000 HTTP/1.1" 200 31 "-" "WordPress/6.5.3; https://vcstore.stgviitor.com"
84.247.129.9 - - [30/May/2026:05:04:07 +0000] "GET /wp-login.php HTTP/1.1" 200 1829 "-" "Mozilla/5.0 (Macintosh; Intel Mac OS X 11_7_10) AppleWebKit/537.36 (KHTML, like Gecko) Chrome/133.0.0.0 Safari/537.36"
115.245.225.204 - - [30/May/2026:05:04:10 +0000] "POST /xmlrpc.php HTTP/1.1" 200 415 "-" "WordPress.com; https://wordpress.com"
134.209.147.209 - - [30/May/2026:05:04:10 +0000] "POST /wp-cron.php?doing_wp_cron=1780117450.5126459598541259765625 HTTP/1.1" 200 31 "-" "WordPress/6.5.3; https://vcstore.stgviitor.com"
84.247.129.9 - - [30/May/2026:05:04:10 +0000] "POST /wp-login.php HTTP/1.1" 200 1999 "https://vcstore.stgviitor.com/wp-login.php" "Mozilla/5.0 (Macintosh; Intel Mac OS X 11_7_10) AppleWebKit/537.36 (KHTML, like Gecko) Chrome/133.0.0.0 Safari/537.36"
134.209.147.209 - - [30/May/2026:05:04:11 +0000] "POST /wp-cron.php?doing_wp_cron=1780117451.3913478851318359375000 HTTP/1.1" 200 31 "-" "WordPress/6.9.1; https://e-tdr.com"
51.195.183.172 - - [30/May/2026:05:04:11 +0000] "GET /blog/development-rights-trading-platform/ HTTP/1.1" 200 17424 "-" "Mozilla/5.0 (compatible; AhrefsBot/7.0; +http://ahrefs.com/robot/)"
134.209.147.209 - - [30/May/2026:05:04:19 +0000] "POST /wp-cron.php?doing_wp_cron=1780117459.0324780941009521484375 HTTP/1.1" 200 31 "-" "WordPress/6.6.1; https://newfaith.focalat.com"
162.214.206.32 - - [30/May/2026:05:04:19 +0000] "GET /wp-login.php HTTP/1.1" 200 2035 "-" "Mozilla/5.0 (Macintosh; Intel Mac OS X 10_15_7) AppleWebKit/605.1.15 (KHTML, like Gecko) Version/18.3 Safari/605.1.15"
115.245.225.204 - - [30/May/2026:05:04:20 +0000] "POST /xmlrpc.php HTTP/1.1" 200 415 "-" "WordPress.com; https://wordpress.com"
162.214.206.32 - - [30/May/2026:05:04:29 +0000] "GET /wp-login.php HTTP/1.1" 200 1772 "-" "Mozilla/5.0 (Macintosh; Intel Mac OS X 14_7_4) AppleWebKit/537.36 (KHTML, like Gecko) Chrome/133.0.0.0 Safari/537.36"
103.95.119.103 - - [30/May/2026:05:04:30 +0000] "GET /wp-login.php HTTP/1.1" 200 1772 "-" "Mozilla/5.0 (Macintosh; Intel Mac OS X 11_7_10) AppleWebKit/537.36 (KHTML, like Gecko) Chrome/133.0.0.0 Safari/537.36"
115.245.225.204 - - [30/May/2026:05:04:31 +0000] "POST /xmlrpc.php HTTP/1.1" 200 415 "-" "Jetpack/12.1; WordPress/6.3; http://site45521239.com"
162.214.206.32 - - [30/May/2026:05:04:31 +0000] "GET /wp-login.php HTTP/1.1" 200 1772 "-" "Mozilla/5.0 (Macintosh; Intel Mac OS X 10_15_7) AppleWebKit/605.1.15 (KHTML, like Gecko) Version/18.3 Safari/605.1.15"
162.214.206.32 - - [30/May/2026:05:04:31 +0000] "POST /wp-login.php HTTP/1.1" 200 1933 "https://vcstore.viitorcloud.co/wp-login.php" "Mozilla/5.0 (Macintosh; Intel Mac OS X 14_7_4) AppleWebKit/537.36 (KHTML, like Gecko) Chrome/133.0.0.0 Safari/537.36"
103.95.119.103 - - [30/May/2026:05:04:33 +0000] "POST /wp-login.php HTTP/1.1" 200 1933 "https://vcstore.viitorcloud.co/wp-login.php" "Mozilla/5.0 (Macintosh; Intel Mac OS X 11_7_10) AppleWebKit/537.36 (KHTML, like Gecko) Chrome/133.0.0.0 Safari/537.36"
162.214.206.32 - - [30/May/2026:05:04:34 +0000] "POST /wp-login.php HTTP/1.1" 200 1933 "https://vcstore.viitorcloud.co/wp-login.php" "Mozilla/5.0 (Macintosh; Intel Mac OS X 10_15_7) AppleWebKit/605.1.15 (KHTML, like Gecko) Version/18.3 Safari/605.1.15"
162.214.206.32 - miaqueen [30/May/2026:05:04:38 +0000] "GET /wp-json/wp/v2/users/me HTTP/1.1" 401 107 "-" "Mozilla/5.0 (Macintosh; Intel Mac OS X 10_15_7) AppleWebKit/605.1.15 (KHTML, like Gecko) Version/18.3 Safari/605.1.15"
115.245.225.204 - - [30/May/2026:05:04:41 +0000] "POST /xmlrpc.php HTTP/1.1" 200 415 "-" "Jetpack by WordPress.com (Jetpack 13.0; WordPress 6.4)"
134.209.147.209 - - [30/May/2026:05:04:44 +0000] "POST /wp-cron.php?doing_wp_cron=1780117484.2206139564514160156250 HTTP/1.1" 200 31 "-" "WordPress/6.9.4; https://laracopilot.stgviitor.com"
160.250.186.220 - sahil_darji [30/May/2026:05:04:44 +0000] "GET /wp-json/wp/v2/users/me HTTP/1.1" 401 107 "-" "Mozilla/5.0 (Windows NT 10.0; Win64; x64) AppleWebKit/537.36 (KHTML, like Gecko) Chrome/133.0.0.0 Safari/537.36"
115.245.225.204 - - [30/May/2026:05:04:52 +0000] "POST /xmlrpc.php HTTP/1.1" 200 415 "-" "WordPress.com; https://wordpress.com"
115.245.225.204 - - [30/May/2026:05:05:02 +0000] "POST /xmlrpc.php HTTP/1.1" 200 415 "-" "Jetpack by WordPress.com (Jetpack 12.5; WordPress 6.2)"
134.209.147.209 - - [30/May/2026:05:05:13 +0000] "POST /wp-cron.php?doing_wp_cron=1780117513.4167239665985107421875 HTTP/1.1" 200 31 "-" "WordPress/6.9.1; https://e-tdr.com"
115.245.225.204 - - [30/May/2026:05:05:13 +0000] "POST /xmlrpc.php HTTP/1.1" 200 415 "-" "Jetpack by WordPress.com"
134.209.147.209 - - [30/May/2026:05:05:17 +0000] "POST /wp-cron.php?doing_wp_cron=1780117517.8193130493164062500000 HTTP/1.1" 200 31 "-" "WordPress/6.6.1; https://newfaith.focalat.com"
78.142.18.172 - - [30/May/2026:05:05:17 +0000] "GET /wp-login.php HTTP/1.1" 200 2035 "-" "Mozilla/5.0 (Windows NT 10.0; Win64; x64) AppleWebKit/537.36 (KHTML, like Gecko) Chrome/133.0.0.0 Safari/537.36 Edg/133.0.0.0"
64.31.25.250 - - [30/May/2026:05:05:17 +0000] "GET /wp-login.php HTTP/1.1" 200 2035 "-" "Mozilla/5.0 (X11; Ubuntu; Linux x86_64; rv:133.0) Gecko/20100101 Firefox/133.0"
64.31.25.250 - - [30/May/2026:05:05:21 +0000] "POST /wp-login.php HTTP/1.1" 200 2171 "https://newfaith.focalat.com/wp-login.php" "Mozilla/5.0 (X11; Ubuntu; Linux x86_64; rv:133.0) Gecko/20100101 Firefox/133.0"
78.142.18.172 - - [30/May/2026:05:05:22 +0000] "POST /wp-login.php HTTP/1.1" 200 2171 "https://newfaith.focalat.com/wp-login.php" "Mozilla/5.0 (Windows NT 10.0; Win64; x64) AppleWebKit/537.36 (KHTML, like Gecko) Chrome/133.0.0.0 Safari/537.36 Edg/133.0.0.0"
115.245.225.204 - - [30/May/2026:05:05:23 +0000] "POST /xmlrpc.php HTTP/1.1" 200 415 "-" "Jetpack by WordPress.com (Jetpack 12.5; WordPress 6.3)"
115.245.225.204 - - [30/May/2026:05:05:34 +0000] "POST /xmlrpc.php HTTP/1.1" 200 415 "-" "Jetpack by WordPress.com (Jetpack 13.0; WordPress 6.3)"
115.245.225.204 - - [30/May/2026:05:05:45 +0000] "POST /xmlrpc.php HTTP/1.1" 200 415 "-" "WordPress.com; https://wordpress.com"
115.245.225.204 - - [30/May/2026:05:05:55 +0000] "POST /xmlrpc.php HTTP/1.1" 200 415 "-" "WordPress.com; https://wordpress.com"
134.209.147.209 - - [30/May/2026:05:06:02 +0000] "GET /wp-content/plugins/lifeline-plugin/assets/data/font-awesome-5.json HTTP/1.1" 200 13009 "-" "WordPress/7.0; https://bharti-foundation.stgviitor.com"
134.209.147.209 - - [30/May/2026:05:06:02 +0000] "GET /wp-content/plugins/lifeline-plugin/assets/data/font-awesome-5.json HTTP/1.1" 200 13009 "-" "WordPress/7.0; https://bharti-foundation.stgviitor.com"
134.209.147.209 - - [30/May/2026:05:06:02 +0000] "GET /wp-content/plugins/lifeline-plugin/assets/json/social-profile.json HTTP/1.1" 200 4033 "-" "WordPress/7.0; https://bharti-foundation.stgviitor.com"
134.209.147.209 - - [30/May/2026:05:06:02 +0000] "GET /wp-content/plugins/lifeline-plugin/assets/data/font-awesome-5.json HTTP/1.1" 200 13009 "-" "WordPress/7.0; https://bharti-foundation.stgviitor.com"
134.209.147.209 - - [30/May/2026:05:06:03 +0000] "POST /wp-cron.php?doing_wp_cron=1780117563.3967020511627197265625 HTTP/1.1" 200 31 "-" "WordPress/7.0; https://bharti-foundation.stgviitor.com"
64.62.197.182 - - [30/May/2026:05:06:03 +0000] "GET /webui/ HTTP/1.1" 404 14134 "-" "Mozilla/5.0 (X11; Linux x86_64) AppleWebKit/537.36 (KHTML, like Gecko) Chrome/139.0.0.0 Safari/537.36"
134.209.147.209 - - [30/May/2026:05:06:03 +0000] "GET /wp-content/plugins/lifeline-plugin/assets/data/font-awesome-5.json HTTP/1.1" 200 13009 "-" "WordPress/7.0; https://bharti-foundation.stgviitor.com"
134.209.147.209 - - [30/May/2026:05:06:03 +0000] "GET /wp-content/plugins/lifeline-plugin/assets/data/font-awesome-5.json HTTP/1.1" 200 13009 "-" "WordPress/7.0; https://bharti-foundation.stgviitor.com"
134.209.147.209 - - [30/May/2026:05:06:03 +0000] "GET /wp-content/plugins/lifeline-plugin/assets/json/social-profile.json HTTP/1.1" 200 4033 "-" "WordPress/7.0; https://bharti-foundation.stgviitor.com"
134.209.147.209 - - [30/May/2026:05:06:03 +0000] "GET /wp-content/plugins/lifeline-plugin/assets/data/font-awesome-5.json HTTP/1.1" 200 13009 "-" "WordPress/7.0; https://bharti-foundation.stgviitor.com"
115.245.225.204 - - [30/May/2026:05:06:06 +0000] "POST /xmlrpc.php HTTP/1.1" 200 415 "-" "Jetpack/12.0; WordPress/6.1; http://site63955697.com"
134.209.147.209 - - [30/May/2026:05:06:09 +0000] "POST /wp-cron.php?doing_wp_cron=1780117569.1286079883575439453125 HTTP/1.1" 200 31 "-" "WordPress/6.9.4; https://laracopilot.stgviitor.com"
64.31.25.250 - - [30/May/2026:05:06:09 +0000] "GET /wp-login.php HTTP/1.1" 200 2008 "-" "Mozilla/5.0 (Windows NT 10.0; WOW64) AppleWebKit/537.36 (KHTML, like Gecko) Chrome/133.0.0.0 Safari/537.36"
64.31.25.250 - - [30/May/2026:05:06:12 +0000] "POST /wp-login.php HTTP/1.1" 200 2149 "https://laracopilot.stgviitor.com/wp-login.php" "Mozilla/5.0 (Windows NT 10.0; WOW64) AppleWebKit/537.36 (KHTML, like Gecko) Chrome/133.0.0.0 Safari/537.36"
134.209.147.209 - - [30/May/2026:05:06:16 +0000] "POST /wp-cron.php?doing_wp_cron=1780117576.6675479412078857421875 HTTP/1.1" 200 31 "-" "WordPress/6.9.1; https://e-tdr.com"
115.245.225.204 - - [30/May/2026:05:06:16 +0000] "POST /xmlrpc.php HTTP/1.1" 200 415 "-" "Jetpack by WordPress.com (Jetpack 12.1; WordPress 6.1)"
172.68.164.90 - - [30/May/2026:05:06:21 +0000] "GET /wp-login.php HTTP/1.1" 200 1772 "-" "Mozilla/5.0 (X11; CrOS x86_64 14541.0.0) AppleWebKit/537.36 (KHTML, like Gecko) Chrome/133.0.0.0 Safari/537.36"
115.245.225.204 - - [30/May/2026:05:06:27 +0000] "POST /xmlrpc.php HTTP/1.1" 200 415 "-" "Jetpack/12.1; WordPress/6.4; http://site91855607.com"
115.245.225.204 - - [30/May/2026:05:06:37 +0000] "POST /xmlrpc.php HTTP/1.1" 200 415 "-" "WordPress.com; https://wordpress.com"
108.162.226.21 - Trendygital.com [30/May/2026:05:06:42 +0000] "GET /wp-json/wp/v2/users/me HTTP/1.1" 499 0 "-" "Mozilla/5.0 (X11; CrOS x86_64 14541.0.0) AppleWebKit/537.36 (KHTML, like Gecko) Chrome/133.0.0.0 Safari/537.36"
52.28.162.93 - - [30/May/2026:05:06:42 +0000] "HEAD / HTTP/1.1" 301 0 "https://viitor.cloud" "Mozilla/5.0+(compatible; UptimeRobot/2.0; http://www.uptimerobot.com/)"
115.245.225.204 - - [30/May/2026:05:06:48 +0000] "POST /xmlrpc.php HTTP/1.1" 200 415 "-" "Jetpack by WordPress.com"
115.245.225.204 - - [30/May/2026:05:06:58 +0000] "POST /xmlrpc.php HTTP/1.1" 200 415 "-" "Jetpack by WordPress.com (Jetpack 12.0; WordPress 6.1)"
162.158.170.52 - - [30/May/2026:05:07:01 +0000] "GET /wp-login.php HTTP/1.1" 499 0 "-" "Mozilla/5.0 (Macintosh; Intel Mac OS X 14_7_4) AppleWebKit/537.36 (KHTML, like Gecko) Chrome/133.0.0.0 Safari/537.36"
115.245.225.204 - - [30/May/2026:05:07:09 +0000] "POST /xmlrpc.php HTTP/1.1" 200 415 "-" "Jetpack by WordPress.com"
134.209.147.209 - - [30/May/2026:05:07:19 +0000] "POST /wp-cron.php?doing_wp_cron=1780117639.8998439311981201171875 HTTP/1.1" 200 31 "-" "WordPress/6.9.1; https://e-tdr.com"
115.245.225.204 - - [30/May/2026:05:07:19 +0000] "POST /xmlrpc.php HTTP/1.1" 200 415 "-" "Jetpack by WordPress.com (Jetpack 12.0; WordPress 6.1)"
115.245.225.204 - - [30/May/2026:05:07:30 +0000] "POST /xmlrpc.php HTTP/1.1" 200 415 "-" "Jetpack by WordPress.com (Jetpack 12.1; WordPress 6.4)"
115.245.225.204 - - [30/May/2026:05:07:40 +0000] "POST /xmlrpc.php HTTP/1.1" 200 415 "-" "Jetpack/12.1; WordPress/6.4; http://site50849139.com"
115.245.225.204 - - [30/May/2026:05:07:51 +0000] "POST /xmlrpc.php HTTP/1.1" 200 415 "-" "WordPress.com; https://wordpress.com"
115.245.225.204 - - [30/May/2026:05:08:01 +0000] "POST /xmlrpc.php HTTP/1.1" 200 415 "-" "Jetpack by WordPress.com"
134.209.147.209 - - [30/May/2026:05:08:06 +0000] "GET /wp-content/plugins/lifeline-plugin/assets/data/font-awesome-5.json HTTP/1.1" 200 13009 "-" "WordPress/7.0; https://bharti-foundation.stgviitor.com"
134.209.147.209 - - [30/May/2026:05:08:06 +0000] "GET /wp-content/plugins/lifeline-plugin/assets/data/font-awesome-5.json HTTP/1.1" 200 13009 "-" "WordPress/7.0; https://bharti-foundation.stgviitor.com"
134.209.147.209 - - [30/May/2026:05:08:06 +0000] "GET /wp-content/plugins/lifeline-plugin/assets/json/social-profile.json HTTP/1.1" 200 4033 "-" "WordPress/7.0; https://bharti-foundation.stgviitor.com"
134.209.147.209 - - [30/May/2026:05:08:06 +0000] "GET /wp-content/plugins/lifeline-plugin/assets/data/font-awesome-5.json HTTP/1.1" 200 13009 "-" "WordPress/7.0; https://bharti-foundation.stgviitor.com"
134.209.147.209 - - [30/May/2026:05:08:07 +0000] "POST /wp-cron.php?doing_wp_cron=1780117687.5683538913726806640625 HTTP/1.1" 200 31 "-" "WordPress/7.0; https://bharti-foundation.stgviitor.com"
43.133.14.237 - - [30/May/2026:05:08:07 +0000] "GET /new-contact-us/ HTTP/1.1" 404 14140 "-" "Mozilla/5.0 (iPhone; CPU iPhone OS 13_2_3 like Mac OS X) AppleWebKit/605.1.15 (KHTML, like Gecko) Version/13.0.3 Mobile/15E148 Safari/604.1"
134.209.147.209 - - [30/May/2026:05:08:07 +0000] "GET /wp-content/plugins/lifeline-plugin/assets/data/font-awesome-5.json HTTP/1.1" 200 13009 "-" "WordPress/7.0; https://bharti-foundation.stgviitor.com"
134.209.147.209 - - [30/May/2026:05:08:07 +0000] "GET /wp-content/plugins/lifeline-plugin/assets/data/font-awesome-5.json HTTP/1.1" 200 13009 "-" "WordPress/7.0; https://bharti-foundation.stgviitor.com"
134.209.147.209 - - [30/May/2026:05:08:07 +0000] "GET /wp-content/plugins/lifeline-plugin/assets/json/social-profile.json HTTP/1.1" 200 4033 "-" "WordPress/7.0; https://bharti-foundation.stgviitor.com"
134.209.147.209 - - [30/May/2026:05:08:07 +0000] "GET /wp-content/plugins/lifeline-plugin/assets/data/font-awesome-5.json HTTP/1.1" 200 13009 "-" "WordPress/7.0; https://bharti-foundation.stgviitor.com"
134.209.147.209 - - [30/May/2026:05:08:12 +0000] "POST /wp-cron.php?doing_wp_cron=1780117692.3866910934448242187500 HTTP/1.1" 200 31 "-" "WordPress/6.9.1; https://e-tdr.com"
115.245.225.204 - - [30/May/2026:05:08:12 +0000] "POST /xmlrpc.php HTTP/1.1" 200 415 "-" "Jetpack by WordPress.com"
115.245.225.204 - - [30/May/2026:05:08:22 +0000] "POST /xmlrpc.php HTTP/1.1" 200 415 "-" "WordPress.com; https://wordpress.com"
115.245.225.204 - - [30/May/2026:05:08:33 +0000] "POST /xmlrpc.php HTTP/1.1" 200 415 "-" "Jetpack by WordPress.com (Jetpack 12.0; WordPress 6.2)"
115.245.225.204 - - [30/May/2026:05:08:43 +0000] "POST /xmlrpc.php HTTP/1.1" 200 415 "-" "WordPress.com; https://wordpress.com"
115.245.225.204 - - [30/May/2026:05:08:54 +0000] "POST /xmlrpc.php HTTP/1.1" 200 415 "-" "Jetpack by WordPress.com"
115.245.225.204 - - [30/May/2026:05:09:05 +0000] "POST /xmlrpc.php HTTP/1.1" 200 415 "-" "Jetpack/13.0; WordPress/6.1; http://site12255821.com"
134.209.147.209 - - [30/May/2026:05:09:15 +0000] "POST /wp-cron.php?doing_wp_cron=1780117755.5557279586791992187500 HTTP/1.1" 200 31 "-" "WordPress/6.9.1; https://e-tdr.com"
115.245.225.204 - - [30/May/2026:05:09:15 +0000] "POST /xmlrpc.php HTTP/1.1" 200 415 "-" "Jetpack/12.0; WordPress/6.2; http://site48555109.com"
134.209.147.209 - - [30/May/2026:05:09:25 +0000] "GET /wp-content/plugins/lifeline-plugin/assets/data/font-awesome-5.json HTTP/1.1" 200 13009 "-" "WordPress/7.0; https://bharti-foundation.stgviitor.com"
134.209.147.209 - - [30/May/2026:05:09:25 +0000] "GET /wp-content/plugins/lifeline-plugin/assets/data/font-awesome-5.json HTTP/1.1" 200 13009 "-" "WordPress/7.0; https://bharti-foundation.stgviitor.com"
134.209.147.209 - - [30/May/2026:05:09:25 +0000] "GET /wp-content/plugins/lifeline-plugin/assets/json/social-profile.json HTTP/1.1" 200 4033 "-" "WordPress/7.0; https://bharti-foundation.stgviitor.com"
134.209.147.209 - - [30/May/2026:05:09:25 +0000] "GET /wp-content/plugins/lifeline-plugin/assets/data/font-awesome-5.json HTTP/1.1" 200 13009 "-" "WordPress/7.0; https://bharti-foundation.stgviitor.com"
134.209.147.209 - - [30/May/2026:05:09:25 +0000] "POST /wp-cron.php?doing_wp_cron=1780117765.7688679695129394531250 HTTP/1.1" 200 31 "-" "WordPress/7.0; https://bharti-foundation.stgviitor.com"
64.31.25.250 - - [30/May/2026:05:09:25 +0000] "GET /wp-login.php HTTP/1.1" 200 2045 "-" "Mozilla/5.0 (Macintosh; Intel Mac OS X 11_7_10) AppleWebKit/537.36 (KHTML, like Gecko) Chrome/133.0.0.0 Safari/537.36"
134.209.147.209 - - [30/May/2026:05:09:25 +0000] "GET /wp-content/plugins/lifeline-plugin/assets/data/font-awesome-5.json HTTP/1.1" 200 13009 "-" "WordPress/7.0; https://bharti-foundation.stgviitor.com"
134.209.147.209 - - [30/May/2026:05:09:25 +0000] "GET /wp-content/plugins/lifeline-plugin/assets/data/font-awesome-5.json HTTP/1.1" 200 13009 "-" "WordPress/7.0; https://bharti-foundation.stgviitor.com"
134.209.147.209 - - [30/May/2026:05:09:26 +0000] "GET /wp-content/plugins/lifeline-plugin/assets/json/social-profile.json HTTP/1.1" 200 4033 "-" "WordPress/7.0; https://bharti-foundation.stgviitor.com"
134.209.147.209 - - [30/May/2026:05:09:26 +0000] "GET /wp-content/plugins/lifeline-plugin/assets/data/font-awesome-5.json HTTP/1.1" 200 13009 "-" "WordPress/7.0; https://bharti-foundation.stgviitor.com"
115.245.225.204 - - [30/May/2026:05:09:26 +0000] "POST /xmlrpc.php HTTP/1.1" 200 415 "-" "Jetpack by WordPress.com"
134.209.147.209 - - [30/May/2026:05:09:28 +0000] "POST /wp-cron.php?doing_wp_cron=1780117768.5538458824157714843750 HTTP/1.1" 200 31 "-" "WordPress/6.9.4; https://laracopilot.stgviitor.com"
213.171.208.62 - sahil_darji [30/May/2026:05:09:28 +0000] "GET /wp-json/wp/v2/users/me HTTP/1.1" 401 107 "-" "Mozilla/5.0 (Macintosh; Intel Mac OS X 10_15_7) AppleWebKit/605.1.15 (KHTML, like Gecko) Version/18.3 Safari/605.1.15"
115.245.225.204 - - [30/May/2026:05:09:36 +0000] "POST /xmlrpc.php HTTP/1.1" 200 415 "-" "Jetpack/13.0; WordPress/6.4; http://site80058019.com"
134.209.147.209 - - [30/May/2026:05:09:45 +0000] "GET /wp-content/plugins/lifeline-plugin/assets/data/font-awesome-5.json HTTP/1.1" 200 13009 "-" "WordPress/7.0; https://bharti-foundation.stgviitor.com"
134.209.147.209 - - [30/May/2026:05:09:45 +0000] "GET /wp-content/plugins/lifeline-plugin/assets/data/font-awesome-5.json HTTP/1.1" 200 13009 "-" "WordPress/7.0; https://bharti-foundation.stgviitor.com"
134.209.147.209 - - [30/May/2026:05:09:45 +0000] "GET /wp-content/plugins/lifeline-plugin/assets/json/social-profile.json HTTP/1.1" 200 4033 "-" "WordPress/7.0; https://bharti-foundation.stgviitor.com"
134.209.147.209 - - [30/May/2026:05:09:45 +0000] "GET /wp-content/plugins/lifeline-plugin/assets/data/font-awesome-5.json HTTP/1.1" 200 13009 "-" "WordPress/7.0; https://bharti-foundation.stgviitor.com"
64.31.25.250 - bhartifoundation [30/May/2026:05:09:45 +0000] "GET /wp-json/wp/v2/users/me HTTP/1.1" 401 108 "-" "Mozilla/5.0 (Macintosh; Intel Mac OS X 11_7_10) AppleWebKit/537.36 (KHTML, like Gecko) Chrome/133.0.0.0 Safari/537.36"
115.245.225.204 - - [30/May/2026:05:09:47 +0000] "POST /xmlrpc.php HTTP/1.1" 200 415 "-" "Jetpack by WordPress.com (Jetpack 12.0; WordPress 6.4)"
134.209.147.209 - - [30/May/2026:05:09:49 +0000] "GET /wp-content/plugins/lifeline-plugin/assets/data/font-awesome-5.json HTTP/1.1" 200 13009 "-" "WordPress/7.0; https://bharti-foundation.stgviitor.com"
134.209.147.209 - - [30/May/2026:05:09:49 +0000] "GET /wp-content/plugins/lifeline-plugin/assets/data/font-awesome-5.json HTTP/1.1" 200 13009 "-" "WordPress/7.0; https://bharti-foundation.stgviitor.com"
134.209.147.209 - - [30/May/2026:05:09:49 +0000] "GET /wp-content/plugins/lifeline-plugin/assets/json/social-profile.json HTTP/1.1" 200 4033 "-" "WordPress/7.0; https://bharti-foundation.stgviitor.com"
134.209.147.209 - - [30/May/2026:05:09:49 +0000] "GET /wp-content/plugins/lifeline-plugin/assets/data/font-awesome-5.json HTTP/1.1" 200 13009 "-" "WordPress/7.0; https://bharti-foundation.stgviitor.com"
64.62.197.184 - - [30/May/2026:05:09:49 +0000] "GET / HTTP/1.1" 301 11 "-" "Mozilla/5.0 (X11; Linux x86_64) AppleWebKit/537.36 (KHTML, like Gecko) HeadlessChrome/92.0.4515.159 Safari/537.36"
134.209.147.209 - - [30/May/2026:05:09:54 +0000] "POST /wp-cron.php?doing_wp_cron=1780117794.2672619819641113281250 HTTP/1.1" 200 31 "-" "WordPress/6.6.1; https://newfaith.focalat.com"
176.95.46.127 - - [30/May/2026:05:09:54 +0000] "GET /wp-login.php HTTP/1.1" 200 2035 "-" "Mozilla/5.0 (X11; Ubuntu; Linux x86_64) AppleWebKit/537.36 (KHTML, like Gecko) Chrome/133.0.0.0 Safari/537.36"
115.245.225.204 - - [30/May/2026:05:09:57 +0000] "POST /xmlrpc.php HTTP/1.1" 200 415 "-" "Jetpack/12.5; WordPress/6.1; http://site31084854.com"
176.95.46.127 - - [30/May/2026:05:09:58 +0000] "POST /wp-login.php HTTP/1.1" 200 2195 "https://newfaith.focalat.com/wp-login.php" "Mozilla/5.0 (X11; Ubuntu; Linux x86_64) AppleWebKit/537.36 (KHTML, like Gecko) Chrome/133.0.0.0 Safari/537.36"
115.245.225.204 - - [30/May/2026:05:10:08 +0000] "POST /xmlrpc.php HTTP/1.1" 200 415 "-" "Jetpack by WordPress.com (Jetpack 13.0; WordPress 6.1)"
134.209.147.209 - - [30/May/2026:05:10:18 +0000] "POST /wp-cron.php?doing_wp_cron=1780117818.8249459266662597656250 HTTP/1.1" 200 31 "-" "WordPress/6.9.1; https://e-tdr.com"
115.245.225.204 - - [30/May/2026:05:10:18 +0000] "POST /xmlrpc.php HTTP/1.1" 200 415 "-" "Jetpack by WordPress.com"
115.245.225.204 - - [30/May/2026:05:10:29 +0000] "POST /xmlrpc.php HTTP/1.1" 200 415 "-" "Jetpack by WordPress.com (Jetpack 12.1; WordPress 6.1)"
115.245.225.204 - - [30/May/2026:05:10:39 +0000] "POST /xmlrpc.php HTTP/1.1" 200 415 "-" "Jetpack by WordPress.com"
134.209.147.209 - - [30/May/2026:05:10:41 +0000] "POST /wp-cron.php?doing_wp_cron=1780117841.6798639297485351562500 HTTP/1.1" 200 31 "-" "WordPress/6.9.4; https://stg.everycred.com"
82.223.24.195 - - [30/May/2026:05:10:41 +0000] "GET /wp-login.php HTTP/1.1" 200 1857 "-" "Mozilla/5.0 (X11; Linux x86_64; rv:133.0) Gecko/20100101 Firefox/133.0"
134.209.147.209 - - [30/May/2026:05:10:44 +0000] "GET /wp-content/plugins/lifeline-plugin/assets/data/font-awesome-5.json HTTP/1.1" 200 13009 "-" "WordPress/7.0; https://bharti-foundation.stgviitor.com"
134.209.147.209 - - [30/May/2026:05:10:45 +0000] "GET /wp-content/plugins/lifeline-plugin/assets/data/font-awesome-5.json HTTP/1.1" 200 13009 "-" "WordPress/7.0; https://bharti-foundation.stgviitor.com"
82.223.24.195 - - [30/May/2026:05:10:45 +0000] "POST /wp-login.php HTTP/1.1" 200 2018 "https://stg.everycred.com/wp-login.php" "Mozilla/5.0 (X11; Linux x86_64; rv:133.0) Gecko/20100101 Firefox/133.0"
134.209.147.209 - - [30/May/2026:05:10:45 +0000] "GET /wp-content/plugins/lifeline-plugin/assets/json/social-profile.json HTTP/1.1" 200 4033 "-" "WordPress/7.0; https://bharti-foundation.stgviitor.com"
134.209.147.209 - - [30/May/2026:05:10:45 +0000] "GET /wp-content/plugins/lifeline-plugin/assets/data/font-awesome-5.json HTTP/1.1" 200 13009 "-" "WordPress/7.0; https://bharti-foundation.stgviitor.com"
134.209.147.209 - - [30/May/2026:05:10:45 +0000] "POST /wp-cron.php?doing_wp_cron=1780117845.3429689407348632812500 HTTP/1.1" 200 31 "-" "WordPress/7.0; https://bharti-foundation.stgviitor.com"
64.62.197.192 - - [30/May/2026:05:10:45 +0000] "GET / HTTP/1.1" 301 11 "-" "Mozilla/5.0 (Windows NT 10.0; Win64; x64) AppleWebKit/537.36 (KHTML, like Gecko) Chrome/99.0.4844.84 Safari/537.36"
134.209.147.209 - - [30/May/2026:05:10:45 +0000] "GET /wp-content/plugins/lifeline-plugin/assets/data/font-awesome-5.json HTTP/1.1" 200 13009 "-" "WordPress/7.0; https://bharti-foundation.stgviitor.com"
134.209.147.209 - - [30/May/2026:05:10:45 +0000] "GET /wp-content/plugins/lifeline-plugin/assets/data/font-awesome-5.json HTTP/1.1" 200 13009 "-" "WordPress/7.0; https://bharti-foundation.stgviitor.com"
134.209.147.209 - - [30/May/2026:05:10:45 +0000] "GET /wp-content/plugins/lifeline-plugin/assets/json/social-profile.json HTTP/1.1" 200 4033 "-" "WordPress/7.0; https://bharti-foundation.stgviitor.com"
134.209.147.209 - - [30/May/2026:05:10:45 +0000] "GET /wp-content/plugins/lifeline-plugin/assets/data/font-awesome-5.json HTTP/1.1" 200 13009 "-" "WordPress/7.0; https://bharti-foundation.stgviitor.com"
115.245.225.204 - - [30/May/2026:05:10:50 +0000] "POST /xmlrpc.php HTTP/1.1" 200 415 "-" "WordPress.com; https://wordpress.com"
115.245.225.204 - - [30/May/2026:05:11:01 +0000] "POST /xmlrpc.php HTTP/1.1" 200 415 "-" "Jetpack/12.1; WordPress/6.4; http://site45443099.com"
104.22.66.51 - - [30/May/2026:05:11:02 +0000] "GET /wp-login.php HTTP/1.1" 499 0 "-" "Mozilla/5.0 (Windows NT 10.0) AppleWebKit/537.36 (KHTML, like Gecko) Chrome/133.0.0.0 Safari/537.36"
134.209.147.209 - - [30/May/2026:05:11:11 +0000] "POST /wp-cron.php?doing_wp_cron=1780117871.7028028964996337890625 HTTP/1.1" 200 31 "-" "WordPress/6.9.1; https://e-tdr.com"
115.245.225.204 - - [30/May/2026:05:11:11 +0000] "POST /xmlrpc.php HTTP/1.1" 200 415 "-" "Jetpack/12.1; WordPress/6.1; http://site68627829.com"
115.245.225.204 - - [30/May/2026:05:11:22 +0000] "POST /xmlrpc.php HTTP/1.1" 200 415 "-" "Jetpack by WordPress.com (Jetpack 12.0; WordPress 6.4)"
162.158.170.53 - Trendygital.com [30/May/2026:05:11:23 +0000] "GET /wp-json/wp/v2/users/me HTTP/1.1" 401 107 "-" "Mozilla/5.0 (Windows NT 10.0) AppleWebKit/537.36 (KHTML, like Gecko) Chrome/133.0.0.0 Safari/537.36"
64.31.25.250 - - [30/May/2026:05:11:25 +0000] "GET /wp-login.php HTTP/1.1" 200 2007 "-" "Mozilla/5.0 (X11; Ubuntu; Linux x86_64; rv:133.0) Gecko/20100101 Firefox/133.0"
64.31.25.250 - - [30/May/2026:05:11:29 +0000] "POST /wp-login.php HTTP/1.1" 200 2144 "https://e-tdr.com/wp-login.php" "Mozilla/5.0 (X11; Ubuntu; Linux x86_64; rv:133.0) Gecko/20100101 Firefox/133.0"
115.245.225.204 - - [30/May/2026:05:11:32 +0000] "POST /xmlrpc.php HTTP/1.1" 200 415 "-" "Jetpack by WordPress.com (Jetpack 12.0; WordPress 6.1)"
115.245.225.204 - - [30/May/2026:05:11:43 +0000] "POST /xmlrpc.php HTTP/1.1" 200 415 "-" "Jetpack by WordPress.com"
167.71.47.121 - - [30/May/2026:05:11:46 +0000] "GET /wp-login.php HTTP/1.1" 301 162 "-" "Mozilla/5.0"
167.71.47.121 - - [30/May/2026:05:11:47 +0000] "GET /wp-login.php HTTP/1.1" 301 162 "-" "Mozilla/5.0"
128.140.106.114 - - [30/May/2026:05:11:48 +0000] "HEAD / HTTP/1.1" 301 0 "https://viitor.cloud" "Mozilla/5.0+(compatible; UptimeRobot/2.0; http://www.uptimerobot.com/)"
115.245.225.204 - - [30/May/2026:05:11:53 +0000] "POST /xmlrpc.php HTTP/1.1" 200 415 "-" "WordPress.com; https://wordpress.com"
115.245.225.204 - - [30/May/2026:05:12:04 +0000] "POST /xmlrpc.php HTTP/1.1" 200 415 "-" "Jetpack by WordPress.com (Jetpack 12.0; WordPress 6.4)"
134.209.147.209 - - [30/May/2026:05:12:11 +0000] "POST /wp-cron.php?doing_wp_cron=1780117931.9431979656219482421875 HTTP/1.1" 200 31 "-" "WordPress/6.5.3; https://vcstore.stgviitor.com"
50.6.169.131 - Trendygital.com [30/May/2026:05:12:12 +0000] "GET /wp-json/wp/v2/users/me HTTP/1.1" 401 154 "-" "Mozilla/5.0 (X11; Linux x86_64) AppleWebKit/537.36 (KHTML, like Gecko) Chrome/133.0.0.0 Safari/537.36"
134.209.147.209 - - [30/May/2026:05:12:14 +0000] "POST /wp-cron.php?doing_wp_cron=1780117934.8960659503936767578125 HTTP/1.1" 200 31 "-" "WordPress/6.9.1; https://e-tdr.com"
115.245.225.204 - - [30/May/2026:05:12:14 +0000] "POST /xmlrpc.php HTTP/1.1" 200 415 "-" "Jetpack/13.0; WordPress/6.4; http://site76571968.com"
115.245.225.204 - - [30/May/2026:05:12:25 +0000] "POST /xmlrpc.php HTTP/1.1" 200 415 "-" "Jetpack by WordPress.com"
64.62.197.188 - - [30/May/2026:05:12:35 +0000] "GET /favicon.ico HTTP/1.1" 404 178 "-" "Mozilla/5.0 (Linux; Android 10; K) AppleWebKit/537.36 (KHTML, like Gecko) Chrome/123.0.0.0 Safari/537.36"
115.245.225.204 - - [30/May/2026:05:12:35 +0000] "POST /xmlrpc.php HTTP/1.1" 200 415 "-" "Jetpack by WordPress.com (Jetpack 12.1; WordPress 6.3)"
115.245.225.204 - - [30/May/2026:05:12:46 +0000] "POST /xmlrpc.php HTTP/1.1" 200 415 "-" "WordPress.com; https://wordpress.com"
115.245.225.204 - - [30/May/2026:05:12:56 +0000] "POST /xmlrpc.php HTTP/1.1" 200 415 "-" "Jetpack/13.0; WordPress/6.1; http://site13032735.com"
115.245.225.204 - - [30/May/2026:05:13:07 +0000] "POST /xmlrpc.php HTTP/1.1" 200 415 "-" "Jetpack by WordPress.com (Jetpack 13.0; WordPress 6.1)"
134.209.147.209 - - [30/May/2026:05:13:18 +0000] "POST /wp-cron.php?doing_wp_cron=1780117998.1563670635223388671875 HTTP/1.1" 200 31 "-" "WordPress/6.9.1; https://e-tdr.com"
115.245.225.204 - - [30/May/2026:05:13:18 +0000] "POST /xmlrpc.php HTTP/1.1" 200 415 "-" "Jetpack/12.5; WordPress/6.1; http://site47185045.com"
115.245.225.204 - - [30/May/2026:05:13:29 +0000] "POST /xmlrpc.php HTTP/1.1" 200 415 "-" "Jetpack by WordPress.com"
115.245.225.204 - - [30/May/2026:05:13:39 +0000] "POST /xmlrpc.php HTTP/1.1" 200 415 "-" "Jetpack by WordPress.com (Jetpack 12.5; WordPress 6.1)"
115.245.225.204 - - [30/May/2026:05:13:49 +0000] "POST /xmlrpc.php HTTP/1.1" 200 415 "-" "Jetpack/12.0; WordPress/6.4; http://site73221780.com"
134.209.147.209 - - [30/May/2026:05:13:51 +0000] "POST /wp-cron.php?doing_wp_cron=1780118031.1234869956970214843750 HTTP/1.1" 200 31 "-" "WordPress/6.5.3; https://vcstore.stgviitor.com"
64.31.25.250 - - [30/May/2026:05:13:51 +0000] "GET /wp-login.php HTTP/1.1" 200 1829 "-" "Mozilla/5.0 (Windows NT 10.0; WOW64) AppleWebKit/537.36 (KHTML, like Gecko) Chrome/133.0.0.0 Safari/537.36"
134.209.147.209 - - [30/May/2026:05:13:56 +0000] "POST /wp-cron.php?doing_wp_cron=1780118036.9773910045623779296875 HTTP/1.1" 200 31 "-" "WordPress/6.5.3; https://vcstore.stgviitor.com"
64.31.25.250 - - [30/May/2026:05:13:57 +0000] "POST /wp-login.php HTTP/1.1" 200 1999 "https://vcstore.stgviitor.com/wp-login.php" "Mozilla/5.0 (Windows NT 10.0; WOW64) AppleWebKit/537.36 (KHTML, like Gecko) Chrome/133.0.0.0 Safari/537.36"
115.245.225.204 - - [30/May/2026:05:14:00 +0000] "POST /xmlrpc.php HTTP/1.1" 200 415 "-" "Jetpack/12.0; WordPress/6.4; http://site42769223.com"
37.27.106.115 - - [30/May/2026:05:14:03 +0000] "POST /xmlrpc.php HTTP/1.1" 200 34581 "-" "Mozilla/5.0 (Windows NT 10.0; Win64; x64) AppleWebKit/537.36 (KHTML, like Gecko) Chrome/64.0.3282.140 Safari/537.36 Edge/18.17763"
134.209.147.209 - - [30/May/2026:05:14:04 +0000] "POST /wp-cron.php?doing_wp_cron=1780118044.9333319664001464843750 HTTP/1.1" 200 31 "-" "WordPress/6.9.4; https://stg.everycred.com"
37.27.106.115 - - [30/May/2026:05:14:04 +0000] "POST /xmlrpc.php HTTP/1.1" 200 190 "-" "Mozilla/5.0 (Windows NT 10.0; Win64; x64) AppleWebKit/537.36 (KHTML, like Gecko) Chrome/64.0.3282.140 Safari/537.36 Edge/18.17763"
37.27.106.115 - - [30/May/2026:05:14:05 +0000] "POST /xmlrpc.php HTTP/1.1" 200 10352 "-" "Mozilla/5.0 (Windows NT 10.0; Win64; x64) AppleWebKit/537.36 (KHTML, like Gecko) Chrome/64.0.3282.140 Safari/537.36 Edge/18.17763"
45.148.10.247 - - [30/May/2026:05:14:06 +0000] "GET / HTTP/1.1" 200 4559 "-" "Mozilla/5.0 (Macintosh; Intel Mac OS X 10_15_7) AppleWebKit/537.36 (KHTML, like Gecko) Chrome/120.0.0.0 Safari/537.36"
134.209.147.209 - - [30/May/2026:05:14:06 +0000] "POST /wp-cron.php?doing_wp_cron=1780118046.7881479263305664062500 HTTP/1.1" 200 31 "-" "WordPress/6.9.4; https://stg.everycred.com"
37.27.106.115 - - [30/May/2026:05:14:06 +0000] "POST /xmlrpc.php HTTP/1.1" 200 190 "-" "Mozilla/5.0 (Windows NT 10.0; Win64; x64) AppleWebKit/537.36 (KHTML, like Gecko) Chrome/64.0.3282.140 Safari/537.36 Edge/18.17763"
37.27.106.115 - - [30/May/2026:05:14:07 +0000] "POST /xmlrpc.php HTTP/1.1" 200 10603 "-" "Mozilla/5.0 (Windows NT 10.0; Win64; x64) AppleWebKit/537.36 (KHTML, like Gecko) Chrome/64.0.3282.140 Safari/537.36 Edge/18.17763"
134.209.147.209 - - [30/May/2026:05:14:08 +0000] "POST /wp-cron.php?doing_wp_cron=1780118048.6171309947967529296875 HTTP/1.1" 200 31 "-" "WordPress/6.9.4; https://stg.everycred.com"
37.27.106.115 - - [30/May/2026:05:14:08 +0000] "POST /xmlrpc.php HTTP/1.1" 200 190 "-" "Mozilla/5.0 (Windows NT 10.0; Win64; x64) AppleWebKit/537.36 (KHTML, like Gecko) Chrome/64.0.3282.140 Safari/537.36 Edge/18.17763"
37.27.106.115 - - [30/May/2026:05:14:09 +0000] "POST /xmlrpc.php HTTP/1.1" 200 10061 "-" "Mozilla/5.0 (Windows NT 10.0; Win64; x64) AppleWebKit/537.36 (KHTML, like Gecko) Chrome/64.0.3282.140 Safari/537.36 Edge/18.17763"
134.209.147.209 - - [30/May/2026:05:14:10 +0000] "POST /wp-cron.php?doing_wp_cron=1780118050.1270890235900878906250 HTTP/1.1" 200 31 "-" "WordPress/6.9.4; https://stg.everycred.com"
37.27.106.115 - - [30/May/2026:05:14:10 +0000] "POST /xmlrpc.php HTTP/1.1" 200 190 "-" "Mozilla/5.0 (Windows NT 10.0; Win64; x64) AppleWebKit/537.36 (KHTML, like Gecko) Chrome/64.0.3282.140 Safari/537.36 Edge/18.17763"
134.209.147.209 - - [30/May/2026:05:14:10 +0000] "POST /wp-cron.php?doing_wp_cron=1780118050.6605050563812255859375 HTTP/1.1" 200 31 "-" "WordPress/6.5.3; https://vcstore.viitorcloud.co"
104.22.66.51 - - [30/May/2026:05:14:10 +0000] "GET /wp-login.php HTTP/1.1" 200 1772 "-" "Mozilla/5.0 (X11; Ubuntu; Linux x86_64; rv:133.0) Gecko/20100101 Firefox/133.0"
115.245.225.204 - - [30/May/2026:05:14:10 +0000] "POST /xmlrpc.php HTTP/1.1" 200 415 "-" "Jetpack by WordPress.com"
37.27.106.115 - - [30/May/2026:05:14:11 +0000] "POST /xmlrpc.php HTTP/1.1" 200 10880 "-" "Mozilla/5.0 (Windows NT 10.0; Win64; x64) AppleWebKit/537.36 (KHTML, like Gecko) Chrome/64.0.3282.140 Safari/537.36 Edge/18.17763"
134.209.147.209 - - [30/May/2026:05:14:12 +0000] "POST /wp-cron.php?doing_wp_cron=1780118052.1528398990631103515625 HTTP/1.1" 200 31 "-" "WordPress/6.9.4; https://stg.everycred.com"
37.27.106.115 - - [30/May/2026:05:14:12 +0000] "POST /xmlrpc.php HTTP/1.1" 200 190 "-" "Mozilla/5.0 (Windows NT 10.0; Win64; x64) AppleWebKit/537.36 (KHTML, like Gecko) Chrome/64.0.3282.140 Safari/537.36 Edge/18.17763"
37.27.106.115 - - [30/May/2026:05:14:12 +0000] "POST /xmlrpc.php HTTP/1.1" 200 13267 "-" "Mozilla/5.0 (Windows NT 10.0; Win64; x64) AppleWebKit/537.36 (KHTML, like Gecko) Chrome/64.0.3282.140 Safari/537.36 Edge/18.17763"
134.209.147.209 - - [30/May/2026:05:14:14 +0000] "POST /wp-cron.php?doing_wp_cron=1780118054.0853509902954101562500 HTTP/1.1" 200 31 "-" "WordPress/6.9.4; https://stg.everycred.com"
37.27.106.115 - - [30/May/2026:05:14:14 +0000] "POST /xmlrpc.php HTTP/1.1" 200 190 "-" "Mozilla/5.0 (Windows NT 10.0; Win64; x64) AppleWebKit/537.36 (KHTML, like Gecko) Chrome/64.0.3282.140 Safari/537.36 Edge/18.17763"
37.27.106.115 - - [30/May/2026:05:14:14 +0000] "POST /xmlrpc.php HTTP/1.1" 200 10326 "-" "Mozilla/5.0 (Windows NT 10.0; Win64; x64) AppleWebKit/537.36 (KHTML, like Gecko) Chrome/64.0.3282.140 Safari/537.36 Edge/18.17763"
134.209.147.209 - - [30/May/2026:05:14:21 +0000] "POST /wp-cron.php?doing_wp_cron=1780118061.3204019069671630859375 HTTP/1.1" 200 31 "-" "WordPress/6.9.1; https://e-tdr.com"
115.245.225.204 - - [30/May/2026:05:14:21 +0000] "POST /xmlrpc.php HTTP/1.1" 200 415 "-" "Jetpack/12.5; WordPress/6.4; http://site16298532.com"
104.22.66.51 - Trendygital.com [30/May/2026:05:14:31 +0000] "GET /wp-json/wp/v2/users/me HTTP/1.1" 401 107 "-" "Mozilla/5.0 (X11; Ubuntu; Linux x86_64; rv:133.0) Gecko/20100101 Firefox/133.0"
115.245.225.204 - - [30/May/2026:05:14:31 +0000] "POST /xmlrpc.php HTTP/1.1" 200 415 "-" "WordPress.com; https://wordpress.com"
45.148.10.247 - - [30/May/2026:05:14:31 +0000] "GET /cdn-cgi/challenge-platform/scripts/jsd/main.js HTTP/1.1" 200 4559 "-" "Mozilla/5.0 (X11; Linux x86_64) AppleWebKit/537.36 (KHTML, like Gecko) Chrome/120.0.0.0 Safari/537.36"
134.209.147.209 - - [30/May/2026:05:14:34 +0000] "POST /wp-cron.php?doing_wp_cron=1780118074.1784939765930175781250 HTTP/1.1" 200 31 "-" "WordPress/6.5.3; https://vcstore.stgviitor.com"
64.31.25.250 - root_vboxtu [30/May/2026:05:14:34 +0000] "GET /wp-json/wp/v2/users/me HTTP/1.1" 401 132 "-" "Mozilla/5.0 (Windows NT 10.0; Win64; x64) AppleWebKit/537.36 (KHTML, like Gecko) Chrome/133.0.0.0 Safari/537.36"
115.245.225.204 - - [30/May/2026:05:14:42 +0000] "POST /xmlrpc.php HTTP/1.1" 200 415 "-" "WordPress.com; https://wordpress.com"
134.209.147.209 - - [30/May/2026:05:14:52 +0000] "POST /wp-cron.php?doing_wp_cron=1780118092.9820721149444580078125 HTTP/1.1" 200 31 "-" "WordPress/6.9.4; https://laracopilot.stgviitor.com"
162.214.206.32 - - [30/May/2026:05:14:53 +0000] "GET /wp-login.php HTTP/1.1" 200 2008 "-" "Mozilla/5.0 (X11; Ubuntu; Linux x86_64; rv:133.0) Gecko/20100101 Firefox/133.0"
115.245.225.204 - - [30/May/2026:05:14:53 +0000] "POST /xmlrpc.php HTTP/1.1" 200 415 "-" "Jetpack/12.0; WordPress/6.1; http://site71534893.com"
91.123.67.32 - - [30/May/2026:05:14:59 +0000] "GET / HTTP/1.1" 200 16888 "-" "Mozilla/5.0 (Windows NT 10.0; Win64; x64; rv:122.0) Gecko/20100101 Firefox/122.0"
162.214.206.32 - - [30/May/2026:05:15:00 +0000] "POST /wp-login.php HTTP/1.1" 200 2144 "https://laracopilot.stgviitor.com/wp-login.php" "Mozilla/5.0 (X11; Ubuntu; Linux x86_64; rv:133.0) Gecko/20100101 Firefox/133.0"
5.45.84.175 - - [30/May/2026:05:15:01 +0000] "POST /xmlrpc.php HTTP/1.1" 200 568551 "-" "Mozilla/5.0 (Windows NT 10.0; Win64; x64) AppleWebKit/537.36 (KHTML, like Gecko) Chrome/120.0.0.0 Safari/537.36"
5.45.84.175 - - [30/May/2026:05:15:02 +0000] "POST /xmlrpc.php HTTP/1.1" 200 23711 "-" "Mozilla/5.0 (Windows NT 10.0; Win64; x64) AppleWebKit/537.36 (KHTML, like Gecko) Chrome/119.0.0.0 Safari/537.36 Edg/119.0.0.0"
115.245.225.204 - - [30/May/2026:05:15:03 +0000] "POST /xmlrpc.php HTTP/1.1" 200 415 "-" "WordPress.com; https://wordpress.com"
5.45.84.175 - - [30/May/2026:05:15:03 +0000] "POST /xmlrpc.php HTTP/1.1" 200 189 "-" "Mozilla/5.0 (Windows NT 10.0; Win64; x64) AppleWebKit/537.36 (KHTML, like Gecko) Chrome/120.0.0.0 Safari/537.36"
5.45.84.175 - - [30/May/2026:05:15:07 +0000] "GET / HTTP/1.1" 200 89447 "-" "Mozilla/5.0 (Windows NT 10.0; Win64; x64) AppleWebKit/537.36"
134.209.147.209 - - [30/May/2026:05:15:14 +0000] "POST /wp-cron.php?doing_wp_cron=1780118114.0483350753784179687500 HTTP/1.1" 200 31 "-" "WordPress/6.9.1; https://e-tdr.com"
115.245.225.204 - - [30/May/2026:05:15:14 +0000] "POST /xmlrpc.php HTTP/1.1" 200 415 "-" "WordPress.com; https://wordpress.com"
91.123.67.32 - - [30/May/2026:05:15:19 +0000] "GET /?nocache=1780118118373_r5chq9h1pw HTTP/1.1" 200 16912 "-" "Mozilla/5.0 (Windows NT 10.0; Win64; x64; rv:122.0) Gecko/20100101 Firefox/122.0"
202.93.153.250 - - [30/May/2026:05:15:21 +0000] "GET / HTTP/1.1" 200 16912 "-" "Mozilla/5.0 (Windows NT 10.0; Win64; x64) AppleWebKit/537.36 (KHTML, like Gecko) Chrome/148.0.0.0 Safari/537.36"
